[INFO] fetching crate summer-cos 0.0.3...
[INFO] testing summer-cos-0.0.3 against 1.99.0-beta.8 for beta-1.100-2
[INFO] extracting crate summer-cos 0.0.3 into /workspace/builds/worker-2-tc1/source
[INFO] started tweaking crates.io crate summer-cos 0.0.3
[INFO] removed 0 missing examples
[INFO] finished tweaking crates.io crate summer-cos 0.0.3
[INFO] tweaked toml for crates.io crate summer-cos 0.0.3 written to /workspace/builds/worker-2-tc1/source/Cargo.toml
[INFO] validating manifest of crates.io crate summer-cos 0.0.3 on toolchain 1.99.0-beta.8
[INFO] running `Command { std: CARGO_HOME="/workspace/cargo-home" RUSTUP_HOME="/workspace/rustup-home" "/workspace/cargo-home/bin/cargo" "+1.99.0-beta.8" "metadata" "--manifest-path" "Cargo.toml" "--no-deps", kill_on_drop: false }`
[INFO] crate crates.io crate summer-cos 0.0.3 already has a lockfile, it will not be regenerated
[INFO] running `Command { std: CARGO_HOME="/workspace/cargo-home" RUSTUP_HOME="/workspace/rustup-home" "/workspace/cargo-home/bin/cargo" "+1.99.0-beta.8" "fetch" "--manifest-path" "Cargo.toml", kill_on_drop: false }`
[INFO] [stderr]     Updating crates.io index
[INFO] [stderr]  Downloading crates ...
[INFO] [stderr]   Downloaded validator v0.20.0
[INFO] [stderr]   Downloaded select v0.6.1
[INFO] [stderr]   Downloaded xbw v0.0.43
[INFO] [stderr]   Downloaded xml5ever v0.17.0
[INFO] [stderr]   Downloaded markup5ever_rcdom v0.2.0
[INFO] [stderr]   Downloaded hdrhistogram v7.6.0
[INFO] [stderr]   Downloaded summer-macros v0.7.1
[INFO] [stderr]   Downloaded summer-web v0.7.3
[INFO] [stderr]   Downloaded summer v0.7.1
[INFO] [stderr]   Downloaded serde-toml-merge v0.3.11
[INFO] [stderr]   Downloaded byte-unit v5.2.5
[INFO] [stderr]   Downloaded axum-macros v0.5.1
[INFO] running `Command { std: "docker" "create" "-v" "/var/lib/crater-agent-workspace/builds/worker-2-tc1/source:/opt/rustwide/workdir:ro,Z" "-v" "/var/lib/crater-agent-workspace/builds/worker-2-tc1/target:/opt/rustwide/target:rw,Z" "-v" "/var/lib/crater-agent-workspace/cargo-home:/opt/rustwide/cargo-home:ro,Z" "-v" "/var/lib/crater-agent-workspace/rustup-home:/opt/rustwide/rustup-home:ro,Z" "-m" "1610612736" "--network" "none" "ghcr.io/rust-lang/crates-build-env/linux@sha256:3111399a4047eeb3a02b7a90e478d715f38a8c6669b5c4b49d30a17385265909" "sleep" "infinity", kill_on_drop: false }`
[INFO] [stdout] 00d9d6a32483122aa7078eeb9805e47ebb76cf6396ca4157919f7a2d3e0b9dfd
[INFO] running `Command { std: "docker" "start" "00d9d6a32483122aa7078eeb9805e47ebb76cf6396ca4157919f7a2d3e0b9dfd", kill_on_drop: false }`
[INFO] running `Command { std: "docker" "inspect" "00d9d6a32483122aa7078eeb9805e47ebb76cf6396ca4157919f7a2d3e0b9dfd", kill_on_drop: false }`
[INFO] running `Command { std: "docker" "exec" "-e" "SOURCE_DIR=/opt/rustwide/workdir" "-e" "CARGO_HOME=/opt/rustwide/cargo-home" "-e" "RUSTUP_HOME=/opt/rustwide/rustup-home" "-e" "CARGO_TARGET_DIR=/opt/rustwide/target" "-w" "/opt/rustwide/workdir" "--user" "0:0" "00d9d6a32483122aa7078eeb9805e47ebb76cf6396ca4157919f7a2d3e0b9dfd" "/opt/rustwide/cargo-home/bin/cargo" "+1.99.0-beta.8" "metadata" "--no-deps" "--format-version=1", kill_on_drop: false }`
[INFO] running `Command { std: "docker" "inspect" "00d9d6a32483122aa7078eeb9805e47ebb76cf6396ca4157919f7a2d3e0b9dfd", kill_on_drop: false }`
[INFO] running `Command { std: "docker" "exec" "-e" "SOURCE_DIR=/opt/rustwide/workdir" "-e" "CARGO_HOME=/opt/rustwide/cargo-home" "-e" "RUSTUP_HOME=/opt/rustwide/rustup-home" "-e" "CARGO_TARGET_DIR=/opt/rustwide/target" "-e" "CARGO_INCREMENTAL=0" "-e" "RUST_BACKTRACE=full" "-e" "RUSTFLAGS=--cap-lints=warn" "-e" "RUSTDOCFLAGS=--cap-lints=warn" "-w" "/opt/rustwide/workdir" "--user" "0:0" "00d9d6a32483122aa7078eeb9805e47ebb76cf6396ca4157919f7a2d3e0b9dfd" "/opt/rustwide/cargo-home/bin/cargo" "+1.99.0-beta.8" "build" "--frozen" "--message-format=json", kill_on_drop: false }`
[INFO] [stderr]    Compiling proc-macro2 v1.0.107
[INFO] [stderr]    Compiling zerocopy v0.8.55
[INFO] [stderr]    Compiling futures-core v0.3.33
[INFO] [stderr]    Compiling dunce v1.0.5
[INFO] [stderr]    Compiling fs_extra v1.3.0
[INFO] [stderr]    Compiling jobserver v0.1.35
[INFO] [stderr]    Compiling getrandom v0.2.17
[INFO] [stderr]    Compiling serde_json v1.0.151
[INFO] [stderr]    Compiling phf_shared v0.10.0
[INFO] [stderr]    Compiling phf_shared v0.11.3
[INFO] [stderr]    Compiling aws-lc-rs v1.17.3
[INFO] [stderr]    Compiling http v1.4.2
[INFO] [stderr]    Compiling num-traits v0.2.19
[INFO] [stderr]    Compiling rustls-pki-types v1.15.0
[INFO] [stderr]    Compiling wasm-bindgen-shared v0.2.126
[INFO] [stderr]    Compiling regex-automata v0.4.16
[INFO] [stderr]    Compiling futures-task v0.3.33
[INFO] [stderr]    Compiling syn v1.0.109
[INFO] [stderr]    Compiling mac v0.1.1
[INFO] [stderr]    Compiling rand_core v0.6.4
[INFO] [stderr]    Compiling futures-sink v0.3.33
[INFO] [stderr]    Compiling time-macros v0.2.32
[INFO] [stderr]    Compiling futf v0.1.5
[INFO] [stderr]    Compiling rustls v0.23.42
[INFO] [stderr]    Compiling simd-adler32 v0.3.10
[INFO] [stderr]    Compiling cc v1.3.0
[INFO] [stderr]    Compiling ctutils v0.4.2
[INFO] [stderr]    Compiling cookie v0.18.1
[INFO] [stderr]    Compiling tendril v0.4.3
[INFO] [stderr]    Compiling futures-channel v0.3.33
[INFO] [stderr]    Compiling phf v0.10.1
[INFO] [stderr]    Compiling compression-core v0.4.32
[INFO] [stderr]    Compiling miniz_oxide v0.8.9
[INFO] [stderr]    Compiling bumpalo v3.20.3
[INFO] [stderr]    Compiling digest v0.11.3
[INFO] [stderr]    Compiling wasm-bindgen v0.2.126
[INFO] [stderr]    Compiling sync_wrapper v1.0.2
[INFO] [stderr]    Compiling tracing-log v0.2.0
[INFO] [stderr]    Compiling quote v1.0.47
[INFO] [stderr]    Compiling thiserror v2.0.19
[INFO] [stderr]    Compiling toml_parser v1.1.2+spec-1.1.0
[INFO] [stderr]    Compiling syn v2.0.119
[INFO] [stderr]    Compiling syn v3.0.3
[INFO] [stderr]    Compiling rustls-native-certs v0.8.4
[INFO] [stderr]    Compiling toml_datetime v0.7.5+spec-1.1.0
[INFO] [stderr]    Compiling bit-vec v0.6.3
[INFO] [stderr]    Compiling winnow v0.7.15
[INFO] [stderr]    Compiling bitflags v2.13.1
[INFO] [stderr]    Compiling bit-set v0.5.3
[INFO] [stderr]    Compiling flate2 v1.1.9
[INFO] [stderr]    Compiling http-body v1.1.0
[INFO] [stderr]    Compiling crossbeam-channel v0.5.16
[INFO] [stderr]    Compiling chacha20 v0.10.1
[INFO] [stderr]    Compiling http-body-util v0.1.4
[INFO] [stderr]    Compiling cmake v0.1.58
[INFO] [stderr]    Compiling compression-codecs v0.4.38
[INFO] [stderr]    Compiling hashbrown v0.14.5
[INFO] [stderr]    Compiling symlink v0.1.0
[INFO] [stderr]    Compiling uuid v1.24.0
[INFO] [stderr]    Compiling sha1 v0.11.0
[INFO] [stderr]    Compiling hmac v0.13.0
[INFO] [stderr]    Compiling rand v0.10.2
[INFO] [stderr]    Compiling sha2 v0.11.0
[INFO] [stderr]    Compiling dotenvy v0.15.7
[INFO] [stderr]    Compiling md5 v0.8.1
[INFO] [stderr]    Compiling time v0.3.54
[INFO] [stderr]    Compiling aws-lc-sys v0.43.0
[INFO] [stderr]    Compiling dashmap v6.2.1
[INFO] [stderr]    Compiling matchers v0.2.0
[INFO] [stderr]    Compiling regex v1.13.1
[INFO] [stderr]    Compiling toml v0.9.12+spec-1.1.0
[INFO] [stderr]    Compiling serde_derive v1.0.229
[INFO] [stderr]    Compiling ref-cast-impl v1.0.26
[INFO] [stderr]    Compiling thiserror-impl v2.0.19
[INFO] [stderr]    Compiling async-trait v0.1.91
[INFO] [stderr]    Compiling ppv-lite86 v0.2.21
[INFO] [stderr]    Compiling serde-toml-merge v0.3.11
[INFO] [stderr]    Compiling ref-cast v1.0.26
[INFO] [stderr]    Compiling rand_chacha v0.3.1
[INFO] [stderr]    Compiling html5ever v0.26.0
[INFO] [stderr]    Compiling rand v0.8.7
[INFO] [stderr]    Compiling synstructure v0.13.2
[INFO] [stderr]    Compiling wasm-bindgen-macro-support v0.2.126
[INFO] [stderr]    Compiling serde_derive_internals v0.29.1
[INFO] [stderr]    Compiling phf_generator v0.11.3
[INFO] [stderr]    Compiling phf_generator v0.10.0
[INFO] [stderr]    Compiling phf_codegen v0.10.0
[INFO] [stderr]    Compiling string_cache_codegen v0.5.4
[INFO] [stderr]    Compiling zerofrom-derive v0.1.7
[INFO] [stderr]    Compiling yoke-derive v0.8.2
[INFO] [stderr]    Compiling zerovec-derive v0.11.3
[INFO] [stderr]    Compiling displaydoc v0.2.6
[INFO] [stderr]    Compiling tokio-macros v2.7.1
[INFO] [stderr]    Compiling tracing-attributes v0.1.31
[INFO] [stderr]    Compiling futures-macro v0.3.33
[INFO] [stderr]    Compiling markup5ever v0.11.0
[INFO] [stderr]    Compiling async-stream-impl v0.3.6
[INFO] [stderr]    Compiling summer-macros v0.7.1
[INFO] [stderr]    Compiling serde v1.0.229
[INFO] [stderr]    Compiling schemars_derive v1.2.1
[INFO] [stderr]    Compiling async-stream v0.3.6
[INFO] [stderr]    Compiling tokio v1.53.1
[INFO] [stderr]    Compiling zerofrom v0.1.8
[INFO] [stderr]    Compiling futures-util v0.3.33
[INFO] [stderr]    Compiling string_cache v0.8.9
[INFO] [stderr]    Compiling chrono v0.4.45
[INFO] [stderr]    Compiling tracing-serde v0.2.0
[INFO] [stderr]    Compiling yoke v0.8.3
[INFO] [stderr]    Compiling serde_urlencoded v0.7.1
[INFO] [stderr]    Compiling tracing v0.1.44
[INFO] [stderr]    Compiling zerovec v0.11.6
[INFO] [stderr]    Compiling zerotrie v0.2.4
[INFO] [stderr]    Compiling schemars v1.2.1
[INFO] [stderr]    Compiling tinystr v0.8.3
[INFO] [stderr]    Compiling potential_utf v0.1.5
[INFO] [stderr]    Compiling xml5ever v0.17.0
[INFO] [stderr]    Compiling icu_locale_core v2.2.0
[INFO] [stderr]    Compiling icu_collections v2.2.0
[INFO] [stderr]    Compiling wasm-bindgen-macro v0.2.126
[INFO] [stderr]    Compiling tracing-subscriber v0.3.23
[INFO] [stderr]    Compiling markup5ever_rcdom v0.2.0
[INFO] [stderr]    Compiling select v0.6.1
[INFO] [stderr]    Compiling icu_provider v2.2.0
[INFO] [stderr]    Compiling icu_normalizer v2.2.0
[INFO] [stderr]    Compiling icu_properties v2.2.0
[INFO] [stderr]    Compiling js-sys v0.3.103
[INFO] [stderr]    Compiling tracing-appender v0.2.5
[INFO] [stderr]    Compiling tracing-error v0.2.1
[INFO] [stderr]    Compiling idna_adapter v1.2.2
[INFO] [stderr]    Compiling idna v1.1.0
[INFO] [stderr]    Compiling url v2.5.8
[INFO] [stderr]    Compiling publicsuffix v2.3.0
[INFO] [stderr]    Compiling cookie_store v0.22.1
[INFO] [stderr]    Compiling validator v0.20.0
[INFO] [stderr]    Compiling tokio-util v0.7.19
[INFO] [stderr]    Compiling tower v0.5.3
[INFO] [stderr]    Compiling async-compression v0.4.42
[INFO] [stderr]    Compiling tokio-stream v0.1.19
[INFO] [stderr]    Compiling summer v0.7.1
[INFO] [stderr]    Compiling h2 v0.4.15
[INFO] [stderr]    Compiling tower-http v0.6.11
[INFO] [stderr]    Compiling hyper v1.11.0
[INFO] [stderr]    Compiling rustls-webpki v0.103.13
[INFO] [stderr]    Compiling hyper-util v0.1.20
[INFO] [stderr]    Compiling tokio-rustls v0.26.4
[INFO] [stderr]    Compiling rustls-platform-verifier v0.7.0
[INFO] [stderr]    Compiling hyper-rustls v0.27.9
[INFO] [stderr]    Compiling reqwest v0.13.4
[INFO] [stderr]    Compiling xbw v0.0.43
[INFO] [stderr]    Compiling summer-cos v0.0.3 (/opt/rustwide/workdir)
[INFO] [stderr]     Finished `dev` profile [unoptimized + debuginfo] target(s) in 1m 31s
[INFO] running `Command { std: "docker" "inspect" "00d9d6a32483122aa7078eeb9805e47ebb76cf6396ca4157919f7a2d3e0b9dfd", kill_on_drop: false }`
[INFO] running `Command { std: "docker" "exec" "-e" "SOURCE_DIR=/opt/rustwide/workdir" "-e" "CARGO_HOME=/opt/rustwide/cargo-home" "-e" "RUSTUP_HOME=/opt/rustwide/rustup-home" "-e" "CARGO_TARGET_DIR=/opt/rustwide/target" "-e" "CARGO_INCREMENTAL=0" "-e" "RUST_BACKTRACE=full" "-e" "RUSTFLAGS=--cap-lints=warn" "-e" "RUSTDOCFLAGS=--cap-lints=warn" "-w" "/opt/rustwide/workdir" "--user" "0:0" "00d9d6a32483122aa7078eeb9805e47ebb76cf6396ca4157919f7a2d3e0b9dfd" "/opt/rustwide/cargo-home/bin/cargo" "+1.99.0-beta.8" "test" "--frozen" "--no-run" "--message-format=json", kill_on_drop: false }`
[INFO] [stderr]    Compiling serde_core v1.0.229
[INFO] [stderr]    Compiling serde_json v1.0.151
[INFO] [stderr]    Compiling zstd-sys v2.0.16+zstd.1.5.7
[INFO] [stderr]    Compiling zstd-safe v7.2.4
[INFO] [stderr]    Compiling brotli v8.0.4
[INFO] [stderr]    Compiling hdrhistogram v7.6.0
[INFO] [stderr]    Compiling hyper v1.11.0
[INFO] [stderr]    Compiling rust_decimal v1.42.1
[INFO] [stderr]    Compiling arrayvec v0.7.8
[INFO] [stderr]    Compiling axum-core v0.5.6
[INFO] [stderr]    Compiling axum-macros v0.5.1
[INFO] [stderr]    Compiling matchit v0.8.4
[INFO] [stderr]    Compiling utf8-width v0.1.9
[INFO] [stderr]    Compiling tower v0.5.3
[INFO] [stderr]    Compiling hyper-util v0.1.20
[INFO] [stderr]    Compiling hyper-rustls v0.27.9
[INFO] [stderr]    Compiling serde v1.0.229
[INFO] [stderr]    Compiling serde_spanned v1.1.1
[INFO] [stderr]    Compiling toml_datetime v0.7.5+spec-1.1.0
[INFO] [stderr]    Compiling serde_path_to_error v0.1.20
[INFO] [stderr]    Compiling toml v0.9.12+spec-1.1.0
[INFO] [stderr]    Compiling zstd v0.13.3
[INFO] [stderr]    Compiling compression-codecs v0.4.38
[INFO] [stderr]    Compiling chrono v0.4.45
[INFO] [stderr]    Compiling string_cache v0.8.9
[INFO] [stderr]    Compiling tracing-serde v0.2.0
[INFO] [stderr]    Compiling serde_urlencoded v0.7.1
[INFO] [stderr]    Compiling byte-unit v5.2.5
[INFO] [stderr]    Compiling async-compression v0.4.42
[INFO] [stderr]    Compiling markup5ever v0.11.0
[INFO] [stderr]    Compiling tower-http v0.6.11
[INFO] [stderr]    Compiling serde-toml-merge v0.3.11
[INFO] [stderr]    Compiling schemars v1.2.1
[INFO] [stderr]    Compiling cookie_store v0.22.1
[INFO] [stderr]    Compiling validator v0.20.0
[INFO] [stderr]    Compiling axum v0.8.9
[INFO] [stderr]    Compiling html5ever v0.26.0
[INFO] [stderr]    Compiling xml5ever v0.17.0
[INFO] [stderr]    Compiling tracing-subscriber v0.3.23
[INFO] [stderr]    Compiling markup5ever_rcdom v0.2.0
[INFO] [stderr]    Compiling select v0.6.1
[INFO] [stderr]    Compiling tracing-appender v0.2.5
[INFO] [stderr]    Compiling tracing-error v0.2.1
[INFO] [stderr]    Compiling reqwest v0.13.4
[INFO] [stderr]    Compiling summer v0.7.1
[INFO] [stderr]    Compiling summer-web v0.7.3
[INFO] [stderr]    Compiling xbw v0.0.43
[INFO] [stderr]    Compiling summer-cos v0.0.3 (/opt/rustwide/workdir)
[INFO] [stderr]     Finished `test` profile [unoptimized + debuginfo] target(s) in 49.20s
[INFO] running `Command { std: "docker" "inspect" "00d9d6a32483122aa7078eeb9805e47ebb76cf6396ca4157919f7a2d3e0b9dfd", kill_on_drop: false }`
[INFO] running `Command { std: "docker" "exec" "-e" "SOURCE_DIR=/opt/rustwide/workdir" "-e" "CARGO_HOME=/opt/rustwide/cargo-home" "-e" "RUSTUP_HOME=/opt/rustwide/rustup-home" "-e" "CARGO_TARGET_DIR=/opt/rustwide/target" "-e" "CARGO_INCREMENTAL=0" "-e" "RUST_BACKTRACE=full" "-e" "RUSTFLAGS=--cap-lints=warn" "-e" "RUSTDOCFLAGS=--cap-lints=warn" "-w" "/opt/rustwide/workdir" "--user" "0:0" "00d9d6a32483122aa7078eeb9805e47ebb76cf6396ca4157919f7a2d3e0b9dfd" "/opt/rustwide/cargo-home/bin/cargo" "+1.99.0-beta.8" "test" "--frozen", kill_on_drop: false }`
[INFO] [stderr]     Finished `test` profile [unoptimized + debuginfo] target(s) in 0.48s
[INFO] [stderr]      Running unittests src/lib.rs (/opt/rustwide/target/debug/deps/summer_cos-03a8fefebe2814d4)
[INFO] [stdout] 
[INFO] [stdout] running 8 tests
[INFO] [stdout] test signer::tests::test_cos_method_as_str ... ok
[INFO] [stdout] test signer::tests::test_presigned_url_contains_valid_key_time ... ok
[INFO] [stdout] test signer::tests::test_presigned_delete_url ... ok
[INFO] [stdout] test signer::tests::test_get_path ... ok
[INFO] [stdout] test signer::tests::test_presigned_put_url ... ok
[INFO] [stdout] test signer::tests::test_get_host ... ok
[INFO] [stdout] test signer::tests::test_presigned_get_url ... ok
[INFO] [stdout] test signer::tests::test_signing_determinism ... ok
[INFO] [stdout] 
[INFO] [stdout] test result: ok. 8 passed; 0 failed; 0 ignored; 0 measured; 0 filtered out; finished in 0.01s
[INFO] [stdout] 
[INFO] [stderr]      Running unittests src/main.rs (/opt/rustwide/target/debug/deps/cos-57cb3332d0adb1a5)
[INFO] [stdout] 
[INFO] [stdout] running 0 tests
[INFO] [stdout] 
[INFO] [stdout] test result: ok. 0 passed; 0 failed; 0 ignored; 0 measured; 0 filtered out; finished in 0.00s
[INFO] [stdout] 
[INFO] [stderr]    Doc-tests summer_cos
[INFO] [stdout] 
[INFO] [stdout] running 7 tests
[INFO] [stdout] test src/lib.rs - (line 124) ... ignored
[INFO] [stdout] test src/lib.rs - (line 152) ... ignored
[INFO] [stdout] test src/lib.rs - (line 201) ... ignored
[INFO] [stdout] test src/lib.rs - (line 67) ... ignored
[INFO] [stdout] test src/lib.rs - (line 88) ... ignored
[INFO] [stdout] test src/plugin.rs - plugin::CosPlugin (line 23) ... ignored
[INFO] [stdout] test src/lib.rs - (line 220) ... FAILED
[INFO] [stdout] 
[INFO] [stdout] failures:
[INFO] [stdout] 
[INFO] [stdout] ---- src/lib.rs - (line 220) stdout ----
[INFO] [stdout] error[E0425]: cannot find value `uploads` in this scope
[INFO] [stdout]    --> src/lib.rs:221:1
[INFO] [stdout]     |
[INFO] [stdout] 221 | uploads/20240101/photo.jpg
[INFO] [stdout]     | ^^^^^^^ not found in this scope
[INFO] [stdout] 
[INFO] [stdout] error[E0425]: cannot find value `photo` in this scope
[INFO] [stdout]    --> src/lib.rs:221:18
[INFO] [stdout]     |
[INFO] [stdout] 221 | uploads/20240101/photo.jpg
[INFO] [stdout]     |                  ^^^^^ not found in this scope
[INFO] [stdout] 
[INFO] [stdout] error: aborting due to 2 previous errors
[INFO] [stdout] 
[INFO] [stdout] For more information about this error, try `rustc --explain E0425`.
[INFO] [stdout] Couldn't compile the test.
[INFO] [stdout] 
[INFO] [stdout] failures:
[INFO] [stdout]     src/lib.rs - (line 220)
[INFO] [stdout] 
[INFO] [stdout] test result: FAILED. 0 passed; 1 failed; 6 ignored; 0 measured; 0 filtered out; finished in 0.19s
[INFO] [stdout] 
[INFO] [stdout] all doctests ran in 0.35s; merged doctests compilation took 0.16s
[INFO] [stderr] error: doctest failed, to rerun pass `--doc`
[INFO] running `Command { std: "docker" "inspect" "00d9d6a32483122aa7078eeb9805e47ebb76cf6396ca4157919f7a2d3e0b9dfd", kill_on_drop: false }`
[INFO] running `Command { std: "docker" "rm" "-f" "00d9d6a32483122aa7078eeb9805e47ebb76cf6396ca4157919f7a2d3e0b9dfd", kill_on_drop: false }`
[INFO] [stdout] 00d9d6a32483122aa7078eeb9805e47ebb76cf6396ca4157919f7a2d3e0b9dfd
