[INFO] fetching crate suiko-sudachi 0.6.11...
[INFO] testing suiko-sudachi-0.6.11 against 1.100.0-beta.1 for beta-1.100-2
[INFO] extracting crate suiko-sudachi 0.6.11 into /workspace/builds/worker-6-tc2/source
[INFO] started tweaking crates.io crate suiko-sudachi 0.6.11
[INFO] finished tweaking crates.io crate suiko-sudachi 0.6.11
[INFO] tweaked toml for crates.io crate suiko-sudachi 0.6.11 written to /workspace/builds/worker-6-tc2/source/Cargo.toml
[INFO] validating manifest of crates.io crate suiko-sudachi 0.6.11 on toolchain 1.100.0-beta.1
[INFO] running `Command { std: CARGO_HOME="/workspace/cargo-home" RUSTUP_HOME="/workspace/rustup-home" "/workspace/cargo-home/bin/cargo" "+1.100.0-beta.1" "metadata" "--manifest-path" "Cargo.toml" "--no-deps", kill_on_drop: false }`
[INFO] crate crates.io crate suiko-sudachi 0.6.11 already has a lockfile, it will not be regenerated
[INFO] running `Command { std: CARGO_HOME="/workspace/cargo-home" RUSTUP_HOME="/workspace/rustup-home" "/workspace/cargo-home/bin/cargo" "+1.100.0-beta.1" "fetch" "--manifest-path" "Cargo.toml", kill_on_drop: false }`
[INFO] running `Command { std: "docker" "create" "-v" "/var/lib/crater-agent-workspace/builds/worker-6-tc2/source:/opt/rustwide/workdir:ro,Z" "-v" "/var/lib/crater-agent-workspace/builds/worker-6-tc2/target:/opt/rustwide/target:rw,Z" "-v" "/var/lib/crater-agent-workspace/cargo-home:/opt/rustwide/cargo-home:ro,Z" "-v" "/var/lib/crater-agent-workspace/rustup-home:/opt/rustwide/rustup-home:ro,Z" "-m" "1610612736" "--network" "none" "ghcr.io/rust-lang/crates-build-env/linux@sha256:3111399a4047eeb3a02b7a90e478d715f38a8c6669b5c4b49d30a17385265909" "sleep" "infinity", kill_on_drop: false }`
[INFO] [stdout] 80ad0445a4ed2636e94a5c6290fa45d67769317b64543b67fe2d8539f4fd4fd2
[INFO] running `Command { std: "docker" "start" "80ad0445a4ed2636e94a5c6290fa45d67769317b64543b67fe2d8539f4fd4fd2", kill_on_drop: false }`
[INFO] running `Command { std: "docker" "inspect" "80ad0445a4ed2636e94a5c6290fa45d67769317b64543b67fe2d8539f4fd4fd2", kill_on_drop: false }`
[INFO] running `Command { std: "docker" "exec" "-e" "SOURCE_DIR=/opt/rustwide/workdir" "-e" "CARGO_HOME=/opt/rustwide/cargo-home" "-e" "RUSTUP_HOME=/opt/rustwide/rustup-home" "-e" "CARGO_TARGET_DIR=/opt/rustwide/target" "-w" "/opt/rustwide/workdir" "--user" "0:0" "80ad0445a4ed2636e94a5c6290fa45d67769317b64543b67fe2d8539f4fd4fd2" "/opt/rustwide/cargo-home/bin/cargo" "+1.100.0-beta.1" "metadata" "--no-deps" "--format-version=1", kill_on_drop: false }`
[INFO] running `Command { std: "docker" "inspect" "80ad0445a4ed2636e94a5c6290fa45d67769317b64543b67fe2d8539f4fd4fd2", kill_on_drop: false }`
[INFO] running `Command { std: "docker" "exec" "-e" "SOURCE_DIR=/opt/rustwide/workdir" "-e" "CARGO_HOME=/opt/rustwide/cargo-home" "-e" "RUSTUP_HOME=/opt/rustwide/rustup-home" "-e" "CARGO_TARGET_DIR=/opt/rustwide/target" "-e" "CARGO_INCREMENTAL=0" "-e" "RUST_BACKTRACE=full" "-e" "RUSTFLAGS=--cap-lints=warn" "-e" "RUSTDOCFLAGS=--cap-lints=warn" "-w" "/opt/rustwide/workdir" "--user" "0:0" "80ad0445a4ed2636e94a5c6290fa45d67769317b64543b67fe2d8539f4fd4fd2" "/opt/rustwide/cargo-home/bin/cargo" "+1.100.0-beta.1" "build" "--frozen" "--message-format=json", kill_on_drop: false }`
[INFO] [stderr]    Compiling serde_core v1.0.229
[INFO] [stderr]    Compiling aho-corasick v1.1.5
[INFO] [stderr]    Compiling csv-core v0.1.13
[INFO] [stderr]    Compiling bit-set v0.5.3
[INFO] [stderr]    Compiling either v1.17.0
[INFO] [stderr]    Compiling yada v0.5.1
[INFO] [stderr]    Compiling syn v2.0.119
[INFO] [stderr]    Compiling syn v3.0.3
[INFO] [stderr]    Compiling nom v7.1.3
[INFO] [stderr]    Compiling libloading v0.8.9
[INFO] [stderr]    Compiling memmap2 v0.9.11
[INFO] [stderr]    Compiling itertools v0.13.0
[INFO] [stderr]    Compiling regex-automata v0.4.18
[INFO] [stderr]    Compiling thiserror-impl v1.0.69
[INFO] [stderr]    Compiling serde_derive v1.0.229
[INFO] [stderr]    Compiling thiserror v1.0.69
[INFO] [stderr]    Compiling csv v1.4.0
[INFO] [stderr]    Compiling serde_json v1.0.151
[INFO] [stderr]    Compiling serde v1.0.229
[INFO] [stderr]    Compiling regex v1.13.1
[INFO] [stderr]    Compiling fancy-regex v0.13.0
[INFO] [stderr]    Compiling suiko-sudachi v0.6.11 (/opt/rustwide/workdir)
[INFO] [stderr]     Finished `dev` profile [unoptimized + debuginfo] target(s) in 21.55s
[INFO] running `Command { std: "docker" "inspect" "80ad0445a4ed2636e94a5c6290fa45d67769317b64543b67fe2d8539f4fd4fd2", kill_on_drop: false }`
[INFO] running `Command { std: "docker" "exec" "-e" "SOURCE_DIR=/opt/rustwide/workdir" "-e" "CARGO_HOME=/opt/rustwide/cargo-home" "-e" "RUSTUP_HOME=/opt/rustwide/rustup-home" "-e" "CARGO_TARGET_DIR=/opt/rustwide/target" "-e" "CARGO_INCREMENTAL=0" "-e" "RUST_BACKTRACE=full" "-e" "RUSTFLAGS=--cap-lints=warn" "-e" "RUSTDOCFLAGS=--cap-lints=warn" "-w" "/opt/rustwide/workdir" "--user" "0:0" "80ad0445a4ed2636e94a5c6290fa45d67769317b64543b67fe2d8539f4fd4fd2" "/opt/rustwide/cargo-home/bin/cargo" "+1.100.0-beta.1" "test" "--frozen" "--no-run" "--message-format=json", kill_on_drop: false }`
[INFO] [stderr]    Compiling claim v0.5.0
[INFO] [stderr]    Compiling suiko-sudachi v0.6.11 (/opt/rustwide/workdir)
[INFO] [stderr]     Finished `test` profile [unoptimized + debuginfo] target(s) in 8.13s
[INFO] running `Command { std: "docker" "inspect" "80ad0445a4ed2636e94a5c6290fa45d67769317b64543b67fe2d8539f4fd4fd2", kill_on_drop: false }`
[INFO] running `Command { std: "docker" "exec" "-e" "SOURCE_DIR=/opt/rustwide/workdir" "-e" "CARGO_HOME=/opt/rustwide/cargo-home" "-e" "RUSTUP_HOME=/opt/rustwide/rustup-home" "-e" "CARGO_TARGET_DIR=/opt/rustwide/target" "-e" "CARGO_INCREMENTAL=0" "-e" "RUST_BACKTRACE=full" "-e" "RUSTFLAGS=--cap-lints=warn" "-e" "RUSTDOCFLAGS=--cap-lints=warn" "-w" "/opt/rustwide/workdir" "--user" "0:0" "80ad0445a4ed2636e94a5c6290fa45d67769317b64543b67fe2d8539f4fd4fd2" "/opt/rustwide/cargo-home/bin/cargo" "+1.100.0-beta.1" "test" "--frozen", kill_on_drop: false }`
[INFO] [stderr]     Finished `test` profile [unoptimized + debuginfo] target(s) in 0.11s
[INFO] [stderr]      Running unittests src/lib.rs (/opt/rustwide/target/debug/build/suiko-sudachi/2ba53aa4bf044df4/out/suiko_sudachi-2ba53aa4bf044df4)
[INFO] [stdout] 
[INFO] [stdout] running 212 tests
[INFO] [stdout] test analysis::created::test::add ... ok
[INFO] [stdout] test config::tests::resolve_cfg ... FAILED
[INFO] [stdout] test config::tests::surface_projection_tryfrom ... ok
[INFO] [stdout] test analysis::created::test::long_value_present ... ok
[INFO] [stdout] test dic::build::index::test::build_index_1 ... ok
[INFO] [stdout] test analysis::created::test::long_value_absent ... ok
[INFO] [stdout] test dic::build::lexicon::test::parse_split_empty ... ok
[INFO] [stdout] test analysis::inner::test::lesser_than_32b ... ok
[INFO] [stdout] test dic::build::index::test::build_index_2 ... ok
[INFO] [stdout] test dic::build::lexicon::test::parse_kyoto ... ok
[INFO] [stdout] test dic::build::lexicon::test::parse_kyoto_ignored_empty_surface ... ok
[INFO] [stdout] test dic::build::lexicon::test::parse_kyoto_ignored ... ok
[INFO] [stdout] test dic::build::lexicon::test::parse_kyoto_synonym_opt ... ok
[INFO] [stdout] test config::tests::resolve_exe ... FAILED
[INFO] [stdout] test dic::build::lexicon::test::parse_split_inline ... ok
[INFO] [stdout] test dic::build::lexicon::test::parse_split_user_ids ... ok
[INFO] [stdout] test dic::build::lexicon::test::parse_split_sys_ids ... ok
[INFO] [stdout] test analysis::created::test::simple ... ok
[INFO] [stdout] test dic::build::lexicon::test::parse_kyoto_not_enough_fields ... ok
[INFO] [stdout] test dic::build::lexicon::wordinfo_test::wordinfo_subset_dic_word_structure ... ok
[INFO] [stdout] test dic::build::lexicon::wordinfo_test::wordinfo_subset_len ... ok
[INFO] [stdout] test dic::build::lexicon::wordinfo_test::wordinfo_subset_dic_split_a ... ok
[INFO] [stdout] test dic::build::lexicon::test::word_info_rw ... ok
[INFO] [stdout] test dic::build::lexicon::wordinfo_test::wordinfo_subset_dic_split_b ... ok
[INFO] [stdout] test dic::build::lexicon::wordinfo_test::wordinfo_subset_norm ... ok
[INFO] [stdout] test dic::build::lexicon::wordinfo_test::wordinfo_subset_dic_synonym ... ok
[INFO] [stdout] test config::tests::config_builder_fallback ... ok
[INFO] [stdout] test dic::build::lexicon::wordinfo_test::wordinfo_subset_dic_form_id ... ok
[INFO] [stdout] test dic::build::lexicon::test::resolve_inline_same_dict ... ok
[INFO] [stdout] test dic::build::parse::test::decode_plain ... ok
[INFO] [stdout] test dic::build::primitives::test::write_ints_empty ... ok
[INFO] [stdout] test dic::build::primitives::test::write_ints_full ... ok
[INFO] [stdout] test dic::build::primitives::test::write_ints_over_length ... ok
[INFO] [stdout] test dic::build::primitives::test::write_strings ... ok
[INFO] [stdout] test dic::build::primitives::test::write_utf16 ... ok
[INFO] [stdout] test dic::build::parse::test::decode_escape_3 ... ok
[INFO] [stdout] test dic::build::parse::test::decode_escape_1 ... ok
[INFO] [stdout] test dic::build::parse::test::decode_escape_4 ... ok
[INFO] [stdout] test dic::build::parse::test::decode_escape_2 ... ok
[INFO] [stdout] test dic::build::test::build_lexicon_1word ... ok
[INFO] [stdout] test dic::build::parse::test::decode_escape_fail ... ok
[INFO] [stdout] test dic::build::parse::test::decode_escape_ported ... ok
[INFO] [stdout] test dic::build::lexicon::wordinfo_test::wordinfo_subset_pos ... ok
[INFO] [stdout] test dic::build::lexicon::wordinfo_test::wordinfo_subset_surface ... ok
[INFO] [stdout] test dic::build::lexicon::wordinfo_test::wordinfo_subset_reading ... ok
[INFO] [stdout] test dic::build::test::word_id_too_big_dicform ... ok
[INFO] [stdout] test dic::build::test::build_grammar ... ok
[INFO] [stdout] test dic::build::conn::test::parse_simple2x2 ... ok
[INFO] [stdout] test dic::build::test::conn_id_too_big_right ... ok
[INFO] [stdout] test dic::category_type::test::count ... ok
[INFO] [stdout] test dic::build::test::build_system_1word ... ok
[INFO] [stdout] test dic::build::test::word_id_too_big_split_a ... ok
[INFO] [stdout] test dic::build::test::word_id_too_big_dicform_userdic_inuser ... ok
[INFO] [stdout] test dic::build::test::word_id_too_big_split_b ... ok
[INFO] [stdout] test dic::build::test::build_user_dictionary_crossrefs ... ok
[INFO] [stdout] test dic::character_category::tests::check_test_cdef ... ok
[INFO] [stdout] test dic::build::test::build_system_3words ... ok
[INFO] [stdout] test dic::category_type::test::ct_size ... ok
[INFO] [stdout] test dic::build::test::word_id_too_big_dicform_userdic_insystem ... ok
[INFO] [stdout] test dic::build::test::conn_id_too_big_left ... ok
[INFO] [stdout] test dic::category_type::test::iter_is_correct_3 ... ok
[INFO] [stdout] test dic::category_type::test::format ... ok
[INFO] [stdout] test dic::character_category::tests::read_cdef_merge_1 ... ok
[INFO] [stdout] test dic::character_category::tests::read_cdef_1 ... ok
[INFO] [stdout] test dic::character_category::tests::read_cdef_merge_2 ... ok
[INFO] [stdout] test dic::character_category::tests::read_cdef_2 ... ok
[INFO] [stdout] test dic::character_category::tests::get_category_types ... ok
[INFO] [stdout] test dic::character_category::tests::iter_cdef_holes_1 ... ok
[INFO] [stdout] test dic::character_category::tests::read_cdef_merge_3 ... ok
[INFO] [stdout] test dic::character_category::tests::read_character_definition_with_invalid_type ... ok
[INFO] [stdout] test dic::character_category::tests::read_character_definition_with_invalid_format ... ok
[INFO] [stdout] test dic::character_category::tests::read_character_definition_with_invalid_range ... ok
[INFO] [stdout] test dic::grammar::tests::bos_parameter ... ok
[INFO] [stdout] test dic::grammar::tests::eos_parameter ... ok
[INFO] [stdout] test dic::grammar::tests::get_connect_cost ... ok
[INFO] [stdout] test dic::grammar::tests::partofspeech_string ... ok
[INFO] [stdout] test dic::character_category::tests::read_cdef_4 ... ok
[INFO] [stdout] test dic::grammar::tests::register_pos ... ok
[INFO] [stdout] test dic::character_category::tests::read_cdef_holes_1 ... ok
[INFO] [stdout] test dic::grammar::tests::storage_size ... ok
[INFO] [stdout] test dic::header::tests::graceful_failure ... ok
[INFO] [stdout] test dic::character_category::tests::read_cdef_3 ... ok
[INFO] [stdout] test dic::word_id::test::is_oov ... ok
[INFO] [stdout] test dic::grammar::tests::set_connect_cost ... ok
[INFO] [stdout] test dic::word_id::test::display ... ok
[INFO] [stdout] test dic::build::test::word_id_too_big_word_structure ... ok
[INFO] [stdout] test dic::header::tests::write_user ... ok
[INFO] [stdout] test dic::word_id::test::is_special ... ok
[INFO] [stdout] test dic::word_id::test::is_system ... ok
[INFO] [stdout] test dic::word_id::test::is_user ... ok
[INFO] [stdout] test input_text::buffer::edit::test::edit_char_1 ... ok
[INFO] [stdout] test hash::test::works_in_hashmap ... ok
[INFO] [stdout] test input_text::buffer::edit::test::edit_ref_1 ... ok
[INFO] [stdout] test input_text::buffer::edit::test::edit_ref_2_borrow ... ok
[INFO] [stdout] test input_text::buffer::edit::test::replace_end_w_longer ... ok
[INFO] [stdout] test input_text::buffer::edit::test::edit_str_1 ... ok
[INFO] [stdout] test input_text::buffer::edit::test::replace_diff_width ... ok
[INFO] [stdout] test input_text::buffer::edit::test::replace_start_w_none_2 ... ok
[INFO] [stdout] test dic::header::tests::simple_header ... ok
[INFO] [stdout] test dic::build::test::resolve_user_entry_without_system_in_trie ... ok
[INFO] [stdout] test input_text::buffer::edit::test::replace_end_w_none ... ok
[INFO] [stdout] test input_text::buffer::edit::test::replace_with_more_cnt ... ok
[INFO] [stdout] test input_text::buffer::edit::test::replace_start_w_shorter ... ok
[INFO] [stdout] test dic::header::tests::write_system ... ok
[INFO] [stdout] test input_text::buffer::edit::test::replace_end_w_shorter ... ok
[INFO] [stdout] test input_text::buffer::edit::test::replace_start_w_none ... ok
[INFO] [stdout] test input_text::buffer::edit::test::replace_start_w_longer ... ok
[INFO] [stdout] test input_text::buffer::edit::test::replace_mid_w_longer ... ok
[INFO] [stdout] test input_text::buffer::test_basic::char_distance ... ok
[INFO] [stdout] test input_text::buffer::test_basic::curr_slice_c ... ok
[INFO] [stdout] test input_text::buffer::test_basic::allows_0_chars_start ... ok
[INFO] [stdout] test input_text::buffer::test_ported::get_char_category_types ... ok
[INFO] [stdout] test input_text::buffer::test_ported::get_char_category_continuous_length ... ok
[INFO] [stdout] test input_text::buffer::test_ported::get_original_text ... ok
[INFO] [stdout] test input_text::buffer::test_basic::new_build ... ok
[INFO] [stdout] test input_text::buffer::test_basic::allows_0_chars_end ... ok
[INFO] [stdout] test input_text::buffer::test_basic::orig_slice ... ok
[INFO] [stdout] test input_text::buffer::test_basic::allows_0_chars_mid ... ok
[INFO] [stdout] test input_text::buffer::test_ported::can_bow ... ok
[INFO] [stdout] test input_text::buffer::test_ported::get_word_candidate_length ... ok
[INFO] [stdout] test input_text::buffer::test_ported::range_cat ... ok
[INFO] [stdout] test plugin::connect_cost::inhibit_connection::tests::edit ... ok
[INFO] [stdout] test plugin::input_text::default_input_text::tests::replace_list_duplicates ... ok
[INFO] [stdout] test plugin::input_text::default_input_text::tests::replace_list_three_entries ... ok
[INFO] [stdout] test plugin::input_text::default_input_text::tests::ignore_list_two_chars ... ok
[INFO] [stdout] test plugin::input_text::default_input_text::tests::nfkc_works ... ok
[INFO] [stdout] test plugin::input_text::default_input_text::tests::lowercasing_works_difficult ... ok
[INFO] [stdout] test plugin::input_text::ignore_yomigana::tests::ignore_hiragana ... ok
[INFO] [stdout] test plugin::input_text::ignore_yomigana::tests::ignore_yomigana_at_end ... ok
[INFO] [stdout] test plugin::input_text::ignore_yomigana::tests::dont_ignore_not_yomigana ... ok
[INFO] [stdout] test plugin::input_text::ignore_yomigana::tests::dont_ignore_too_long ... ok
[INFO] [stdout] test plugin::input_text::default_input_text::tests::after_rewrite ... ok
[INFO] [stdout] test plugin::input_text::default_input_text::tests::rewrite_hiragana ... ok
[INFO] [stdout] test plugin::input_text::prolonged_sound_mark::tests::combine_continuous_prolonged_sound_marks_multi_mixed_symbol_types ... ok
[INFO] [stdout] test plugin::input_text::ignore_yomigana::tests::ignore_yomigana_at_middle ... ok
[INFO] [stdout] test plugin::input_text::default_input_text::tests::lowercasing_works_simple ... ok
[INFO] [stdout] test plugin::input_text::ignore_yomigana::tests::ignore_yomigana_multiple ... ok
[INFO] [stdout] test plugin::input_text::ignore_yomigana::tests::ignore_yomigana_multiple_brace_types ... ok
[INFO] [stdout] test plugin::input_text::prolonged_sound_mark::tests::combine_continuous_prolonged_sound_marks_multi_times ... ok
[INFO] [stdout] test dic::word_id::test::debug ... ok
[INFO] [stdout] test dic::word_id::test::create ... ok
[INFO] [stdout] test plugin::input_text::prolonged_sound_mark::tests::combined_continuous_prolonged_sound_marks_at_end ... ok
[INFO] [stdout] test plugin::input_text::prolonged_sound_mark::tests::combine_continuous_prolonged_sound_marks_multi_symbol_types ... ok
[INFO] [stdout] test plugin::input_text::prolonged_sound_mark::tests::combine_continuous_prolonged_sound_mark ... ok
[INFO] [stdout] test plugin::input_text::default_input_text::tests::full_normalization_works ... ok
[INFO] [stdout] test plugin::input_text::default_input_text::tests::replacement_works ... ok
[INFO] [stdout] test plugin::oov::mecab_oov::test::provide_oov012 ... ok
[INFO] [stdout] test plugin::oov::mecab_oov::test::provide_oov000 ... ok
[INFO] [stdout] test plugin::oov::mecab_oov::test::provide_oov_without_cinfo ... ok
[INFO] [stdout] test plugin::oov::mecab_oov::test::provide_oov010 ... ok
[INFO] [stdout] test plugin::oov::mecab_oov::test::provide_oov110 ... ok
[INFO] [stdout] test plugin::oov::mecab_oov::test::read_character_property ... ok
[INFO] [stdout] test plugin::oov::mecab_oov::test::provide_oov006 ... ok
[INFO] [stdout] test plugin::oov::mecab_oov::test::provide_oov_multi_oov ... ok
[INFO] [stdout] test plugin::oov::mecab_oov::test::read_oov_with_category_not_in_character_property ... ok
[INFO] [stdout] test plugin::oov::mecab_oov::test::read_character_property_duplicate_definitions ... ok
[INFO] [stdout] test plugin::oov::mecab_oov::test::read_character_property_with_too_few_columns ... ok
[INFO] [stdout] test plugin::oov::mecab_oov::test::read_character_property_with_undefined_type ... ok
[INFO] [stdout] test plugin::oov::mecab_oov::test::read_oov ... ok
[INFO] [stdout] test plugin::oov::mecab_oov::test::read_oov_with_undefined_type ... ok
[INFO] [stdout] test plugin::path_rewrite::join_katakana_oov::tests::start_with_middle ... ok
[INFO] [stdout] test plugin::oov::mecab_oov::test::provide_oov002 ... ok
[INFO] [stdout] test plugin::oov::mecab_oov::test::provide_oov112 ... ok
[INFO] [stdout] test plugin::path_rewrite::join_katakana_oov::tests::part_of_speech ... ok
[INFO] [stdout] test plugin::oov::mecab_oov::test::read_oov_with_too_few_columns ... ok
[INFO] [stdout] test plugin::oov::mecab_oov::test::provide_oov_without_oov_list ... ok
[INFO] [stdout] test plugin::oov::regex_oov::test::works ... ok
[INFO] [stdout] test plugin::oov::regex_oov::test::works_regex ... ok
[INFO] [stdout] test plugin::path_rewrite::join_katakana_oov::tests::katakana_length ... ok
[INFO] [stdout] test plugin::path_rewrite::join_numeric::numeric_parser::tests::float_point ... ok
[INFO] [stdout] test plugin::oov::regex_oov::test::boundaries ... ok
[INFO] [stdout] test plugin::path_rewrite::join_numeric::numeric_parser::tests::log_numeric ... ok
[INFO] [stdout] test plugin::path_rewrite::join_numeric::numeric_parser::tests::digits ... ok
[INFO] [stdout] test plugin::path_rewrite::join_katakana_oov::tests::with_noovbow ... ok
[INFO] [stdout] test plugin::path_rewrite::join_katakana_oov::tests::start_with_tail ... ok
[INFO] [stdout] test plugin::path_rewrite::join_numeric::numeric_parser::tests::float_with_unit ... ok
[INFO] [stdout] test plugin::path_rewrite::join_numeric::numeric_parser::tests::not_digit ... ok
[INFO] [stdout] test plugin::path_rewrite::join_numeric::numeric_parser::tests::use_small_unit ... ok
[INFO] [stdout] test dic::build::test::with_analysis::system_plus_user_2 ... FAILED
[INFO] [stdout] test plugin::path_rewrite::join_numeric::test::digit_2 ... ok
[INFO] [stdout] test plugin::path_rewrite::join_numeric::numeric_parser::tests::starts_with_zero ... ok
[INFO] [stdout] test plugin::path_rewrite::join_numeric::test::normalize ... ok
[INFO] [stdout] test plugin::path_rewrite::join_numeric::test::normalized_with_not_numeric ... ok
[INFO] [stdout] test dic::build::test::with_analysis::system_plus_user_1 ... FAILED
[INFO] [stdout] test plugin::path_rewrite::join_numeric::numeric_parser::tests::use_large_unit ... ok
[INFO] [stdout] test plugin::path_rewrite::join_numeric::test::point ... ok
[INFO] [stdout] test dic::build::test::with_analysis::system_only_1 ... FAILED
[INFO] [stdout] test dic::build::test::with_analysis::split_with_subset ... FAILED
[INFO] [stdout] test plugin::path_rewrite::join_numeric::test::digit_1 ... ok
[INFO] [stdout] test plugin::path_rewrite::join_numeric::numeric_parser::tests::with_comma ... ok
[INFO] [stdout] test plugin::path_rewrite::join_numeric::test::kanji_numeric ... ok
[INFO] [stdout] test plugin::path_rewrite::join_numeric::test::comma ... ok
[INFO] [stdout] test util::cow_array::test::aligned_1 ... ok
[INFO] [stdout] test util::cow_array::test::aligned_4 ... ok
[INFO] [stdout] test util::user_pos::test::allow ... ok
[INFO] [stdout] test plugin::path_rewrite::join_numeric::test::single_node ... ok
[INFO] [stdout] test util::user_pos::test::forbid ... ok
[INFO] [stdout] test test::make_zero_grammar ... ok
[INFO] [stdout] test util::cow_array::test::aligned_2 ... ok
[INFO] [stdout] test plugin::oov::mecab_oov::test::provide_oov100 ... ok
[INFO] [stdout] test util::user_pos::test::other_value ... ok
[INFO] [stdout] test sentence_detector::tests::get_eos_with_many_periods ... ok
[INFO] [stdout] test sentence_detector::tests::get_eos_with_limit ... ok
[INFO] [stdout] test sentence_splitter::tests::split_longer_sentence ... ok
[INFO] [stdout] test sentence_detector::tests::get_eos_with_itemize_header ... ok
[INFO] [stdout] test sentence_detector::tests::get_eos_with_prohibited_bos ... ok
[INFO] [stdout] test sentence_splitter::tests::split_simple ... ok
[INFO] [stdout] test sentence_detector::tests::get_eos_with_period ... ok
[INFO] [stdout] test sentence_detector::tests::get_eos_with_parentheses ... ok
[INFO] [stdout] test sentence_detector::tests::get_eos ... ok
[INFO] [stdout] test sentence_detector::tests::get_eos_with_continuous_phrase ... ok
[INFO] [stdout] test dic::build::lexicon::test::parse_pos_exhausted ... ok
[INFO] [stdout] 
[INFO] [stdout] failures:
[INFO] [stdout] 
[INFO] [stdout] ---- config::tests::resolve_cfg stdout ----
[INFO] [stdout] Error: ConfigError(Io(Os { code: 2, kind: NotFound, message: "No such file or directory" }))
[INFO] [stdout] 
[INFO] [stdout] ---- config::tests::resolve_exe stdout ----
[INFO] [stdout] Error: ConfigError(Io(Os { code: 2, kind: NotFound, message: "No such file or directory" }))
[INFO] [stdout] 
[INFO] [stdout] ---- dic::build::test::with_analysis::system_plus_user_2 stdout ----
[INFO] [stdout] 
[INFO] [stdout] thread 'dic::build::test::with_analysis::system_plus_user_2' (613) panicked at src/dic/build/test/with_analysis.rs:156:59:
[INFO] [stdout] called `Result::unwrap()` on an `Err` value: ConfigError(PathResolution("char.def", ["/opt/rustwide/resources/char.def", "/tmp/char.def"]))
[INFO] [stdout] stack backtrace:
[INFO] [stdout]    0:     0x634e178a63d1 - std[617be2ca0a6fd877]::backtrace_rs::backtrace::libunwind::trace
[INFO] [stdout]                                at /rustc/e3feeb59cd1bdd011a2bfcc0747b55125d9b8527/library/std/src/../../backtrace/src/backtrace/libunwind.rs:117:9
[INFO] [stdout]    1:     0x634e178a63d1 - std[617be2ca0a6fd877]::backtrace_rs::backtrace::trace_unsynchronized::<std[617be2ca0a6fd877]::sys::backtrace::_print_fmt::{closure#1}>
[INFO] [stdout]                                at /rustc/e3feeb59cd1bdd011a2bfcc0747b55125d9b8527/library/std/src/../../backtrace/src/backtrace/mod.rs:66:14
[INFO] [stdout]    2:     0x634e178a63d1 - std[617be2ca0a6fd877]::sys::backtrace::_print_fmt
[INFO] [stdout]                                at /rustc/e3feeb59cd1bdd011a2bfcc0747b55125d9b8527/library/std/src/sys/backtrace.rs:74:9
[INFO] [stdout]    3:     0x634e178a63d1 - <<std[617be2ca0a6fd877]::sys::backtrace::BacktraceLock>::print::DisplayBacktrace as core[a373ad73a504971]::fmt::Display>::fmt
[INFO] [stdout]                                at /rustc/e3feeb59cd1bdd011a2bfcc0747b55125d9b8527/library/std/src/sys/backtrace.rs:44:26
[INFO] [stdout]    4:     0x634e178bbdda - <core[a373ad73a504971]::fmt::rt::Argument>::fmt
[INFO] [stdout]                                at /rustc/e3feeb59cd1bdd011a2bfcc0747b55125d9b8527/library/core/src/fmt/rt.rs:152:76
[INFO] [stdout]    5:     0x634e178bbdda - core[a373ad73a504971]::fmt::write
[INFO] [stdout]    6:     0x634e178aa6bc - core[a373ad73a504971]::io::write::default_write_fmt::<alloc[2e1b2a31b91974c5]::vec::Vec<u8>>
[INFO] [stdout]                                at /rustc/e3feeb59cd1bdd011a2bfcc0747b55125d9b8527/library/core/src/io/write.rs:402:11
[INFO] [stdout]    7:     0x634e178aa6bc - <alloc[2e1b2a31b91974c5]::vec::Vec<u8> as core[a373ad73a504971]::io::write::Write>::write_fmt
[INFO] [stdout]                                at /rustc/e3feeb59cd1bdd011a2bfcc0747b55125d9b8527/library/core/src/io/write.rs:335:13
[INFO] [stdout]    8:     0x634e17882016 - <std[617be2ca0a6fd877]::sys::backtrace::BacktraceLock>::print
[INFO] [stdout]                                at /rustc/e3feeb59cd1bdd011a2bfcc0747b55125d9b8527/library/std/src/sys/backtrace.rs:47:9
[INFO] [stdout]    9:     0x634e17882016 - std[617be2ca0a6fd877]::panicking::default_hook::{closure#0}
[INFO] [stdout]                                at /rustc/e3feeb59cd1bdd011a2bfcc0747b55125d9b8527/library/std/src/panicking.rs:289:27
[INFO] [stdout]   10:     0x634e1789e8c9 - std[617be2ca0a6fd877]::panicking::default_hook
[INFO] [stdout]                                at /rustc/e3feeb59cd1bdd011a2bfcc0747b55125d9b8527/library/std/src/panicking.rs:313:9
[INFO] [stdout]   11:     0x634e174d43e0 - <alloc[2e1b2a31b91974c5]::boxed::Box<dyn for<'a, 'b> core[a373ad73a504971]::ops::function::Fn<(&'a std[617be2ca0a6fd877]::panic::PanicHookInfo<'b>,), Output = ()> + core[a373ad73a504971]::marker::Sync + core[a373ad73a504971]::marker::Send> as core[a373ad73a504971]::ops::function::Fn<(&std[617be2ca0a6fd877]::panic::PanicHookInfo,)>>::call
[INFO] [stdout]                                at /rustc/e3feeb59cd1bdd011a2bfcc0747b55125d9b8527/library/alloc/src/boxed.rs:2328:9
[INFO] [stdout]   12:     0x634e174d43e0 - test[aada8e7e76ba119b]::test_main_inner::{closure#0}
[INFO] [stdout]                                at /rustc/e3feeb59cd1bdd011a2bfcc0747b55125d9b8527/library/test/src/lib.rs:137:21
[INFO] [stdout]   13:     0x634e1789ea82 - <alloc[2e1b2a31b91974c5]::boxed::Box<dyn for<'a, 'b> core[a373ad73a504971]::ops::function::Fn<(&'a std[617be2ca0a6fd877]::panic::PanicHookInfo<'b>,), Output = ()> + core[a373ad73a504971]::marker::Sync + core[a373ad73a504971]::marker::Send> as core[a373ad73a504971]::ops::function::Fn<(&std[617be2ca0a6fd877]::panic::PanicHookInfo,)>>::call
[INFO] [stdout]                                at /rustc/e3feeb59cd1bdd011a2bfcc0747b55125d9b8527/library/alloc/src/boxed.rs:2328:9
[INFO] [stdout]   14:     0x634e1789ea82 - std[617be2ca0a6fd877]::panicking::panic_with_hook
[INFO] [stdout]                                at /rustc/e3feeb59cd1bdd011a2bfcc0747b55125d9b8527/library/std/src/panicking.rs:819:13
[INFO] [stdout]   15:     0x634e178820c2 - std[617be2ca0a6fd877]::panicking::panic_handler::{closure#0}
[INFO] [stdout]                                at /rustc/e3feeb59cd1bdd011a2bfcc0747b55125d9b8527/library/std/src/panicking.rs:685:13
[INFO] [stdout]   16:     0x634e1787acf9 - std[617be2ca0a6fd877]::sys::backtrace::__rust_end_short_backtrace::<std[617be2ca0a6fd877]::panicking::panic_handler::{closure#0}, !>
[INFO] [stdout]                                at /rustc/e3feeb59cd1bdd011a2bfcc0747b55125d9b8527/library/std/src/sys/backtrace.rs:182:18
[INFO] [stdout]   17:     0x634e17882ccd - __rustc[ea4f61d10b84890b]::rust_begin_unwind
[INFO] [stdout]                                at /rustc/e3feeb59cd1bdd011a2bfcc0747b55125d9b8527/library/std/src/panicking.rs:676:5
[INFO] [stdout]   18:     0x634e178bc67c - core[a373ad73a504971]::panicking::panic_fmt
[INFO] [stdout]                                at /rustc/e3feeb59cd1bdd011a2bfcc0747b55125d9b8527/library/core/src/panicking.rs:80:14
[INFO] [stdout]   19:     0x634e178bc3d2 - core[a373ad73a504971]::result::unwrap_failed
[INFO] [stdout]                                at /rustc/e3feeb59cd1bdd011a2bfcc0747b55125d9b8527/library/core/src/result.rs:1870:5
[INFO] [stdout]   20:     0x634e17390d62 - <core[a373ad73a504971]::result::Result<suiko_sudachi[bcd56a41f151b971]::dic::dictionary::JapaneseDictionary, suiko_sudachi[bcd56a41f151b971]::error::SudachiError>>::unwrap
[INFO] [stdout]                                at /rustc/e3feeb59cd1bdd011a2bfcc0747b55125d9b8527/library/core/src/result.rs:1232:23
[INFO] [stdout]   21:     0x634e17390d62 - suiko_sudachi[bcd56a41f151b971]::dic::build::test::with_analysis::system_plus_user_2
[INFO] [stdout]                                at /opt/rustwide/workdir/src/dic/build/test/with_analysis.rs:156:59
[INFO] [stdout]   22:     0x634e17386607 - suiko_sudachi[bcd56a41f151b971]::dic::build::test::with_analysis::system_plus_user_2::{closure#0}
[INFO] [stdout]                                at /opt/rustwide/workdir/src/dic/build/test/with_analysis.rs:148:24
[INFO] [stdout]   23:     0x634e1746a496 - <suiko_sudachi[bcd56a41f151b971]::dic::build::test::with_analysis::system_plus_user_2::{closure#0} as core[a373ad73a504971]::ops::function::FnOnce<()>>::call_once
[INFO] [stdout]                                at /rustc/e3feeb59cd1bdd011a2bfcc0747b55125d9b8527/library/core/src/ops/function.rs:250:5
[INFO] [stdout]   24:     0x634e174c782b - <fn() -> core[a373ad73a504971]::result::Result<(), alloc[2e1b2a31b91974c5]::string::String> as core[a373ad73a504971]::ops::function::FnOnce<()>>::call_once
[INFO] [stdout]                                at /rustc/e3feeb59cd1bdd011a2bfcc0747b55125d9b8527/library/core/src/ops/function.rs:250:5
[INFO] [stdout]   25:     0x634e174c782b - test[aada8e7e76ba119b]::__rust_begin_short_backtrace::<core[a373ad73a504971]::result::Result<(), alloc[2e1b2a31b91974c5]::string::String>, fn() -> core[a373ad73a504971]::result::Result<(), alloc[2e1b2a31b91974c5]::string::String>>
[INFO] [stdout]                                at /rustc/e3feeb59cd1bdd011a2bfcc0747b55125d9b8527/library/test/src/lib.rs:701:18
[INFO] [stdout]   26:     0x634e174d4a05 - test[aada8e7e76ba119b]::run_test_in_process::{closure#0}
[INFO] [stdout]                                at /rustc/e3feeb59cd1bdd011a2bfcc0747b55125d9b8527/library/test/src/lib.rs:724:74
[INFO] [stdout]   27:     0x634e174d4a05 - <core[a373ad73a504971]::panic::unwind_safe::AssertUnwindSafe<test[aada8e7e76ba119b]::run_test_in_process::{closure#0}> as core[a373ad73a504971]::ops::function::FnOnce<()>>::call_once
[INFO] [stdout]                                at /rustc/e3feeb59cd1bdd011a2bfcc0747b55125d9b8527/library/core/src/panic/unwind_safe.rs:275:9
[INFO] [stdout]   28:     0x634e174d4a05 - std[617be2ca0a6fd877]::panicking::catch_unwind::do_call::<core[a373ad73a504971]::panic::unwind_safe::AssertUnwindSafe<test[aada8e7e76ba119b]::run_test_in_process::{closure#0}>, core[a373ad73a504971]::result::Result<(), alloc[2e1b2a31b91974c5]::string::String>>
[INFO] [stdout]                                at /rustc/e3feeb59cd1bdd011a2bfcc0747b55125d9b8527/library/std/src/panicking.rs:573:43
[INFO] [stdout]   29:     0x634e174d4a05 - std[617be2ca0a6fd877]::panicking::catch_unwind::<core[a373ad73a504971]::result::Result<(), alloc[2e1b2a31b91974c5]::string::String>, core[a373ad73a504971]::panic::unwind_safe::AssertUnwindSafe<test[aada8e7e76ba119b]::run_test_in_process::{closure#0}>>
[INFO] [stdout]                                at /rustc/e3feeb59cd1bdd011a2bfcc0747b55125d9b8527/library/std/src/panicking.rs:541:19
[INFO] [stdout]   30:     0x634e174d4a05 - std[617be2ca0a6fd877]::panic::catch_unwind::<core[a373ad73a504971]::panic::unwind_safe::AssertUnwindSafe<test[aada8e7e76ba119b]::run_test_in_process::{closure#0}>, core[a373ad73a504971]::result::Result<(), alloc[2e1b2a31b91974c5]::string::String>>
[INFO] [stdout]                                at /rustc/e3feeb59cd1bdd011a2bfcc0747b55125d9b8527/library/std/src/panic.rs:359:14
[INFO] [stdout]   31:     0x634e174d4a05 - test[aada8e7e76ba119b]::run_test_in_process
[INFO] [stdout]                                at /rustc/e3feeb59cd1bdd011a2bfcc0747b55125d9b8527/library/test/src/lib.rs:724:27
[INFO] [stdout]   32:     0x634e174d4a05 - test[aada8e7e76ba119b]::run_test::{closure#0}
[INFO] [stdout]                                at /rustc/e3feeb59cd1bdd011a2bfcc0747b55125d9b8527/library/test/src/lib.rs:645:43
[INFO] [stdout]   33:     0x634e174ce2f4 - test[aada8e7e76ba119b]::run_test::{closure#1}
[INFO] [stdout]                                at /rustc/e3feeb59cd1bdd011a2bfcc0747b55125d9b8527/library/test/src/lib.rs:675:41
[INFO] [stdout]   34:     0x634e174ce2f4 - std[617be2ca0a6fd877]::sys::backtrace::__rust_begin_short_backtrace::<test[aada8e7e76ba119b]::run_test::{closure#1}, ()>
[INFO] [stdout]                                at /rustc/e3feeb59cd1bdd011a2bfcc0747b55125d9b8527/library/std/src/sys/backtrace.rs:166:18
[INFO] [stdout]   35:     0x634e174d7a92 - std[617be2ca0a6fd877]::thread::lifecycle::spawn_unchecked::<test[aada8e7e76ba119b]::run_test::{closure#1}, ()>::{closure#1}::{closure#0}
[INFO] [stdout]                                at /rustc/e3feeb59cd1bdd011a2bfcc0747b55125d9b8527/library/std/src/thread/lifecycle.rs:70:13
[INFO] [stdout]   36:     0x634e174d7a92 - <core[a373ad73a504971]::panic::unwind_safe::AssertUnwindSafe<std[617be2ca0a6fd877]::thread::lifecycle::spawn_unchecked<test[aada8e7e76ba119b]::run_test::{closure#1}, ()>::{closure#1}::{closure#0}> as core[a373ad73a504971]::ops::function::FnOnce<()>>::call_once
[INFO] [stdout]                                at /rustc/e3feeb59cd1bdd011a2bfcc0747b55125d9b8527/library/core/src/panic/unwind_safe.rs:275:9
[INFO] [stdout]   37:     0x634e174d7a92 - std[617be2ca0a6fd877]::panicking::catch_unwind::do_call::<core[a373ad73a504971]::panic::unwind_safe::AssertUnwindSafe<std[617be2ca0a6fd877]::thread::lifecycle::spawn_unchecked<test[aada8e7e76ba119b]::run_test::{closure#1}, ()>::{closure#1}::{closure#0}>, ()>
[INFO] [stdout]                                at /rustc/e3feeb59cd1bdd011a2bfcc0747b55125d9b8527/library/std/src/panicking.rs:573:43
[INFO] [stdout]   38:     0x634e174d7a92 - std[617be2ca0a6fd877]::panicking::catch_unwind::<(), core[a373ad73a504971]::panic::unwind_safe::AssertUnwindSafe<std[617be2ca0a6fd877]::thread::lifecycle::spawn_unchecked<test[aada8e7e76ba119b]::run_test::{closure#1}, ()>::{closure#1}::{closure#0}>>
[INFO] [stdout]                                at /rustc/e3feeb59cd1bdd011a2bfcc0747b55125d9b8527/library/std/src/panicking.rs:541:19
[INFO] [stdout]   39:     0x634e174d7a92 - std[617be2ca0a6fd877]::panic::catch_unwind::<core[a373ad73a504971]::panic::unwind_safe::AssertUnwindSafe<std[617be2ca0a6fd877]::thread::lifecycle::spawn_unchecked<test[aada8e7e76ba119b]::run_test::{closure#1}, ()>::{closure#1}::{closure#0}>, ()>
[INFO] [stdout]                                at /rustc/e3feeb59cd1bdd011a2bfcc0747b55125d9b8527/library/std/src/panic.rs:359:14
[INFO] [stdout]   40:     0x634e174d7a92 - std[617be2ca0a6fd877]::thread::lifecycle::spawn_unchecked::<test[aada8e7e76ba119b]::run_test::{closure#1}, ()>::{closure#1}
[INFO] [stdout]                                at /rustc/e3feeb59cd1bdd011a2bfcc0747b55125d9b8527/library/std/src/thread/lifecycle.rs:68:26
[INFO] [stdout]   41:     0x634e174d7a92 - <std[617be2ca0a6fd877]::thread::lifecycle::spawn_unchecked<test[aada8e7e76ba119b]::run_test::{closure#1}, ()>::{closure#1} as core[a373ad73a504971]::ops::function::FnOnce<()>>::call_once::{shim:vtable#0}
[INFO] [stdout]                                at /rustc/e3feeb59cd1bdd011a2bfcc0747b55125d9b8527/library/core/src/ops/function.rs:250:5
[INFO] [stdout]   42:     0x634e178a5c2f - <alloc[2e1b2a31b91974c5]::boxed::Box<dyn core[a373ad73a504971]::ops::function::FnOnce<(), Output = ()> + core[a373ad73a504971]::marker::Send> as core[a373ad73a504971]::ops::function::FnOnce<()>>::call_once
[INFO] [stdout]                                at /rustc/e3feeb59cd1bdd011a2bfcc0747b55125d9b8527/library/alloc/src/boxed.rs:2314:9
[INFO] [stdout]   43:     0x634e178a5c2f - <std[617be2ca0a6fd877]::sys::thread::unix::Thread>::new::thread_start
[INFO] [stdout]                                at /rustc/e3feeb59cd1bdd011a2bfcc0747b55125d9b8527/library/std/src/sys/thread/unix.rs:127:17
[INFO] [stdout]   44:     0x7896532addfa - <unknown>
[INFO] [stdout]   45:     0x7896533413d4 - clone
[INFO] [stdout]   46:                0x0 - <unknown>
[INFO] [stdout] 
[INFO] [stdout] ---- dic::build::test::with_analysis::system_plus_user_1 stdout ----
[INFO] [stdout] 
[INFO] [stdout] thread 'dic::build::test::with_analysis::system_plus_user_1' (612) panicked at src/dic/build/test/with_analysis.rs:135:59:
[INFO] [stdout] called `Result::unwrap()` on an `Err` value: ConfigError(PathResolution("char.def", ["/opt/rustwide/resources/char.def", "/tmp/char.def"]))
[INFO] [stdout] stack backtrace:
[INFO] [stdout]    0:     0x634e178a63d1 - std[617be2ca0a6fd877]::backtrace_rs::backtrace::libunwind::trace
[INFO] [stdout]                                at /rustc/e3feeb59cd1bdd011a2bfcc0747b55125d9b8527/library/std/src/../../backtrace/src/backtrace/libunwind.rs:117:9
[INFO] [stdout]    1:     0x634e178a63d1 - std[617be2ca0a6fd877]::backtrace_rs::backtrace::trace_unsynchronized::<std[617be2ca0a6fd877]::sys::backtrace::_print_fmt::{closure#1}>
[INFO] [stdout]                                at /rustc/e3feeb59cd1bdd011a2bfcc0747b55125d9b8527/library/std/src/../../backtrace/src/backtrace/mod.rs:66:14
[INFO] [stdout]    2:     0x634e178a63d1 - std[617be2ca0a6fd877]::sys::backtrace::_print_fmt
[INFO] [stdout]                                at /rustc/e3feeb59cd1bdd011a2bfcc0747b55125d9b8527/library/std/src/sys/backtrace.rs:74:9
[INFO] [stdout]    3:     0x634e178a63d1 - <<std[617be2ca0a6fd877]::sys::backtrace::BacktraceLock>::print::DisplayBacktrace as core[a373ad73a504971]::fmt::Display>::fmt
[INFO] [stdout]                                at /rustc/e3feeb59cd1bdd011a2bfcc0747b55125d9b8527/library/std/src/sys/backtrace.rs:44:26
[INFO] [stdout]    4:     0x634e178bbdda - <core[a373ad73a504971]::fmt::rt::Argument>::fmt
[INFO] [stdout]                                at /rustc/e3feeb59cd1bdd011a2bfcc0747b55125d9b8527/library/core/src/fmt/rt.rs:152:76
[INFO] [stdout]    5:     0x634e178bbdda - core[a373ad73a504971]::fmt::write
[INFO] [stdout]    6:     0x634e178aa6bc - core[a373ad73a504971]::io::write::default_write_fmt::<alloc[2e1b2a31b91974c5]::vec::Vec<u8>>
[INFO] [stdout]                                at /rustc/e3feeb59cd1bdd011a2bfcc0747b55125d9b8527/library/core/src/io/write.rs:402:11
[INFO] [stdout]    7:     0x634e178aa6bc - <alloc[2e1b2a31b91974c5]::vec::Vec<u8> as core[a373ad73a504971]::io::write::Write>::write_fmt
[INFO] [stdout]                                at /rustc/e3feeb59cd1bdd011a2bfcc0747b55125d9b8527/library/core/src/io/write.rs:335:13
[INFO] [stdout]    8:     0x634e17882016 - <std[617be2ca0a6fd877]::sys::backtrace::BacktraceLock>::print
[INFO] [stdout]                                at /rustc/e3feeb59cd1bdd011a2bfcc0747b55125d9b8527/library/std/src/sys/backtrace.rs:47:9
[INFO] [stdout]    9:     0x634e17882016 - std[617be2ca0a6fd877]::panicking::default_hook::{closure#0}
[INFO] [stdout]                                at /rustc/e3feeb59cd1bdd011a2bfcc0747b55125d9b8527/library/std/src/panicking.rs:289:27
[INFO] [stdout]   10:     0x634e1789e8c9 - std[617be2ca0a6fd877]::panicking::default_hook
[INFO] [stdout]                                at /rustc/e3feeb59cd1bdd011a2bfcc0747b55125d9b8527/library/std/src/panicking.rs:313:9
[INFO] [stdout]   11:     0x634e174d43e0 - <alloc[2e1b2a31b91974c5]::boxed::Box<dyn for<'a, 'b> core[a373ad73a504971]::ops::function::Fn<(&'a std[617be2ca0a6fd877]::panic::PanicHookInfo<'b>,), Output = ()> + core[a373ad73a504971]::marker::Sync + core[a373ad73a504971]::marker::Send> as core[a373ad73a504971]::ops::function::Fn<(&std[617be2ca0a6fd877]::panic::PanicHookInfo,)>>::call
[INFO] [stdout]                                at /rustc/e3feeb59cd1bdd011a2bfcc0747b55125d9b8527/library/alloc/src/boxed.rs:2328:9
[INFO] [stdout]   12:     0x634e174d43e0 - test[aada8e7e76ba119b]::test_main_inner::{closure#0}
[INFO] [stdout]                                at /rustc/e3feeb59cd1bdd011a2bfcc0747b55125d9b8527/library/test/src/lib.rs:137:21
[INFO] [stdout]   13:     0x634e1789ea82 - <alloc[2e1b2a31b91974c5]::boxed::Box<dyn for<'a, 'b> core[a373ad73a504971]::ops::function::Fn<(&'a std[617be2ca0a6fd877]::panic::PanicHookInfo<'b>,), Output = ()> + core[a373ad73a504971]::marker::Sync + core[a373ad73a504971]::marker::Send> as core[a373ad73a504971]::ops::function::Fn<(&std[617be2ca0a6fd877]::panic::PanicHookInfo,)>>::call
[INFO] [stdout]                                at /rustc/e3feeb59cd1bdd011a2bfcc0747b55125d9b8527/library/alloc/src/boxed.rs:2328:9
[INFO] [stdout]   14:     0x634e1789ea82 - std[617be2ca0a6fd877]::panicking::panic_with_hook
[INFO] [stdout]                                at /rustc/e3feeb59cd1bdd011a2bfcc0747b55125d9b8527/library/std/src/panicking.rs:819:13
[INFO] [stdout]   15:     0x634e178820c2 - std[617be2ca0a6fd877]::panicking::panic_handler::{closure#0}
[INFO] [stdout]                                at /rustc/e3feeb59cd1bdd011a2bfcc0747b55125d9b8527/library/std/src/panicking.rs:685:13
[INFO] [stdout]   16:     0x634e1787acf9 - std[617be2ca0a6fd877]::sys::backtrace::__rust_end_short_backtrace::<std[617be2ca0a6fd877]::panicking::panic_handler::{closure#0}, !>
[INFO] [stdout]                                at /rustc/e3feeb59cd1bdd011a2bfcc0747b55125d9b8527/library/std/src/sys/backtrace.rs:182:18
[INFO] [stdout]   17:     0x634e17882ccd - __rustc[ea4f61d10b84890b]::rust_begin_unwind
[INFO] [stdout]                                at /rustc/e3feeb59cd1bdd011a2bfcc0747b55125d9b8527/library/std/src/panicking.rs:676:5
[INFO] [stdout]   18:     0x634e178bc67c - core[a373ad73a504971]::panicking::panic_fmt
[INFO] [stdout]                                at /rustc/e3feeb59cd1bdd011a2bfcc0747b55125d9b8527/library/core/src/panicking.rs:80:14
[INFO] [stdout]   19:     0x634e178bc3d2 - core[a373ad73a504971]::result::unwrap_failed
[INFO] [stdout]                                at /rustc/e3feeb59cd1bdd011a2bfcc0747b55125d9b8527/library/core/src/result.rs:1870:5
[INFO] [stdout]   20:     0x634e1738fec2 - <core[a373ad73a504971]::result::Result<suiko_sudachi[bcd56a41f151b971]::dic::dictionary::JapaneseDictionary, suiko_sudachi[bcd56a41f151b971]::error::SudachiError>>::unwrap
[INFO] [stdout]                                at /rustc/e3feeb59cd1bdd011a2bfcc0747b55125d9b8527/library/core/src/result.rs:1232:23
[INFO] [stdout]   21:     0x634e1738fec2 - suiko_sudachi[bcd56a41f151b971]::dic::build::test::with_analysis::system_plus_user_1
[INFO] [stdout]                                at /opt/rustwide/workdir/src/dic/build/test/with_analysis.rs:135:59
[INFO] [stdout]   22:     0x634e173865d7 - suiko_sudachi[bcd56a41f151b971]::dic::build::test::with_analysis::system_plus_user_1::{closure#0}
[INFO] [stdout]                                at /opt/rustwide/workdir/src/dic/build/test/with_analysis.rs:127:24
[INFO] [stdout]   23:     0x634e1746a476 - <suiko_sudachi[bcd56a41f151b971]::dic::build::test::with_analysis::system_plus_user_1::{closure#0} as core[a373ad73a504971]::ops::function::FnOnce<()>>::call_once
[INFO] [stdout]                                at /rustc/e3feeb59cd1bdd011a2bfcc0747b55125d9b8527/library/core/src/ops/function.rs:250:5
[INFO] [stdout]   24:     0x634e174c782b - <fn() -> core[a373ad73a504971]::result::Result<(), alloc[2e1b2a31b91974c5]::string::String> as core[a373ad73a504971]::ops::function::FnOnce<()>>::call_once
[INFO] [stdout]                                at /rustc/e3feeb59cd1bdd011a2bfcc0747b55125d9b8527/library/core/src/ops/function.rs:250:5
[INFO] [stdout]   25:     0x634e174c782b - test[aada8e7e76ba119b]::__rust_begin_short_backtrace::<core[a373ad73a504971]::result::Result<(), alloc[2e1b2a31b91974c5]::string::String>, fn() -> core[a373ad73a504971]::result::Result<(), alloc[2e1b2a31b91974c5]::string::String>>
[INFO] [stdout]                                at /rustc/e3feeb59cd1bdd011a2bfcc0747b55125d9b8527/library/test/src/lib.rs:701:18
[INFO] [stdout]   26:     0x634e174d4a05 - test[aada8e7e76ba119b]::run_test_in_process::{closure#0}
[INFO] [stdout]                                at /rustc/e3feeb59cd1bdd011a2bfcc0747b55125d9b8527/library/test/src/lib.rs:724:74
[INFO] [stdout]   27:     0x634e174d4a05 - <core[a373ad73a504971]::panic::unwind_safe::AssertUnwindSafe<test[aada8e7e76ba119b]::run_test_in_process::{closure#0}> as core[a373ad73a504971]::ops::function::FnOnce<()>>::call_once
[INFO] [stdout]                                at /rustc/e3feeb59cd1bdd011a2bfcc0747b55125d9b8527/library/core/src/panic/unwind_safe.rs:275:9
[INFO] [stdout]   28:     0x634e174d4a05 - std[617be2ca0a6fd877]::panicking::catch_unwind::do_call::<core[a373ad73a504971]::panic::unwind_safe::AssertUnwindSafe<test[aada8e7e76ba119b]::run_test_in_process::{closure#0}>, core[a373ad73a504971]::result::Result<(), alloc[2e1b2a31b91974c5]::string::String>>
[INFO] [stdout]                                at /rustc/e3feeb59cd1bdd011a2bfcc0747b55125d9b8527/library/std/src/panicking.rs:573:43
[INFO] [stdout]   29:     0x634e174d4a05 - std[617be2ca0a6fd877]::panicking::catch_unwind::<core[a373ad73a504971]::result::Result<(), alloc[2e1b2a31b91974c5]::string::String>, core[a373ad73a504971]::panic::unwind_safe::AssertUnwindSafe<test[aada8e7e76ba119b]::run_test_in_process::{closure#0}>>
[INFO] [stdout]                                at /rustc/e3feeb59cd1bdd011a2bfcc0747b55125d9b8527/library/std/src/panicking.rs:541:19
[INFO] [stdout]   30:     0x634e174d4a05 - std[617be2ca0a6fd877]::panic::catch_unwind::<core[a373ad73a504971]::panic::unwind_safe::AssertUnwindSafe<test[aada8e7e76ba119b]::run_test_in_process::{closure#0}>, core[a373ad73a504971]::result::Result<(), alloc[2e1b2a31b91974c5]::string::String>>
[INFO] [stdout]                                at /rustc/e3feeb59cd1bdd011a2bfcc0747b55125d9b8527/library/std/src/panic.rs:359:14
[INFO] [stdout]   31:     0x634e174d4a05 - test[aada8e7e76ba119b]::run_test_in_process
[INFO] [stdout]                                at /rustc/e3feeb59cd1bdd011a2bfcc0747b55125d9b8527/library/test/src/lib.rs:724:27
[INFO] [stdout]   32:     0x634e174d4a05 - test[aada8e7e76ba119b]::run_test::{closure#0}
[INFO] [stdout]                                at /rustc/e3feeb59cd1bdd011a2bfcc0747b55125d9b8527/library/test/src/lib.rs:645:43
[INFO] [stdout]   33:     0x634e174ce2f4 - test[aada8e7e76ba119b]::run_test::{closure#1}
[INFO] [stdout]                                at /rustc/e3feeb59cd1bdd011a2bfcc0747b55125d9b8527/library/test/src/lib.rs:675:41
[INFO] [stdout]   34:     0x634e174ce2f4 - std[617be2ca0a6fd877]::sys::backtrace::__rust_begin_short_backtrace::<test[aada8e7e76ba119b]::run_test::{closure#1}, ()>
[INFO] [stdout]                                at /rustc/e3feeb59cd1bdd011a2bfcc0747b55125d9b8527/library/std/src/sys/backtrace.rs:166:18
[INFO] [stdout]   35:     0x634e174d7a92 - std[617be2ca0a6fd877]::thread::lifecycle::spawn_unchecked::<test[aada8e7e76ba119b]::run_test::{closure#1}, ()>::{closure#1}::{closure#0}
[INFO] [stdout]                                at /rustc/e3feeb59cd1bdd011a2bfcc0747b55125d9b8527/library/std/src/thread/lifecycle.rs:70:13
[INFO] [stdout]   36:     0x634e174d7a92 - <core[a373ad73a504971]::panic::unwind_safe::AssertUnwindSafe<std[617be2ca0a6fd877]::thread::lifecycle::spawn_unchecked<test[aada8e7e76ba119b]::run_test::{closure#1}, ()>::{closure#1}::{closure#0}> as core[a373ad73a504971]::ops::function::FnOnce<()>>::call_once
[INFO] [stdout]                                at /rustc/e3feeb59cd1bdd011a2bfcc0747b55125d9b8527/library/core/src/panic/unwind_safe.rs:275:9
[INFO] [stdout]   37:     0x634e174d7a92 - std[617be2ca0a6fd877]::panicking::catch_unwind::do_call::<core[a373ad73a504971]::panic::unwind_safe::AssertUnwindSafe<std[617be2ca0a6fd877]::thread::lifecycle::spawn_unchecked<test[aada8e7e76ba119b]::run_test::{closure#1}, ()>::{closure#1}::{closure#0}>, ()>
[INFO] [stdout]                                at /rustc/e3feeb59cd1bdd011a2bfcc0747b55125d9b8527/library/std/src/panicking.rs:573:43
[INFO] [stdout]   38:     0x634e174d7a92 - std[617be2ca0a6fd877]::panicking::catch_unwind::<(), core[a373ad73a504971]::panic::unwind_safe::AssertUnwindSafe<std[617be2ca0a6fd877]::thread::lifecycle::spawn_unchecked<test[aada8e7e76ba119b]::run_test::{closure#1}, ()>::{closure#1}::{closure#0}>>
[INFO] [stdout]                                at /rustc/e3feeb59cd1bdd011a2bfcc0747b55125d9b8527/library/std/src/panicking.rs:541:19
[INFO] [stdout]   39:     0x634e174d7a92 - std[617be2ca0a6fd877]::panic::catch_unwind::<core[a373ad73a504971]::panic::unwind_safe::AssertUnwindSafe<std[617be2ca0a6fd877]::thread::lifecycle::spawn_unchecked<test[aada8e7e76ba119b]::run_test::{closure#1}, ()>::{closure#1}::{closure#0}>, ()>
[INFO] [stdout]                                at /rustc/e3feeb59cd1bdd011a2bfcc0747b55125d9b8527/library/std/src/panic.rs:359:14
[INFO] [stdout]   40:     0x634e174d7a92 - std[617be2ca0a6fd877]::thread::lifecycle::spawn_unchecked::<test[aada8e7e76ba119b]::run_test::{closure#1}, ()>::{closure#1}
[INFO] [stdout]                                at /rustc/e3feeb59cd1bdd011a2bfcc0747b55125d9b8527/library/std/src/thread/lifecycle.rs:68:26
[INFO] [stdout]   41:     0x634e174d7a92 - <std[617be2ca0a6fd877]::thread::lifecycle::spawn_unchecked<test[aada8e7e76ba119b]::run_test::{closure#1}, ()>::{closure#1} as core[a373ad73a504971]::ops::function::FnOnce<()>>::call_once::{shim:vtable#0}
[INFO] [stdout]                                at /rustc/e3feeb59cd1bdd011a2bfcc0747b55125d9b8527/library/core/src/ops/function.rs:250:5
[INFO] [stdout]   42:     0x634e178a5c2f - <alloc[2e1b2a31b91974c5]::boxed::Box<dyn core[a373ad73a504971]::ops::function::FnOnce<(), Output = ()> + core[a373ad73a504971]::marker::Send> as core[a373ad73a504971]::ops::function::FnOnce<()>>::call_once
[INFO] [stdout]                                at /rustc/e3feeb59cd1bdd011a2bfcc0747b55125d9b8527/library/alloc/src/boxed.rs:2314:9
[INFO] [stdout]   43:     0x634e178a5c2f - <std[617be2ca0a6fd877]::sys::thread::unix::Thread>::new::thread_start
[INFO] [stdout]                                at /rustc/e3feeb59cd1bdd011a2bfcc0747b55125d9b8527/library/std/src/sys/thread/unix.rs:127:17
[INFO] [stdout]   44:     0x7896532addfa - <unknown>
[INFO] [stdout]   45:     0x7896533413d4 - clone
[INFO] [stdout]   46:                0x0 - <unknown>
[INFO] [stdout] 
[INFO] [stdout] ---- dic::build::test::with_analysis::system_only_1 stdout ----
[INFO] [stdout] 
[INFO] [stdout] thread 'dic::build::test::with_analysis::system_only_1' (611) panicked at src/dic/build/test/with_analysis.rs:120:49:
[INFO] [stdout] called `Result::unwrap()` on an `Err` value: ConfigError(PathResolution("char.def", ["/opt/rustwide/resources/char.def", "/tmp/char.def"]))
[INFO] [stdout] stack backtrace:
[INFO] [stdout]    0:     0x634e178a63d1 - std[617be2ca0a6fd877]::backtrace_rs::backtrace::libunwind::trace
[INFO] [stdout]                                at /rustc/e3feeb59cd1bdd011a2bfcc0747b55125d9b8527/library/std/src/../../backtrace/src/backtrace/libunwind.rs:117:9
[INFO] [stdout]    1:     0x634e178a63d1 - std[617be2ca0a6fd877]::backtrace_rs::backtrace::trace_unsynchronized::<std[617be2ca0a6fd877]::sys::backtrace::_print_fmt::{closure#1}>
[INFO] [stdout]                                at /rustc/e3feeb59cd1bdd011a2bfcc0747b55125d9b8527/library/std/src/../../backtrace/src/backtrace/mod.rs:66:14
[INFO] [stdout]    2:     0x634e178a63d1 - std[617be2ca0a6fd877]::sys::backtrace::_print_fmt
[INFO] [stdout]                                at /rustc/e3feeb59cd1bdd011a2bfcc0747b55125d9b8527/library/std/src/sys/backtrace.rs:74:9
[INFO] [stdout]    3:     0x634e178a63d1 - <<std[617be2ca0a6fd877]::sys::backtrace::BacktraceLock>::print::DisplayBacktrace as core[a373ad73a504971]::fmt::Display>::fmt
[INFO] [stdout]                                at /rustc/e3feeb59cd1bdd011a2bfcc0747b55125d9b8527/library/std/src/sys/backtrace.rs:44:26
[INFO] [stdout]    4:     0x634e178bbdda - <core[a373ad73a504971]::fmt::rt::Argument>::fmt
[INFO] [stdout]                                at /rustc/e3feeb59cd1bdd011a2bfcc0747b55125d9b8527/library/core/src/fmt/rt.rs:152:76
[INFO] [stdout]    5:     0x634e178bbdda - core[a373ad73a504971]::fmt::write
[INFO] [stdout]    6:     0x634e178aa6bc - core[a373ad73a504971]::io::write::default_write_fmt::<alloc[2e1b2a31b91974c5]::vec::Vec<u8>>
[INFO] [stdout]                                at /rustc/e3feeb59cd1bdd011a2bfcc0747b55125d9b8527/library/core/src/io/write.rs:402:11
[INFO] [stdout]    7:     0x634e178aa6bc - <alloc[2e1b2a31b91974c5]::vec::Vec<u8> as core[a373ad73a504971]::io::write::Write>::write_fmt
[INFO] [stdout]                                at /rustc/e3feeb59cd1bdd011a2bfcc0747b55125d9b8527/library/core/src/io/write.rs:335:13
[INFO] [stdout]    8:     0x634e17882016 - <std[617be2ca0a6fd877]::sys::backtrace::BacktraceLock>::print
[INFO] [stdout]                                at /rustc/e3feeb59cd1bdd011a2bfcc0747b55125d9b8527/library/std/src/sys/backtrace.rs:47:9
[INFO] [stdout]    9:     0x634e17882016 - std[617be2ca0a6fd877]::panicking::default_hook::{closure#0}
[INFO] [stdout]                                at /rustc/e3feeb59cd1bdd011a2bfcc0747b55125d9b8527/library/std/src/panicking.rs:289:27
[INFO] [stdout]   10:     0x634e1789e8c9 - std[617be2ca0a6fd877]::panicking::default_hook
[INFO] [stdout]                                at /rustc/e3feeb59cd1bdd011a2bfcc0747b55125d9b8527/library/std/src/panicking.rs:313:9
[INFO] [stdout]   11:     0x634e174d43e0 - <alloc[2e1b2a31b91974c5]::boxed::Box<dyn for<'a, 'b> core[a373ad73a504971]::ops::function::Fn<(&'a std[617be2ca0a6fd877]::panic::PanicHookInfo<'b>,), Output = ()> + core[a373ad73a504971]::marker::Sync + core[a373ad73a504971]::marker::Send> as core[a373ad73a504971]::ops::function::Fn<(&std[617be2ca0a6fd877]::panic::PanicHookInfo,)>>::call
[INFO] [stdout]                                at /rustc/e3feeb59cd1bdd011a2bfcc0747b55125d9b8527/library/alloc/src/boxed.rs:2328:9
[INFO] [stdout]   12:     0x634e174d43e0 - test[aada8e7e76ba119b]::test_main_inner::{closure#0}
[INFO] [stdout]                                at /rustc/e3feeb59cd1bdd011a2bfcc0747b55125d9b8527/library/test/src/lib.rs:137:21
[INFO] [stdout]   13:     0x634e1789ea82 - <alloc[2e1b2a31b91974c5]::boxed::Box<dyn for<'a, 'b> core[a373ad73a504971]::ops::function::Fn<(&'a std[617be2ca0a6fd877]::panic::PanicHookInfo<'b>,), Output = ()> + core[a373ad73a504971]::marker::Sync + core[a373ad73a504971]::marker::Send> as core[a373ad73a504971]::ops::function::Fn<(&std[617be2ca0a6fd877]::panic::PanicHookInfo,)>>::call
[INFO] [stdout]                                at /rustc/e3feeb59cd1bdd011a2bfcc0747b55125d9b8527/library/alloc/src/boxed.rs:2328:9
[INFO] [stdout]   14:     0x634e1789ea82 - std[617be2ca0a6fd877]::panicking::panic_with_hook
[INFO] [stdout]                                at /rustc/e3feeb59cd1bdd011a2bfcc0747b55125d9b8527/library/std/src/panicking.rs:819:13
[INFO] [stdout]   15:     0x634e178820c2 - std[617be2ca0a6fd877]::panicking::panic_handler::{closure#0}
[INFO] [stdout]                                at /rustc/e3feeb59cd1bdd011a2bfcc0747b55125d9b8527/library/std/src/panicking.rs:685:13
[INFO] [stdout]   16:     0x634e1787acf9 - std[617be2ca0a6fd877]::sys::backtrace::__rust_end_short_backtrace::<std[617be2ca0a6fd877]::panicking::panic_handler::{closure#0}, !>
[INFO] [stdout]                                at /rustc/e3feeb59cd1bdd011a2bfcc0747b55125d9b8527/library/std/src/sys/backtrace.rs:182:18
[INFO] [stdout]   17:     0x634e17882ccd - __rustc[ea4f61d10b84890b]::rust_begin_unwind
[INFO] [stdout]                                at /rustc/e3feeb59cd1bdd011a2bfcc0747b55125d9b8527/library/std/src/panicking.rs:676:5
[INFO] [stdout]   18:     0x634e178bc67c - core[a373ad73a504971]::panicking::panic_fmt
[INFO] [stdout]                                at /rustc/e3feeb59cd1bdd011a2bfcc0747b55125d9b8527/library/core/src/panicking.rs:80:14
[INFO] [stdout]   19:     0x634e178bc3d2 - core[a373ad73a504971]::result::unwrap_failed
[INFO] [stdout]                                at /rustc/e3feeb59cd1bdd011a2bfcc0747b55125d9b8527/library/core/src/result.rs:1870:5
[INFO] [stdout]   20:     0x634e1738eb78 - <core[a373ad73a504971]::result::Result<suiko_sudachi[bcd56a41f151b971]::dic::dictionary::JapaneseDictionary, suiko_sudachi[bcd56a41f151b971]::error::SudachiError>>::unwrap
[INFO] [stdout]                                at /rustc/e3feeb59cd1bdd011a2bfcc0747b55125d9b8527/library/core/src/result.rs:1232:23
[INFO] [stdout]   21:     0x634e1738eb78 - suiko_sudachi[bcd56a41f151b971]::dic::build::test::with_analysis::system_only_1
[INFO] [stdout]                                at /opt/rustwide/workdir/src/dic/build/test/with_analysis.rs:120:49
[INFO] [stdout]   22:     0x634e17386577 - suiko_sudachi[bcd56a41f151b971]::dic::build::test::with_analysis::system_only_1::{closure#0}
[INFO] [stdout]                                at /opt/rustwide/workdir/src/dic/build/test/with_analysis.rs:111:19
[INFO] [stdout]   23:     0x634e1746a436 - <suiko_sudachi[bcd56a41f151b971]::dic::build::test::with_analysis::system_only_1::{closure#0} as core[a373ad73a504971]::ops::function::FnOnce<()>>::call_once
[INFO] [stdout]                                at /rustc/e3feeb59cd1bdd011a2bfcc0747b55125d9b8527/library/core/src/ops/function.rs:250:5
[INFO] [stdout]   24:     0x634e174c782b - <fn() -> core[a373ad73a504971]::result::Result<(), alloc[2e1b2a31b91974c5]::string::String> as core[a373ad73a504971]::ops::function::FnOnce<()>>::call_once
[INFO] [stdout]                                at /rustc/e3feeb59cd1bdd011a2bfcc0747b55125d9b8527/library/core/src/ops/function.rs:250:5
[INFO] [stdout]   25:     0x634e174c782b - test[aada8e7e76ba119b]::__rust_begin_short_backtrace::<core[a373ad73a504971]::result::Result<(), alloc[2e1b2a31b91974c5]::string::String>, fn() -> core[a373ad73a504971]::result::Result<(), alloc[2e1b2a31b91974c5]::string::String>>
[INFO] [stdout]                                at /rustc/e3feeb59cd1bdd011a2bfcc0747b55125d9b8527/library/test/src/lib.rs:701:18
[INFO] [stdout]   26:     0x634e174d4a05 - test[aada8e7e76ba119b]::run_test_in_process::{closure#0}
[INFO] [stdout]                                at /rustc/e3feeb59cd1bdd011a2bfcc0747b55125d9b8527/library/test/src/lib.rs:724:74
[INFO] [stdout]   27:     0x634e174d4a05 - <core[a373ad73a504971]::panic::unwind_safe::AssertUnwindSafe<test[aada8e7e76ba119b]::run_test_in_process::{closure#0}> as core[a373ad73a504971]::ops::function::FnOnce<()>>::call_once
[INFO] [stdout]                                at /rustc/e3feeb59cd1bdd011a2bfcc0747b55125d9b8527/library/core/src/panic/unwind_safe.rs:275:9
[INFO] [stdout]   28:     0x634e174d4a05 - std[617be2ca0a6fd877]::panicking::catch_unwind::do_call::<core[a373ad73a504971]::panic::unwind_safe::AssertUnwindSafe<test[aada8e7e76ba119b]::run_test_in_process::{closure#0}>, core[a373ad73a504971]::result::Result<(), alloc[2e1b2a31b91974c5]::string::String>>
[INFO] [stdout]                                at /rustc/e3feeb59cd1bdd011a2bfcc0747b55125d9b8527/library/std/src/panicking.rs:573:43
[INFO] [stdout]   29:     0x634e174d4a05 - std[617be2ca0a6fd877]::panicking::catch_unwind::<core[a373ad73a504971]::result::Result<(), alloc[2e1b2a31b91974c5]::string::String>, core[a373ad73a504971]::panic::unwind_safe::AssertUnwindSafe<test[aada8e7e76ba119b]::run_test_in_process::{closure#0}>>
[INFO] [stdout]                                at /rustc/e3feeb59cd1bdd011a2bfcc0747b55125d9b8527/library/std/src/panicking.rs:541:19
[INFO] [stdout]   30:     0x634e174d4a05 - std[617be2ca0a6fd877]::panic::catch_unwind::<core[a373ad73a504971]::panic::unwind_safe::AssertUnwindSafe<test[aada8e7e76ba119b]::run_test_in_process::{closure#0}>, core[a373ad73a504971]::result::Result<(), alloc[2e1b2a31b91974c5]::string::String>>
[INFO] [stdout]                                at /rustc/e3feeb59cd1bdd011a2bfcc0747b55125d9b8527/library/std/src/panic.rs:359:14
[INFO] [stdout]   31:     0x634e174d4a05 - test[aada8e7e76ba119b]::run_test_in_process
[INFO] [stdout]                                at /rustc/e3feeb59cd1bdd011a2bfcc0747b55125d9b8527/library/test/src/lib.rs:724:27
[INFO] [stdout]   32:     0x634e174d4a05 - test[aada8e7e76ba119b]::run_test::{closure#0}
[INFO] [stdout]                                at /rustc/e3feeb59cd1bdd011a2bfcc0747b55125d9b8527/library/test/src/lib.rs:645:43
[INFO] [stdout]   33:     0x634e174ce2f4 - test[aada8e7e76ba119b]::run_test::{closure#1}
[INFO] [stdout]                                at /rustc/e3feeb59cd1bdd011a2bfcc0747b55125d9b8527/library/test/src/lib.rs:675:41
[INFO] [stdout]   34:     0x634e174ce2f4 - std[617be2ca0a6fd877]::sys::backtrace::__rust_begin_short_backtrace::<test[aada8e7e76ba119b]::run_test::{closure#1}, ()>
[INFO] [stdout]                                at /rustc/e3feeb59cd1bdd011a2bfcc0747b55125d9b8527/library/std/src/sys/backtrace.rs:166:18
[INFO] [stdout]   35:     0x634e174d7a92 - std[617be2ca0a6fd877]::thread::lifecycle::spawn_unchecked::<test[aada8e7e76ba119b]::run_test::{closure#1}, ()>::{closure#1}::{closure#0}
[INFO] [stdout]                                at /rustc/e3feeb59cd1bdd011a2bfcc0747b55125d9b8527/library/std/src/thread/lifecycle.rs:70:13
[INFO] [stdout]   36:     0x634e174d7a92 - <core[a373ad73a504971]::panic::unwind_safe::AssertUnwindSafe<std[617be2ca0a6fd877]::thread::lifecycle::spawn_unchecked<test[aada8e7e76ba119b]::run_test::{closure#1}, ()>::{closure#1}::{closure#0}> as core[a373ad73a504971]::ops::function::FnOnce<()>>::call_once
[INFO] [stdout]                                at /rustc/e3feeb59cd1bdd011a2bfcc0747b55125d9b8527/library/core/src/panic/unwind_safe.rs:275:9
[INFO] [stdout]   37:     0x634e174d7a92 - std[617be2ca0a6fd877]::panicking::catch_unwind::do_call::<core[a373ad73a504971]::panic::unwind_safe::AssertUnwindSafe<std[617be2ca0a6fd877]::thread::lifecycle::spawn_unchecked<test[aada8e7e76ba119b]::run_test::{closure#1}, ()>::{closure#1}::{closure#0}>, ()>
[INFO] [stdout]                                at /rustc/e3feeb59cd1bdd011a2bfcc0747b55125d9b8527/library/std/src/panicking.rs:573:43
[INFO] [stdout]   38:     0x634e174d7a92 - std[617be2ca0a6fd877]::panicking::catch_unwind::<(), core[a373ad73a504971]::panic::unwind_safe::AssertUnwindSafe<std[617be2ca0a6fd877]::thread::lifecycle::spawn_unchecked<test[aada8e7e76ba119b]::run_test::{closure#1}, ()>::{closure#1}::{closure#0}>>
[INFO] [stdout]                                at /rustc/e3feeb59cd1bdd011a2bfcc0747b55125d9b8527/library/std/src/panicking.rs:541:19
[INFO] [stdout]   39:     0x634e174d7a92 - std[617be2ca0a6fd877]::panic::catch_unwind::<core[a373ad73a504971]::panic::unwind_safe::AssertUnwindSafe<std[617be2ca0a6fd877]::thread::lifecycle::spawn_unchecked<test[aada8e7e76ba119b]::run_test::{closure#1}, ()>::{closure#1}::{closure#0}>, ()>
[INFO] [stdout]                                at /rustc/e3feeb59cd1bdd011a2bfcc0747b55125d9b8527/library/std/src/panic.rs:359:14
[INFO] [stdout]   40:     0x634e174d7a92 - std[617be2ca0a6fd877]::thread::lifecycle::spawn_unchecked::<test[aada8e7e76ba119b]::run_test::{closure#1}, ()>::{closure#1}
[INFO] [stdout]                                at /rustc/e3feeb59cd1bdd011a2bfcc0747b55125d9b8527/library/std/src/thread/lifecycle.rs:68:26
[INFO] [stdout]   41:     0x634e174d7a92 - <std[617be2ca0a6fd877]::thread::lifecycle::spawn_unchecked<test[aada8e7e76ba119b]::run_test::{closure#1}, ()>::{closure#1} as core[a373ad73a504971]::ops::function::FnOnce<()>>::call_once::{shim:vtable#0}
[INFO] [stdout]                                at /rustc/e3feeb59cd1bdd011a2bfcc0747b55125d9b8527/library/core/src/ops/function.rs:250:5
[INFO] [stdout]   42:     0x634e178a5c2f - <alloc[2e1b2a31b91974c5]::boxed::Box<dyn core[a373ad73a504971]::ops::function::FnOnce<(), Output = ()> + core[a373ad73a504971]::marker::Send> as core[a373ad73a504971]::ops::function::FnOnce<()>>::call_once
[INFO] [stdout]                                at /rustc/e3feeb59cd1bdd011a2bfcc0747b55125d9b8527/library/alloc/src/boxed.rs:2314:9
[INFO] [stdout]   43:     0x634e178a5c2f - <std[617be2ca0a6fd877]::sys::thread::unix::Thread>::new::thread_start
[INFO] [stdout]                                at /rustc/e3feeb59cd1bdd011a2bfcc0747b55125d9b8527/library/std/src/sys/thread/unix.rs:127:17
[INFO] [stdout]   44:     0x7896532addfa - <unknown>
[INFO] [stdout]   45:     0x7896533413d4 - clone
[INFO] [stdout]   46:                0x0 - <unknown>
[INFO] [stdout] 
[INFO] [stdout] ---- dic::build::test::with_analysis::split_with_subset stdout ----
[INFO] [stdout] 
[INFO] [stdout] thread 'dic::build::test::with_analysis::split_with_subset' (610) panicked at src/dic/build/test/with_analysis.rs:182:59:
[INFO] [stdout] called `Result::unwrap()` on an `Err` value: ConfigError(PathResolution("char.def", ["/opt/rustwide/resources/char.def", "/tmp/char.def"]))
[INFO] [stdout] stack backtrace:
[INFO] [stdout]    0:     0x634e178a63d1 - std[617be2ca0a6fd877]::backtrace_rs::backtrace::libunwind::trace
[INFO] [stdout]                                at /rustc/e3feeb59cd1bdd011a2bfcc0747b55125d9b8527/library/std/src/../../backtrace/src/backtrace/libunwind.rs:117:9
[INFO] [stdout]    1:     0x634e178a63d1 - std[617be2ca0a6fd877]::backtrace_rs::backtrace::trace_unsynchronized::<std[617be2ca0a6fd877]::sys::backtrace::_print_fmt::{closure#1}>
[INFO] [stdout]                                at /rustc/e3feeb59cd1bdd011a2bfcc0747b55125d9b8527/library/std/src/../../backtrace/src/backtrace/mod.rs:66:14
[INFO] [stdout]    2:     0x634e178a63d1 - std[617be2ca0a6fd877]::sys::backtrace::_print_fmt
[INFO] [stdout]                                at /rustc/e3feeb59cd1bdd011a2bfcc0747b55125d9b8527/library/std/src/sys/backtrace.rs:74:9
[INFO] [stdout]    3:     0x634e178a63d1 - <<std[617be2ca0a6fd877]::sys::backtrace::BacktraceLock>::print::DisplayBacktrace as core[a373ad73a504971]::fmt::Display>::fmt
[INFO] [stdout]                                at /rustc/e3feeb59cd1bdd011a2bfcc0747b55125d9b8527/library/std/src/sys/backtrace.rs:44:26
[INFO] [stdout]    4:     0x634e178bbdda - <core[a373ad73a504971]::fmt::rt::Argument>::fmt
[INFO] [stdout]                                at /rustc/e3feeb59cd1bdd011a2bfcc0747b55125d9b8527/library/core/src/fmt/rt.rs:152:76
[INFO] [stdout]    5:     0x634e178bbdda - core[a373ad73a504971]::fmt::write
[INFO] [stdout]    6:     0x634e178aa6bc - core[a373ad73a504971]::io::write::default_write_fmt::<alloc[2e1b2a31b91974c5]::vec::Vec<u8>>
[INFO] [stdout]                                at /rustc/e3feeb59cd1bdd011a2bfcc0747b55125d9b8527/library/core/src/io/write.rs:402:11
[INFO] [stdout]    7:     0x634e178aa6bc - <alloc[2e1b2a31b91974c5]::vec::Vec<u8> as core[a373ad73a504971]::io::write::Write>::write_fmt
[INFO] [stdout]                                at /rustc/e3feeb59cd1bdd011a2bfcc0747b55125d9b8527/library/core/src/io/write.rs:335:13
[INFO] [stdout]    8:     0x634e17882016 - <std[617be2ca0a6fd877]::sys::backtrace::BacktraceLock>::print
[INFO] [stdout]                                at /rustc/e3feeb59cd1bdd011a2bfcc0747b55125d9b8527/library/std/src/sys/backtrace.rs:47:9
[INFO] [stdout]    9:     0x634e17882016 - std[617be2ca0a6fd877]::panicking::default_hook::{closure#0}
[INFO] [stdout]                                at /rustc/e3feeb59cd1bdd011a2bfcc0747b55125d9b8527/library/std/src/panicking.rs:289:27
[INFO] [stdout]   10:     0x634e1789e8c9 - std[617be2ca0a6fd877]::panicking::default_hook
[INFO] [stdout]                                at /rustc/e3feeb59cd1bdd011a2bfcc0747b55125d9b8527/library/std/src/panicking.rs:313:9
[INFO] [stdout]   11:     0x634e174d43e0 - <alloc[2e1b2a31b91974c5]::boxed::Box<dyn for<'a, 'b> core[a373ad73a504971]::ops::function::Fn<(&'a std[617be2ca0a6fd877]::panic::PanicHookInfo<'b>,), Output = ()> + core[a373ad73a504971]::marker::Sync + core[a373ad73a504971]::marker::Send> as core[a373ad73a504971]::ops::function::Fn<(&std[617be2ca0a6fd877]::panic::PanicHookInfo,)>>::call
[INFO] [stdout]                                at /rustc/e3feeb59cd1bdd011a2bfcc0747b55125d9b8527/library/alloc/src/boxed.rs:2328:9
[INFO] [stdout]   12:     0x634e174d43e0 - test[aada8e7e76ba119b]::test_main_inner::{closure#0}
[INFO] [stdout]                                at /rustc/e3feeb59cd1bdd011a2bfcc0747b55125d9b8527/library/test/src/lib.rs:137:21
[INFO] [stdout]   13:     0x634e1789ea82 - <alloc[2e1b2a31b91974c5]::boxed::Box<dyn for<'a, 'b> core[a373ad73a504971]::ops::function::Fn<(&'a std[617be2ca0a6fd877]::panic::PanicHookInfo<'b>,), Output = ()> + core[a373ad73a504971]::marker::Sync + core[a373ad73a504971]::marker::Send> as core[a373ad73a504971]::ops::function::Fn<(&std[617be2ca0a6fd877]::panic::PanicHookInfo,)>>::call
[INFO] [stdout]                                at /rustc/e3feeb59cd1bdd011a2bfcc0747b55125d9b8527/library/alloc/src/boxed.rs:2328:9
[INFO] [stdout]   14:     0x634e1789ea82 - std[617be2ca0a6fd877]::panicking::panic_with_hook
[INFO] [stdout]                                at /rustc/e3feeb59cd1bdd011a2bfcc0747b55125d9b8527/library/std/src/panicking.rs:819:13
[INFO] [stdout]   15:     0x634e178820c2 - std[617be2ca0a6fd877]::panicking::panic_handler::{closure#0}
[INFO] [stdout]                                at /rustc/e3feeb59cd1bdd011a2bfcc0747b55125d9b8527/library/std/src/panicking.rs:685:13
[INFO] [stdout]   16:     0x634e1787acf9 - std[617be2ca0a6fd877]::sys::backtrace::__rust_end_short_backtrace::<std[617be2ca0a6fd877]::panicking::panic_handler::{closure#0}, !>
[INFO] [stdout]                                at /rustc/e3feeb59cd1bdd011a2bfcc0747b55125d9b8527/library/std/src/sys/backtrace.rs:182:18
[INFO] [stdout]   17:     0x634e17882ccd - __rustc[ea4f61d10b84890b]::rust_begin_unwind
[INFO] [stdout]                                at /rustc/e3feeb59cd1bdd011a2bfcc0747b55125d9b8527/library/std/src/panicking.rs:676:5
[INFO] [stdout]   18:     0x634e178bc67c - core[a373ad73a504971]::panicking::panic_fmt
[INFO] [stdout]                                at /rustc/e3feeb59cd1bdd011a2bfcc0747b55125d9b8527/library/core/src/panicking.rs:80:14
[INFO] [stdout]   19:     0x634e178bc3d2 - core[a373ad73a504971]::result::unwrap_failed
[INFO] [stdout]                                at /rustc/e3feeb59cd1bdd011a2bfcc0747b55125d9b8527/library/core/src/result.rs:1870:5
[INFO] [stdout]   20:     0x634e1738f411 - <core[a373ad73a504971]::result::Result<suiko_sudachi[bcd56a41f151b971]::dic::dictionary::JapaneseDictionary, suiko_sudachi[bcd56a41f151b971]::error::SudachiError>>::unwrap
[INFO] [stdout]                                at /rustc/e3feeb59cd1bdd011a2bfcc0747b55125d9b8527/library/core/src/result.rs:1232:23
[INFO] [stdout]   21:     0x634e1738f411 - suiko_sudachi[bcd56a41f151b971]::dic::build::test::with_analysis::split_with_subset
[INFO] [stdout]                                at /opt/rustwide/workdir/src/dic/build/test/with_analysis.rs:182:59
[INFO] [stdout]   22:     0x634e173865a7 - suiko_sudachi[bcd56a41f151b971]::dic::build::test::with_analysis::split_with_subset::{closure#0}
[INFO] [stdout]                                at /opt/rustwide/workdir/src/dic/build/test/with_analysis.rs:174:23
[INFO] [stdout]   23:     0x634e1746a456 - <suiko_sudachi[bcd56a41f151b971]::dic::build::test::with_analysis::split_with_subset::{closure#0} as core[a373ad73a504971]::ops::function::FnOnce<()>>::call_once
[INFO] [stdout]                                at /rustc/e3feeb59cd1bdd011a2bfcc0747b55125d9b8527/library/core/src/ops/function.rs:250:5
[INFO] [stdout]   24:     0x634e174c782b - <fn() -> core[a373ad73a504971]::result::Result<(), alloc[2e1b2a31b91974c5]::string::String> as core[a373ad73a504971]::ops::function::FnOnce<()>>::call_once
[INFO] [stdout]                                at /rustc/e3feeb59cd1bdd011a2bfcc0747b55125d9b8527/library/core/src/ops/function.rs:250:5
[INFO] [stdout]   25:     0x634e174c782b - test[aada8e7e76ba119b]::__rust_begin_short_backtrace::<core[a373ad73a504971]::result::Result<(), alloc[2e1b2a31b91974c5]::string::String>, fn() -> core[a373ad73a504971]::result::Result<(), alloc[2e1b2a31b91974c5]::string::String>>
[INFO] [stdout]                                at /rustc/e3feeb59cd1bdd011a2bfcc0747b55125d9b8527/library/test/src/lib.rs:701:18
[INFO] [stdout]   26:     0x634e174d4a05 - test[aada8e7e76ba119b]::run_test_in_process::{closure#0}
[INFO] [stdout]                                at /rustc/e3feeb59cd1bdd011a2bfcc0747b55125d9b8527/library/test/src/lib.rs:724:74
[INFO] [stdout]   27:     0x634e174d4a05 - <core[a373ad73a504971]::panic::unwind_safe::AssertUnwindSafe<test[aada8e7e76ba119b]::run_test_in_process::{closure#0}> as core[a373ad73a504971]::ops::function::FnOnce<()>>::call_once
[INFO] [stdout]                                at /rustc/e3feeb59cd1bdd011a2bfcc0747b55125d9b8527/library/core/src/panic/unwind_safe.rs:275:9
[INFO] [stdout]   28:     0x634e174d4a05 - std[617be2ca0a6fd877]::panicking::catch_unwind::do_call::<core[a373ad73a504971]::panic::unwind_safe::AssertUnwindSafe<test[aada8e7e76ba119b]::run_test_in_process::{closure#0}>, core[a373ad73a504971]::result::Result<(), alloc[2e1b2a31b91974c5]::string::String>>
[INFO] [stdout]                                at /rustc/e3feeb59cd1bdd011a2bfcc0747b55125d9b8527/library/std/src/panicking.rs:573:43
[INFO] [stdout]   29:     0x634e174d4a05 - std[617be2ca0a6fd877]::panicking::catch_unwind::<core[a373ad73a504971]::result::Result<(), alloc[2e1b2a31b91974c5]::string::String>, core[a373ad73a504971]::panic::unwind_safe::AssertUnwindSafe<test[aada8e7e76ba119b]::run_test_in_process::{closure#0}>>
[INFO] [stdout]                                at /rustc/e3feeb59cd1bdd011a2bfcc0747b55125d9b8527/library/std/src/panicking.rs:541:19
[INFO] [stdout]   30:     0x634e174d4a05 - std[617be2ca0a6fd877]::panic::catch_unwind::<core[a373ad73a504971]::panic::unwind_safe::AssertUnwindSafe<test[aada8e7e76ba119b]::run_test_in_process::{closure#0}>, core[a373ad73a504971]::result::Result<(), alloc[2e1b2a31b91974c5]::string::String>>
[INFO] [stdout]                                at /rustc/e3feeb59cd1bdd011a2bfcc0747b55125d9b8527/library/std/src/panic.rs:359:14
[INFO] [stdout]   31:     0x634e174d4a05 - test[aada8e7e76ba119b]::run_test_in_process
[INFO] [stdout]                                at /rustc/e3feeb59cd1bdd011a2bfcc0747b55125d9b8527/library/test/src/lib.rs:724:27
[INFO] [stdout]   32:     0x634e174d4a05 - test[aada8e7e76ba119b]::run_test::{closure#0}
[INFO] [stdout]                                at /rustc/e3feeb59cd1bdd011a2bfcc0747b55125d9b8527/library/test/src/lib.rs:645:43
[INFO] [stdout]   33:     0x634e174ce2f4 - test[aada8e7e76ba119b]::run_test::{closure#1}
[INFO] [stdout]                                at /rustc/e3feeb59cd1bdd011a2bfcc0747b55125d9b8527/library/test/src/lib.rs:675:41
[INFO] [stdout]   34:     0x634e174ce2f4 - std[617be2ca0a6fd877]::sys::backtrace::__rust_begin_short_backtrace::<test[aada8e7e76ba119b]::run_test::{closure#1}, ()>
[INFO] [stdout]                                at /rustc/e3feeb59cd1bdd011a2bfcc0747b55125d9b8527/library/std/src/sys/backtrace.rs:166:18
[INFO] [stdout]   35:     0x634e174d7a92 - std[617be2ca0a6fd877]::thread::lifecycle::spawn_unchecked::<test[aada8e7e76ba119b]::run_test::{closure#1}, ()>::{closure#1}::{closure#0}
[INFO] [stdout]                                at /rustc/e3feeb59cd1bdd011a2bfcc0747b55125d9b8527/library/std/src/thread/lifecycle.rs:70:13
[INFO] [stdout]   36:     0x634e174d7a92 - <core[a373ad73a504971]::panic::unwind_safe::AssertUnwindSafe<std[617be2ca0a6fd877]::thread::lifecycle::spawn_unchecked<test[aada8e7e76ba119b]::run_test::{closure#1}, ()>::{closure#1}::{closure#0}> as core[a373ad73a504971]::ops::function::FnOnce<()>>::call_once
[INFO] [stdout]                                at /rustc/e3feeb59cd1bdd011a2bfcc0747b55125d9b8527/library/core/src/panic/unwind_safe.rs:275:9
[INFO] [stdout]   37:     0x634e174d7a92 - std[617be2ca0a6fd877]::panicking::catch_unwind::do_call::<core[a373ad73a504971]::panic::unwind_safe::AssertUnwindSafe<std[617be2ca0a6fd877]::thread::lifecycle::spawn_unchecked<test[aada8e7e76ba119b]::run_test::{closure#1}, ()>::{closure#1}::{closure#0}>, ()>
[INFO] [stdout]                                at /rustc/e3feeb59cd1bdd011a2bfcc0747b55125d9b8527/library/std/src/panicking.rs:573:43
[INFO] [stdout]   38:     0x634e174d7a92 - std[617be2ca0a6fd877]::panicking::catch_unwind::<(), core[a373ad73a504971]::panic::unwind_safe::AssertUnwindSafe<std[617be2ca0a6fd877]::thread::lifecycle::spawn_unchecked<test[aada8e7e76ba119b]::run_test::{closure#1}, ()>::{closure#1}::{closure#0}>>
[INFO] [stdout]                                at /rustc/e3feeb59cd1bdd011a2bfcc0747b55125d9b8527/library/std/src/panicking.rs:541:19
[INFO] [stdout]   39:     0x634e174d7a92 - std[617be2ca0a6fd877]::panic::catch_unwind::<core[a373ad73a504971]::panic::unwind_safe::AssertUnwindSafe<std[617be2ca0a6fd877]::thread::lifecycle::spawn_unchecked<test[aada8e7e76ba119b]::run_test::{closure#1}, ()>::{closure#1}::{closure#0}>, ()>
[INFO] [stdout]                                at /rustc/e3feeb59cd1bdd011a2bfcc0747b55125d9b8527/library/std/src/panic.rs:359:14
[INFO] [stdout]   40:     0x634e174d7a92 - std[617be2ca0a6fd877]::thread::lifecycle::spawn_unchecked::<test[aada8e7e76ba119b]::run_test::{closure#1}, ()>::{closure#1}
[INFO] [stdout]                                at /rustc/e3feeb59cd1bdd011a2bfcc0747b55125d9b8527/library/std/src/thread/lifecycle.rs:68:26
[INFO] [stdout]   41:     0x634e174d7a92 - <std[617be2ca0a6fd877]::thread::lifecycle::spawn_unchecked<test[aada8e7e76ba119b]::run_test::{closure#1}, ()>::{closure#1} as core[a373ad73a504971]::ops::function::FnOnce<()>>::call_once::{shim:vtable#0}
[INFO] [stdout]                                at /rustc/e3feeb59cd1bdd011a2bfcc0747b55125d9b8527/library/core/src/ops/function.rs:250:5
[INFO] [stdout]   42:     0x634e178a5c2f - <alloc[2e1b2a31b91974c5]::boxed::Box<dyn core[a373ad73a504971]::ops::function::FnOnce<(), Output = ()> + core[a373ad73a504971]::marker::Send> as core[a373ad73a504971]::ops::function::FnOnce<()>>::call_once
[INFO] [stdout]                                at /rustc/e3feeb59cd1bdd011a2bfcc0747b55125d9b8527/library/alloc/src/boxed.rs:2314:9
[INFO] [stdout]   43:     0x634e178a5c2f - <std[617be2ca0a6fd877]::sys::thread::unix::Thread>::new::thread_start
[INFO] [stdout]                                at /rustc/e3feeb59cd1bdd011a2bfcc0747b55125d9b8527/library/std/src/sys/thread/unix.rs:127:17
[INFO] [stdout]   44:     0x7896532addfa - <unknown>
[INFO] [stdout]   45:     0x7896533413d4 - clone
[INFO] [stdout]   46:                0x0 - <unknown>
[INFO] [stdout] 
[INFO] [stdout] 
[INFO] [stdout] failures:
[INFO] [stdout]     config::tests::resolve_cfg
[INFO] [stdout]     config::tests::resolve_exe
[INFO] [stdout]     dic::build::test::with_analysis::split_with_subset
[INFO] [stdout]     dic::build::test::with_analysis::system_only_1
[INFO] [stdout]     dic::build::test::with_analysis::system_plus_user_1
[INFO] [stdout]     dic::build::test::with_analysis::system_plus_user_2
[INFO] [stdout] 
[INFO] [stdout] test result: FAILED. 206 passed; 6 failed; 0 ignored; 0 measured; 0 filtered out; finished in 1.13s
[INFO] [stdout] 
[INFO] [stderr] error: test failed, to rerun pass `--lib`
[INFO] running `Command { std: "docker" "inspect" "80ad0445a4ed2636e94a5c6290fa45d67769317b64543b67fe2d8539f4fd4fd2", kill_on_drop: false }`
[INFO] running `Command { std: "docker" "rm" "-f" "80ad0445a4ed2636e94a5c6290fa45d67769317b64543b67fe2d8539f4fd4fd2", kill_on_drop: false }`
[INFO] [stdout] 80ad0445a4ed2636e94a5c6290fa45d67769317b64543b67fe2d8539f4fd4fd2
