[INFO] fetching crate styrene-identity 0.3.2...
[INFO] testing styrene-identity-0.3.2 against 1.99.0-beta.8 for beta-1.100-2
[INFO] extracting crate styrene-identity 0.3.2 into /workspace/builds/worker-6-tc1/source
[INFO] started tweaking crates.io crate styrene-identity 0.3.2
[INFO] removed 0 missing tests
[INFO] finished tweaking crates.io crate styrene-identity 0.3.2
[INFO] tweaked toml for crates.io crate styrene-identity 0.3.2 written to /workspace/builds/worker-6-tc1/source/Cargo.toml
[INFO] validating manifest of crates.io crate styrene-identity 0.3.2 on toolchain 1.99.0-beta.8
[INFO] running `Command { std: CARGO_HOME="/workspace/cargo-home" RUSTUP_HOME="/workspace/rustup-home" "/workspace/cargo-home/bin/cargo" "+1.99.0-beta.8" "metadata" "--manifest-path" "Cargo.toml" "--no-deps", kill_on_drop: false }`
[INFO] crate crates.io crate styrene-identity 0.3.2 already has a lockfile, it will not be regenerated
[INFO] running `Command { std: CARGO_HOME="/workspace/cargo-home" RUSTUP_HOME="/workspace/rustup-home" "/workspace/cargo-home/bin/cargo" "+1.99.0-beta.8" "fetch" "--manifest-path" "Cargo.toml", kill_on_drop: false }`
[INFO] [stderr]     Updating crates.io index
[INFO] [stderr]  Downloading crates ...
[INFO] [stderr]   Downloaded service-binding v3.0.0
[INFO] [stderr]   Downloaded ssh-agent-lib v0.5.2
[INFO] [stderr]   Downloaded raunch v1.0.1
[INFO] [stderr]   Downloaded base64ct v1.7.3
[INFO] [stderr]   Downloaded ctap-hid-fido2 v3.5.9
[INFO] [stderr]   Downloaded half v2.3.1
[INFO] [stderr]   Downloaded bech32 v0.11.1
[INFO] [stderr]   Downloaded asn1-rs v0.7.1
[INFO] [stderr]   Downloaded hidapi v2.6.5
[INFO] running `Command { std: "docker" "create" "-v" "/var/lib/crater-agent-workspace/builds/worker-6-tc1/source:/opt/rustwide/workdir:ro,Z" "-v" "/var/lib/crater-agent-workspace/builds/worker-6-tc1/target:/opt/rustwide/target:rw,Z" "-v" "/var/lib/crater-agent-workspace/cargo-home:/opt/rustwide/cargo-home:ro,Z" "-v" "/var/lib/crater-agent-workspace/rustup-home:/opt/rustwide/rustup-home:ro,Z" "-m" "1610612736" "--network" "none" "ghcr.io/rust-lang/crates-build-env/linux@sha256:3111399a4047eeb3a02b7a90e478d715f38a8c6669b5c4b49d30a17385265909" "sleep" "infinity", kill_on_drop: false }`
[INFO] [stdout] bcaca86fac0f1c234ffc040c6982df77c5a071a4ac80f8d415c7f9527976a377
[INFO] running `Command { std: "docker" "start" "bcaca86fac0f1c234ffc040c6982df77c5a071a4ac80f8d415c7f9527976a377", kill_on_drop: false }`
[INFO] running `Command { std: "docker" "inspect" "bcaca86fac0f1c234ffc040c6982df77c5a071a4ac80f8d415c7f9527976a377", kill_on_drop: false }`
[INFO] running `Command { std: "docker" "exec" "-e" "SOURCE_DIR=/opt/rustwide/workdir" "-e" "CARGO_HOME=/opt/rustwide/cargo-home" "-e" "RUSTUP_HOME=/opt/rustwide/rustup-home" "-e" "CARGO_TARGET_DIR=/opt/rustwide/target" "-w" "/opt/rustwide/workdir" "--user" "0:0" "bcaca86fac0f1c234ffc040c6982df77c5a071a4ac80f8d415c7f9527976a377" "/opt/rustwide/cargo-home/bin/cargo" "+1.99.0-beta.8" "metadata" "--no-deps" "--format-version=1", kill_on_drop: false }`
[INFO] running `Command { std: "docker" "inspect" "bcaca86fac0f1c234ffc040c6982df77c5a071a4ac80f8d415c7f9527976a377", kill_on_drop: false }`
[INFO] running `Command { std: "docker" "exec" "-e" "SOURCE_DIR=/opt/rustwide/workdir" "-e" "CARGO_HOME=/opt/rustwide/cargo-home" "-e" "RUSTUP_HOME=/opt/rustwide/rustup-home" "-e" "CARGO_TARGET_DIR=/opt/rustwide/target" "-e" "CARGO_INCREMENTAL=0" "-e" "RUST_BACKTRACE=full" "-e" "RUSTFLAGS=--cap-lints=warn" "-e" "RUSTDOCFLAGS=--cap-lints=warn" "-w" "/opt/rustwide/workdir" "--user" "0:0" "bcaca86fac0f1c234ffc040c6982df77c5a071a4ac80f8d415c7f9527976a377" "/opt/rustwide/cargo-home/bin/cargo" "+1.99.0-beta.8" "build" "--frozen" "--message-format=json", kill_on_drop: false }`
[INFO] [stderr]    Compiling libc v0.2.182
[INFO] [stderr]    Compiling typenum v1.19.0
[INFO] [stderr]    Compiling quote v1.0.44
[INFO] [stderr]    Compiling subtle v2.6.1
[INFO] [stderr]    Compiling base64ct v1.7.3
[INFO] [stderr]    Compiling curve25519-dalek v4.1.3
[INFO] [stderr]    Compiling generic-array v0.14.7
[INFO] [stderr]    Compiling syn v2.0.117
[INFO] [stderr]    Compiling block-buffer v0.10.4
[INFO] [stderr]    Compiling inout v0.1.4
[INFO] [stderr]    Compiling getrandom v0.2.17
[INFO] [stderr]    Compiling rand_core v0.6.4
[INFO] [stderr]    Compiling crypto-common v0.1.7
[INFO] [stderr]    Compiling password-hash v0.5.0
[INFO] [stderr]    Compiling digest v0.10.7
[INFO] [stderr]    Compiling universal-hash v0.5.1
[INFO] [stderr]    Compiling aead v0.5.2
[INFO] [stderr]    Compiling poly1305 v0.8.0
[INFO] [stderr]    Compiling sha2 v0.10.9
[INFO] [stderr]    Compiling hmac v0.12.1
[INFO] [stderr]    Compiling blake2 v0.10.6
[INFO] [stderr]    Compiling hkdf v0.12.4
[INFO] [stderr]    Compiling argon2 v0.5.3
[INFO] [stderr]    Compiling zeroize_derive v1.4.3
[INFO] [stderr]    Compiling curve25519-dalek-derive v0.1.1
[INFO] [stderr]    Compiling thiserror-impl v2.0.18
[INFO] [stderr]    Compiling async-trait v0.1.89
[INFO] [stderr]    Compiling zeroize v1.8.2
[INFO] [stderr]    Compiling cipher v0.4.4
[INFO] [stderr]    Compiling chacha20 v0.9.1
[INFO] [stderr]    Compiling chacha20poly1305 v0.10.1
[INFO] [stderr]    Compiling thiserror v2.0.18
[INFO] [stderr]    Compiling x25519-dalek v2.0.1
[INFO] [stderr]    Compiling ed25519-dalek v2.1.1
[INFO] [stderr]    Compiling styrene-identity v0.3.2 (/opt/rustwide/workdir)
[INFO] [stdout] warning: use of deprecated struct `identity::IdentityInfo`: use PublicIdentity instead
[INFO] [stdout]    --> src/lib.rs:127:69
[INFO] [stdout]     |
[INFO] [stdout] 127 |     identity_hash, identity_pubkey, identity_sign, identity_verify, IdentityInfo, PublicIdentity,
[INFO] [stdout]     |                                                                     ^^^^^^^^^^^^
[INFO] [stdout]     |
[INFO] [stdout]     = note: `#[warn(deprecated)]` on by default
[INFO] [stdout] 
[INFO] [stdout] 
[INFO] [stdout] warning: use of deprecated struct `identity::IdentityInfo`: use PublicIdentity instead
[INFO] [stdout]   --> src/identity.rs:56:6
[INFO] [stdout]    |
[INFO] [stdout] 56 | impl IdentityInfo {
[INFO] [stdout]    |      ^^^^^^^^^^^^
[INFO] [stdout] 
[INFO] [stdout] 
[INFO] [stdout] warning: use of deprecated field `identity::IdentityInfo::hash`: use PublicIdentity instead
[INFO] [stdout]   --> src/identity.rs:62:16
[INFO] [stdout]    |
[INFO] [stdout] 62 |         Self { hash, pubkey }
[INFO] [stdout]    |                ^^^^
[INFO] [stdout] 
[INFO] [stdout] 
[INFO] [stdout] warning: use of deprecated field `identity::IdentityInfo::pubkey`: use PublicIdentity instead
[INFO] [stdout]   --> src/identity.rs:62:22
[INFO] [stdout]    |
[INFO] [stdout] 62 |         Self { hash, pubkey }
[INFO] [stdout]    |                      ^^^^^^
[INFO] [stdout] 
[INFO] [stdout] 
[INFO] [stderr]     Finished `dev` profile [unoptimized + debuginfo] target(s) in 11.64s
[INFO] running `Command { std: "docker" "inspect" "bcaca86fac0f1c234ffc040c6982df77c5a071a4ac80f8d415c7f9527976a377", kill_on_drop: false }`
[INFO] running `Command { std: "docker" "exec" "-e" "SOURCE_DIR=/opt/rustwide/workdir" "-e" "CARGO_HOME=/opt/rustwide/cargo-home" "-e" "RUSTUP_HOME=/opt/rustwide/rustup-home" "-e" "CARGO_TARGET_DIR=/opt/rustwide/target" "-e" "CARGO_INCREMENTAL=0" "-e" "RUST_BACKTRACE=full" "-e" "RUSTFLAGS=--cap-lints=warn" "-e" "RUSTDOCFLAGS=--cap-lints=warn" "-w" "/opt/rustwide/workdir" "--user" "0:0" "bcaca86fac0f1c234ffc040c6982df77c5a071a4ac80f8d415c7f9527976a377" "/opt/rustwide/cargo-home/bin/cargo" "+1.99.0-beta.8" "test" "--frozen" "--no-run" "--message-format=json", kill_on_drop: false }`
[INFO] [stderr]    Compiling libc v0.2.182
[INFO] [stderr]    Compiling zerocopy v0.8.39
[INFO] [stderr]    Compiling rustix v1.1.3
[INFO] [stderr]    Compiling getrandom v0.4.1
[INFO] [stderr]    Compiling linux-raw-sys v0.11.0
[INFO] [stderr]    Compiling num-traits v0.2.19
[INFO] [stderr]    Compiling once_cell v1.21.3
[INFO] [stderr]    Compiling serde_core v1.0.228
[INFO] [stderr]    Compiling fastrand v2.3.0
[INFO] [stderr]    Compiling bit-vec v0.8.0
[INFO] [stderr]    Compiling serde_json v1.0.149
[INFO] [stderr]    Compiling pin-project-lite v0.2.16
[INFO] [stderr]    Compiling tokio-macros v2.6.0
[INFO] [stderr]    Compiling unarray v0.1.4
[INFO] [stderr]    Compiling regex-syntax v0.8.9
[INFO] [stderr]    Compiling data-encoding v2.10.0
[INFO] [stderr]    Compiling bit-set v0.8.0
[INFO] [stderr]    Compiling tokio v1.49.0
[INFO] [stderr]    Compiling getrandom v0.2.17
[INFO] [stderr]    Compiling getrandom v0.3.4
[INFO] [stderr]    Compiling wait-timeout v0.2.1
[INFO] [stderr]    Compiling rand_core v0.6.4
[INFO] [stderr]    Compiling rand_core v0.9.5
[INFO] [stderr]    Compiling crypto-common v0.1.7
[INFO] [stderr]    Compiling password-hash v0.5.0
[INFO] [stderr]    Compiling digest v0.10.7
[INFO] [stderr]    Compiling universal-hash v0.5.1
[INFO] [stderr]    Compiling cipher v0.4.4
[INFO] [stderr]    Compiling aead v0.5.2
[INFO] [stderr]    Compiling poly1305 v0.8.0
[INFO] [stderr]    Compiling rand v0.9.2
[INFO] [stderr]    Compiling rand_xorshift v0.4.0
[INFO] [stderr]    Compiling chacha20 v0.9.1
[INFO] [stderr]    Compiling curve25519-dalek v4.1.3
[INFO] [stderr]    Compiling hmac v0.12.1
[INFO] [stderr]    Compiling blake2 v0.10.6
[INFO] [stderr]    Compiling sha2 v0.10.9
[INFO] [stderr]    Compiling sha3 v0.10.8
[INFO] [stderr]    Compiling hkdf v0.12.4
[INFO] [stderr]    Compiling argon2 v0.5.3
[INFO] [stderr]    Compiling chacha20poly1305 v0.10.1
[INFO] [stderr]    Compiling ed25519-dalek v2.1.1
[INFO] [stderr]    Compiling x25519-dalek v2.0.1
[INFO] [stderr]    Compiling styrene-identity v0.3.2 (/opt/rustwide/workdir)
[INFO] [stdout] warning: use of deprecated struct `identity::IdentityInfo`: use PublicIdentity instead
[INFO] [stdout]    --> src/lib.rs:127:69
[INFO] [stdout]     |
[INFO] [stdout] 127 |     identity_hash, identity_pubkey, identity_sign, identity_verify, IdentityInfo, PublicIdentity,
[INFO] [stdout]     |                                                                     ^^^^^^^^^^^^
[INFO] [stdout]     |
[INFO] [stdout]     = note: `#[warn(deprecated)]` on by default
[INFO] [stdout] 
[INFO] [stdout] 
[INFO] [stdout] warning: use of deprecated struct `identity::IdentityInfo`: use PublicIdentity instead
[INFO] [stdout]   --> src/identity.rs:56:6
[INFO] [stdout]    |
[INFO] [stdout] 56 | impl IdentityInfo {
[INFO] [stdout]    |      ^^^^^^^^^^^^
[INFO] [stdout] 
[INFO] [stdout] 
[INFO] [stdout] warning: use of deprecated field `identity::IdentityInfo::hash`: use PublicIdentity instead
[INFO] [stdout]   --> src/identity.rs:62:16
[INFO] [stdout]    |
[INFO] [stdout] 62 |         Self { hash, pubkey }
[INFO] [stdout]    |                ^^^^
[INFO] [stdout] 
[INFO] [stdout] 
[INFO] [stdout] warning: use of deprecated field `identity::IdentityInfo::pubkey`: use PublicIdentity instead
[INFO] [stdout]   --> src/identity.rs:62:22
[INFO] [stdout]    |
[INFO] [stdout] 62 |         Self { hash, pubkey }
[INFO] [stdout]    |                      ^^^^^^
[INFO] [stdout] 
[INFO] [stdout] 
[INFO] [stderr]    Compiling tempfile v3.25.0
[INFO] [stderr]    Compiling rusty-fork v0.3.1
[INFO] [stderr]    Compiling ppv-lite86 v0.2.21
[INFO] [stderr]    Compiling rand_chacha v0.3.1
[INFO] [stderr]    Compiling rand_chacha v0.9.0
[INFO] [stderr]    Compiling proptest v1.11.0
[INFO] [stderr]    Compiling rand v0.8.5
[INFO] [stdout] warning: use of deprecated struct `identity::IdentityInfo`: use PublicIdentity instead
[INFO] [stdout]    --> src/lib.rs:127:69
[INFO] [stdout]     |
[INFO] [stdout] 127 |     identity_hash, identity_pubkey, identity_sign, identity_verify, IdentityInfo, PublicIdentity,
[INFO] [stdout]     |                                                                     ^^^^^^^^^^^^
[INFO] [stdout]     |
[INFO] [stdout]     = note: `#[warn(deprecated)]` on by default
[INFO] [stdout] 
[INFO] [stdout] 
[INFO] [stdout] warning: use of deprecated struct `identity::IdentityInfo`: use PublicIdentity instead
[INFO] [stdout]   --> src/identity.rs:56:6
[INFO] [stdout]    |
[INFO] [stdout] 56 | impl IdentityInfo {
[INFO] [stdout]    |      ^^^^^^^^^^^^
[INFO] [stdout] 
[INFO] [stdout] 
[INFO] [stdout] warning: use of deprecated field `identity::IdentityInfo::hash`: use PublicIdentity instead
[INFO] [stdout]   --> src/identity.rs:62:16
[INFO] [stdout]    |
[INFO] [stdout] 62 |         Self { hash, pubkey }
[INFO] [stdout]    |                ^^^^
[INFO] [stdout] 
[INFO] [stdout] 
[INFO] [stdout] warning: use of deprecated field `identity::IdentityInfo::pubkey`: use PublicIdentity instead
[INFO] [stdout]   --> src/identity.rs:62:22
[INFO] [stdout]    |
[INFO] [stdout] 62 |         Self { hash, pubkey }
[INFO] [stdout]    |                      ^^^^^^
[INFO] [stdout] 
[INFO] [stdout] 
[INFO] [stderr]     Finished `test` profile [unoptimized + debuginfo] target(s) in 21.77s
[INFO] running `Command { std: "docker" "inspect" "bcaca86fac0f1c234ffc040c6982df77c5a071a4ac80f8d415c7f9527976a377", kill_on_drop: false }`
[INFO] running `Command { std: "docker" "exec" "-e" "SOURCE_DIR=/opt/rustwide/workdir" "-e" "CARGO_HOME=/opt/rustwide/cargo-home" "-e" "RUSTUP_HOME=/opt/rustwide/rustup-home" "-e" "CARGO_TARGET_DIR=/opt/rustwide/target" "-e" "CARGO_INCREMENTAL=0" "-e" "RUST_BACKTRACE=full" "-e" "RUSTFLAGS=--cap-lints=warn" "-e" "RUSTDOCFLAGS=--cap-lints=warn" "-w" "/opt/rustwide/workdir" "--user" "0:0" "bcaca86fac0f1c234ffc040c6982df77c5a071a4ac80f8d415c7f9527976a377" "/opt/rustwide/cargo-home/bin/cargo" "+1.99.0-beta.8" "test" "--frozen", kill_on_drop: false }`
[INFO] [stderr] warning: use of deprecated struct `identity::IdentityInfo`: use PublicIdentity instead
[INFO] [stderr]    --> src/lib.rs:127:69
[INFO] [stderr]     |
[INFO] [stderr] 127 |     identity_hash, identity_pubkey, identity_sign, identity_verify, IdentityInfo, PublicIdentity,
[INFO] [stderr]     |                                                                     ^^^^^^^^^^^^
[INFO] [stderr]     |
[INFO] [stderr]     = note: `#[warn(deprecated)]` on by default
[INFO] [stderr] 
[INFO] [stderr] warning: use of deprecated struct `identity::IdentityInfo`: use PublicIdentity instead
[INFO] [stderr]   --> src/identity.rs:56:6
[INFO] [stderr]    |
[INFO] [stderr] 56 | impl IdentityInfo {
[INFO] [stderr]    |      ^^^^^^^^^^^^
[INFO] [stderr] 
[INFO] [stderr] warning: use of deprecated field `identity::IdentityInfo::hash`: use PublicIdentity instead
[INFO] [stderr]   --> src/identity.rs:62:16
[INFO] [stderr]    |
[INFO] [stderr] 62 |         Self { hash, pubkey }
[INFO] [stderr]    |                ^^^^
[INFO] [stderr] 
[INFO] [stderr] warning: use of deprecated field `identity::IdentityInfo::pubkey`: use PublicIdentity instead
[INFO] [stderr]   --> src/identity.rs:62:22
[INFO] [stderr]    |
[INFO] [stderr] 62 |         Self { hash, pubkey }
[INFO] [stderr]    |                      ^^^^^^
[INFO] [stderr] 
[INFO] [stderr] warning: `styrene-identity` (lib) generated 4 warnings
[INFO] [stderr] warning: `styrene-identity` (lib test) generated 4 warnings (4 duplicates)
[INFO] [stderr]     Finished `test` profile [unoptimized + debuginfo] target(s) in 0.14s
[INFO] [stderr]      Running unittests src/lib.rs (/opt/rustwide/target/debug/deps/styrene_identity-38588dde10e15718)
[INFO] [stdout] 
[INFO] [stdout] running 111 tests
[INFO] [stdout] test derive::tests::agent_key_deterministic ... ok
[INFO] [stdout] test derive::tests::different_roots_produce_different_keys ... ok
[INFO] [stdout] test derive::tests::different_purposes_produce_different_keys ... ok
[INFO] [stdout] test derive::tests::agent_key_empty_name_rejected ... ok
[INFO] [stdout] test derive::tests::derive_key_deterministic ... ok
[INFO] [stdout] test derive::tests::i2p_service_deterministic ... ok
[INFO] [stdout] test derive::tests::i2p_service_no_collision_with_flat_i2p ... ok
[INFO] [stdout] test derive::tests::git_signing_seed_equals_signing_seed ... ok
[INFO] [stdout] test derive::tests::agent_key_no_collision_with_flat_or_ssh ... ok
[INFO] [stdout] test derive::tests::all_purposes_covered ... ok
[INFO] [stdout] test derive::tests::i2p_service_different_names ... ok
[INFO] [stdout] test derive::tests::i2p_service_signing_differs_from_encryption ... ok
[INFO] [stdout] test derive::tests::i2p_service_empty_name_rejected ... ok
[INFO] [stdout] test derive::tests::key_deriver_derive_all_matches_individual ... ok
[INFO] [stdout] test derive::tests::derive_keys_produces_all ... ok
[INFO] [stdout] test derive::tests::overlay_keys_all_distinct ... ok
[INFO] [stdout] test derive::tests::key_deriver_matches_free_function ... ok
[INFO] [stdout] test derive::tests::salt_provides_domain_separation ... ok
[INFO] [stdout] test derive::tests::onion_service_deterministic ... ok
[INFO] [stdout] test derive::tests::onion_service_no_collision_with_flat_tor ... ok
[INFO] [stdout] test derive::tests::agent_key_different_names ... ok
[INFO] [stdout] test derive::tests::signing_equals_legacy_git_signing ... ok
[INFO] [stdout] test derive::tests::signing_equals_legacy_rns_signing ... ok
[INFO] [stdout] test derive::tests::test_vector_ssh_user_key ... ok
[INFO] [stdout] test derive::tests::test_vector_flat_purposes ... ok
[INFO] [stdout] test derive::tests::onion_service_different_names ... ok
[INFO] [stdout] test derive::tests::ssh_user_key_different_labels ... ok
[INFO] [stdout] test derive::tests::ssh_host_and_age_non_zero_and_distinct ... ok
[INFO] [stdout] test derive::tests::test_vector_git_signing_is_now_signing ... ok
[INFO] [stdout] test derive::tests::ssh_user_key_empty_label_rejected ... ok
[INFO] [stdout] test derive::tests::ssh_user_key_deterministic ... ok
[INFO] [stdout] test discover::tests::discover_default_path_takes_priority_over_env ... ok
[INFO] [stdout] test derive::tests::ssh_user_key_no_collision_with_flat_purposes ... ok
[INFO] [stdout] test discover::tests::discover_env_path_overrides_when_no_default ... ok
[INFO] [stdout] test discover::tests::discover_finds_default_path ... ok
[INFO] [stdout] test derive::tests::ssh_user_key_different_roots ... ok
[INFO] [stdout] test discover::tests::discover_hash_only_from_env ... ok
[INFO] [stdout] test discover::tests::discover_returns_none_when_nothing_configured ... ok
[INFO] [stdout] test file_signer::tests::not_available_before_generate ... ok
[INFO] [stdout] test export::tests::from_root_produces_all_fields ... ok
[INFO] [stdout] test export::tests::identity_hash_matches_standalone ... ok
[INFO] [stdout] test export::tests::from_root_deterministic ... ok
[INFO] [stdout] test format::tests::git_config_contents ... ok
[INFO] [stdout] test export::tests::different_roots_different_keys ... ok
[INFO] [stdout] test format::tests::pinned_ssh_pubkey ... ok
[INFO] [stdout] test derive::tests::test_vector_agent_key ... ok
[INFO] [stdout] test format::tests::ssh_fingerprint_format ... ok
[INFO] [stdout] test format::tests::ssh_pubkey_format ... ok
[INFO] [stdout] test format::tests::ssh_pubkey_deterministic ... ok
[INFO] [stdout] test format::tests::pinned_wireguard_pubkey ... ok
[INFO] [stdout] test format::tests::wireguard_privkey_base64_length ... ok
[INFO] [stdout] test file_signer::tests::tier_is_encrypted_file ... ok
[INFO] [stdout] test identity::tests::identity_hash_is_32_hex_chars ... ok
[INFO] [stdout] test identity::tests::identity_info_matches_individual_functions ... ok
[INFO] [stdout] test derive::tests::agent_key_differs_from_ssh_user_same_label ... ok
[INFO] [stdout] test format::tests::wireguard_pubkey_differs_from_privkey ... ok
[INFO] [stdout] test identity::tests::identity_verify_rejects_all_ones_pubkey ... ok
[INFO] [stdout] test identity::tests::identity_hash_deterministic ... ok
[INFO] [stdout] test identity::tests::different_roots_produce_different_hashes ... ok
[INFO] [stdout] test identity::tests::identity_sign_returns_self_contained_attestation ... ok
[INFO] [stdout] test identity::tests::identity_verify_rejects_wrong_pubkey ... ok
[INFO] [stdout] test identity::tests::public_identity_from_hex_valid ... ok
[INFO] [stdout] test identity::tests::public_identity_from_hex_edge_cases ... ok
[INFO] [stdout] test identity::tests::public_identity_from_pubkey ... ok
[INFO] [stdout] test identity::tests::identity_sign_pubkey_can_verify_independently ... ok
[INFO] [stdout] test identity::tests::test_vector_identity_hash ... ok
[INFO] [stdout] test identity::tests::public_identity_verify_hash_constant_time ... ok
[INFO] [stdout] test identity::tests::identity_verify_rejects_zero_pubkey ... ok
[INFO] [stdout] test identity::tests::identity_verify_rejects_tampered_data ... ok
[INFO] [stdout] test pubkey::tests::sign_with_seed_deterministic ... ok
[INFO] [stdout] test pubkey::tests::verifying_key_matches_signing_key ... ok
[INFO] [stdout] test format::tests::pinned_ssh_fingerprint ... ok
[INFO] [stdout] test pubkey::tests::x25519_public_key_deterministic ... ok
[INFO] [stdout] test pubkey::tests::x25519_different_secrets_different_pubkeys ... ok
[INFO] [stdout] test pubkey::tests::sign_with_seed_different_data ... ok
[INFO] [stdout] test pubkey::tests::x25519_public_key_non_zero ... ok
[INFO] [stdout] test pubkey::tests::ed25519_sign_and_verify ... ok
[INFO] [stdout] test signer::tests::chain_all_unavailable ... ok
[INFO] [stdout] test signer::tests::chain_prefers_higher_tier ... ok
[INFO] [stdout] test signer::tests::chain_sign_uses_first_available ... ok
[INFO] [stdout] test signer::tests::chain_empty_is_unavailable ... ok
[INFO] [stdout] test signer::tests::ephemeral_is_non_zero ... ok
[INFO] [stdout] test signer::tests::chain_sign_fails_when_none_available ... ok
[INFO] [stdout] test signer::tests::ephemeral_produces_unique_roots ... ok
[INFO] [stdout] test signer::tests::root_secret_zeroizes_debug ... ok
[INFO] [stdout] test signer::tests::ephemeral_is_unlinkable_to_fixed_root ... ok
[INFO] [stdout] test signer::tests::chain_selects_first_available ... ok
[INFO] [stdout] test signer::tests::signer_tier_ordering ... ok
[INFO] [stdout] test pubkey::tests::ed25519_wrong_data_fails ... ok
[INFO] [stdout] test vault::tests::backup_requires_existing_identity ... ok
[INFO] [stdout] test identity::tests::public_identity_cross_key_isolation ... ok
[INFO] [stdout] test signer::tests::chain_status_reports_all ... ok
[INFO] [stdout] test vault::tests::unlock_requires_existing_identity ... ok
[INFO] [stdout] test identity::tests::identity_hash_no_collisions_in_100_roots ... ok
[INFO] [stdout] test identity::tests::public_identity_verify_signature ... ok
[INFO] [stdout] test vault::tests::validate_agent_names_catches_empty ... ok
[INFO] [stdout] test vault::tests::validate_agent_names_all_valid ... ok
[INFO] [stdout] test vault::tests::backup_creates_copy ... ok
[INFO] [stdout] test vault::tests::backup_refuses_overwrite ... ok
[INFO] [stdout] test file_signer::tests::file_created_with_restricted_permissions ... ok
[INFO] [stdout] test vault::tests::backup_has_restricted_permissions ... ok
[INFO] [stdout] test vault::tests::init_creates_identity ... ok
[INFO] [stdout] test file_signer::tests::generate_refuses_overwrite ... ok
[INFO] [stdout] test file_signer::tests::wrong_passphrase_fails ... ok
[INFO] [stdout] test vault::tests::init_refuses_overwrite ... ok
[INFO] [stdout] test file_signer::tests::root_secret_via_provider ... ok
[INFO] [stdout] test vault::tests::unlock_returns_root_secret ... ok
[INFO] [stdout] test file_signer::tests::generate_and_load_roundtrip ... ok
[INFO] [stdout] test file_signer::tests::derived_keys_from_file_signer ... ok
[INFO] [stdout] test file_signer::tests::deterministic_key_from_same_file ... ok
[INFO] [stdout] test file_signer::tests::sign_produces_valid_ed25519 ... ok
[INFO] [stdout] 
[INFO] [stdout] test result: ok. 111 passed; 0 failed; 0 ignored; 0 measured; 0 filtered out; finished in 39.49s
[INFO] [stdout] 
[INFO] [stderr]      Running tests/crypto_suite.rs (/opt/rustwide/target/debug/deps/crypto_suite-5d411cdfabb859ff)
[INFO] [stdout] 
[INFO] [stdout] running 34 tests
[INFO] [stdout] test derived_keys_have_high_entropy ... ok
[INFO] [stdout] test empty_labels_rejected ... ok
[INFO] [stdout] test i2p_destination_deterministic ... ok
[INFO] [stdout] test identity_hash_matches_signum ... ok
[INFO] [stdout] test generate_reference_vectors_json ... ok
[INFO] [stdout] test info_string_labels_no_collision ... ok
[INFO] [stdout] test no_linear_relationship_between_derived_keys ... ok
[INFO] [stdout] test ones_root_produces_valid_keys ... ok
[INFO] [stdout] test same_label_different_families_different_keys ... ok
[INFO] [stdout] test pinned_vectors_all_flat_purposes ... ok
[INFO] [stdout] test pinned_vectors_parameterized_families ... ok
[INFO] [stdout] test single_bit_root_difference_propagates ... ok
[INFO] [stdout] test tor_onion_address_deterministic ... ok
[INFO] [stdout] test ssh_ed25519_wire_format ... ok
[INFO] [stdout] test long_labels_do_not_panic ... ok
[INFO] [stdout] test age_key_produces_valid_x25519 ... ok
[INFO] [stdout] test unified_signing_backwards_compat ... ok
[INFO] [stdout] test wireguard_key_is_valid_curve25519 ... ok
[INFO] [stdout] test convenience_methods_match_purposes ... ok
[INFO] [stdout] test concurrent_derivation_is_deterministic ... ok
[INFO] [stdout] test x25519_keys_are_valid_dh ... ok
[INFO] [stdout] test parameterized_ed25519_keys_are_valid ... ok
[INFO] [stdout] test unicode_labels_produce_valid_keys ... ok
[INFO] [stdout] test zero_root_produces_valid_keys ... ok
[INFO] [stdout] test ed25519_keys_are_valid_and_functional ... ok
[INFO] [stdout] test sign_with_seed_roundtrip_all_purposes ... ok
[INFO] [stdout] test cross_key_signatures_do_not_verify ... ok
[INFO] [stdout] test no_identity_hash_collisions_in_sample ... ok
[INFO] [stdout] test truncated_file_fails_to_load ... ok
[INFO] [stdout] test identity_file_size_is_exact ... ok
[INFO] [stdout] test corrupted_ciphertext_fails ... ok
[INFO] [stdout] test wrong_passphrase_produces_different_result ... ok
[INFO] [stdout] test file_signer_full_lifecycle ... ok
[INFO] [stdout] test two_signers_same_file_same_keys ... ok
[INFO] [stdout] 
[INFO] [stdout] test result: ok. 34 passed; 0 failed; 0 ignored; 0 measured; 0 filtered out; finished in 28.23s
[INFO] [stdout] 
[INFO] [stdout] 
[INFO] [stderr]      Running tests/phase3_advanced.rs (/opt/rustwide/target/debug/deps/phase3_advanced-3a03710c8750d047)
[INFO] [stdout] running 14 tests
[INFO] [stdout] test derived_keys_debug_is_redacted ... ok
[INFO] [stdout] test root_secret_debug_is_redacted ... ok
[INFO] [stdout] test key_deriver_drop_does_not_corrupt_state ... ok
[INFO] [stdout] test export_test_vectors_to_file ... FAILED
[INFO] [stdout] test prop_any_root_all_purposes_valid ... ok
[INFO] [stdout] test prop_i2p_service_isolation ... ok
[INFO] [stdout] test prop_any_label_agent_key_differs_from_ssh ... ok
[INFO] [stdout] test prop_different_roots_different_hashes ... ok
[INFO] [stdout] test prop_onion_service_isolation ... ok
[INFO] [stdout] test prop_any_root_x25519_dh_works ... ok
[INFO] [stdout] test prop_any_root_signing_key_works ... ok
[INFO] [stdout] test prop_any_label_ssh_user_key_valid ... ok
[INFO] [stdout] test same_passphrase_different_roots ... ok
[INFO] [stdout] test multiple_vaults_different_passphrases ... ok
[INFO] [stdout] 
[INFO] [stdout] failures:
[INFO] [stdout] 
[INFO] [stdout] ---- export_test_vectors_to_file stdout ----
[INFO] [stdout] 
[INFO] [stdout] thread 'export_test_vectors_to_file' (1496) panicked at tests/phase3_advanced.rs:345:42:
[INFO] [stdout] called `Result::unwrap()` on an `Err` value: Os { code: 30, kind: ReadOnlyFilesystem, message: "Read-only file system" }
[INFO] [stdout] stack backtrace:
[INFO] [stdout]    0:     0x64d789dea171 - std[70759c8f55707aa4]::backtrace_rs::backtrace::libunwind::trace
[INFO] [stdout]                                at /rustc/dfb0accb7f508ae8be965d8629557221c889dd98/library/std/src/../../backtrace/src/backtrace/libunwind.rs:117:9
[INFO] [stdout]    1:     0x64d789dea171 - std[70759c8f55707aa4]::backtrace_rs::backtrace::trace_unsynchronized::<std[70759c8f55707aa4]::sys::backtrace::_print_fmt::{closure#1}>
[INFO] [stdout]                                at /rustc/dfb0accb7f508ae8be965d8629557221c889dd98/library/std/src/../../backtrace/src/backtrace/mod.rs:66:14
[INFO] [stdout]    2:     0x64d789dea171 - std[70759c8f55707aa4]::sys::backtrace::_print_fmt
[INFO] [stdout]                                at /rustc/dfb0accb7f508ae8be965d8629557221c889dd98/library/std/src/sys/backtrace.rs:74:9
[INFO] [stdout]    3:     0x64d789dea171 - <<std[70759c8f55707aa4]::sys::backtrace::BacktraceLock>::print::DisplayBacktrace as core[df12db4294e9bfd3]::fmt::Display>::fmt
[INFO] [stdout]                                at /rustc/dfb0accb7f508ae8be965d8629557221c889dd98/library/std/src/sys/backtrace.rs:44:26
[INFO] [stdout]    4:     0x64d789e0019a - <core[df12db4294e9bfd3]::fmt::rt::Argument>::fmt
[INFO] [stdout]                                at /rustc/dfb0accb7f508ae8be965d8629557221c889dd98/library/core/src/fmt/rt.rs:152:76
[INFO] [stdout]    5:     0x64d789e0019a - core[df12db4294e9bfd3]::fmt::write
[INFO] [stdout]    6:     0x64d789deeccc - core[df12db4294e9bfd3]::io::write::default_write_fmt::<alloc[2182bb758b4b3781]::vec::Vec<u8>>
[INFO] [stdout]                                at /rustc/dfb0accb7f508ae8be965d8629557221c889dd98/library/core/src/io/write.rs:402:11
[INFO] [stdout]    7:     0x64d789deeccc - <alloc[2182bb758b4b3781]::vec::Vec<u8> as core[df12db4294e9bfd3]::io::write::Write>::write_fmt
[INFO] [stdout]                                at /rustc/dfb0accb7f508ae8be965d8629557221c889dd98/library/core/src/io/write.rs:335:13
[INFO] [stdout]    8:     0x64d789dc4426 - <std[70759c8f55707aa4]::sys::backtrace::BacktraceLock>::print
[INFO] [stdout]                                at /rustc/dfb0accb7f508ae8be965d8629557221c889dd98/library/std/src/sys/backtrace.rs:47:9
[INFO] [stdout]    9:     0x64d789dc4426 - std[70759c8f55707aa4]::panicking::default_hook::{closure#0}
[INFO] [stdout]                                at /rustc/dfb0accb7f508ae8be965d8629557221c889dd98/library/std/src/panicking.rs:292:27
[INFO] [stdout]   10:     0x64d789de1af9 - std[70759c8f55707aa4]::panicking::default_hook
[INFO] [stdout]                                at /rustc/dfb0accb7f508ae8be965d8629557221c889dd98/library/std/src/panicking.rs:316:9
[INFO] [stdout]   11:     0x64d789bc1e20 - <alloc[2182bb758b4b3781]::boxed::Box<dyn for<'a, 'b> core[df12db4294e9bfd3]::ops::function::Fn<(&'a std[70759c8f55707aa4]::panic::PanicHookInfo<'b>,), Output = ()> + core[df12db4294e9bfd3]::marker::Send + core[df12db4294e9bfd3]::marker::Sync> as core[df12db4294e9bfd3]::ops::function::Fn<(&std[70759c8f55707aa4]::panic::PanicHookInfo,)>>::call
[INFO] [stdout]                                at /rustc/dfb0accb7f508ae8be965d8629557221c889dd98/library/alloc/src/boxed.rs:2334:9
[INFO] [stdout]   12:     0x64d789bc1e20 - test[9d35eded1c95d3be]::test_main_inner::<test[9d35eded1c95d3be]::test_main_static::{closure#0}>::{closure#0}
[INFO] [stdout]                                at /rustc/dfb0accb7f508ae8be965d8629557221c889dd98/library/test/src/lib.rs:155:21
[INFO] [stdout]   13:     0x64d789de1cb2 - <alloc[2182bb758b4b3781]::boxed::Box<dyn for<'a, 'b> core[df12db4294e9bfd3]::ops::function::Fn<(&'a std[70759c8f55707aa4]::panic::PanicHookInfo<'b>,), Output = ()> + core[df12db4294e9bfd3]::marker::Send + core[df12db4294e9bfd3]::marker::Sync> as core[df12db4294e9bfd3]::ops::function::Fn<(&std[70759c8f55707aa4]::panic::PanicHookInfo,)>>::call
[INFO] [stdout]                                at /rustc/dfb0accb7f508ae8be965d8629557221c889dd98/library/alloc/src/boxed.rs:2334:9
[INFO] [stdout]   14:     0x64d789de1cb2 - std[70759c8f55707aa4]::panicking::panic_with_hook
[INFO] [stdout]                                at /rustc/dfb0accb7f508ae8be965d8629557221c889dd98/library/std/src/panicking.rs:823:13
[INFO] [stdout]   15:     0x64d789dc44d2 - std[70759c8f55707aa4]::panicking::panic_handler::{closure#0}
[INFO] [stdout]                                at /rustc/dfb0accb7f508ae8be965d8629557221c889dd98/library/std/src/panicking.rs:688:13
[INFO] [stdout]   16:     0x64d789dbcf79 - std[70759c8f55707aa4]::sys::backtrace::__rust_end_short_backtrace::<std[70759c8f55707aa4]::panicking::panic_handler::{closure#0}, !>
[INFO] [stdout]                                at /rustc/dfb0accb7f508ae8be965d8629557221c889dd98/library/std/src/sys/backtrace.rs:182:18
[INFO] [stdout]   17:     0x64d789dc50cd - __rustc[8fa7c3cbc660c2b3]::rust_begin_unwind
[INFO] [stdout]                                at /rustc/dfb0accb7f508ae8be965d8629557221c889dd98/library/std/src/panicking.rs:679:5
[INFO] [stdout]   18:     0x64d789e00a3c - core[df12db4294e9bfd3]::panicking::panic_fmt
[INFO] [stdout]                                at /rustc/dfb0accb7f508ae8be965d8629557221c889dd98/library/core/src/panicking.rs:80:14
[INFO] [stdout]   19:     0x64d789e00792 - core[df12db4294e9bfd3]::result::unwrap_failed
[INFO] [stdout]                                at /rustc/dfb0accb7f508ae8be965d8629557221c889dd98/library/core/src/result.rs:1871:5
[INFO] [stdout]   20:     0x64d789b885a2 - <core[df12db4294e9bfd3]::result::Result<(), core[df12db4294e9bfd3]::io::error::Error>>::unwrap
[INFO] [stdout]                                at /rustc/dfb0accb7f508ae8be965d8629557221c889dd98/library/core/src/result.rs:1232:23
[INFO] [stdout]   21:     0x64d789b885a2 - phase3_advanced[fbce06da0e2f8ef3]::export_test_vectors_to_file
[INFO] [stdout]                                at /opt/rustwide/workdir/tests/phase3_advanced.rs:345:42
[INFO] [stdout]   22:     0x64d789b83577 - phase3_advanced[fbce06da0e2f8ef3]::export_test_vectors_to_file::{closure#0}
[INFO] [stdout]                                at /opt/rustwide/workdir/tests/phase3_advanced.rs:274:33
[INFO] [stdout]   23:     0x64d789b74566 - <phase3_advanced[fbce06da0e2f8ef3]::export_test_vectors_to_file::{closure#0} as core[df12db4294e9bfd3]::ops::function::FnOnce<()>>::call_once
[INFO] [stdout]                                at /rustc/dfb0accb7f508ae8be965d8629557221c889dd98/library/core/src/ops/function.rs:250:5
[INFO] [stdout]   24:     0x64d789bb510b - <fn() -> core[df12db4294e9bfd3]::result::Result<(), alloc[2182bb758b4b3781]::string::String> as core[df12db4294e9bfd3]::ops::function::FnOnce<()>>::call_once
[INFO] [stdout]                                at /rustc/dfb0accb7f508ae8be965d8629557221c889dd98/library/core/src/ops/function.rs:250:5
[INFO] [stdout]   25:     0x64d789bb510b - test[9d35eded1c95d3be]::__rust_begin_short_backtrace::<core[df12db4294e9bfd3]::result::Result<(), alloc[2182bb758b4b3781]::string::String>, fn() -> core[df12db4294e9bfd3]::result::Result<(), alloc[2182bb758b4b3781]::string::String>>
[INFO] [stdout]                                at /rustc/dfb0accb7f508ae8be965d8629557221c889dd98/library/test/src/lib.rs:733:18
[INFO] [stdout]   26:     0x64d789bc2775 - test[9d35eded1c95d3be]::run_test_in_process::{closure#0}
[INFO] [stdout]                                at /rustc/dfb0accb7f508ae8be965d8629557221c889dd98/library/test/src/lib.rs:756:74
[INFO] [stdout]   27:     0x64d789bc2775 - <core[df12db4294e9bfd3]::panic::unwind_safe::AssertUnwindSafe<test[9d35eded1c95d3be]::run_test_in_process::{closure#0}> as core[df12db4294e9bfd3]::ops::function::FnOnce<()>>::call_once
[INFO] [stdout]                                at /rustc/dfb0accb7f508ae8be965d8629557221c889dd98/library/core/src/panic/unwind_safe.rs:275:9
[INFO] [stdout]   28:     0x64d789bc2775 - std[70759c8f55707aa4]::panicking::catch_unwind::do_call::<core[df12db4294e9bfd3]::panic::unwind_safe::AssertUnwindSafe<test[9d35eded1c95d3be]::run_test_in_process::{closure#0}>, core[df12db4294e9bfd3]::result::Result<(), alloc[2182bb758b4b3781]::string::String>>
[INFO] [stdout]                                at /rustc/dfb0accb7f508ae8be965d8629557221c889dd98/library/std/src/panicking.rs:576:43
[INFO] [stdout]   29:     0x64d789bc2775 - std[70759c8f55707aa4]::panicking::catch_unwind::<core[df12db4294e9bfd3]::result::Result<(), alloc[2182bb758b4b3781]::string::String>, core[df12db4294e9bfd3]::panic::unwind_safe::AssertUnwindSafe<test[9d35eded1c95d3be]::run_test_in_process::{closure#0}>>
[INFO] [stdout]                                at /rustc/dfb0accb7f508ae8be965d8629557221c889dd98/library/std/src/panicking.rs:544:19
[INFO] [stdout]   30:     0x64d789bc2775 - std[70759c8f55707aa4]::panic::catch_unwind::<core[df12db4294e9bfd3]::panic::unwind_safe::AssertUnwindSafe<test[9d35eded1c95d3be]::run_test_in_process::{closure#0}>, core[df12db4294e9bfd3]::result::Result<(), alloc[2182bb758b4b3781]::string::String>>
[INFO] [stdout]                                at /rustc/dfb0accb7f508ae8be965d8629557221c889dd98/library/std/src/panic.rs:359:14
[INFO] [stdout]   31:     0x64d789bc2775 - test[9d35eded1c95d3be]::run_test_in_process
[INFO] [stdout]                                at /rustc/dfb0accb7f508ae8be965d8629557221c889dd98/library/test/src/lib.rs:756:27
[INFO] [stdout]   32:     0x64d789bc2775 - test[9d35eded1c95d3be]::run_test::{closure#0}
[INFO] [stdout]                                at /rustc/dfb0accb7f508ae8be965d8629557221c889dd98/library/test/src/lib.rs:677:43
[INFO] [stdout]   33:     0x64d789bbc034 - test[9d35eded1c95d3be]::run_test::{closure#1}
[INFO] [stdout]                                at /rustc/dfb0accb7f508ae8be965d8629557221c889dd98/library/test/src/lib.rs:707:41
[INFO] [stdout]   34:     0x64d789bbc034 - std[70759c8f55707aa4]::sys::backtrace::__rust_begin_short_backtrace::<test[9d35eded1c95d3be]::run_test::{closure#1}, ()>
[INFO] [stdout]                                at /rustc/dfb0accb7f508ae8be965d8629557221c889dd98/library/std/src/sys/backtrace.rs:166:18
[INFO] [stdout]   35:     0x64d789bc58d2 - std[70759c8f55707aa4]::thread::lifecycle::spawn_unchecked::<test[9d35eded1c95d3be]::run_test::{closure#1}, ()>::{closure#1}::{closure#0}
[INFO] [stdout]                                at /rustc/dfb0accb7f508ae8be965d8629557221c889dd98/library/std/src/thread/lifecycle.rs:70:13
[INFO] [stdout]   36:     0x64d789bc58d2 - <core[df12db4294e9bfd3]::panic::unwind_safe::AssertUnwindSafe<std[70759c8f55707aa4]::thread::lifecycle::spawn_unchecked<test[9d35eded1c95d3be]::run_test::{closure#1}, ()>::{closure#1}::{closure#0}> as core[df12db4294e9bfd3]::ops::function::FnOnce<()>>::call_once
[INFO] [stdout]                                at /rustc/dfb0accb7f508ae8be965d8629557221c889dd98/library/core/src/panic/unwind_safe.rs:275:9
[INFO] [stdout]   37:     0x64d789bc58d2 - std[70759c8f55707aa4]::panicking::catch_unwind::do_call::<core[df12db4294e9bfd3]::panic::unwind_safe::AssertUnwindSafe<std[70759c8f55707aa4]::thread::lifecycle::spawn_unchecked<test[9d35eded1c95d3be]::run_test::{closure#1}, ()>::{closure#1}::{closure#0}>, ()>
[INFO] [stdout]                                at /rustc/dfb0accb7f508ae8be965d8629557221c889dd98/library/std/src/panicking.rs:576:43
[INFO] [stdout]   38:     0x64d789bc58d2 - std[70759c8f55707aa4]::panicking::catch_unwind::<(), core[df12db4294e9bfd3]::panic::unwind_safe::AssertUnwindSafe<std[70759c8f55707aa4]::thread::lifecycle::spawn_unchecked<test[9d35eded1c95d3be]::run_test::{closure#1}, ()>::{closure#1}::{closure#0}>>
[INFO] [stdout]                                at /rustc/dfb0accb7f508ae8be965d8629557221c889dd98/library/std/src/panicking.rs:544:19
[INFO] [stdout]   39:     0x64d789bc58d2 - std[70759c8f55707aa4]::panic::catch_unwind::<core[df12db4294e9bfd3]::panic::unwind_safe::AssertUnwindSafe<std[70759c8f55707aa4]::thread::lifecycle::spawn_unchecked<test[9d35eded1c95d3be]::run_test::{closure#1}, ()>::{closure#1}::{closure#0}>, ()>
[INFO] [stdout]                                at /rustc/dfb0accb7f508ae8be965d8629557221c889dd98/library/std/src/panic.rs:359:14
[INFO] [stdout]   40:     0x64d789bc58d2 - std[70759c8f55707aa4]::thread::lifecycle::spawn_unchecked::<test[9d35eded1c95d3be]::run_test::{closure#1}, ()>::{closure#1}
[INFO] [stdout]                                at /rustc/dfb0accb7f508ae8be965d8629557221c889dd98/library/std/src/thread/lifecycle.rs:68:26
[INFO] [stdout]   41:     0x64d789bc58d2 - <std[70759c8f55707aa4]::thread::lifecycle::spawn_unchecked<test[9d35eded1c95d3be]::run_test::{closure#1}, ()>::{closure#1} as core[df12db4294e9bfd3]::ops::function::FnOnce<()>>::call_once::{shim:vtable#0}
[INFO] [stdout]                                at /rustc/dfb0accb7f508ae8be965d8629557221c889dd98/library/core/src/ops/function.rs:250:5
[INFO] [stdout]   42:     0x64d789de9539 - <alloc[2182bb758b4b3781]::boxed::Box<dyn core[df12db4294e9bfd3]::ops::function::FnOnce<(), Output = ()> + core[df12db4294e9bfd3]::marker::Send> as core[df12db4294e9bfd3]::ops::function::FnOnce<()>>::call_once
[INFO] [stdout]                                at /rustc/dfb0accb7f508ae8be965d8629557221c889dd98/library/alloc/src/boxed.rs:2320:9
[INFO] [stdout]   43:     0x64d789de9539 - <std[70759c8f55707aa4]::sys::thread::unix::Thread>::new::thread_start
[INFO] [stdout]                                at /rustc/dfb0accb7f508ae8be965d8629557221c889dd98/library/std/src/sys/thread/unix.rs:123:17
[INFO] [stdout]   44:     0x7e9492481dfa - <unknown>
[INFO] [stdout]   45:     0x7e94925153d4 - clone
[INFO] [stdout]   46:                0x0 - <unknown>
[INFO] [stdout] 
[INFO] [stdout] 
[INFO] [stdout] failures:
[INFO] [stdout]     export_test_vectors_to_file
[INFO] [stdout] 
[INFO] [stdout] test result: FAILED. 13 passed; 1 failed; 0 ignored; 0 measured; 0 filtered out; finished in 55.47s
[INFO] [stdout] 
[INFO] [stderr] error: test failed, to rerun pass `--test phase3_advanced`
[INFO] running `Command { std: "docker" "inspect" "bcaca86fac0f1c234ffc040c6982df77c5a071a4ac80f8d415c7f9527976a377", kill_on_drop: false }`
[INFO] running `Command { std: "docker" "rm" "-f" "bcaca86fac0f1c234ffc040c6982df77c5a071a4ac80f8d415c7f9527976a377", kill_on_drop: false }`
[INFO] [stdout] bcaca86fac0f1c234ffc040c6982df77c5a071a4ac80f8d415c7f9527976a377
