[INFO] fetching crate stratum-dsp 1.0.0...
[INFO] testing stratum-dsp-1.0.0 against 1.100.0-beta.1 for beta-1.100-2
[INFO] extracting crate stratum-dsp 1.0.0 into /workspace/builds/worker-0-tc2/source
[INFO] started tweaking crates.io crate stratum-dsp 1.0.0
[INFO] removed 0 missing examples
[INFO] removed 0 missing tests
[INFO] finished tweaking crates.io crate stratum-dsp 1.0.0
[INFO] tweaked toml for crates.io crate stratum-dsp 1.0.0 written to /workspace/builds/worker-0-tc2/source/Cargo.toml
[INFO] validating manifest of crates.io crate stratum-dsp 1.0.0 on toolchain 1.100.0-beta.1
[INFO] running `Command { std: CARGO_HOME="/workspace/cargo-home" RUSTUP_HOME="/workspace/rustup-home" "/workspace/cargo-home/bin/cargo" "+1.100.0-beta.1" "metadata" "--manifest-path" "Cargo.toml" "--no-deps", kill_on_drop: false }`
[INFO] crate crates.io crate stratum-dsp 1.0.0 already has a lockfile, it will not be regenerated
[INFO] running `Command { std: CARGO_HOME="/workspace/cargo-home" RUSTUP_HOME="/workspace/rustup-home" "/workspace/cargo-home/bin/cargo" "+1.100.0-beta.1" "fetch" "--manifest-path" "Cargo.toml", kill_on_drop: false }`
[INFO] running `Command { std: "docker" "create" "-v" "/var/lib/crater-agent-workspace/builds/worker-0-tc2/source:/opt/rustwide/workdir:ro,Z" "-v" "/var/lib/crater-agent-workspace/builds/worker-0-tc2/target:/opt/rustwide/target:rw,Z" "-v" "/var/lib/crater-agent-workspace/cargo-home:/opt/rustwide/cargo-home:ro,Z" "-v" "/var/lib/crater-agent-workspace/rustup-home:/opt/rustwide/rustup-home:ro,Z" "-m" "1610612736" "--network" "none" "ghcr.io/rust-lang/crates-build-env/linux@sha256:3111399a4047eeb3a02b7a90e478d715f38a8c6669b5c4b49d30a17385265909" "sleep" "infinity", kill_on_drop: false }`
[INFO] [stdout] ebd42b21303ad84b39078ed45fb7a2a33aa3063c2921510618bbd7433f26e008
[INFO] running `Command { std: "docker" "start" "ebd42b21303ad84b39078ed45fb7a2a33aa3063c2921510618bbd7433f26e008", kill_on_drop: false }`
[INFO] running `Command { std: "docker" "inspect" "ebd42b21303ad84b39078ed45fb7a2a33aa3063c2921510618bbd7433f26e008", kill_on_drop: false }`
[INFO] running `Command { std: "docker" "exec" "-e" "SOURCE_DIR=/opt/rustwide/workdir" "-e" "CARGO_HOME=/opt/rustwide/cargo-home" "-e" "RUSTUP_HOME=/opt/rustwide/rustup-home" "-e" "CARGO_TARGET_DIR=/opt/rustwide/target" "-w" "/opt/rustwide/workdir" "--user" "0:0" "ebd42b21303ad84b39078ed45fb7a2a33aa3063c2921510618bbd7433f26e008" "/opt/rustwide/cargo-home/bin/cargo" "+1.100.0-beta.1" "metadata" "--no-deps" "--format-version=1", kill_on_drop: false }`
[INFO] running `Command { std: "docker" "inspect" "ebd42b21303ad84b39078ed45fb7a2a33aa3063c2921510618bbd7433f26e008", kill_on_drop: false }`
[INFO] running `Command { std: "docker" "exec" "-e" "SOURCE_DIR=/opt/rustwide/workdir" "-e" "CARGO_HOME=/opt/rustwide/cargo-home" "-e" "RUSTUP_HOME=/opt/rustwide/rustup-home" "-e" "CARGO_TARGET_DIR=/opt/rustwide/target" "-e" "CARGO_INCREMENTAL=0" "-e" "RUST_BACKTRACE=full" "-e" "RUSTFLAGS=--cap-lints=warn" "-e" "RUSTDOCFLAGS=--cap-lints=warn" "-w" "/opt/rustwide/workdir" "--user" "0:0" "ebd42b21303ad84b39078ed45fb7a2a33aa3063c2921510618bbd7433f26e008" "/opt/rustwide/cargo-home/bin/cargo" "+1.100.0-beta.1" "build" "--frozen" "--message-format=json", kill_on_drop: false }`
[INFO] [stderr]    Compiling log v0.4.29
[INFO] [stderr]    Compiling bytemuck v1.24.0
[INFO] [stderr]    Compiling arrayvec v0.7.6
[INFO] [stderr]    Compiling proc-macro2 v1.0.103
[INFO] [stderr]    Compiling quote v1.0.42
[INFO] [stderr]    Compiling strength_reduce v0.2.4
[INFO] [stderr]    Compiling extended v0.1.0
[INFO] [stderr]    Compiling num-traits v0.2.19
[INFO] [stderr]    Compiling either v1.15.0
[INFO] [stderr]    Compiling memchr v2.7.6
[INFO] [stderr]    Compiling crossbeam-deque v0.8.6
[INFO] [stderr]    Compiling rayon-core v1.13.0
[INFO] [stderr]    Compiling symphonia-core v0.5.5
[INFO] [stderr]    Compiling rayon v1.11.0
[INFO] [stderr]    Compiling serde_json v1.0.145
[INFO] [stderr]    Compiling syn v2.0.111
[INFO] [stderr]    Compiling num-integer v0.1.46
[INFO] [stderr]    Compiling num-complex v0.4.6
[INFO] [stderr]    Compiling transpose v0.2.3
[INFO] [stderr]    Compiling primal-check v0.3.4
[INFO] [stderr]    Compiling symphonia-metadata v0.5.5
[INFO] [stderr]    Compiling symphonia-codec-aac v0.5.5
[INFO] [stderr]    Compiling symphonia-codec-pcm v0.5.5
[INFO] [stderr]    Compiling symphonia-codec-alac v0.5.5
[INFO] [stderr]    Compiling symphonia-codec-adpcm v0.5.5
[INFO] [stderr]    Compiling rustfft v6.4.1
[INFO] [stderr]    Compiling symphonia-utils-xiph v0.5.5
[INFO] [stderr]    Compiling symphonia-format-caf v0.5.5
[INFO] [stderr]    Compiling symphonia-format-riff v0.5.5
[INFO] [stderr]    Compiling symphonia-bundle-mp3 v0.5.5
[INFO] [stderr]    Compiling symphonia-format-isomp4 v0.5.5
[INFO] [stderr]    Compiling symphonia-codec-vorbis v0.5.5
[INFO] [stderr]    Compiling symphonia-bundle-flac v0.5.5
[INFO] [stderr]    Compiling symphonia-format-ogg v0.5.5
[INFO] [stderr]    Compiling symphonia-format-mkv v0.5.5
[INFO] [stderr]    Compiling symphonia v0.5.5
[INFO] [stderr]    Compiling serde_derive v1.0.228
[INFO] [stderr]    Compiling serde v1.0.228
[INFO] [stderr]    Compiling stratum-dsp v1.0.0 (/opt/rustwide/workdir)
[INFO] [stderr] warning: unused dependency `rayon`
[INFO] [stderr]   --> Cargo.toml:13:15
[INFO] [stderr]    |
[INFO] [stderr] 13 | [dependencies.rayon]
[INFO] [stderr]    |               ^^^^^^
[INFO] [stderr]    |
[INFO] [stderr]    = note: `cargo::unused_dependencies` is set to `warn` by default
[INFO] [stderr] help: consider removing the dependency on `rayon`
[INFO] [stderr] warning: unused dependency `serde_json`
[INFO] [stderr]   --> Cargo.toml:23:15
[INFO] [stderr]    |
[INFO] [stderr] 23 | [dependencies.serde_json]
[INFO] [stderr]    |               ^^^^^^^^^^^
[INFO] [stderr]    |
[INFO] [stderr] help: consider removing the dependency on `serde_json`
[INFO] [stderr] warning: unused dependency `symphonia`
[INFO] [stderr]   --> Cargo.toml:26:15
[INFO] [stderr]    |
[INFO] [stderr] 26 | [dependencies.symphonia]
[INFO] [stderr]    |               ^^^^^^^^^^
[INFO] [stderr]    |
[INFO] [stderr] help: consider removing the dependency on `symphonia`
[INFO] [stderr] warning: `stratum-dsp` (manifest) generated 3 warnings
[INFO] [stderr]     Finished `dev` profile [unoptimized + debuginfo] target(s) in 26.66s
[INFO] running `Command { std: "docker" "inspect" "ebd42b21303ad84b39078ed45fb7a2a33aa3063c2921510618bbd7433f26e008", kill_on_drop: false }`
[INFO] running `Command { std: "docker" "exec" "-e" "SOURCE_DIR=/opt/rustwide/workdir" "-e" "CARGO_HOME=/opt/rustwide/cargo-home" "-e" "RUSTUP_HOME=/opt/rustwide/rustup-home" "-e" "CARGO_TARGET_DIR=/opt/rustwide/target" "-e" "CARGO_INCREMENTAL=0" "-e" "RUST_BACKTRACE=full" "-e" "RUSTFLAGS=--cap-lints=warn" "-e" "RUSTDOCFLAGS=--cap-lints=warn" "-w" "/opt/rustwide/workdir" "--user" "0:0" "ebd42b21303ad84b39078ed45fb7a2a33aa3063c2921510618bbd7433f26e008" "/opt/rustwide/cargo-home/bin/cargo" "+1.100.0-beta.1" "test" "--frozen" "--no-run" "--message-format=json", kill_on_drop: false }`
[INFO] [stderr]    Compiling log v0.4.29
[INFO] [stderr]    Compiling zerocopy v0.8.31
[INFO] [stderr]    Compiling aho-corasick v1.1.4
[INFO] [stderr]    Compiling regex-syntax v0.8.8
[INFO] [stderr]    Compiling either v1.15.0
[INFO] [stderr]    Compiling anstyle v1.0.13
[INFO] [stderr]    Compiling libc v0.2.178
[INFO] [stderr]    Compiling serde_json v1.0.145
[INFO] [stderr]    Compiling clap_lex v0.7.6
[INFO] [stderr]    Compiling anstyle-parse v0.2.7
[INFO] [stderr]    Compiling syn v2.0.111
[INFO] [stderr]    Compiling colorchoice v1.0.4
[INFO] [stderr]    Compiling plotters v0.3.7
[INFO] [stderr]    Compiling jiff v0.2.16
[INFO] [stderr]    Compiling hound v3.5.1
[INFO] [stderr]    Compiling symphonia-core v0.5.5
[INFO] [stderr]    Compiling clap_builder v4.5.53
[INFO] [stderr]    Compiling anstream v0.6.21
[INFO] [stderr]    Compiling rayon v1.11.0
[INFO] [stderr]    Compiling itertools v0.10.5
[INFO] [stderr]    Compiling criterion-plot v0.5.0
[INFO] [stderr]    Compiling regex-automata v0.4.13
[INFO] [stderr]    Compiling symphonia-metadata v0.5.5
[INFO] [stderr]    Compiling symphonia-codec-pcm v0.5.5
[INFO] [stderr]    Compiling symphonia-codec-adpcm v0.5.5
[INFO] [stderr]    Compiling symphonia-codec-alac v0.5.5
[INFO] [stderr]    Compiling symphonia-codec-aac v0.5.5
[INFO] [stderr]    Compiling is-terminal v0.4.17
[INFO] [stderr]    Compiling symphonia-utils-xiph v0.5.5
[INFO] [stderr]    Compiling symphonia-bundle-mp3 v0.5.5
[INFO] [stderr]    Compiling symphonia-format-caf v0.5.5
[INFO] [stderr]    Compiling symphonia-format-riff v0.5.5
[INFO] [stderr]    Compiling symphonia-format-ogg v0.5.5
[INFO] [stderr]    Compiling symphonia-bundle-flac v0.5.5
[INFO] [stderr]    Compiling symphonia-format-mkv v0.5.5
[INFO] [stderr]    Compiling symphonia-codec-vorbis v0.5.5
[INFO] [stderr]    Compiling symphonia-format-isomp4 v0.5.5
[INFO] [stderr]    Compiling clap v4.5.53
[INFO] [stderr]    Compiling symphonia v0.5.5
[INFO] [stderr]    Compiling zerocopy-derive v0.8.31
[INFO] [stderr]    Compiling serde_derive v1.0.228
[INFO] [stderr]    Compiling regex v1.12.2
[INFO] [stderr]    Compiling env_filter v0.1.4
[INFO] [stderr]    Compiling env_logger v0.11.8
[INFO] [stderr]    Compiling serde v1.0.228
[INFO] [stderr]    Compiling half v2.7.1
[INFO] [stderr]    Compiling tinytemplate v1.2.1
[INFO] [stderr]    Compiling stratum-dsp v1.0.0 (/opt/rustwide/workdir)
[INFO] [stderr]    Compiling ciborium-ll v0.2.2
[INFO] [stderr]    Compiling ciborium v0.2.2
[INFO] [stderr]    Compiling criterion v0.5.1
[INFO] [stderr] warning: unused dependency `rayon`
[INFO] [stderr]   --> Cargo.toml:13:15
[INFO] [stderr]    |
[INFO] [stderr] 13 | [dependencies.rayon]
[INFO] [stderr]    |               ^^^^^^
[INFO] [stderr]    |
[INFO] [stderr]    = note: `cargo::unused_dependencies` is set to `warn` by default
[INFO] [stderr] help: consider removing the dependency on `rayon`
[INFO] [stderr] help: to still use for development builds, move to `dev-dependencies`
[INFO] [stderr] warning: unused dependency `serde_json`
[INFO] [stderr]   --> Cargo.toml:23:15
[INFO] [stderr]    |
[INFO] [stderr] 23 | [dependencies.serde_json]
[INFO] [stderr]    |               ^^^^^^^^^^^
[INFO] [stderr]    |
[INFO] [stderr] help: consider removing the dependency on `serde_json`
[INFO] [stderr] help: to still use for development builds, move to `dev-dependencies`
[INFO] [stderr] warning: unused dependency `symphonia`
[INFO] [stderr]   --> Cargo.toml:26:15
[INFO] [stderr]    |
[INFO] [stderr] 26 | [dependencies.symphonia]
[INFO] [stderr]    |               ^^^^^^^^^^
[INFO] [stderr]    |
[INFO] [stderr] help: consider removing the dependency on `symphonia`
[INFO] [stderr] help: to still use for development builds, move to `dev-dependencies`
[INFO] [stderr] warning: `stratum-dsp` (manifest) generated 3 warnings
[INFO] [stderr]     Finished `test` profile [unoptimized + debuginfo] target(s) in 32.78s
[INFO] running `Command { std: "docker" "inspect" "ebd42b21303ad84b39078ed45fb7a2a33aa3063c2921510618bbd7433f26e008", kill_on_drop: false }`
[INFO] running `Command { std: "docker" "exec" "-e" "SOURCE_DIR=/opt/rustwide/workdir" "-e" "CARGO_HOME=/opt/rustwide/cargo-home" "-e" "RUSTUP_HOME=/opt/rustwide/rustup-home" "-e" "CARGO_TARGET_DIR=/opt/rustwide/target" "-e" "CARGO_INCREMENTAL=0" "-e" "RUST_BACKTRACE=full" "-e" "RUSTFLAGS=--cap-lints=warn" "-e" "RUSTDOCFLAGS=--cap-lints=warn" "-w" "/opt/rustwide/workdir" "--user" "0:0" "ebd42b21303ad84b39078ed45fb7a2a33aa3063c2921510618bbd7433f26e008" "/opt/rustwide/cargo-home/bin/cargo" "+1.100.0-beta.1" "test" "--frozen", kill_on_drop: false }`
[INFO] [stderr] warning: unused dependency `rayon`
[INFO] [stderr]   --> Cargo.toml:13:15
[INFO] [stderr]    |
[INFO] [stderr] 13 | [dependencies.rayon]
[INFO] [stderr]    |               ^^^^^^
[INFO] [stderr]    |
[INFO] [stderr]    = note: `cargo::unused_dependencies` is set to `warn` by default
[INFO] [stderr] help: consider removing the dependency on `rayon`
[INFO] [stderr] help: to still use for development builds, move to `dev-dependencies`
[INFO] [stderr] warning: unused dependency `serde_json`
[INFO] [stderr]   --> Cargo.toml:23:15
[INFO] [stderr]    |
[INFO] [stderr] 23 | [dependencies.serde_json]
[INFO] [stderr]    |               ^^^^^^^^^^^
[INFO] [stderr]    |
[INFO] [stderr] help: consider removing the dependency on `serde_json`
[INFO] [stderr] help: to still use for development builds, move to `dev-dependencies`
[INFO] [stderr] warning: unused dependency `symphonia`
[INFO] [stderr]   --> Cargo.toml:26:15
[INFO] [stderr]    |
[INFO] [stderr] 26 | [dependencies.symphonia]
[INFO] [stderr]    |               ^^^^^^^^^^
[INFO] [stderr]    |
[INFO] [stderr] help: consider removing the dependency on `symphonia`
[INFO] [stderr] help: to still use for development builds, move to `dev-dependencies`
[INFO] [stderr] warning: `stratum-dsp` (manifest) generated 3 warnings
[INFO] [stderr]     Finished `test` profile [unoptimized + debuginfo] target(s) in 0.20s
[INFO] [stderr]      Running unittests src/lib.rs (/opt/rustwide/target/debug/build/stratum-dsp/857dd07859353ce3/out/stratum_dsp-857dd07859353ce3)
[INFO] [stdout] 
[INFO] [stdout] running 223 tests
[INFO] [stdout] test analysis::confidence::tests::test_compute_confidence_with_warnings ... ok
[INFO] [stdout] test analysis::confidence::tests::test_compute_confidence_all_failed ... ok
[INFO] [stdout] test analysis::confidence::tests::test_key_clarity_adjustment ... ok
[INFO] [stdout] test analysis::confidence::tests::test_compute_confidence_bpm_failed ... ok
[INFO] [stdout] test analysis::confidence::tests::test_confidence_helper_methods ... ok
[INFO] [stdout] test analysis::confidence::tests::test_compute_confidence_all_good ... ok
[INFO] [stdout] test analysis::result::tests::test_key_name_major ... ok
[INFO] [stdout] test analysis::result::tests::test_key_numerical_minor ... ok
[INFO] [stdout] test analysis::result::tests::test_key_from_numerical ... ok
[INFO] [stdout] test analysis::confidence::tests::test_compute_confidence_clamping ... ok
[INFO] [stdout] test analysis::confidence::tests::test_compute_confidence_key_failed ... ok
[INFO] [stdout] test analysis::result::tests::test_key_name_minor ... ok
[INFO] [stdout] test analysis::result::tests::test_key_numerical_major ... ok
[INFO] [stdout] test features::beat_tracking::bayesian::tests::test_update_with_onsets_empty ... ok
[INFO] [stdout] test features::beat_tracking::bayesian::tests::test_update_with_onsets_invalid_bpm ... ok
[INFO] [stdout] test features::beat_tracking::hmm::tests::test_build_transition_matrix ... ok
[INFO] [stdout] test features::beat_tracking::hmm::tests::test_hmm_tracker_creation ... ok
[INFO] [stdout] test features::beat_tracking::bayesian::tests::test_bayesian_tracker_creation ... ok
[INFO] [stdout] test features::beat_tracking::bayesian::tests::test_generate_bpm_candidates ... ok
[INFO] [stdout] test features::beat_tracking::bayesian::tests::test_get_bpm_and_confidence ... ok
[INFO] [stdout] test analysis::result::tests::test_key_numerical_roundtrip ... ok
[INFO] [stdout] test features::beat_tracking::bayesian::tests::test_bayesian_tracker_confidence_clamping ... ok
[INFO] [stdout] test features::beat_tracking::bayesian::tests::test_compute_likelihood_empty_onsets ... ok
[INFO] [stdout] test features::beat_tracking::hmm::tests::test_build_state_space ... ok
[INFO] [stdout] test features::beat_tracking::hmm::tests::test_track_beats_basic ... ok
[INFO] [stdout] test features::beat_tracking::bayesian::tests::test_update_with_onsets ... ok
[INFO] [stdout] test features::beat_tracking::hmm::tests::test_track_beats_128bpm ... ok
[INFO] [stdout] test features::beat_tracking::hmm::tests::test_extract_beats_from_path ... ok
[INFO] [stdout] test features::beat_tracking::bayesian::tests::test_compute_prior ... ok
[INFO] [stdout] test features::beat_tracking::hmm::tests::test_track_beats_empty_onsets ... ok
[INFO] [stdout] test features::beat_tracking::hmm::tests::test_viterbi_forward_pass ... ok
[INFO] [stdout] test features::beat_tracking::tempo_variation::tests::test_detect_tempo_variations_empty ... ok
[INFO] [stdout] test features::beat_tracking::tempo_variation::tests::test_detect_tempo_variations_constant ... ok
[INFO] [stdout] test features::beat_tracking::hmm::tests::test_track_beats_invalid_bpm ... ok
[INFO] [stdout] test features::beat_tracking::hmm::tests::test_track_beats_single_onset ... ok
[INFO] [stdout] test features::beat_tracking::tests::test_calculate_grid_stability_insufficient_beats ... ok
[INFO] [stdout] test features::beat_tracking::bayesian::tests::test_get_history ... ok
[INFO] [stdout] test features::beat_tracking::hmm::tests::test_compute_emission_probabilities ... ok
[INFO] [stdout] test features::beat_tracking::bayesian::tests::test_compute_likelihood ... ok
[INFO] [stdout] test features::beat_tracking::tests::test_detect_downbeats ... ok
[INFO] [stdout] test features::beat_tracking::time_signature::tests::test_time_signature_beats_per_bar ... ok
[INFO] [stdout] test features::beat_tracking::time_signature::tests::test_time_signature_insufficient_beats ... ok
[INFO] [stdout] test features::beat_tracking::time_signature::tests::test_time_signature_four_four ... ok
[INFO] [stdout] test features::beat_tracking::time_signature::tests::test_time_signature_name ... ok
[INFO] [stdout] test features::beat_tracking::time_signature::tests::test_time_signature_three_four ... ok
[INFO] [stdout] test features::beat_tracking::tests::test_generate_beat_grid_invalid_bpm ... ok
[INFO] [stdout] test features::beat_tracking::tests::test_calculate_grid_stability_perfect ... ok
[INFO] [stdout] test features::beat_tracking::tests::test_calculate_grid_stability_variable ... ok
[INFO] [stdout] test features::chroma::extractor::tests::test_extract_chroma_empty ... ok
[INFO] [stdout] test features::chroma::extractor::tests::test_extract_chroma_short ... ok
[INFO] [stdout] test features::beat_tracking::tests::test_detect_downbeats_single_beat ... ok
[INFO] [stdout] test features::chroma::normalization::tests::test_l2_normalize_chroma_zero ... ok
[INFO] [stdout] test features::beat_tracking::tests::test_generate_beat_grid_128bpm ... ok
[INFO] [stdout] test features::chroma::normalization::tests::test_sharpen_chroma ... ok
[INFO] [stdout] test features::chroma::normalization::tests::test_sharpen_chroma_empty ... ok
[INFO] [stdout] test features::chroma::normalization::tests::test_sharpen_chroma_power_one ... ok
[INFO] [stdout] test features::chroma::smoothing::tests::test_smooth_chroma_average ... ok
[INFO] [stdout] test features::chroma::extractor::tests::test_frame_to_chroma ... ok
[INFO] [stdout] test features::chroma::smoothing::tests::test_smooth_chroma_basic ... ok
[INFO] [stdout] test features::chroma::smoothing::tests::test_smooth_chroma_empty ... ok
[INFO] [stdout] test features::chroma::smoothing::tests::test_smooth_chroma_even_window_size ... ok
[INFO] [stdout] test features::chroma::smoothing::tests::test_smooth_chroma_single_frame ... ok
[INFO] [stdout] test features::beat_tracking::tests::test_generate_beat_grid_empty_onsets ... ok
[INFO] [stdout] test features::beat_tracking::tests::test_generate_beat_grid_from_positions ... ok
[INFO] [stdout] test features::chroma::normalization::tests::test_l2_normalize_chroma ... ok
[INFO] [stdout] test features::chroma::extractor::tests::test_invalid_parameters ... ok
[INFO] [stdout] test features::beat_tracking::tests::test_detect_downbeats_empty ... ok
[INFO] [stdout] test features::beat_tracking::tempo_variation::tests::test_detect_tempo_variations_insufficient_beats ... ok
[INFO] [stdout] test features::beat_tracking::tempo_variation::tests::test_detect_tempo_variations_variable ... ok
[INFO] [stdout] test features::chroma::smoothing::tests::test_smooth_chroma_window_size_one ... ok
[INFO] [stdout] test features::chroma::normalization::tests::test_l2_normalize_chroma_empty ... ok
[INFO] [stdout] test features::key::detector::tests::test_average_chroma ... ok
[INFO] [stdout] test features::key::key_clarity::tests::test_compute_key_clarity_clamped ... ok
[INFO] [stdout] test features::key::key_clarity::tests::test_compute_key_clarity_empty ... ok
[INFO] [stdout] test features::key::detector::tests::test_detect_key_wrong_dimensions ... ok
[INFO] [stdout] test features::key::key_clarity::tests::test_compute_key_clarity_high ... ok
[INFO] [stdout] test features::key::templates::tests::test_c_major_template ... ok
[INFO] [stdout] test features::key::key_changes::tests::test_detect_key_changes_empty ... ok
[INFO] [stdout] test features::key::key_clarity::tests::test_compute_key_clarity_low ... ok
[INFO] [stdout] test features::key::key_clarity::tests::test_compute_key_clarity_single ... ok
[INFO] [stdout] test features::key::key_clarity::tests::test_compute_key_clarity_all_same ... ok
[INFO] [stdout] test features::key::detector::tests::test_detect_key_basic ... ok
[INFO] [stdout] test features::beat_tracking::tests::test_generate_beat_grid_from_positions_empty ... ok
[INFO] [stdout] test features::key::detector::tests::test_detect_key_empty ... ok
[INFO] [stdout] test features::key::detector::tests::test_dot_product ... ok
[INFO] [stdout] test features::key::templates::tests::test_get_template ... ok
[INFO] [stdout] test features::key::templates::tests::test_key_templates_creation ... ok
[INFO] [stdout] test features::onset::consensus::tests::test_consensus_voting_basic ... ok
[INFO] [stdout] test features::beat_tracking::tempo_variation::tests::test_has_tempo_variation ... ok
[INFO] [stdout] test features::key::templates::tests::test_a_minor_template ... ok
[INFO] [stdout] test features::beat_tracking::tests::test_generate_beat_grid_basic ... ok
[INFO] [stdout] test features::key::templates::tests::test_template_rotation ... ok
[INFO] [stdout] test features::onset::consensus::tests::test_consensus_voting_weighted ... ok
[INFO] [stdout] test features::onset::consensus::tests::test_consensus_voting_empty ... ok
[INFO] [stdout] test features::onset::consensus::tests::test_consensus_voting_invalid_parameters ... ok
[INFO] [stdout] test features::onset::consensus::tests::test_consensus_voting_partial_agreement ... ok
[INFO] [stdout] test features::onset::consensus::tests::test_consensus_voting_separate_onsets ... ok
[INFO] [stdout] test features::onset::consensus::tests::test_consensus_voting_sorted_by_confidence ... ok
[INFO] [stdout] test features::onset::consensus::tests::test_consensus_voting_time_conversion ... ok
[INFO] [stdout] test features::onset::consensus::tests::test_consensus_voting_clustering ... ok
[INFO] [stdout] test features::onset::energy_flux::tests::test_energy_flux_empty_samples ... ok
[INFO] [stdout] test features::onset::energy_flux::tests::test_energy_flux_invalid_parameters ... ok
[INFO] [stdout] test features::onset::hfc::tests::test_hfc_invalid_percentile ... ok
[INFO] [stdout] test features::onset::hfc::tests::test_hfc_empty ... ok
[INFO] [stdout] test features::onset::hfc::tests::test_hfc_frequency_weighting ... ok
[INFO] [stdout] test features::onset::energy_flux::tests::test_energy_flux_too_short_audio ... ok
[INFO] [stdout] test features::onset::hfc::tests::test_hfc_inconsistent_lengths ... ok
[INFO] [stdout] test features::onset::hpss::tests::test_detect_hpss_onsets_empty ... ok
[INFO] [stdout] test features::onset::hfc::tests::test_hfc_basic ... ok
[INFO] [stdout] test features::onset::hpss::tests::test_detect_hpss_onsets_single_frame ... ok
[INFO] [stdout] test features::onset::hpss::tests::test_detect_hpss_onsets_basic ... ok
[INFO] [stdout] test features::onset::hfc::tests::test_hfc_threshold_sensitivity ... ok
[INFO] [stdout] test features::onset::hfc::tests::test_hfc_multiple_changes ... ok
[INFO] [stdout] test features::onset::hpss::tests::test_detect_hpss_onsets_threshold_sensitivity ... ok
[INFO] [stdout] test features::onset::hfc::tests::test_hfc_zero_sample_rate ... ok
[INFO] [stdout] test features::onset::hfc::tests::test_hfc_all_zeros ... ok
[INFO] [stdout] test features::onset::hfc::tests::test_hfc_single_frame ... ok
[INFO] [stdout] test features::onset::spectral_flux::tests::test_spectral_flux_all_zeros ... ok
[INFO] [stdout] test features::onset::spectral_flux::tests::test_spectral_flux_empty ... ok
[INFO] [stdout] test features::onset::hpss::tests::test_hpss_decompose_empty ... ok
[INFO] [stdout] test features::onset::hpss::tests::test_detect_hpss_onsets_invalid_percentile ... ok
[INFO] [stdout] test features::onset::spectral_flux::tests::test_spectral_flux_inconsistent_lengths ... ok
[INFO] [stdout] test features::onset::spectral_flux::tests::test_spectral_flux_normalization ... ok
[INFO] [stdout] test features::onset::spectral_flux::tests::test_spectral_flux_single_frame ... ok
[INFO] [stdout] test features::onset::energy_flux::tests::test_energy_flux_silent_audio ... ok
[INFO] [stdout] test features::onset::spectral_flux::tests::test_spectral_flux_multiple_changes ... ok
[INFO] [stdout] test features::onset::threshold::tests::test_adaptive_threshold_median_mad_basic ... ok
[INFO] [stdout] test features::onset::threshold::tests::test_adaptive_threshold_median_mad_single_value ... ok
[INFO] [stdout] test features::onset::threshold::tests::test_percentile_threshold_empty ... ok
[INFO] [stdout] test features::onset::threshold::tests::test_percentile_threshold_invalid_percentile ... ok
[INFO] [stdout] test features::period::autocorrelation::tests::test_autocorrelation_128bpm ... ok
[INFO] [stdout] test features::onset::threshold::tests::test_percentile_threshold_basic ... ok
[INFO] [stdout] test features::period::autocorrelation::tests::test_autocorrelation_basic_120bpm ... ok
[INFO] [stdout] test features::onset::hpss::tests::test_hpss_decompose_inconsistent_lengths ... ok
[INFO] [stdout] test features::period::autocorrelation::tests::test_autocorrelation_invalid_params ... ok
[INFO] [stdout] test features::period::autocorrelation::tests::test_compute_autocorrelation_fft ... ok
[INFO] [stdout] test features::period::autocorrelation::tests::test_find_peaks_in_acf ... ok
[INFO] [stdout] test features::period::candidate_filter::tests::test_merge_candidates_agreement ... ok
[INFO] [stdout] test features::period::candidate_filter::tests::test_merge_candidates_empty ... ok
[INFO] [stdout] test features::onset::spectral_flux::tests::test_spectral_flux_basic ... ok
[INFO] [stdout] test features::period::candidate_filter::tests::test_merge_candidates_grouping ... ok
[INFO] [stdout] test features::period::candidate_filter::tests::test_merge_candidates_octave_error ... ok
[INFO] [stdout] test features::onset::spectral_flux::tests::test_spectral_flux_invalid_percentile ... ok
[INFO] [stdout] test features::onset::threshold::tests::test_adaptive_threshold_median_mad_empty ... ok
[INFO] [stdout] test features::onset::energy_flux::tests::test_energy_flux_threshold_sensitivity ... ok
[INFO] [stdout] test features::onset::spectral_flux::tests::test_spectral_flux_threshold_sensitivity ... ok
[INFO] [stdout] test features::onset::energy_flux::tests::test_energy_flux_basic ... ok
[INFO] [stdout] test features::period::autocorrelation::tests::test_autocorrelation_empty_onsets ... ok
[INFO] [stdout] test features::period::candidate_filter::tests::test_merge_candidates_single_method ... ok
[INFO] [stdout] test features::period::candidate_filter::tests::test_merge_candidates_sorted ... ok
[INFO] [stdout] test features::period::autocorrelation::tests::test_autocorrelation_single_onset ... ok
[INFO] [stdout] test features::period::candidate_filter::tests::test_merge_candidates_octave_error_half ... ok
[INFO] [stdout] test features::period::comb_filter::tests::test_coarse_to_fine_search ... ok
[INFO] [stdout] test features::period::comb_filter::tests::test_coarse_to_fine_search_empty ... ok
[INFO] [stdout] test features::period::comb_filter::tests::test_comb_filter_invalid_params ... ok
[INFO] [stdout] test features::period::comb_filter::tests::test_comb_filter_120bpm ... ok
[INFO] [stdout] test features::period::comb_filter::tests::test_comb_filter_128bpm ... ok
[INFO] [stdout] test features::period::comb_filter::tests::test_comb_filter_single_onset ... ok
[INFO] [stdout] test features::period::comb_filter::tests::test_score_bpm_candidate ... ok
[INFO] [stdout] test features::period::comb_filter::tests::test_coarse_to_fine_search_performance ... ok
[INFO] [stdout] test features::period::comb_filter::tests::test_comb_filter_empty_onsets ... ok
[INFO] [stdout] test features::period::comb_filter::tests::test_comb_filter_resolution ... ok
[INFO] [stdout] test features::period::novelty::tests::test_energy_flux_novelty_basic ... ok
[INFO] [stdout] test features::period::novelty::tests::test_spectral_flux_novelty_single_frame ... ok
[INFO] [stdout] test features::period::multi_resolution::tests::test_multi_resolution_analysis_empty ... ok
[INFO] [stdout] test features::period::peak_picking::tests::test_find_peaks_edge_cases ... ok
[INFO] [stdout] test features::period::novelty::tests::test_combined_novelty ... ok
[INFO] [stdout] test features::period::peak_picking::tests::test_find_peaks_empty ... ok
[INFO] [stdout] test features::period::novelty::tests::test_combined_novelty_different_lengths ... ok
[INFO] [stdout] test features::period::peak_picking::tests::test_find_peaks_min_distance ... ok
[INFO] [stdout] test features::period::peak_picking::tests::test_find_peaks_too_short ... ok
[INFO] [stdout] test features::period::novelty::tests::test_spectral_flux_novelty_basic ... ok
[INFO] [stdout] test features::period::peak_picking::tests::test_find_peaks_basic ... ok
[INFO] [stdout] test features::period::peak_picking::tests::test_find_peaks_sorted ... ok
[INFO] [stdout] test features::period::novelty::tests::test_hfc_novelty_basic ... ok
[INFO] [stdout] test features::period::tempogram::tests::test_estimate_bpm_tempogram_empty ... ok
[INFO] [stdout] test features::period::peak_picking::tests::test_find_peaks_threshold ... ok
[INFO] [stdout] test features::period::peak_picking::tests::test_find_peaks_all_below_threshold ... ok
[INFO] [stdout] test features::period::tempogram_autocorr::tests::test_autocorrelation_tempogram_empty ... ok
[INFO] [stdout] test features::period::novelty::tests::test_spectral_flux_novelty_empty ... ok
[INFO] [stdout] test features::period::tempogram_autocorr::tests::test_autocorrelation_tempogram_periodic ... ok
[INFO] [stdout] test features::period::tempogram_autocorr::tests::test_find_best_bpm_autocorr ... ok
[INFO] [stdout] test features::period::tempogram_fft::tests::test_fft_tempogram_invalid_params ... ok
[INFO] [stdout] test features::period::tempogram_fft::tests::test_find_best_bpm_fft ... ok
[INFO] [stdout] test features::period::tempogram_fft::tests::test_fft_tempogram_empty ... ok
[INFO] [stdout] test features::period::tempogram_fft::tests::test_fft_tempogram_periodic ... ok
[INFO] [stdout] test features::period::tempogram_fft::tests::test_find_best_bpm_fft_empty ... ok
[INFO] [stdout] test preprocessing::channel_mixer::tests::test_stereo_to_mono_all_modes ... ok
[INFO] [stdout] test features::period::tempogram_autocorr::tests::test_find_best_bpm_autocorr_empty ... ok
[INFO] [stdout] test preprocessing::channel_mixer::tests::test_stereo_to_mono_dominant ... ok
[INFO] [stdout] test preprocessing::channel_mixer::tests::test_stereo_to_mono_different_lengths ... ok
[INFO] [stdout] test preprocessing::channel_mixer::tests::test_stereo_to_mono_midside ... ok
[INFO] [stdout] test preprocessing::channel_mixer::tests::test_stereo_to_mono_simple_average ... ok
[INFO] [stdout] test preprocessing::normalization::tests::test_empty_samples ... ok
[INFO] [stdout] test preprocessing::channel_mixer::tests::test_stereo_to_mono_empty ... ok
[INFO] [stdout] test preprocessing::normalization::tests::test_k_weighting_filter ... ok
[INFO] [stdout] test preprocessing::channel_mixer::tests::test_stereo_to_mono_dominant_tie ... ok
[INFO] [stdout] test features::period::tempogram_autocorr::tests::test_autocorrelation_tempogram_invalid_params ... ok
[INFO] [stdout] test preprocessing::channel_mixer::tests::test_stereo_to_mono_center ... ok
[INFO] [stdout] test preprocessing::normalization::tests::test_silent_audio ... ok
[INFO] [stdout] test preprocessing::normalization::tests::test_ultra_quiet_audio ... ok
[INFO] [stdout] test preprocessing::silence::tests::test_detect_and_trim_all_silent ... ok
[INFO] [stdout] test preprocessing::normalization::tests::test_peak_normalization ... ok
[INFO] [stdout] test preprocessing::normalization::tests::test_rms_normalization ... ok
[INFO] [stdout] test features::key::key_changes::tests::test_detect_key_changes_basic ... ok
[INFO] [stdout] test preprocessing::silence::tests::test_detect_and_trim_invalid_parameters ... ok
[INFO] [stdout] test preprocessing::normalization::tests::test_lufs_calculation ... ok
[INFO] [stdout] test preprocessing::silence::tests::test_detect_and_trim_empty_samples ... ok
[INFO] [stdout] test preprocessing::silence::tests::test_detect_and_trim_leading_trailing ... ok
[INFO] [stdout] test preprocessing::silence::tests::test_detect_and_trim_min_duration ... ok
[INFO] [stdout] test features::onset::energy_flux::tests::test_energy_flux_kick_pattern_120_bpm ... ok
[INFO] [stdout] test preprocessing::silence::tests::test_detect_and_trim_no_silence ... ok
[INFO] [stdout] test preprocessing::normalization::tests::test_lufs_normalization ... ok
[INFO] [stdout] test preprocessing::silence::tests::test_detect_and_trim_threshold_sensitivity ... ok
[INFO] [stdout] test features::period::tempogram::tests::test_estimate_bpm_tempogram_agreement ... ok
[INFO] [stdout] test features::onset::hpss::tests::test_hpss_decompose_basic ... ok
[INFO] [stdout] test features::period::tempogram::tests::test_estimate_bpm_tempogram_basic ... ok
[INFO] [stdout] test features::chroma::extractor::tests::test_soft_chroma_mapping ... ok
[INFO] [stdout] test features::chroma::extractor::tests::test_extract_chroma_basic ... ok
[INFO] [stdout] test features::onset::energy_flux::tests::test_energy_flux_performance ... FAILED
[INFO] [stdout] test preprocessing::channel_mixer::tests::test_stereo_to_mono_large_input ... ok
[INFO] [stdout] test features::onset::hpss::tests::test_hpss_decompose_harmonic_vs_percussive ... ok
[INFO] [stdout] test features::period::multi_resolution::tests::test_multi_resolution_analysis_basic ... ok
[INFO] [stdout] 
[INFO] [stdout] failures:
[INFO] [stdout] 
[INFO] [stdout] ---- features::onset::energy_flux::tests::test_energy_flux_performance stdout ----
[INFO] [stdout] 
[INFO] [stdout] thread 'features::onset::energy_flux::tests::test_energy_flux_performance' (1534) panicked at src/features/onset/energy_flux.rs:381:9:
[INFO] [stdout] Energy flux detection took 328ms, target is <=200ms (generous CI-safe margin)
[INFO] [stdout] stack backtrace:
[INFO] [stdout]    0:     0x5dc930d09151 - std[617be2ca0a6fd877]::backtrace_rs::backtrace::libunwind::trace
[INFO] [stdout]                                at /rustc/e3feeb59cd1bdd011a2bfcc0747b55125d9b8527/library/std/src/../../backtrace/src/backtrace/libunwind.rs:117:9
[INFO] [stdout]    1:     0x5dc930d09151 - std[617be2ca0a6fd877]::backtrace_rs::backtrace::trace_unsynchronized::<std[617be2ca0a6fd877]::sys::backtrace::_print_fmt::{closure#1}>
[INFO] [stdout]                                at /rustc/e3feeb59cd1bdd011a2bfcc0747b55125d9b8527/library/std/src/../../backtrace/src/backtrace/mod.rs:66:14
[INFO] [stdout]    2:     0x5dc930d09151 - std[617be2ca0a6fd877]::sys::backtrace::_print_fmt
[INFO] [stdout]                                at /rustc/e3feeb59cd1bdd011a2bfcc0747b55125d9b8527/library/std/src/sys/backtrace.rs:74:9
[INFO] [stdout]    3:     0x5dc930d09151 - <<std[617be2ca0a6fd877]::sys::backtrace::BacktraceLock>::print::DisplayBacktrace as core[a373ad73a504971]::fmt::Display>::fmt
[INFO] [stdout]                                at /rustc/e3feeb59cd1bdd011a2bfcc0747b55125d9b8527/library/std/src/sys/backtrace.rs:44:26
[INFO] [stdout]    4:     0x5dc930d1ea1a - <core[a373ad73a504971]::fmt::rt::Argument>::fmt
[INFO] [stdout]                                at /rustc/e3feeb59cd1bdd011a2bfcc0747b55125d9b8527/library/core/src/fmt/rt.rs:152:76
[INFO] [stdout]    5:     0x5dc930d1ea1a - core[a373ad73a504971]::fmt::write
[INFO] [stdout]    6:     0x5dc930d0d36c - core[a373ad73a504971]::io::write::default_write_fmt::<alloc[2e1b2a31b91974c5]::vec::Vec<u8>>
[INFO] [stdout]                                at /rustc/e3feeb59cd1bdd011a2bfcc0747b55125d9b8527/library/core/src/io/write.rs:402:11
[INFO] [stdout]    7:     0x5dc930d0d36c - <alloc[2e1b2a31b91974c5]::vec::Vec<u8> as core[a373ad73a504971]::io::write::Write>::write_fmt
[INFO] [stdout]                                at /rustc/e3feeb59cd1bdd011a2bfcc0747b55125d9b8527/library/core/src/io/write.rs:335:13
[INFO] [stdout]    8:     0x5dc930ce55b6 - <std[617be2ca0a6fd877]::sys::backtrace::BacktraceLock>::print
[INFO] [stdout]                                at /rustc/e3feeb59cd1bdd011a2bfcc0747b55125d9b8527/library/std/src/sys/backtrace.rs:47:9
[INFO] [stdout]    9:     0x5dc930ce55b6 - std[617be2ca0a6fd877]::panicking::default_hook::{closure#0}
[INFO] [stdout]                                at /rustc/e3feeb59cd1bdd011a2bfcc0747b55125d9b8527/library/std/src/panicking.rs:289:27
[INFO] [stdout]   10:     0x5dc930d017e9 - std[617be2ca0a6fd877]::panicking::default_hook
[INFO] [stdout]                                at /rustc/e3feeb59cd1bdd011a2bfcc0747b55125d9b8527/library/std/src/panicking.rs:313:9
[INFO] [stdout]   11:     0x5dc930c7e240 - <alloc[2e1b2a31b91974c5]::boxed::Box<dyn for<'a, 'b> core[a373ad73a504971]::ops::function::Fn<(&'a std[617be2ca0a6fd877]::panic::PanicHookInfo<'b>,), Output = ()> + core[a373ad73a504971]::marker::Sync + core[a373ad73a504971]::marker::Send> as core[a373ad73a504971]::ops::function::Fn<(&std[617be2ca0a6fd877]::panic::PanicHookInfo,)>>::call
[INFO] [stdout]                                at /rustc/e3feeb59cd1bdd011a2bfcc0747b55125d9b8527/library/alloc/src/boxed.rs:2328:9
[INFO] [stdout]   12:     0x5dc930c7e240 - test[aada8e7e76ba119b]::test_main_inner::{closure#0}
[INFO] [stdout]                                at /rustc/e3feeb59cd1bdd011a2bfcc0747b55125d9b8527/library/test/src/lib.rs:137:21
[INFO] [stdout]   13:     0x5dc930d019a2 - <alloc[2e1b2a31b91974c5]::boxed::Box<dyn for<'a, 'b> core[a373ad73a504971]::ops::function::Fn<(&'a std[617be2ca0a6fd877]::panic::PanicHookInfo<'b>,), Output = ()> + core[a373ad73a504971]::marker::Sync + core[a373ad73a504971]::marker::Send> as core[a373ad73a504971]::ops::function::Fn<(&std[617be2ca0a6fd877]::panic::PanicHookInfo,)>>::call
[INFO] [stdout]                                at /rustc/e3feeb59cd1bdd011a2bfcc0747b55125d9b8527/library/alloc/src/boxed.rs:2328:9
[INFO] [stdout]   14:     0x5dc930d019a2 - std[617be2ca0a6fd877]::panicking::panic_with_hook
[INFO] [stdout]                                at /rustc/e3feeb59cd1bdd011a2bfcc0747b55125d9b8527/library/std/src/panicking.rs:819:13
[INFO] [stdout]   15:     0x5dc930ce5662 - std[617be2ca0a6fd877]::panicking::panic_handler::{closure#0}
[INFO] [stdout]                                at /rustc/e3feeb59cd1bdd011a2bfcc0747b55125d9b8527/library/std/src/panicking.rs:685:13
[INFO] [stdout]   16:     0x5dc930cde379 - std[617be2ca0a6fd877]::sys::backtrace::__rust_end_short_backtrace::<std[617be2ca0a6fd877]::panicking::panic_handler::{closure#0}, !>
[INFO] [stdout]                                at /rustc/e3feeb59cd1bdd011a2bfcc0747b55125d9b8527/library/std/src/sys/backtrace.rs:182:18
[INFO] [stdout]   17:     0x5dc930ce626d - __rustc[ea4f61d10b84890b]::rust_begin_unwind
[INFO] [stdout]                                at /rustc/e3feeb59cd1bdd011a2bfcc0747b55125d9b8527/library/std/src/panicking.rs:676:5
[INFO] [stdout]   18:     0x5dc930d1f21c - core[a373ad73a504971]::panicking::panic_fmt
[INFO] [stdout]                                at /rustc/e3feeb59cd1bdd011a2bfcc0747b55125d9b8527/library/core/src/panicking.rs:80:14
[INFO] [stdout]   19:     0x5dc93091b4b9 - stratum_dsp[41df05dd282ce270]::features::onset::energy_flux::tests::test_energy_flux_performance
[INFO] [stdout]                                at /opt/rustwide/workdir/src/features/onset/energy_flux.rs:381:9
[INFO] [stdout]   20:     0x5dc930904e97 - stratum_dsp[41df05dd282ce270]::features::onset::energy_flux::tests::test_energy_flux_performance::{closure#0}
[INFO] [stdout]                                at /opt/rustwide/workdir/src/features/onset/energy_flux.rs:371:38
[INFO] [stdout]   21:     0x5dc930867926 - <stratum_dsp[41df05dd282ce270]::features::onset::energy_flux::tests::test_energy_flux_performance::{closure#0} as core[a373ad73a504971]::ops::function::FnOnce<()>>::call_once
[INFO] [stdout]                                at /rustc/e3feeb59cd1bdd011a2bfcc0747b55125d9b8527/library/core/src/ops/function.rs:250:5
[INFO] [stdout]   22:     0x5dc930c7168b - <fn() -> core[a373ad73a504971]::result::Result<(), alloc[2e1b2a31b91974c5]::string::String> as core[a373ad73a504971]::ops::function::FnOnce<()>>::call_once
[INFO] [stdout]                                at /rustc/e3feeb59cd1bdd011a2bfcc0747b55125d9b8527/library/core/src/ops/function.rs:250:5
[INFO] [stdout]   23:     0x5dc930c7168b - test[aada8e7e76ba119b]::__rust_begin_short_backtrace::<core[a373ad73a504971]::result::Result<(), alloc[2e1b2a31b91974c5]::string::String>, fn() -> core[a373ad73a504971]::result::Result<(), alloc[2e1b2a31b91974c5]::string::String>>
[INFO] [stdout]                                at /rustc/e3feeb59cd1bdd011a2bfcc0747b55125d9b8527/library/test/src/lib.rs:701:18
[INFO] [stdout]   24:     0x5dc930c7e865 - test[aada8e7e76ba119b]::run_test_in_process::{closure#0}
[INFO] [stdout]                                at /rustc/e3feeb59cd1bdd011a2bfcc0747b55125d9b8527/library/test/src/lib.rs:724:74
[INFO] [stdout]   25:     0x5dc930c7e865 - <core[a373ad73a504971]::panic::unwind_safe::AssertUnwindSafe<test[aada8e7e76ba119b]::run_test_in_process::{closure#0}> as core[a373ad73a504971]::ops::function::FnOnce<()>>::call_once
[INFO] [stdout]                                at /rustc/e3feeb59cd1bdd011a2bfcc0747b55125d9b8527/library/core/src/panic/unwind_safe.rs:275:9
[INFO] [stdout]   26:     0x5dc930c7e865 - std[617be2ca0a6fd877]::panicking::catch_unwind::do_call::<core[a373ad73a504971]::panic::unwind_safe::AssertUnwindSafe<test[aada8e7e76ba119b]::run_test_in_process::{closure#0}>, core[a373ad73a504971]::result::Result<(), alloc[2e1b2a31b91974c5]::string::String>>
[INFO] [stdout]                                at /rustc/e3feeb59cd1bdd011a2bfcc0747b55125d9b8527/library/std/src/panicking.rs:573:43
[INFO] [stdout]   27:     0x5dc930c7e865 - std[617be2ca0a6fd877]::panicking::catch_unwind::<core[a373ad73a504971]::result::Result<(), alloc[2e1b2a31b91974c5]::string::String>, core[a373ad73a504971]::panic::unwind_safe::AssertUnwindSafe<test[aada8e7e76ba119b]::run_test_in_process::{closure#0}>>
[INFO] [stdout]                                at /rustc/e3feeb59cd1bdd011a2bfcc0747b55125d9b8527/library/std/src/panicking.rs:541:19
[INFO] [stdout]   28:     0x5dc930c7e865 - std[617be2ca0a6fd877]::panic::catch_unwind::<core[a373ad73a504971]::panic::unwind_safe::AssertUnwindSafe<test[aada8e7e76ba119b]::run_test_in_process::{closure#0}>, core[a373ad73a504971]::result::Result<(), alloc[2e1b2a31b91974c5]::string::String>>
[INFO] [stdout]                                at /rustc/e3feeb59cd1bdd011a2bfcc0747b55125d9b8527/library/std/src/panic.rs:359:14
[INFO] [stdout]   29:     0x5dc930c7e865 - test[aada8e7e76ba119b]::run_test_in_process
[INFO] [stdout]                                at /rustc/e3feeb59cd1bdd011a2bfcc0747b55125d9b8527/library/test/src/lib.rs:724:27
[INFO] [stdout]   30:     0x5dc930c7e865 - test[aada8e7e76ba119b]::run_test::{closure#0}
[INFO] [stdout]                                at /rustc/e3feeb59cd1bdd011a2bfcc0747b55125d9b8527/library/test/src/lib.rs:645:43
[INFO] [stdout]   31:     0x5dc930c78154 - test[aada8e7e76ba119b]::run_test::{closure#1}
[INFO] [stdout]                                at /rustc/e3feeb59cd1bdd011a2bfcc0747b55125d9b8527/library/test/src/lib.rs:675:41
[INFO] [stdout]   32:     0x5dc930c78154 - std[617be2ca0a6fd877]::sys::backtrace::__rust_begin_short_backtrace::<test[aada8e7e76ba119b]::run_test::{closure#1}, ()>
[INFO] [stdout]                                at /rustc/e3feeb59cd1bdd011a2bfcc0747b55125d9b8527/library/std/src/sys/backtrace.rs:166:18
[INFO] [stdout]   33:     0x5dc930c818f2 - std[617be2ca0a6fd877]::thread::lifecycle::spawn_unchecked::<test[aada8e7e76ba119b]::run_test::{closure#1}, ()>::{closure#1}::{closure#0}
[INFO] [stdout]                                at /rustc/e3feeb59cd1bdd011a2bfcc0747b55125d9b8527/library/std/src/thread/lifecycle.rs:70:13
[INFO] [stdout]   34:     0x5dc930c818f2 - <core[a373ad73a504971]::panic::unwind_safe::AssertUnwindSafe<std[617be2ca0a6fd877]::thread::lifecycle::spawn_unchecked<test[aada8e7e76ba119b]::run_test::{closure#1}, ()>::{closure#1}::{closure#0}> as core[a373ad73a504971]::ops::function::FnOnce<()>>::call_once
[INFO] [stdout]                                at /rustc/e3feeb59cd1bdd011a2bfcc0747b55125d9b8527/library/core/src/panic/unwind_safe.rs:275:9
[INFO] [stdout]   35:     0x5dc930c818f2 - std[617be2ca0a6fd877]::panicking::catch_unwind::do_call::<core[a373ad73a504971]::panic::unwind_safe::AssertUnwindSafe<std[617be2ca0a6fd877]::thread::lifecycle::spawn_unchecked<test[aada8e7e76ba119b]::run_test::{closure#1}, ()>::{closure#1}::{closure#0}>, ()>
[INFO] [stdout]                                at /rustc/e3feeb59cd1bdd011a2bfcc0747b55125d9b8527/library/std/src/panicking.rs:573:43
[INFO] [stdout]   36:     0x5dc930c818f2 - std[617be2ca0a6fd877]::panicking::catch_unwind::<(), core[a373ad73a504971]::panic::unwind_safe::AssertUnwindSafe<std[617be2ca0a6fd877]::thread::lifecycle::spawn_unchecked<test[aada8e7e76ba119b]::run_test::{closure#1}, ()>::{closure#1}::{closure#0}>>
[INFO] [stdout]                                at /rustc/e3feeb59cd1bdd011a2bfcc0747b55125d9b8527/library/std/src/panicking.rs:541:19
[INFO] [stdout]   37:     0x5dc930c818f2 - std[617be2ca0a6fd877]::panic::catch_unwind::<core[a373ad73a504971]::panic::unwind_safe::AssertUnwindSafe<std[617be2ca0a6fd877]::thread::lifecycle::spawn_unchecked<test[aada8e7e76ba119b]::run_test::{closure#1}, ()>::{closure#1}::{closure#0}>, ()>
[INFO] [stdout]                                at /rustc/e3feeb59cd1bdd011a2bfcc0747b55125d9b8527/library/std/src/panic.rs:359:14
[INFO] [stdout]   38:     0x5dc930c818f2 - std[617be2ca0a6fd877]::thread::lifecycle::spawn_unchecked::<test[aada8e7e76ba119b]::run_test::{closure#1}, ()>::{closure#1}
[INFO] [stdout]                                at /rustc/e3feeb59cd1bdd011a2bfcc0747b55125d9b8527/library/std/src/thread/lifecycle.rs:68:26
[INFO] [stdout]   39:     0x5dc930c818f2 - <std[617be2ca0a6fd877]::thread::lifecycle::spawn_unchecked<test[aada8e7e76ba119b]::run_test::{closure#1}, ()>::{closure#1} as core[a373ad73a504971]::ops::function::FnOnce<()>>::call_once::{shim:vtable#0}
[INFO] [stdout]                                at /rustc/e3feeb59cd1bdd011a2bfcc0747b55125d9b8527/library/core/src/ops/function.rs:250:5
[INFO] [stdout]   40:     0x5dc930d089af - <alloc[2e1b2a31b91974c5]::boxed::Box<dyn core[a373ad73a504971]::ops::function::FnOnce<(), Output = ()> + core[a373ad73a504971]::marker::Send> as core[a373ad73a504971]::ops::function::FnOnce<()>>::call_once
[INFO] [stdout]                                at /rustc/e3feeb59cd1bdd011a2bfcc0747b55125d9b8527/library/alloc/src/boxed.rs:2314:9
[INFO] [stdout]   41:     0x5dc930d089af - <std[617be2ca0a6fd877]::sys::thread::unix::Thread>::new::thread_start
[INFO] [stdout]                                at /rustc/e3feeb59cd1bdd011a2bfcc0747b55125d9b8527/library/std/src/sys/thread/unix.rs:127:17
[INFO] [stdout]   42:     0x73696a5a2dfa - <unknown>
[INFO] [stdout]   43:     0x73696a6363d4 - clone
[INFO] [stdout]   44:                0x0 - <unknown>
[INFO] [stdout] 
[INFO] [stdout] 
[INFO] [stdout] failures:
[INFO] [stdout]     features::onset::energy_flux::tests::test_energy_flux_performance
[INFO] [stdout] 
[INFO] [stdout] test result: FAILED. 222 passed; 1 failed; 0 ignored; 0 measured; 0 filtered out; finished in 0.66s
[INFO] [stdout] 
[INFO] [stderr] error: test failed, to rerun pass `--lib`
[INFO] running `Command { std: "docker" "inspect" "ebd42b21303ad84b39078ed45fb7a2a33aa3063c2921510618bbd7433f26e008", kill_on_drop: false }`
[INFO] running `Command { std: "docker" "rm" "-f" "ebd42b21303ad84b39078ed45fb7a2a33aa3063c2921510618bbd7433f26e008", kill_on_drop: false }`
[INFO] [stdout] ebd42b21303ad84b39078ed45fb7a2a33aa3063c2921510618bbd7433f26e008
