[INFO] fetching crate stepflow-flow 0.13.0...
[INFO] testing stepflow-flow-0.13.0 against 1.100.0-beta.1 for beta-1.100-2
[INFO] extracting crate stepflow-flow 0.13.0 into /workspace/builds/worker-2-tc2/source
[INFO] started tweaking crates.io crate stepflow-flow 0.13.0
[INFO] finished tweaking crates.io crate stepflow-flow 0.13.0
[INFO] tweaked toml for crates.io crate stepflow-flow 0.13.0 written to /workspace/builds/worker-2-tc2/source/Cargo.toml
[INFO] validating manifest of crates.io crate stepflow-flow 0.13.0 on toolchain 1.100.0-beta.1
[INFO] running `Command { std: CARGO_HOME="/workspace/cargo-home" RUSTUP_HOME="/workspace/rustup-home" "/workspace/cargo-home/bin/cargo" "+1.100.0-beta.1" "metadata" "--manifest-path" "Cargo.toml" "--no-deps", kill_on_drop: false }`
[INFO] crate crates.io crate stepflow-flow 0.13.0 already has a lockfile, it will not be regenerated
[INFO] running `Command { std: CARGO_HOME="/workspace/cargo-home" RUSTUP_HOME="/workspace/rustup-home" "/workspace/cargo-home/bin/cargo" "+1.100.0-beta.1" "fetch" "--manifest-path" "Cargo.toml", kill_on_drop: false }`
[INFO] running `Command { std: "docker" "create" "-v" "/var/lib/crater-agent-workspace/builds/worker-2-tc2/source:/opt/rustwide/workdir:ro,Z" "-v" "/var/lib/crater-agent-workspace/builds/worker-2-tc2/target:/opt/rustwide/target:rw,Z" "-v" "/var/lib/crater-agent-workspace/cargo-home:/opt/rustwide/cargo-home:ro,Z" "-v" "/var/lib/crater-agent-workspace/rustup-home:/opt/rustwide/rustup-home:ro,Z" "-m" "1610612736" "--network" "none" "ghcr.io/rust-lang/crates-build-env/linux@sha256:3111399a4047eeb3a02b7a90e478d715f38a8c6669b5c4b49d30a17385265909" "sleep" "infinity", kill_on_drop: false }`
[INFO] [stdout] d7f04a60032a6852921f1b21c5474cb3db1492d7e5d4d43c02d886f7b8b32bbb
[INFO] running `Command { std: "docker" "start" "d7f04a60032a6852921f1b21c5474cb3db1492d7e5d4d43c02d886f7b8b32bbb", kill_on_drop: false }`
[INFO] running `Command { std: "docker" "inspect" "d7f04a60032a6852921f1b21c5474cb3db1492d7e5d4d43c02d886f7b8b32bbb", kill_on_drop: false }`
[INFO] running `Command { std: "docker" "exec" "-e" "SOURCE_DIR=/opt/rustwide/workdir" "-e" "CARGO_HOME=/opt/rustwide/cargo-home" "-e" "RUSTUP_HOME=/opt/rustwide/rustup-home" "-e" "CARGO_TARGET_DIR=/opt/rustwide/target" "-w" "/opt/rustwide/workdir" "--user" "0:0" "d7f04a60032a6852921f1b21c5474cb3db1492d7e5d4d43c02d886f7b8b32bbb" "/opt/rustwide/cargo-home/bin/cargo" "+1.100.0-beta.1" "metadata" "--no-deps" "--format-version=1", kill_on_drop: false }`
[INFO] running `Command { std: "docker" "inspect" "d7f04a60032a6852921f1b21c5474cb3db1492d7e5d4d43c02d886f7b8b32bbb", kill_on_drop: false }`
[INFO] running `Command { std: "docker" "exec" "-e" "SOURCE_DIR=/opt/rustwide/workdir" "-e" "CARGO_HOME=/opt/rustwide/cargo-home" "-e" "RUSTUP_HOME=/opt/rustwide/rustup-home" "-e" "CARGO_TARGET_DIR=/opt/rustwide/target" "-e" "CARGO_INCREMENTAL=0" "-e" "RUST_BACKTRACE=full" "-e" "RUSTFLAGS=--cap-lints=warn" "-e" "RUSTDOCFLAGS=--cap-lints=warn" "-w" "/opt/rustwide/workdir" "--user" "0:0" "d7f04a60032a6852921f1b21c5474cb3db1492d7e5d4d43c02d886f7b8b32bbb" "/opt/rustwide/cargo-home/bin/cargo" "+1.100.0-beta.1" "build" "--frozen" "--message-format=json", kill_on_drop: false }`
[INFO] [stderr]    Compiling unicode-ident v1.0.23
[INFO] [stderr]    Compiling stable_deref_trait v1.2.1
[INFO] [stderr]    Compiling serde_core v1.0.228
[INFO] [stderr]    Compiling serde v1.0.228
[INFO] [stderr]    Compiling zmij v1.0.20
[INFO] [stderr]    Compiling serde_json v1.0.149
[INFO] [stderr]    Compiling smallvec v1.15.1
[INFO] [stderr]    Compiling percent-encoding v2.3.2
[INFO] [stderr]    Compiling semver v1.0.27
[INFO] [stderr]    Compiling ref-cast v1.0.25
[INFO] [stderr]    Compiling uuid v1.20.0
[INFO] [stderr]    Compiling chrono v0.4.43
[INFO] [stderr]    Compiling maybe-dangling v0.1.2
[INFO] [stderr]    Compiling bit-vec v0.8.0
[INFO] [stderr]    Compiling proc-macro2 v1.0.106
[INFO] [stderr]    Compiling safer_owning_ref v0.5.1
[INFO] [stderr]    Compiling form_urlencoded v1.2.2
[INFO] [stderr]    Compiling bit-set v0.8.0
[INFO] [stderr]    Compiling rustc_version v0.4.1
[INFO] [stderr]    Compiling error-stack v0.5.0
[INFO] [stderr]    Compiling quote v1.0.44
[INFO] [stderr]    Compiling syn v2.0.114
[INFO] [stderr]    Compiling indexmap v2.13.0
[INFO] [stderr]    Compiling synstructure v0.13.2
[INFO] [stderr]    Compiling darling_core v0.21.3
[INFO] [stderr]    Compiling serde_derive_internals v0.29.1
[INFO] [stderr]    Compiling zerofrom-derive v0.1.6
[INFO] [stderr]    Compiling yoke-derive v0.8.1
[INFO] [stderr]    Compiling zerovec-derive v0.11.2
[INFO] [stderr]    Compiling displaydoc v0.2.5
[INFO] [stderr]    Compiling serde_derive v1.0.228
[INFO] [stderr]    Compiling ref-cast-impl v1.0.25
[INFO] [stderr]    Compiling thiserror-impl v1.0.69
[INFO] [stderr]    Compiling thiserror-impl v2.0.18
[INFO] [stderr]    Compiling schemars_derive v1.2.1
[INFO] [stderr]    Compiling zerofrom v0.1.6
[INFO] [stderr]    Compiling thiserror v2.0.18
[INFO] [stderr]    Compiling yoke v0.8.1
[INFO] [stderr]    Compiling zerovec v0.11.5
[INFO] [stderr]    Compiling zerotrie v0.2.3
[INFO] [stderr]    Compiling thiserror v1.0.69
[INFO] [stderr]    Compiling darling_macro v0.21.3
[INFO] [stderr]    Compiling tinystr v0.8.2
[INFO] [stderr]    Compiling potential_utf v0.1.4
[INFO] [stderr]    Compiling icu_locale_core v2.1.1
[INFO] [stderr]    Compiling icu_collections v2.1.1
[INFO] [stderr]    Compiling darling v0.21.3
[INFO] [stderr]    Compiling serde_with_macros v3.16.1
[INFO] [stderr]    Compiling jsonptr v0.6.3
[INFO] [stderr]    Compiling serde_yaml_ng v0.10.0
[INFO] [stderr]    Compiling icu_provider v2.1.1
[INFO] [stderr]    Compiling json-patch v3.0.1
[INFO] [stderr]    Compiling icu_properties v2.1.2
[INFO] [stderr]    Compiling icu_normalizer v2.1.1
[INFO] [stderr]    Compiling idna_adapter v1.2.1
[INFO] [stderr]    Compiling idna v1.1.0
[INFO] [stderr]    Compiling url v2.5.8
[INFO] [stderr]    Compiling schemars v1.2.1
[INFO] [stderr]    Compiling serde_with v3.16.1
[INFO] [stderr]    Compiling stepflow-flow v0.13.0 (/opt/rustwide/workdir)
[INFO] [stderr] warning: unused dependency `serde_yaml_ng`
[INFO] [stderr]   --> Cargo.toml:37:15
[INFO] [stderr]    |
[INFO] [stderr] 37 | [dependencies.serde_yaml_ng]
[INFO] [stderr]    |               ^^^^^^^^^^^^^^
[INFO] [stderr]    |
[INFO] [stderr]    = note: `cargo::unused_dependencies` is set to `warn` by default
[INFO] [stderr] help: consider removing the dependency on `serde_yaml_ng`
[INFO] [stderr] warning: `stepflow-flow` (manifest) generated 1 warning
[INFO] [stderr]     Finished `dev` profile [unoptimized + debuginfo] target(s) in 28.86s
[INFO] running `Command { std: "docker" "inspect" "d7f04a60032a6852921f1b21c5474cb3db1492d7e5d4d43c02d886f7b8b32bbb", kill_on_drop: false }`
[INFO] running `Command { std: "docker" "exec" "-e" "SOURCE_DIR=/opt/rustwide/workdir" "-e" "CARGO_HOME=/opt/rustwide/cargo-home" "-e" "RUSTUP_HOME=/opt/rustwide/rustup-home" "-e" "CARGO_TARGET_DIR=/opt/rustwide/target" "-e" "CARGO_INCREMENTAL=0" "-e" "RUST_BACKTRACE=full" "-e" "RUSTFLAGS=--cap-lints=warn" "-e" "RUSTDOCFLAGS=--cap-lints=warn" "-w" "/opt/rustwide/workdir" "--user" "0:0" "d7f04a60032a6852921f1b21c5474cb3db1492d7e5d4d43c02d886f7b8b32bbb" "/opt/rustwide/cargo-home/bin/cargo" "+1.100.0-beta.1" "test" "--frozen" "--no-run" "--message-format=json", kill_on_drop: false }`
[INFO] [stderr]    Compiling libc v0.2.181
[INFO] [stderr]    Compiling aho-corasick v1.1.4
[INFO] [stderr]    Compiling regex-syntax v0.8.9
[INFO] [stderr]    Compiling getrandom v0.4.1
[INFO] [stderr]    Compiling rustix v1.1.3
[INFO] [stderr]    Compiling unicode-segmentation v1.12.0
[INFO] [stderr]    Compiling linux-raw-sys v0.11.0
[INFO] [stderr]    Compiling bitflags v2.10.0
[INFO] [stderr]    Compiling bstr v1.12.1
[INFO] [stderr]    Compiling fastrand v2.3.0
[INFO] [stderr]    Compiling walkdir v2.5.0
[INFO] [stderr]    Compiling similar v2.7.0
[INFO] [stderr]    Compiling console v0.15.11
[INFO] [stderr]    Compiling regex-automata v0.4.14
[INFO] [stderr]    Compiling similar-asserts v1.7.0
[INFO] [stderr]    Compiling tempfile v3.25.0
[INFO] [stderr]    Compiling regex v1.12.3
[INFO] [stderr]    Compiling globset v0.4.18
[INFO] [stderr]    Compiling insta v1.46.3
[INFO] [stderr]    Compiling stepflow-flow v0.13.0 (/opt/rustwide/workdir)
[INFO] [stderr]     Finished `test` profile [unoptimized + debuginfo] target(s) in 16.73s
[INFO] running `Command { std: "docker" "inspect" "d7f04a60032a6852921f1b21c5474cb3db1492d7e5d4d43c02d886f7b8b32bbb", kill_on_drop: false }`
[INFO] running `Command { std: "docker" "exec" "-e" "SOURCE_DIR=/opt/rustwide/workdir" "-e" "CARGO_HOME=/opt/rustwide/cargo-home" "-e" "RUSTUP_HOME=/opt/rustwide/rustup-home" "-e" "CARGO_TARGET_DIR=/opt/rustwide/target" "-e" "CARGO_INCREMENTAL=0" "-e" "RUST_BACKTRACE=full" "-e" "RUSTFLAGS=--cap-lints=warn" "-e" "RUSTDOCFLAGS=--cap-lints=warn" "-w" "/opt/rustwide/workdir" "--user" "0:0" "d7f04a60032a6852921f1b21c5474cb3db1492d7e5d4d43c02d886f7b8b32bbb" "/opt/rustwide/cargo-home/bin/cargo" "+1.100.0-beta.1" "test" "--frozen", kill_on_drop: false }`
[INFO] [stderr]     Finished `test` profile [unoptimized + debuginfo] target(s) in 0.13s
[INFO] [stderr]      Running unittests src/lib.rs (/opt/rustwide/target/debug/build/stepflow-flow/f2677725d6d4c84d/out/stepflow_flow-f2677725d6d4c84d)
[INFO] [stdout] 
[INFO] [stdout] running 151 tests
[INFO] [stdout] test values::json_path::tests::test_json_path_invalid_syntax ... ok
[INFO] [stdout] test flow_result::tests::test_is_component_execution_error ... ok
[INFO] [stdout] test flow_result::tests::test_is_transport_error ... ok
[INFO] [stdout] test json_schema::tests::test_generate_json_schema_has_required_fields ... ok
[INFO] [stdout] test json_schema::tests::test_transform_refs_external ... ok
[INFO] [stdout] test values::json_path::tests::test_json_path_parsing ... ok
[INFO] [stdout] test values::json_path::tests::test_json_path_deserialization ... ok
[INFO] [stdout] test values::json_path::tests::test_json_path_serialization ... ok
[INFO] [stdout] test values::redacted_value::tests::test_secret_array_from_schema ... ok
[INFO] [stdout] test json_schema::tests::test_generate_json_schema_with_defs ... ok
[INFO] [stdout] test values::redacted_value::tests::test_secrets_from_primitive_secret ... ok
[INFO] [stdout] test values::redacted_value::tests::test_secrets_from_schema ... ok
[INFO] [stdout] test values::value_expr::tests::test_composable_with_references ... ok
[INFO] [stdout] test values::value_expr::tests::test_array_constructor ... ok
[INFO] [stdout] test values::value_expr::tests::test_escaped_literal ... ok
[INFO] [stdout] test values::value_expr::tests::test_input_constructor ... ok
[INFO] [stdout] test values::value_expr::tests::test_is_truthy ... ok
[INFO] [stdout] test values::value_expr::tests::test_literal_composable_structures ... ok
[INFO] [stdout] test values::value_expr::tests::test_literal_primitives ... ok
[INFO] [stdout] test values::value_expr::tests::test_needed_steps_array_union ... ok
[INFO] [stdout] test values::value_expr::tests::test_needed_steps_coalesce_first_value_null ... ok
[INFO] [stdout] test values::value_expr::tests::test_needed_steps_coalesce_first_value_not_ready ... ok
[INFO] [stdout] test values::value_expr::tests::test_needed_steps_coalesce_first_value_success ... ok
[INFO] [stdout] test values::value_expr::tests::test_needed_steps_coalesce_null_continues ... ok
[INFO] [stdout] test values::value_expr::tests::test_needed_steps_if_condition_not_ready ... ok
[INFO] [stdout] test values::value_expr::tests::test_needed_steps_if_condition_false ... ok
[INFO] [stdout] test values::value_expr::tests::test_needed_steps_if_condition_true ... ok
[INFO] [stdout] test values::value_expr::tests::test_needed_steps_if_fully_ready ... ok
[INFO] [stdout] test values::value_expr::tests::test_needed_steps_literal ... ok
[INFO] [stdout] test values::value_expr::tests::test_needed_steps_nested_if_condition_false_returns_null ... ok
[INFO] [stdout] test values::value_expr::tests::test_needed_steps_nested_if_in_coalesce ... ok
[INFO] [stdout] test values::value_expr::tests::test_needed_steps_object_union ... ok
[INFO] [stdout] test values::value_expr::tests::test_needed_steps_step_completed ... ok
[INFO] [stdout] test discriminator_schema::tests::tagged_enum_with_newtype_variant ... ok
[INFO] [stdout] test values::value_expr::tests::test_needed_steps_step_not_completed ... ok
[INFO] [stdout] test values::value_expr::tests::test_object_constructor ... ok
[INFO] [stdout] test values::value_expr::tests::test_resolve_coalesce ... ok
[INFO] [stdout] test values::redacted_value::tests::test_no_schema_shows_all_values ... ok
[INFO] [stdout] test discriminator_schema::tests::nullable_types ... ok
[INFO] [stdout] test discriminator_schema::tests::manual_json_schema_impl ... ok
[INFO] [stdout] test discriminator_schema::tests::manual_discriminator_in_json_schema ... ok
[INFO] [stdout] test values::value_expr::tests::test_step_constructor ... ok
[INFO] [stdout] test discriminator_schema::tests::variant_titles_for_codegen ... ok
[INFO] [stdout] test values::redacted_value::tests::test_redact_secrets_in_object ... ok
[INFO] [stdout] test values::value_expr::tests::test_resolve_if_false ... ok
[INFO] [stdout] test values::value_expr::tests::test_resolve_if_true ... ok
[INFO] [stdout] test values::value_expr::tests::test_resolve_literal ... ok
[INFO] [stdout] test values::value_expr::tests::test_resolve_step_with_path ... ok
[INFO] [stdout] test discriminator_schema::tests::full_pipeline_extracts_and_maps ... ok
[INFO] [stdout] test discriminator_schema::tests::tagged_enum_has_one_of_with_const_tags ... ok
[INFO] [stdout] test values::value_expr::tests::test_variable_constructor ... ok
[INFO] [stdout] test values::value_expr::tests::test_variable_with_default ... ok
[INFO] [stdout] test values::value_expr::tests::test_resolve_object_preserves_integer_types ... ok
[INFO] [stdout] test values::redacted_value::tests::test_redacted_array_with_secret_fields ... ok
[INFO] [stdout] test values::redacted_value::tests::test_redacted_primitive_secret ... ok
[INFO] [stdout] test values::value_expr::tests::test_resolve_step ... ok
[INFO] [stdout] test values::value_expr_serde::tests::test_array_of_escaped_literals ... ok
[INFO] [stdout] test values::value_expr_serde::tests::test_escaped_literal_with_complex_value ... ok
[INFO] [stdout] test values::redacted_value::tests::test_redacted_nested_secrets ... ok
[INFO] [stdout] test values::redacted_value::tests::test_redacted_secret_array ... ok
[INFO] [stdout] test discriminator_schema::tests::add_discriminator_via_attribute ... ok
[INFO] [stdout] test values::value_expr_serde::tests::test_escaped_literal_with_dollar_keys ... ok
[INFO] [stdout] test values::value_expr_serde::tests::test_parse_error_invalid_step ... ok
[INFO] [stdout] test values::value_expr_serde::tests::test_parse_error_legacy_from_syntax ... ok
[INFO] [stdout] test values::value_expr_serde::tests::test_serde_escaped_literal ... ok
[INFO] [stdout] test values::value_expr_serde::tests::test_escaped_literal_with_nested_literal ... ok
[INFO] [stdout] test values::value_expr_serde::tests::test_literal_containing_dollar_prefixed_fields ... ok
[INFO] [stdout] test values::value_expr_serde::tests::test_mixed_literal_and_expression_object ... ok
[INFO] [stdout] test values::value_expr_serde::tests::test_mixed_literal_and_expression_with_nested_objects ... ok
[INFO] [stdout] test values::value_expr_serde::tests::test_serde_input ... ok
[INFO] [stdout] test values::value_expr_serde::tests::test_deep_nesting ... ok
[INFO] [stdout] test values::value_expr_serde::tests::test_parse_object_without_dollar_keys ... ok
[INFO] [stdout] test values::value_expr_serde::tests::test_serde_array ... ok
[INFO] [stdout] test values::value_expr_serde::tests::test_complex_mixed_nesting ... ok
[INFO] [stdout] test values::value_expr_serde::tests::test_serde_primitives ... ok
[INFO] [stdout] test values::value_ref::tests::test_array_index_access_no_cloning ... ok
[INFO] [stdout] test values::value_ref::tests::test_as_object_access_no_cloning ... ok
[INFO] [stdout] test values::value_expr_serde::tests::test_serde_variable_with_default ... ok
[INFO] [stdout] test values::value_ref::tests::test_object_iter_no_cloning ... ok
[INFO] [stdout] test values::value_ref::tests::test_value_ref_is_truthy ... ok
[INFO] [stdout] test values::value_expr_serde::tests::test_yaml_integer_preserved_in_value_expr ... ok
[INFO] [stdout] test values::value_expr_serde::tests::test_serde_nested_structures ... ok
[INFO] [stdout] test values::value_expr_serde::tests::test_serde_step_reference ... ok
[INFO] [stdout] test values::value_ref::tests::test_value_ref_as_object ... ok
[INFO] [stdout] test values::value_expr_serde::tests::test_serde_step_with_path ... ok
[INFO] [stdout] test values::value_ref::tests::test_value_ref_deserialize ... ok
[INFO] [stdout] test values::value_ref::tests::test_value_ref_as_array ... ok
[INFO] [stdout] test values::value_expr_serde::tests::test_serde_input_root ... ok
[INFO] [stdout] test workflow::builders::tests::test_step_builder_basic ... ok
[INFO] [stdout] test values::value_expr_serde::tests::test_serde_object ... ok
[INFO] [stdout] test values::value_ref::tests::test_value_ref_new ... ok
[INFO] [stdout] test values::value_expr_serde::tests::test_serde_variable ... ok
[INFO] [stdout] test workflow::component::tests::test_new_plugin ... ok
[INFO] [stdout] test workflow::flow::tests::test_example_input_optional_null ... ok
[INFO] [stdout] test workflow::flow::tests::test_flow_all_optional_null ... ok
[INFO] [stdout] test values::value_ref::tests::test_as_array_access_no_cloning ... ok
[INFO] [stdout] test workflow::flow::tests::test_get_all_examples ... ok
[INFO] [stdout] test values::value_ref::tests::test_path_access_no_cloning ... ok
[INFO] [stdout] test workflow::component::tests::test_component_serialization ... ok
[INFO] [stdout] test values::value_ref::tests::test_array_iter_no_cloning ... ok
[INFO] [stdout] test workflow::flow::tests::test_test_case_optional_null ... ok
[INFO] [stdout] test workflow::builders::tests::test_step_builder_convenience_methods ... ok
[INFO] [stdout] test workflow::component::tests::test_component_deserialization ... ok
[INFO] [stdout] test workflow::builders::tests::test_flow_builder_with_steps ... ok
[INFO] [stdout] test values::value_ref::tests::test_value_ref_path_object ... ok
[INFO] [stdout] test workflow::component::tests::test_component_new ... ok
[INFO] [stdout] test workflow::flow::tests::test_test_config_all_optional_null ... ok
[INFO] [stdout] test workflow::flow_schema::tests::test_deserialize_json_schema_format ... ok
[INFO] [stdout] test workflow::flow_schema::tests::test_empty_schema_accepted ... ok
[INFO] [stdout] test workflow::flow::tests::test_flow_from_yaml ... ok
[INFO] [stdout] test workflow::flow_schema::tests::test_rejects_flat_format ... ok
[INFO] [stdout] test workflow::builders::tests::test_convenience_functions ... ok
[INFO] [stdout] test workflow::builders::tests::test_flow_builder_basic ... ok
[INFO] [stdout] test values::value_ref::tests::test_value_ref_path_array ... ok
[INFO] [stdout] test workflow::overrides::tests::test_apply_empty_overrides ... ok
[INFO] [stdout] test workflow::overrides::tests::test_apply_merge_patch_override ... ok
[INFO] [stdout] test workflow::overrides::tests::test_serde_override_type_default ... ok
[INFO] [stdout] test workflow::overrides::tests::test_serde_override_type_explicit ... ok
[INFO] [stdout] test workflow::overrides::tests::test_step_override_creation ... ok
[INFO] [stdout] test workflow::step::tests::test_error_action_default ... ok
[INFO] [stdout] test workflow::step_id::tests::test_debug ... ok
[INFO] [stdout] test workflow::step::tests::test_error_action_max_retries ... ok
[INFO] [stdout] test workflow::step::tests::test_step_all_optional_null ... ok
[INFO] [stdout] test workflow::flow_schema::tests::test_roundtrip_preserves_env_var ... ok
[INFO] [stdout] test workflow::step::tests::test_step_serialization_with_error_action ... ok
[INFO] [stdout] test workflow::step::tests::test_error_action_serialization ... ok
[INFO] [stdout] test workflow::step_id::tests::test_display ... ok
[INFO] [stdout] test workflow::step::tests::test_error_action_retry_null_max_retries ... ok
[INFO] [stdout] test workflow::step_id::tests::test_equality_across_variants ... ok
[INFO] [stdout] test workflow::step_id::tests::test_inequality_different_name ... ok
[INFO] [stdout] test workflow::step_id::tests::test_inequality_different_index ... ok
[INFO] [stdout] test workflow::step_id::tests::test_for_step_creation ... ok
[INFO] [stdout] test workflow::overrides::tests::test_validate_override_targets_missing_step ... ok
[INFO] [stdout] test values::value_ref::tests::test_value_ref_type_accessors ... ok
[INFO] [stdout] test workflow::step::tests::test_step_default_error_action_not_serialized ... ok
[INFO] [stdout] test workflow::step_id::tests::test_into_standalone ... ok
[INFO] [stdout] test workflow::variable_schema::tests::test_default_variable_schema ... ok
[INFO] [stdout] test workflow::step_id::tests::test_ordering ... ok
[INFO] [stdout] test workflow::overrides::tests::test_workflow_overrides_creation ... ok
[INFO] [stdout] test workflow::step_id::tests::test_to_standalone ... ok
[INFO] [stdout] test workflow::step_id::tests::test_serialize_with_flow ... ok
[INFO] [stdout] test workflow::step_id::tests::test_standalone_creation ... ok
[INFO] [stdout] test workflow::step::tests::test_error_action_deserialization ... ok
[INFO] [stdout] test workflow::variable_schema::tests::test_default_value ... ok
[INFO] [stdout] test workflow::variable_schema::tests::test_variable_schema_creation ... ok
[INFO] [stdout] test workflow::step_id::tests::test_serialize_as_string ... ok
[INFO] [stdout] test workflow::variable_schema::tests::test_env_var_annotation ... ok
[INFO] [stdout] test workflow::variable_schema::tests::test_variable_validation ... ok
[INFO] [stdout] test workflow::step::tests::test_error_action_use_default_null_value ... ok
[INFO] [stdout] test workflow::step_id::tests::test_hash_consistency ... ok
[INFO] [stdout] test workflow::flow::tests::test_schema_comparison_with_flow_json ... FAILED
[INFO] [stdout] 
[INFO] [stdout] failures:
[INFO] [stdout] 
[INFO] [stdout] ---- workflow::flow::tests::test_schema_comparison_with_flow_json stdout ----
[INFO] [stdout] 
[INFO] [stdout] thread 'workflow::flow::tests::test_schema_comparison_with_flow_json' (1583) panicked at src/workflow/flow.rs:632:21:
[INFO] [stdout] Flow schema file not found at /opt/rustwide/workdir/../../../schemas/flow.json. Run 'STEPFLOW_OVERWRITE_SCHEMA=1 cargo test -p stepflow-core' to create it.
[INFO] [stdout] stack backtrace:
[INFO] [stdout]    0:     0x5f5e9ec55b51 - std[617be2ca0a6fd877]::backtrace_rs::backtrace::libunwind::trace
[INFO] [stdout]                                at /rustc/e3feeb59cd1bdd011a2bfcc0747b55125d9b8527/library/std/src/../../backtrace/src/backtrace/libunwind.rs:117:9
[INFO] [stdout]    1:     0x5f5e9ec55b51 - std[617be2ca0a6fd877]::backtrace_rs::backtrace::trace_unsynchronized::<std[617be2ca0a6fd877]::sys::backtrace::_print_fmt::{closure#1}>
[INFO] [stdout]                                at /rustc/e3feeb59cd1bdd011a2bfcc0747b55125d9b8527/library/std/src/../../backtrace/src/backtrace/mod.rs:66:14
[INFO] [stdout]    2:     0x5f5e9ec55b51 - std[617be2ca0a6fd877]::sys::backtrace::_print_fmt
[INFO] [stdout]                                at /rustc/e3feeb59cd1bdd011a2bfcc0747b55125d9b8527/library/std/src/sys/backtrace.rs:74:9
[INFO] [stdout]    3:     0x5f5e9ec55b51 - <<std[617be2ca0a6fd877]::sys::backtrace::BacktraceLock>::print::DisplayBacktrace as core[a373ad73a504971]::fmt::Display>::fmt
[INFO] [stdout]                                at /rustc/e3feeb59cd1bdd011a2bfcc0747b55125d9b8527/library/std/src/sys/backtrace.rs:44:26
[INFO] [stdout]    4:     0x5f5e9ec6e12a - <core[a373ad73a504971]::fmt::rt::Argument>::fmt
[INFO] [stdout]                                at /rustc/e3feeb59cd1bdd011a2bfcc0747b55125d9b8527/library/core/src/fmt/rt.rs:152:76
[INFO] [stdout]    5:     0x5f5e9ec6e12a - core[a373ad73a504971]::fmt::write
[INFO] [stdout]    6:     0x5f5e9ec5a7dc - core[a373ad73a504971]::io::write::default_write_fmt::<alloc[2e1b2a31b91974c5]::vec::Vec<u8>>
[INFO] [stdout]                                at /rustc/e3feeb59cd1bdd011a2bfcc0747b55125d9b8527/library/core/src/io/write.rs:402:11
[INFO] [stdout]    7:     0x5f5e9ec5a7dc - <alloc[2e1b2a31b91974c5]::vec::Vec<u8> as core[a373ad73a504971]::io::write::Write>::write_fmt
[INFO] [stdout]                                at /rustc/e3feeb59cd1bdd011a2bfcc0747b55125d9b8527/library/core/src/io/write.rs:335:13
[INFO] [stdout]    8:     0x5f5e9ec2e896 - <std[617be2ca0a6fd877]::sys::backtrace::BacktraceLock>::print
[INFO] [stdout]                                at /rustc/e3feeb59cd1bdd011a2bfcc0747b55125d9b8527/library/std/src/sys/backtrace.rs:47:9
[INFO] [stdout]    9:     0x5f5e9ec2e896 - std[617be2ca0a6fd877]::panicking::default_hook::{closure#0}
[INFO] [stdout]                                at /rustc/e3feeb59cd1bdd011a2bfcc0747b55125d9b8527/library/std/src/panicking.rs:289:27
[INFO] [stdout]   10:     0x5f5e9ec4cc69 - std[617be2ca0a6fd877]::panicking::default_hook
[INFO] [stdout]                                at /rustc/e3feeb59cd1bdd011a2bfcc0747b55125d9b8527/library/std/src/panicking.rs:313:9
[INFO] [stdout]   11:     0x5f5e9eb28f60 - <alloc[2e1b2a31b91974c5]::boxed::Box<dyn for<'a, 'b> core[a373ad73a504971]::ops::function::Fn<(&'a std[617be2ca0a6fd877]::panic::PanicHookInfo<'b>,), Output = ()> + core[a373ad73a504971]::marker::Sync + core[a373ad73a504971]::marker::Send> as core[a373ad73a504971]::ops::function::Fn<(&std[617be2ca0a6fd877]::panic::PanicHookInfo,)>>::call
[INFO] [stdout]                                at /rustc/e3feeb59cd1bdd011a2bfcc0747b55125d9b8527/library/alloc/src/boxed.rs:2328:9
[INFO] [stdout]   12:     0x5f5e9eb28f60 - test[aada8e7e76ba119b]::test_main_inner::{closure#0}
[INFO] [stdout]                                at /rustc/e3feeb59cd1bdd011a2bfcc0747b55125d9b8527/library/test/src/lib.rs:137:21
[INFO] [stdout]   13:     0x5f5e9ec4ce22 - <alloc[2e1b2a31b91974c5]::boxed::Box<dyn for<'a, 'b> core[a373ad73a504971]::ops::function::Fn<(&'a std[617be2ca0a6fd877]::panic::PanicHookInfo<'b>,), Output = ()> + core[a373ad73a504971]::marker::Sync + core[a373ad73a504971]::marker::Send> as core[a373ad73a504971]::ops::function::Fn<(&std[617be2ca0a6fd877]::panic::PanicHookInfo,)>>::call
[INFO] [stdout]                                at /rustc/e3feeb59cd1bdd011a2bfcc0747b55125d9b8527/library/alloc/src/boxed.rs:2328:9
[INFO] [stdout]   14:     0x5f5e9ec4ce22 - std[617be2ca0a6fd877]::panicking::panic_with_hook
[INFO] [stdout]                                at /rustc/e3feeb59cd1bdd011a2bfcc0747b55125d9b8527/library/std/src/panicking.rs:819:13
[INFO] [stdout]   15:     0x5f5e9ec2e942 - std[617be2ca0a6fd877]::panicking::panic_handler::{closure#0}
[INFO] [stdout]                                at /rustc/e3feeb59cd1bdd011a2bfcc0747b55125d9b8527/library/std/src/panicking.rs:685:13
[INFO] [stdout]   16:     0x5f5e9ec26be9 - std[617be2ca0a6fd877]::sys::backtrace::__rust_end_short_backtrace::<std[617be2ca0a6fd877]::panicking::panic_handler::{closure#0}, !>
[INFO] [stdout]                                at /rustc/e3feeb59cd1bdd011a2bfcc0747b55125d9b8527/library/std/src/sys/backtrace.rs:182:18
[INFO] [stdout]   17:     0x5f5e9ec2f6fd - __rustc[ea4f61d10b84890b]::rust_begin_unwind
[INFO] [stdout]                                at /rustc/e3feeb59cd1bdd011a2bfcc0747b55125d9b8527/library/std/src/panicking.rs:676:5
[INFO] [stdout]   18:     0x5f5e9ec6e9cc - core[a373ad73a504971]::panicking::panic_fmt
[INFO] [stdout]                                at /rustc/e3feeb59cd1bdd011a2bfcc0747b55125d9b8527/library/core/src/panicking.rs:80:14
[INFO] [stdout]   19:     0x5f5e9e93649f - stepflow_flow[920b75dcc2e217a0]::workflow::flow::tests::test_schema_comparison_with_flow_json
[INFO] [stdout]                                at /opt/rustwide/workdir/src/workflow/flow.rs:632:21
[INFO] [stdout]   20:     0x5f5e9e92b777 - stepflow_flow[920b75dcc2e217a0]::workflow::flow::tests::test_schema_comparison_with_flow_json::{closure#0}
[INFO] [stdout]                                at /opt/rustwide/workdir/src/workflow/flow.rs:600:47
[INFO] [stdout]   21:     0x5f5e9e840046 - <stepflow_flow[920b75dcc2e217a0]::workflow::flow::tests::test_schema_comparison_with_flow_json::{closure#0} as core[a373ad73a504971]::ops::function::FnOnce<()>>::call_once
[INFO] [stdout]                                at /rustc/e3feeb59cd1bdd011a2bfcc0747b55125d9b8527/library/core/src/ops/function.rs:250:5
[INFO] [stdout]   22:     0x5f5e9eb1c3ab - <fn() -> core[a373ad73a504971]::result::Result<(), alloc[2e1b2a31b91974c5]::string::String> as core[a373ad73a504971]::ops::function::FnOnce<()>>::call_once
[INFO] [stdout]                                at /rustc/e3feeb59cd1bdd011a2bfcc0747b55125d9b8527/library/core/src/ops/function.rs:250:5
[INFO] [stdout]   23:     0x5f5e9eb1c3ab - test[aada8e7e76ba119b]::__rust_begin_short_backtrace::<core[a373ad73a504971]::result::Result<(), alloc[2e1b2a31b91974c5]::string::String>, fn() -> core[a373ad73a504971]::result::Result<(), alloc[2e1b2a31b91974c5]::string::String>>
[INFO] [stdout]                                at /rustc/e3feeb59cd1bdd011a2bfcc0747b55125d9b8527/library/test/src/lib.rs:701:18
[INFO] [stdout]   24:     0x5f5e9eb29585 - test[aada8e7e76ba119b]::run_test_in_process::{closure#0}
[INFO] [stdout]                                at /rustc/e3feeb59cd1bdd011a2bfcc0747b55125d9b8527/library/test/src/lib.rs:724:74
[INFO] [stdout]   25:     0x5f5e9eb29585 - <core[a373ad73a504971]::panic::unwind_safe::AssertUnwindSafe<test[aada8e7e76ba119b]::run_test_in_process::{closure#0}> as core[a373ad73a504971]::ops::function::FnOnce<()>>::call_once
[INFO] [stdout]                                at /rustc/e3feeb59cd1bdd011a2bfcc0747b55125d9b8527/library/core/src/panic/unwind_safe.rs:275:9
[INFO] [stdout]   26:     0x5f5e9eb29585 - std[617be2ca0a6fd877]::panicking::catch_unwind::do_call::<core[a373ad73a504971]::panic::unwind_safe::AssertUnwindSafe<test[aada8e7e76ba119b]::run_test_in_process::{closure#0}>, core[a373ad73a504971]::result::Result<(), alloc[2e1b2a31b91974c5]::string::String>>
[INFO] [stdout]                                at /rustc/e3feeb59cd1bdd011a2bfcc0747b55125d9b8527/library/std/src/panicking.rs:573:43
[INFO] [stdout]   27:     0x5f5e9eb29585 - std[617be2ca0a6fd877]::panicking::catch_unwind::<core[a373ad73a504971]::result::Result<(), alloc[2e1b2a31b91974c5]::string::String>, core[a373ad73a504971]::panic::unwind_safe::AssertUnwindSafe<test[aada8e7e76ba119b]::run_test_in_process::{closure#0}>>
[INFO] [stdout]                                at /rustc/e3feeb59cd1bdd011a2bfcc0747b55125d9b8527/library/std/src/panicking.rs:541:19
[INFO] [stdout]   28:     0x5f5e9eb29585 - std[617be2ca0a6fd877]::panic::catch_unwind::<core[a373ad73a504971]::panic::unwind_safe::AssertUnwindSafe<test[aada8e7e76ba119b]::run_test_in_process::{closure#0}>, core[a373ad73a504971]::result::Result<(), alloc[2e1b2a31b91974c5]::string::String>>
[INFO] [stdout]                                at /rustc/e3feeb59cd1bdd011a2bfcc0747b55125d9b8527/library/std/src/panic.rs:359:14
[INFO] [stdout]   29:     0x5f5e9eb29585 - test[aada8e7e76ba119b]::run_test_in_process
[INFO] [stdout]                                at /rustc/e3feeb59cd1bdd011a2bfcc0747b55125d9b8527/library/test/src/lib.rs:724:27
[INFO] [stdout]   30:     0x5f5e9eb29585 - test[aada8e7e76ba119b]::run_test::{closure#0}
[INFO] [stdout]                                at /rustc/e3feeb59cd1bdd011a2bfcc0747b55125d9b8527/library/test/src/lib.rs:645:43
[INFO] [stdout]   31:     0x5f5e9eb22e74 - test[aada8e7e76ba119b]::run_test::{closure#1}
[INFO] [stdout]                                at /rustc/e3feeb59cd1bdd011a2bfcc0747b55125d9b8527/library/test/src/lib.rs:675:41
[INFO] [stdout]   32:     0x5f5e9eb22e74 - std[617be2ca0a6fd877]::sys::backtrace::__rust_begin_short_backtrace::<test[aada8e7e76ba119b]::run_test::{closure#1}, ()>
[INFO] [stdout]                                at /rustc/e3feeb59cd1bdd011a2bfcc0747b55125d9b8527/library/std/src/sys/backtrace.rs:166:18
[INFO] [stdout]   33:     0x5f5e9eb2c612 - std[617be2ca0a6fd877]::thread::lifecycle::spawn_unchecked::<test[aada8e7e76ba119b]::run_test::{closure#1}, ()>::{closure#1}::{closure#0}
[INFO] [stdout]                                at /rustc/e3feeb59cd1bdd011a2bfcc0747b55125d9b8527/library/std/src/thread/lifecycle.rs:70:13
[INFO] [stdout]   34:     0x5f5e9eb2c612 - <core[a373ad73a504971]::panic::unwind_safe::AssertUnwindSafe<std[617be2ca0a6fd877]::thread::lifecycle::spawn_unchecked<test[aada8e7e76ba119b]::run_test::{closure#1}, ()>::{closure#1}::{closure#0}> as core[a373ad73a504971]::ops::function::FnOnce<()>>::call_once
[INFO] [stdout]                                at /rustc/e3feeb59cd1bdd011a2bfcc0747b55125d9b8527/library/core/src/panic/unwind_safe.rs:275:9
[INFO] [stdout]   35:     0x5f5e9eb2c612 - std[617be2ca0a6fd877]::panicking::catch_unwind::do_call::<core[a373ad73a504971]::panic::unwind_safe::AssertUnwindSafe<std[617be2ca0a6fd877]::thread::lifecycle::spawn_unchecked<test[aada8e7e76ba119b]::run_test::{closure#1}, ()>::{closure#1}::{closure#0}>, ()>
[INFO] [stdout]                                at /rustc/e3feeb59cd1bdd011a2bfcc0747b55125d9b8527/library/std/src/panicking.rs:573:43
[INFO] [stdout]   36:     0x5f5e9eb2c612 - std[617be2ca0a6fd877]::panicking::catch_unwind::<(), core[a373ad73a504971]::panic::unwind_safe::AssertUnwindSafe<std[617be2ca0a6fd877]::thread::lifecycle::spawn_unchecked<test[aada8e7e76ba119b]::run_test::{closure#1}, ()>::{closure#1}::{closure#0}>>
[INFO] [stdout]                                at /rustc/e3feeb59cd1bdd011a2bfcc0747b55125d9b8527/library/std/src/panicking.rs:541:19
[INFO] [stdout]   37:     0x5f5e9eb2c612 - std[617be2ca0a6fd877]::panic::catch_unwind::<core[a373ad73a504971]::panic::unwind_safe::AssertUnwindSafe<std[617be2ca0a6fd877]::thread::lifecycle::spawn_unchecked<test[aada8e7e76ba119b]::run_test::{closure#1}, ()>::{closure#1}::{closure#0}>, ()>
[INFO] [stdout]                                at /rustc/e3feeb59cd1bdd011a2bfcc0747b55125d9b8527/library/std/src/panic.rs:359:14
[INFO] [stdout]   38:     0x5f5e9eb2c612 - std[617be2ca0a6fd877]::thread::lifecycle::spawn_unchecked::<test[aada8e7e76ba119b]::run_test::{closure#1}, ()>::{closure#1}
[INFO] [stdout]                                at /rustc/e3feeb59cd1bdd011a2bfcc0747b55125d9b8527/library/std/src/thread/lifecycle.rs:68:26
[INFO] [stdout]   39:     0x5f5e9eb2c612 - <std[617be2ca0a6fd877]::thread::lifecycle::spawn_unchecked<test[aada8e7e76ba119b]::run_test::{closure#1}, ()>::{closure#1} as core[a373ad73a504971]::ops::function::FnOnce<()>>::call_once::{shim:vtable#0}
[INFO] [stdout]                                at /rustc/e3feeb59cd1bdd011a2bfcc0747b55125d9b8527/library/core/src/ops/function.rs:250:5
[INFO] [stdout]   40:     0x5f5e9ec54b2f - <alloc[2e1b2a31b91974c5]::boxed::Box<dyn core[a373ad73a504971]::ops::function::FnOnce<(), Output = ()> + core[a373ad73a504971]::marker::Send> as core[a373ad73a504971]::ops::function::FnOnce<()>>::call_once
[INFO] [stdout]                                at /rustc/e3feeb59cd1bdd011a2bfcc0747b55125d9b8527/library/alloc/src/boxed.rs:2314:9
[INFO] [stdout]   41:     0x5f5e9ec54b2f - <std[617be2ca0a6fd877]::sys::thread::unix::Thread>::new::thread_start
[INFO] [stdout]                                at /rustc/e3feeb59cd1bdd011a2bfcc0747b55125d9b8527/library/std/src/sys/thread/unix.rs:127:17
[INFO] [stdout]   42:     0x7e267ee4fdfa - <unknown>
[INFO] [stdout]   43:     0x7e267eee33d4 - clone
[INFO] [stdout]   44:                0x0 - <unknown>
[INFO] [stdout] 
[INFO] [stdout] 
[INFO] [stdout] failures:
[INFO] [stdout]     workflow::flow::tests::test_schema_comparison_with_flow_json
[INFO] [stdout] 
[INFO] [stdout] test result: FAILED. 150 passed; 1 failed; 0 ignored; 0 measured; 0 filtered out; finished in 0.19s
[INFO] [stdout] 
[INFO] [stderr] error: test failed, to rerun pass `--lib`
[INFO] running `Command { std: "docker" "inspect" "d7f04a60032a6852921f1b21c5474cb3db1492d7e5d4d43c02d886f7b8b32bbb", kill_on_drop: false }`
[INFO] running `Command { std: "docker" "rm" "-f" "d7f04a60032a6852921f1b21c5474cb3db1492d7e5d4d43c02d886f7b8b32bbb", kill_on_drop: false }`
[INFO] [stdout] d7f04a60032a6852921f1b21c5474cb3db1492d7e5d4d43c02d886f7b8b32bbb
