[INFO] fetching crate stegoeggo 0.4.2...
[INFO] testing stegoeggo-0.4.2 against 1.100.0-beta.1 for beta-1.100-2
[INFO] extracting crate stegoeggo 0.4.2 into /workspace/builds/worker-6-tc2/source
[INFO] started tweaking crates.io crate stegoeggo 0.4.2
[INFO] removed 0 missing examples
[INFO] removed 0 missing tests
[INFO] finished tweaking crates.io crate stegoeggo 0.4.2
[INFO] tweaked toml for crates.io crate stegoeggo 0.4.2 written to /workspace/builds/worker-6-tc2/source/Cargo.toml
[INFO] validating manifest of crates.io crate stegoeggo 0.4.2 on toolchain 1.100.0-beta.1
[INFO] running `Command { std: CARGO_HOME="/workspace/cargo-home" RUSTUP_HOME="/workspace/rustup-home" "/workspace/cargo-home/bin/cargo" "+1.100.0-beta.1" "metadata" "--manifest-path" "Cargo.toml" "--no-deps", kill_on_drop: false }`
[INFO] crate crates.io crate stegoeggo 0.4.2 already has a lockfile, it will not be regenerated
[INFO] running `Command { std: CARGO_HOME="/workspace/cargo-home" RUSTUP_HOME="/workspace/rustup-home" "/workspace/cargo-home/bin/cargo" "+1.100.0-beta.1" "fetch" "--manifest-path" "Cargo.toml", kill_on_drop: false }`
[INFO] [stderr] warning: `package.homepage` is redundant with `package.repository`
[INFO] [stderr]    --> Cargo.toml:142:12
[INFO] [stderr]     |
[INFO] [stderr] 142 | homepage = "https://github.com/eggstack/stegoeggo"
[INFO] [stderr]     |            ^^^^^^^^^^^^^^^^^^^^^^^^^^^^^^^^^^^^^^^
[INFO] [stderr] ...
[INFO] [stderr] 148 | repository = "https://github.com/eggstack/stegoeggo"
[INFO] [stderr]     |              ---------------------------------------
[INFO] [stderr]     |
[INFO] [stderr]     = note: `cargo::redundant_homepage` is set to `warn` by default
[INFO] [stderr] help: consider removing `package.homepage`
[INFO] [stderr] warning: `stegoeggo` (manifest) generated 1 warning
[INFO] running `Command { std: "docker" "create" "-v" "/var/lib/crater-agent-workspace/builds/worker-6-tc2/source:/opt/rustwide/workdir:ro,Z" "-v" "/var/lib/crater-agent-workspace/builds/worker-6-tc2/target:/opt/rustwide/target:rw,Z" "-v" "/var/lib/crater-agent-workspace/cargo-home:/opt/rustwide/cargo-home:ro,Z" "-v" "/var/lib/crater-agent-workspace/rustup-home:/opt/rustwide/rustup-home:ro,Z" "-m" "1610612736" "--network" "none" "ghcr.io/rust-lang/crates-build-env/linux@sha256:3111399a4047eeb3a02b7a90e478d715f38a8c6669b5c4b49d30a17385265909" "sleep" "infinity", kill_on_drop: false }`
[INFO] [stdout] 4d6161a3b9a14a8f931dbd9e17a8b62c1f47d19adb78787bfabeadb99b728585
[INFO] running `Command { std: "docker" "start" "4d6161a3b9a14a8f931dbd9e17a8b62c1f47d19adb78787bfabeadb99b728585", kill_on_drop: false }`
[INFO] running `Command { std: "docker" "inspect" "4d6161a3b9a14a8f931dbd9e17a8b62c1f47d19adb78787bfabeadb99b728585", kill_on_drop: false }`
[INFO] running `Command { std: "docker" "exec" "-e" "SOURCE_DIR=/opt/rustwide/workdir" "-e" "CARGO_HOME=/opt/rustwide/cargo-home" "-e" "RUSTUP_HOME=/opt/rustwide/rustup-home" "-e" "CARGO_TARGET_DIR=/opt/rustwide/target" "-w" "/opt/rustwide/workdir" "--user" "0:0" "4d6161a3b9a14a8f931dbd9e17a8b62c1f47d19adb78787bfabeadb99b728585" "/opt/rustwide/cargo-home/bin/cargo" "+1.100.0-beta.1" "metadata" "--no-deps" "--format-version=1", kill_on_drop: false }`
[INFO] running `Command { std: "docker" "inspect" "4d6161a3b9a14a8f931dbd9e17a8b62c1f47d19adb78787bfabeadb99b728585", kill_on_drop: false }`
[INFO] running `Command { std: "docker" "exec" "-e" "SOURCE_DIR=/opt/rustwide/workdir" "-e" "CARGO_HOME=/opt/rustwide/cargo-home" "-e" "RUSTUP_HOME=/opt/rustwide/rustup-home" "-e" "CARGO_TARGET_DIR=/opt/rustwide/target" "-e" "CARGO_INCREMENTAL=0" "-e" "RUST_BACKTRACE=full" "-e" "RUSTFLAGS=--cap-lints=warn" "-e" "RUSTDOCFLAGS=--cap-lints=warn" "-w" "/opt/rustwide/workdir" "--user" "0:0" "4d6161a3b9a14a8f931dbd9e17a8b62c1f47d19adb78787bfabeadb99b728585" "/opt/rustwide/cargo-home/bin/cargo" "+1.100.0-beta.1" "build" "--frozen" "--message-format=json", kill_on_drop: false }`
[INFO] [stderr] warning: `package.homepage` is redundant with `package.repository`
[INFO] [stderr]    --> Cargo.toml:142:12
[INFO] [stderr]     |
[INFO] [stderr] 142 | homepage = "https://github.com/eggstack/stegoeggo"
[INFO] [stderr]     |            ^^^^^^^^^^^^^^^^^^^^^^^^^^^^^^^^^^^^^^^
[INFO] [stderr] ...
[INFO] [stderr] 148 | repository = "https://github.com/eggstack/stegoeggo"
[INFO] [stderr]     |              ---------------------------------------
[INFO] [stderr]     |
[INFO] [stderr]     = note: `cargo::redundant_homepage` is set to `warn` by default
[INFO] [stderr] help: consider removing `package.homepage`
[INFO] [stderr] warning: `stegoeggo` (manifest) generated 1 warning
[INFO] [stderr]    Compiling simd-adler32 v0.3.9
[INFO] [stderr]    Compiling crc32fast v1.5.0
[INFO] [stderr]    Compiling syn v2.0.117
[INFO] [stderr]    Compiling generic-array v0.14.7
[INFO] [stderr]    Compiling libc v0.2.186
[INFO] [stderr]    Compiling zune-core v0.4.12
[INFO] [stderr]    Compiling quick-error v2.0.1
[INFO] [stderr]    Compiling byteorder-lite v0.1.0
[INFO] [stderr]    Compiling bytemuck v1.25.0
[INFO] [stderr]    Compiling miniz_oxide v0.8.9
[INFO] [stderr]    Compiling fdeflate v0.3.7
[INFO] [stderr]    Compiling image-webp v0.2.4
[INFO] [stderr]    Compiling zune-jpeg v0.4.21
[INFO] [stderr]    Compiling memchr v2.8.1
[INFO] [stderr]    Compiling block-buffer v0.10.4
[INFO] [stderr]    Compiling crypto-common v0.1.7
[INFO] [stderr]    Compiling flate2 v1.1.9
[INFO] [stderr]    Compiling digest v0.10.7
[INFO] [stderr]    Compiling jpeg-encoder v0.7.0
[INFO] [stderr]    Compiling serde_json v1.0.150
[INFO] [stderr]    Compiling sha2 v0.10.9
[INFO] [stderr]    Compiling hmac v0.12.1
[INFO] [stderr]    Compiling png v0.17.16
[INFO] [stderr]    Compiling quick-xml v0.41.0
[INFO] [stderr]    Compiling getrandom v0.2.17
[INFO] [stderr]    Compiling hex v0.4.3
[INFO] [stderr]    Compiling image v0.25.6
[INFO] [stderr]    Compiling thiserror-impl v1.0.69
[INFO] [stderr]    Compiling zeroize_derive v1.5.0
[INFO] [stderr]    Compiling serde_derive v1.0.228
[INFO] [stderr]    Compiling zeroize v1.9.0
[INFO] [stderr]    Compiling thiserror v1.0.69
[INFO] [stderr]    Compiling stegoeggo-stego v0.4.2
[INFO] [stderr]    Compiling serde v1.0.228
[INFO] [stderr]    Compiling stegoeggo v0.4.2 (/opt/rustwide/workdir)
[INFO] [stderr] warning: unused dependency `zeroize`
[INFO] [stderr]   --> Cargo.toml:84:15
[INFO] [stderr]    |
[INFO] [stderr] 84 | [dependencies.zeroize]
[INFO] [stderr]    |               ^^^^^^^^
[INFO] [stderr]    |
[INFO] [stderr]    = note: `cargo::unused_dependencies` is set to `warn` by default
[INFO] [stderr] help: consider removing the dependency on `zeroize`
[INFO] [stderr] warning: `stegoeggo` (manifest) generated 1 warning
[INFO] [stderr]     Finished `dev` profile [unoptimized + debuginfo] target(s) in 31.87s
[INFO] running `Command { std: "docker" "inspect" "4d6161a3b9a14a8f931dbd9e17a8b62c1f47d19adb78787bfabeadb99b728585", kill_on_drop: false }`
[INFO] running `Command { std: "docker" "exec" "-e" "SOURCE_DIR=/opt/rustwide/workdir" "-e" "CARGO_HOME=/opt/rustwide/cargo-home" "-e" "RUSTUP_HOME=/opt/rustwide/rustup-home" "-e" "CARGO_TARGET_DIR=/opt/rustwide/target" "-e" "CARGO_INCREMENTAL=0" "-e" "RUST_BACKTRACE=full" "-e" "RUSTFLAGS=--cap-lints=warn" "-e" "RUSTDOCFLAGS=--cap-lints=warn" "-w" "/opt/rustwide/workdir" "--user" "0:0" "4d6161a3b9a14a8f931dbd9e17a8b62c1f47d19adb78787bfabeadb99b728585" "/opt/rustwide/cargo-home/bin/cargo" "+1.100.0-beta.1" "test" "--frozen" "--no-run" "--message-format=json", kill_on_drop: false }`
[INFO] [stderr] warning: `package.homepage` is redundant with `package.repository`
[INFO] [stderr]    --> Cargo.toml:142:12
[INFO] [stderr]     |
[INFO] [stderr] 142 | homepage = "https://github.com/eggstack/stegoeggo"
[INFO] [stderr]     |            ^^^^^^^^^^^^^^^^^^^^^^^^^^^^^^^^^^^^^^^
[INFO] [stderr] ...
[INFO] [stderr] 148 | repository = "https://github.com/eggstack/stegoeggo"
[INFO] [stderr]     |              ---------------------------------------
[INFO] [stderr]     |
[INFO] [stderr]     = note: `cargo::redundant_homepage` is set to `warn` by default
[INFO] [stderr] help: consider removing `package.homepage`
[INFO] [stderr] warning: `stegoeggo` (manifest) generated 1 warning
[INFO] [stderr]    Compiling crossbeam-epoch v0.9.20
[INFO] [stderr]    Compiling zerocopy v0.8.50
[INFO] [stderr]    Compiling zerocopy-derive v0.8.50
[INFO] [stderr]    Compiling serde v1.0.228
[INFO] [stderr]    Compiling either v1.16.0
[INFO] [stderr]    Compiling serde_json v1.0.150
[INFO] [stderr]    Compiling ciborium-io v0.2.2
[INFO] [stderr]    Compiling regex-syntax v0.8.10
[INFO] [stderr]    Compiling plotters-backend v0.3.7
[INFO] [stderr]    Compiling clap_builder v4.6.0
[INFO] [stderr]    Compiling plotters-svg v0.3.7
[INFO] [stderr]    Compiling itertools v0.10.5
[INFO] [stderr]    Compiling crossbeam-deque v0.8.6
[INFO] [stderr]    Compiling cast v0.3.0
[INFO] [stderr]    Compiling rayon-core v1.13.0
[INFO] [stderr]    Compiling bitflags v2.12.1
[INFO] [stderr]    Compiling getrandom v0.4.2
[INFO] [stderr]    Compiling rustix v1.1.4
[INFO] [stderr]    Compiling plotters v0.3.7
[INFO] [stderr]    Compiling rayon v1.12.0
[INFO] [stderr]    Compiling regex-automata v0.4.14
[INFO] [stderr]    Compiling criterion-plot v0.5.0
[INFO] [stderr]    Compiling tinytemplate v1.2.1
[INFO] [stderr]    Compiling getrandom v0.2.17
[INFO] [stderr]    Compiling is-terminal v0.4.17
[INFO] [stderr]    Compiling tokio-macros v2.7.0
[INFO] [stderr]    Compiling clap v4.6.1
[INFO] [stderr]    Compiling anes v0.1.6
[INFO] [stderr]    Compiling oorandom v11.1.5
[INFO] [stderr]    Compiling tokio v1.52.3
[INFO] [stderr]    Compiling tempfile v3.27.0
[INFO] [stderr]    Compiling stegoeggo v0.4.2 (/opt/rustwide/workdir)
[INFO] [stderr]    Compiling regex v1.12.3
[INFO] [stderr]    Compiling half v2.7.1
[INFO] [stderr]    Compiling ciborium-ll v0.2.2
[INFO] [stderr]    Compiling ciborium v0.2.2
[INFO] [stderr]    Compiling criterion v0.5.1
[INFO] [stderr] warning: unused dependency `zeroize`
[INFO] [stderr]   --> Cargo.toml:84:15
[INFO] [stderr]    |
[INFO] [stderr] 84 | [dependencies.zeroize]
[INFO] [stderr]    |               ^^^^^^^^
[INFO] [stderr]    |
[INFO] [stderr]    = note: `cargo::unused_dependencies` is set to `warn` by default
[INFO] [stderr] help: consider removing the dependency on `zeroize`
[INFO] [stderr] warning: `stegoeggo` (manifest) generated 1 warning
[INFO] [stderr]     Finished `test` profile [unoptimized + debuginfo] target(s) in 1m 04s
[INFO] running `Command { std: "docker" "inspect" "4d6161a3b9a14a8f931dbd9e17a8b62c1f47d19adb78787bfabeadb99b728585", kill_on_drop: false }`
[INFO] running `Command { std: "docker" "exec" "-e" "SOURCE_DIR=/opt/rustwide/workdir" "-e" "CARGO_HOME=/opt/rustwide/cargo-home" "-e" "RUSTUP_HOME=/opt/rustwide/rustup-home" "-e" "CARGO_TARGET_DIR=/opt/rustwide/target" "-e" "CARGO_INCREMENTAL=0" "-e" "RUST_BACKTRACE=full" "-e" "RUSTFLAGS=--cap-lints=warn" "-e" "RUSTDOCFLAGS=--cap-lints=warn" "-w" "/opt/rustwide/workdir" "--user" "0:0" "4d6161a3b9a14a8f931dbd9e17a8b62c1f47d19adb78787bfabeadb99b728585" "/opt/rustwide/cargo-home/bin/cargo" "+1.100.0-beta.1" "test" "--frozen", kill_on_drop: false }`
[INFO] [stderr] warning: `package.homepage` is redundant with `package.repository`
[INFO] [stderr]    --> Cargo.toml:142:12
[INFO] [stderr]     |
[INFO] [stderr] 142 | homepage = "https://github.com/eggstack/stegoeggo"
[INFO] [stderr]     |            ^^^^^^^^^^^^^^^^^^^^^^^^^^^^^^^^^^^^^^^
[INFO] [stderr] ...
[INFO] [stderr] 148 | repository = "https://github.com/eggstack/stegoeggo"
[INFO] [stderr]     |              ---------------------------------------
[INFO] [stderr]     |
[INFO] [stderr]     = note: `cargo::redundant_homepage` is set to `warn` by default
[INFO] [stderr] help: consider removing `package.homepage`
[INFO] [stderr] warning: `stegoeggo` (manifest) generated 1 warning
[INFO] [stderr] warning: unused dependency `zeroize`
[INFO] [stderr]   --> Cargo.toml:84:15
[INFO] [stderr]    |
[INFO] [stderr] 84 | [dependencies.zeroize]
[INFO] [stderr]    |               ^^^^^^^^
[INFO] [stderr]    |
[INFO] [stderr]    = note: `cargo::unused_dependencies` is set to `warn` by default
[INFO] [stderr] help: consider removing the dependency on `zeroize`
[INFO] [stderr] warning: `stegoeggo` (manifest) generated 1 warning
[INFO] [stderr]     Finished `test` profile [unoptimized + debuginfo] target(s) in 0.25s
[INFO] [stderr]      Running unittests src/lib.rs (/opt/rustwide/target/debug/build/stegoeggo/7bb878f44849fca2/out/stegoeggo-7bb878f44849fca2)
[INFO] [stdout] 
[INFO] [stdout] running 586 tests
[INFO] [stdout] test container_walk::tests::jpeg_oversized_segment_length_is_lenient ... ok
[INFO] [stdout] test container_walk::tests::jpeg_segment_limit_at_and_beyond_threshold ... ok
[INFO] [stdout] test container_walk::tests::jpeg_truncated_segment_header_is_lenient ... ok
[INFO] [stdout] test container_walk::tests::metadata_field_limit_triggers_on_large_text_payload ... ok
[INFO] [stdout] test container_walk::tests::jpeg_counts_segments_and_metadata_markers ... ok
[INFO] [stdout] test container_walk::tests::jpeg_sos_stops_scan_and_ignores_entropy ... ok
[INFO] [stdout] test container_walk::tests::png_oversized_declared_length_does_not_panic ... ok
[INFO] [stdout] test container_walk::tests::png_stops_at_iend ... ok
[INFO] [stdout] test container_walk::tests::png_chunk_limit_at_and_beyond_threshold ... ok
[INFO] [stdout] test container_walk::tests::png_counts_chunks_and_text_fields ... ok
[INFO] [stdout] test container_walk::tests::png_truncated_chunk_header_is_lenient ... ok
[INFO] [stdout] test container_walk::tests::png_itxt_counts_as_metadata_field ... ok
[INFO] [stdout] test container_walk::tests::webp_xmp_and_exif_count_as_metadata_fields ... ok
[INFO] [stdout] test error::tests::error_config_display ... ok
[INFO] [stdout] test error::tests::error_all_variants_constructible ... ok
[INFO] [stdout] test container_walk::tests::webp_truncated_tail_observes_partial ... ok
[INFO] [stdout] test error::tests::error_from_serde_json ... ok
[INFO] [stdout] test error::tests::error_from_stego_insufficient_capacity_preserves_counts ... ok
[INFO] [stdout] test container_walk::tests::webp_counts_chunks_with_odd_padding ... ok
[INFO] [stdout] test container_walk::tests::webp_oversized_chunk_size_is_lenient ... ok
[INFO] [stdout] test error::tests::error_dimensions_exceeded_display ... ok
[INFO] [stdout] test error::tests::error_container_limit_display ... ok
[INFO] [stdout] test error::tests::error_crypto_display ... ok
[INFO] [stdout] test error::tests::error_from_io ... ok
[INFO] [stdout] test container_walk::tests::webp_chunk_limit_at_and_beyond_threshold ... ok
[INFO] [stdout] test error::tests::error_image_decode_display ... ok
[INFO] [stdout] test error::tests::error_insufficient_capacity_display ... ok
[INFO] [stdout] test error::tests::error_invalid_format_display ... ok
[INFO] [stdout] test error::tests::error_from_stego_resource_limit_is_config ... ok
[INFO] [stdout] test error::tests::error_image_encode_display ... ok
[INFO] [stdout] test error::tests::error_metadata_display ... ok
[INFO] [stdout] test error::tests::error_input_too_large_display ... ok
[INFO] [stdout] test error::tests::error_payload_verification_display ... ok
[INFO] [stdout] test error::tests::error_io_display ... ok
[INFO] [stdout] test error::tests::error_iscc_display ... ok
[INFO] [stdout] test error::tests::error_serialization_display ... ok
[INFO] [stdout] test payload_v3::header::tests::test_header_key_id_too_long ... ok
[INFO] [stdout] test payload_v3::header::tests::test_header_roundtrip ... ok
[INFO] [stdout] test payload_v3::header::tests::test_header_with_key_id ... ok
[INFO] [stdout] test payload_v3::header::tests::test_header_too_short ... ok
[INFO] [stdout] test payload_v3::header::tests::test_header_unsupported_version ... ok
[INFO] [stdout] test payload_v3::header::tests::test_header_intensity_f32 ... ok
[INFO] [stdout] test error::tests::error_steganography_display ... ok
[INFO] [stdout] test payload_v3::header::tests::test_header_invalid_magic ... ok
[INFO] [stdout] test payload_v3::header::tests::test_header_extension_flag_matches_header_length ... ok
[INFO] [stdout] test payload_v3::parser::tests::test_parse_v1_payload ... ok
[INFO] [stdout] test payload_v3::parser::tests::test_parse_unknown_critical_extension_rejected_when_flag_set ... ok
[INFO] [stdout] test payload_v3::parser::tests::test_parse_known_extension_accepted_with_critical_flag ... ok
[INFO] [stdout] test payload_v3::parser::tests::test_parse_private_use_extension_never_rejected ... ok
[INFO] [stdout] test payload_v3::parser::tests::test_parse_v2_payload ... ok
[INFO] [stdout] test payload_v3::parser::tests::test_parse_v3_with_key_id ... ok
[INFO] [stdout] test payload_v3::parser::tests::test_parse_v3_minimal ... ok
[INFO] [stdout] test payload_v3::parser::tests::test_parse_unknown_version ... ok
[INFO] [stdout] test payload_v3::types::tests::test_auth_algorithm_roundtrip ... ok
[INFO] [stdout] test payload_v3::parser::tests::test_parse_unknown_extension_skipped_when_flag_clear ... ok
[INFO] [stdout] test payload_v3::types::tests::test_extension_type_criticality ... ok
[INFO] [stdout] test payload_v3::types::tests::test_payload_flags_preserve_reserved_bits ... ok
[INFO] [stdout] test payload_v3::types::tests::test_payload_flags_roundtrip ... ok
[INFO] [stdout] test payload_v3::writer::tests::test_build_max_size_key_id_succeeds ... ok
[INFO] [stdout] test payload_v3::writer::tests::test_build_minimal_payload ... ok
[INFO] [stdout] test payload_v3::types::tests::test_payload_flags_to_bits_keeps_reserved_overlapping_defined_flag ... ok
[INFO] [stdout] test error::tests::error_image_truncated_display ... ok
[INFO] [stdout] test payload_v3::types::tests::test_protection_channels_roundtrip ... ok
[INFO] [stdout] test payload_v3::writer::tests::test_build_oversized_key_id_returns_err ... ok
[INFO] [stdout] test payload_v3::types::tests::test_protection_channels_invalid_bits ... ok
[INFO] [stdout] test payload_v3::writer::tests::test_default_flags ... ok
[INFO] [stdout] test payload_v3::writer::tests::test_build_rejects_extension_too_large ... ok
[INFO] [stdout] test payload_v3::writer::tests::test_build_rejects_mismatched_tag_length ... ok
[INFO] [stdout] test payload_v3::writer::tests::test_flags_tiled ... ok
[INFO] [stdout] test payload_v3::writer::tests::test_build_with_crc32 ... ok
[INFO] [stdout] test payload_v3::writer::tests::test_build_with_extension ... ok
[INFO] [stdout] test payload_v3::writer::tests::test_build_with_key_id ... ok
[INFO] [stdout] test protected::ecc::tests::decode_fails_on_too_short_input ... ok
[INFO] [stdout] test protected::ecc::tests::decode_recovers_from_single_bit_flip ... ok
[INFO] [stdout] test payload_v3::writer::tests::test_build_with_hmac ... ok
[INFO] [stdout] test payload_v3::parser::tests::test_parse_empty ... ok
[INFO] [stdout] test protected::ecc::tests::decode_recovers_from_all_parity_corrupted ... ok
[INFO] [stdout] test protected::ecc::tests::decode_recovers_from_mixed_errors ... ok
[INFO] [stdout] test payload_v3::writer::tests::test_intensity_float_roundtrip ... ok
[INFO] [stdout] test payload_v3::writer::tests::test_roundtrip_through_parser ... ok
[INFO] [stdout] test protected::ecc::tests::decode_corrects_one_error_per_byte_group ... ok
[INFO] [stdout] test protected::ecc::tests::different_data_different_encoded ... ok
[INFO] [stdout] test protected::ecc::tests::encode_decode_roundtrip_no_errors ... ok
[INFO] [stdout] test protected::ecc::tests::encode_output_is_triple_length ... ok
[INFO] [stdout] test protected::ecc::tests::encode_produces_correct_length ... ok
[INFO] [stdout] test protected::metadata_trap::common::tests::unix_timestamp_conversion_matches_supported_notice_formats ... ok
[INFO] [stdout] test protected::metadata_trap::tests::copyright_prefix_detection_is_case_insensitive_and_bounded ... ok
[INFO] [stdout] test protected::metadata_trap::tests::date_parts_from_secs_known_dates ... ok
[INFO] [stdout] test protected::metadata_trap::tests::current_date_iso_format ... ok
[INFO] [stdout] test protected::metadata_trap::tests::dmi_caption_markers_match_dmi_values ... ok
[INFO] [stdout] test protected::metadata_trap::tests::date_parts_from_secs_epoch ... ok
[INFO] [stdout] test protected::metadata_trap::tests::date_parts_from_secs_leap_year_boundaries ... ok
[INFO] [stdout] test protected::metadata_trap::tests::extract_seed_dispatches_jpeg ... ok
[INFO] [stdout] test protected::metadata_trap::tests::extract_seed_too_short_returns_none ... ok
[INFO] [stdout] test protected::metadata_trap::tests::extract_seed_unknown_format_returns_none ... ok
[INFO] [stdout] test protected::metadata_trap::tests::generate_rights_metadata_ai_constraints_and_web_statement ... ok
[INFO] [stdout] test protected::metadata_trap::tests::generate_rights_metadata_disabled_skips_injection ... ok
[INFO] [stdout] test protected::metadata_trap::tests::generate_rights_metadata_dmi_auto_mapping_removed ... ok
[INFO] [stdout] test protected::metadata_trap::tests::generate_rights_metadata_explicit_dmi_no_private_marker ... ok
[INFO] [stdout] test protected::metadata_trap::tests::generate_rights_metadata_no_private_markers ... ok
[INFO] [stdout] test protected::metadata_trap::tests::generate_rights_metadata_omits_constraints_when_none ... ok
[INFO] [stdout] test protected::metadata_trap::tests::generate_rights_metadata_legal_claims ... ok
[INFO] [stdout] test protected::metadata_trap::tests::generate_rights_metadata_with_seed ... ok
[INFO] [stdout] test protected::metadata_trap::tests::inject_empty_metadata_webp ... ok
[INFO] [stdout] test protected::metadata_trap::tests::iptc_detection_recognizes_generated_records ... ok
[INFO] [stdout] test protected::metadata_trap::tests::is_leap_year_divisible_by_100_not_400 ... ok
[INFO] [stdout] test protected::metadata_trap::tests::is_leap_year_divisible_by_400 ... ok
[INFO] [stdout] test protected::metadata_trap::tests::jpeg_exif_marker_has_ifd_usercomment ... ok
[INFO] [stdout] test protected::metadata_trap::tests::jpeg_exif_marker_has_tiff_header ... ok
[INFO] [stdout] test protected::metadata_trap::tests::is_leap_year_divisible_by_4_not_100 ... ok
[INFO] [stdout] test protected::metadata_trap::tests::is_leap_year_not_divisible_by_4 ... ok
[INFO] [stdout] test protected::metadata_trap::tests::extract_seed_dispatches_webp ... ok
[INFO] [stdout] test protected::metadata_trap::tests::jpeg_inject_produces_valid_jpeg ... ok
[INFO] [stdout] test protected::metadata_trap::tests::jpeg_invalid_input_errors ... ok
[INFO] [stdout] test protected::metadata_trap::tests::jpeg_iptc_marker_has_photoshop_resource_envelope ... ok
[INFO] [stdout] test protected::metadata_trap::tests::jpeg_malformed_segment_length_does_not_panic ... ok
[INFO] [stdout] test protected::metadata_trap::tests::inject_empty_metadata_jpeg ... ok
[INFO] [stdout] test protected::metadata_trap::tests::jpeg_seed_scan_reports_truncation_past_segment_limit ... ok
[INFO] [stdout] test protected::metadata_trap::tests::jpeg_segment_length_at_u16_max_does_not_panic ... ok
[INFO] [stdout] test protected::metadata_trap::tests::jpeg_iptc_has_object_name_seed ... ok
[INFO] [stdout] test protected::metadata_trap::tests::jpeg_exif_marker_length_matches_payload ... ok
[INFO] [stdout] test protected::metadata_trap::tests::jpeg_auto_dmi_injects_standard_markers ... ok
[INFO] [stdout] test protected::metadata_trap::tests::legacy_generate_xmp_notice_forwards_all_legal_fields ... ok
[INFO] [stdout] test protected::metadata_trap::tests::legal_metadata_none_produces_no_output ... ok
[INFO] [stdout] test protected::metadata_trap::tests::legal_metadata_partial_fields ... ok
[INFO] [stdout] test protected::metadata_trap::tests::malformed_short_jpeg_comment_does_not_scan_the_tail ... ok
[INFO] [stdout] test protected::metadata_trap::tests::jpeg_seed_roundtrip ... ok
[INFO] [stdout] test protected::metadata_trap::tests::odd_sized_trailing_iptc_resource_does_not_panic ... ok
[INFO] [stdout] test protected::metadata_trap::tests::malformed_xmp_unclosed_description_causes_error ... ok
[INFO] [stdout] test protected::metadata_trap::tests::legal_metadata_all_fields ... ok
[INFO] [stdout] test protected::metadata_trap::tests::malformed_xmp_non_utf8_causes_error ... ok
[INFO] [stdout] test protected::metadata_trap::tests::malformed_xmp_no_description_returns_empty ... ok
[INFO] [stdout] test protected::metadata_trap::tests::png_inject_invalid_signature_errors ... ok
[INFO] [stdout] test protected::metadata_trap::tests::png_dmi_injects_xmp_chunk ... ok
[INFO] [stdout] test protected::metadata_trap::tests::png_injected_chunks_have_valid_crc ... ok
[INFO] [stdout] test protected::metadata_trap::tests::jpeg_inject_contains_markers ... ok
[INFO] [stdout] test protected::metadata_trap::tests::png_seed_extractable_from_description_chunk ... ok
[INFO] [stdout] test protected::metadata_trap::tests::extract_seed_dispatches_png ... ok
[INFO] [stdout] test protected::metadata_trap::tests::png_inject_empty_metadata_returns_original ... ok
[INFO] [stdout] test protected::metadata_trap::tests::png_seed_survives_description_only ... ok
[INFO] [stdout] test protected::metadata_trap::tests::png_text_chunk_rejects_invalid_keyword_lengths ... ok
[INFO] [stdout] test protected::metadata_trap::tests::protector_level ... ok
[INFO] [stdout] test protected::metadata_trap::tests::protector_modifies_pixels ... ok
[INFO] [stdout] test protected::metadata_trap::tests::png_inject_produces_valid_png ... ok
[INFO] [stdout] test protected::metadata_trap::tests::png_seed_roundtrip ... ok
[INFO] [stdout] test protected::metadata_trap::tests::protector_name ... ok
[INFO] [stdout] test protected::metadata_trap::tests::protector_apply_bytes_disabled_returns_original ... ok
[INFO] [stdout] test protected::metadata_trap::tests::structured_com_marker_roundtrip ... ok
[INFO] [stdout] test protected::metadata_trap::tests::protector_apply_preserves_dimensions ... ok
[INFO] [stdout] test protected::metadata_trap::tests::timestamp_iso8601_from_secs_midday ... ok
[INFO] [stdout] test protected::metadata_trap::tests::truncated_iptc_record_is_rejected_without_panicking ... ok
[INFO] [stdout] test protected::metadata_trap::tests::protector_apply_bytes_preserves_metadata ... ok
[INFO] [stdout] test protected::metadata_trap::tests::webp_exif_chunk_has_seed ... ok
[INFO] [stdout] test protected::metadata_trap::tests::structured_com_marker_parse_roundtrip ... ok
[INFO] [stdout] test protected::metadata_trap::tests::webp_inject_produces_valid_webp ... ok
[INFO] [stdout] test protected::metadata_trap::tests::webp_invalid_input_errors ... ok
[INFO] [stdout] test protected::metadata_trap::tests::strip_stego_owned_webp_removes_legacy_exif_seed ... ok
[INFO] [stdout] test protected::metadata_trap::tests::webp_injection_rejects_xml_illegal_controls ... ok
[INFO] [stdout] test protected::metadata_trap::tests::repeated_protection_replaces_generated_app13_segment ... ok
[INFO] [stdout] test protected::metadata_trap::tests::webp_xmp_dc_rights_uses_rdf_alt ... ok
[INFO] [stdout] test protected::metadata_trap::tests::webp_xmp_exiftool_tag_shape_regression ... ok
[INFO] [stdout] test protected::metadata_trap::tests::webp_xmp_legal_children_after_description_start_tag ... ok
[INFO] [stdout] test protected::metadata_trap::tests::webp_xmp_rdf_description_is_well_ordered ... ok
[INFO] [stdout] test protected::metadata_trap::tests::webp_stego_detection_matches_xmp_seed_marker_only ... ok
[INFO] [stdout] test protected::metadata_trap::tests::webp_xmp_chunk_uses_correct_fourcc ... ok
[INFO] [stdout] test protected::metadata_trap::tests::webp_xmp_chunk_contains_seed_in_xmp_content ... ok
[INFO] [stdout] test protected::metadata_trap::tests::webp_xmp_usage_terms_uses_rdf_alt ... ok
[INFO] [stdout] test protected::metadata_trap::tests::xml_escape_apostrophe ... ok
[INFO] [stdout] test protected::metadata_trap::tests::xml_escape_less_than ... ok
[INFO] [stdout] test protected::metadata_trap::tests::xml_escape_ampersand ... ok
[INFO] [stdout] test protected::metadata_trap::tests::xml_escape_greater_than ... ok
[INFO] [stdout] test protected::metadata_trap::tests::xml_escape_mixed_special_chars ... ok
[INFO] [stdout] test protected::metadata_trap::tests::webp_xmp_chunk_no_seed_omits_attribute ... ok
[INFO] [stdout] test protected::metadata_trap::tests::webp_seed_roundtrip ... ok
[INFO] [stdout] test protected::metadata_trap::tests::xml_escape_quotes ... ok
[INFO] [stdout] test protected::metadata_trap::tests::xmp_contains_tdm_reservation_prohibit ... ok
[INFO] [stdout] test protected::metadata_trap::tests::xmp_contains_stegoeggo_namespace ... ok
[INFO] [stdout] test protected::metadata_trap::tests::xmp_stego_detection_matches_stegoeggo_namespace_without_plus_property ... ok
[INFO] [stdout] test protected::notice_verification::tests::builder_defaults_are_sensible ... ok
[INFO] [stdout] test protected::metadata_trap::tests::xmp_contains_tdm_reservation_allow ... ok
[INFO] [stdout] test protected::metadata_trap::tests::xml_escape_no_change_for_plain_text ... ok
[INFO] [stdout] test protected::notice_verification::tests::canonical_plus_datamining_attribute_form ... ok
[INFO] [stdout] test protected::notice_verification::tests::conflict_between_canonical_and_legacy ... ok
[INFO] [stdout] test protected::notice_verification::tests::extract_xmp_attr_resists_embedded_quote_manipulation ... ok
[INFO] [stdout] test protected::notice_verification::tests::canonical_dmi_prefers_attribute_over_element ... ok
[INFO] [stdout] test protected::notice_verification::tests::canonical_plus_datamining_element_form ... ok
[INFO] [stdout] test protected::notice_verification::tests::extract_xmp_seq_all_reads_attributed_list_items ... ok
[INFO] [stdout] test protected::notice_verification::tests::legacy_iptc_dmi_allowed ... ok
[INFO] [stdout] test protected::notice_verification::tests::legacy_iptc_dmi_prohibited ... ok
[INFO] [stdout] test protected::notice_verification::tests::no_conflict_when_same_value ... ok
[INFO] [stdout] test protected::notice_verification::tests::rights_signal_kind_bare_key_preferred_over_legacy_iptc ... ok
[INFO] [stdout] test protected::notice_verification::tests::builder_produces_correct_result_regardless_of_field_order ... ok
[INFO] [stdout] test protected::notice_verification::tests::no_conflict_when_only_canonical ... ok
[INFO] [stdout] test protected::notice_verification::tests::tdm_reservation_fallback ... ok
[INFO] [stdout] test protected::notice_verification::tests::xml_depth_exceeds_limit ... ok
[INFO] [stdout] test protected::notice_verification::tests::xml_depth_flat_xmp_within_limit ... ok
[INFO] [stdout] test protected::notice_verification::tests::xml_depth_empty_string ... ok
[INFO] [stdout] test protected::notice_verification::tests::xml_depth_malformed_no_closing_gt ... ok
[INFO] [stdout] test protected::notice_verification::tests::unescape_xml_does_not_double_decode_entities ... ok
[INFO] [stdout] test protected::notice_verification::tests::unknown_plus_vocab_key_ignored ... ok
[INFO] [stdout] test protected::notice_verification::tests::xml_depth_ignores_processing_instructions_and_comments ... ok
[INFO] [stdout] test protected::notice_verification::tests::xml_depth_nested_tags_within_limit ... ok
[INFO] [stdout] test protected::notice_verification::tests::xml_depth_self_closing_does_not_increase ... ok
[INFO] [stdout] test protected::notice_verification::tests::xml_depth_with_limits_rejects_deep_xml ... ok
[INFO] [stdout] test protected::passthrough::tests::estimated_latency_is_zero ... ok
[INFO] [stdout] test protected::passthrough::tests::apply_returns_borrowed ... ok
[INFO] [stdout] test protected::passthrough::tests::does_not_modify_pixels ... ok
[INFO] [stdout] test protected::passthrough::tests::name_is_passthrough ... ok
[INFO] [stdout] test protected::steganography::legacy::tests::try_ecc_decode_rejects_payload_without_checksum_room ... ok
[INFO] [stdout] test protected::passthrough::tests::protection_level_is_disabled ... ok
[INFO] [stdout] test protected::steganography::embed::embed_helper_tests::outcome_from_report_maps_embedded_and_skipped ... ok
[INFO] [stdout] test protected::steganography::embed::embed_helper_tests::raster_helper_embeds_plain_and_tiled_paths ... ok
[INFO] [stdout] test protected::steganography::tests::carrier_v2_alpha_channel_unchanged ... ok
[INFO] [stdout] test protected::steganography::tests::channel_flags_crc_has_authentication_false ... ok
[INFO] [stdout] test protected::steganography::embed::embed_helper_tests::inplace_summary_maps_status_and_path ... ok
[INFO] [stdout] test protected::steganography::tests::channel_flags_metadata_disabled_reports_false ... ok
[INFO] [stdout] test protected::steganography::tests::carrier_v2_exact_capacity_embeds_and_extracts ... ok
[INFO] [stdout] test protected::steganography::tests::channel_flags_disabled_level_reports_no_metadata ... ok
[INFO] [stdout] test protected::steganography::tests::channel_flags_hmac_has_authentication_true ... ok
[INFO] [stdout] test protected::steganography::tests::channel_flags_progressive_matches_context ... ok
[INFO] [stdout] test protected::steganography::tests::compute_checksum_deterministic ... ok
[INFO] [stdout] test protected::steganography::tests::compute_checksum_different_data_different_result ... ok
[INFO] [stdout] test protected::steganography::tests::compute_payload_mac_deterministic ... ok
[INFO] [stdout] test protected::steganography::tests::carrier_v2_redundancy_roundtrips ... ok
[INFO] [stdout] test protected::steganography::tests::compute_payload_mac_different_data ... ok
[INFO] [stdout] test protected::steganography::tests::compute_payload_mac_v3_uses_domain_separation ... ok
[INFO] [stdout] test protected::steganography::tests::current_payload_version_is_in_supported_list ... ok
[INFO] [stdout] test protected::steganography::tests::dct_stego_rejects_empty ... ok
[INFO] [stdout] test protected::steganography::tests::channel_flags_metadata_enabled_reports_true ... ok
[INFO] [stdout] test protected::steganography::tests::compute_payload_mac_different_keys ... ok
[INFO] [stdout] test protected::steganography::tests::channel_flags_tiled_matches_context ... ok
[INFO] [stdout] test protected::steganography::tests::dct_stego_rejects_non_jpeg ... ok
[INFO] [stdout] test protected::steganography::tests::embed_f5_tiled_max_origins_limits_scan ... ok
[INFO] [stdout] test protected::steganography::tests::embed_f5_tiled_survives_aligned_crop ... ok
[INFO] [stdout] test protected::metadata_trap::tests::png_text_round_trip_special_chars ... ok
[INFO] [stdout] test protected::steganography::tests::embed_lsb_tiled_max_origins_limits_scan ... ok
[INFO] [stdout] test protected::steganography::tests::embed_lsb_tiled_no_crop_round_trip ... ok
[INFO] [stdout] test protected::steganography::tests::embed_lsb_tiled_extract_via_public_api_after_crop ... ok
[INFO] [stdout] test protected::steganography::tests::embed_lsb_tiled_survives_aligned_crop ... ok
[INFO] [stdout] test protected::metadata_trap::tests::webp_xmp_round_trip_special_chars ... ok
[INFO] [stdout] test protected::metadata_trap::tests::jpeg_com_round_trip_special_chars ... ok
[INFO] [stdout] test protected::steganography::tests::embed_lsb_tiled_survives_crop_smaller_than_image ... ok
[INFO] [stdout] test protected::steganography::tests::embed_lsb_tiled_zero_tile_size_falls_back ... ok
[INFO] [stdout] test protected::steganography::tests::extract_embedded_seed_uses_v3_layout_for_unknown_version ... ok
[INFO] [stdout] test protected::steganography::tests::extract_seed_from_protected_image ... ok
[INFO] [stdout] test protected::steganography::tests::extract_with_redundancy_finds_payload ... ok
[INFO] [stdout] test protected::steganography::tests::extract_with_redundancy_mac_mode ... ok
[INFO] [stdout] test protected::steganography::tests::embed_f5_tiled_round_trip_no_crop ... ok
[INFO] [stdout] test protected::steganography::tests::full_roundtrip_mac_embed_extract_verify ... ok
[INFO] [stdout] test protected::steganography::tests::full_roundtrip_no_mac_embed_extract_verify ... ok
[INFO] [stdout] test protected::steganography::tests::full_roundtrip_verify_payload ... ok
[INFO] [stdout] test protected::steganography::tests::embed_lsb_tiled_does_not_affect_non_cropped_extraction ... ok
[INFO] [stdout] test protected::steganography::tests::generate_payload_different_seeds_differ ... ok
[INFO] [stdout] test protected::steganography::tests::generate_payload_intensity_precision ... ok
[INFO] [stdout] test protected::steganography::tests::generate_payload_mac_mode_length ... ok
[INFO] [stdout] test protected::steganography::tests::generate_payload_protection_level_byte ... ok
[INFO] [stdout] test protected::steganography::tests::generate_payload_checksum_mode_length ... ok
[INFO] [stdout] test protected::steganography::tests::generate_payload_seed_roundtrip ... ok
[INFO] [stdout] test protected::steganography::tests::generate_payload_version_byte ... ok
[INFO] [stdout] test protected::steganography::tests::jpeg_stego_redundancy_extraction_succeeds ... ok
[INFO] [stdout] test protected::steganography::tests::jpeg_stego_redundancy_multiple_extraction_seeds_work ... ok
[INFO] [stdout] test protected::steganography::tests::lsb_embed_extract_different_seeds ... ok
[INFO] [stdout] test protected::steganography::tests::lsb_embed_extract_png ... ok
[INFO] [stdout] test protected::steganography::tests::lsb_embed_modifies_pixels ... ok
[INFO] [stdout] test protected::steganography::tests::lsb_extract_oversized_expected_bits_returns_none ... ok
[INFO] [stdout] test protected::steganography::tests::lsb_embed_extract_high_redundancy ... ok
[INFO] [stdout] test protected::steganography::tests::lsb_preserves_dimensions ... ok
[INFO] [stdout] test protected::steganography::tests::embed_lsb_tiled_survives_4_pixel_alignment_shift ... ok
[INFO] [stdout] test protected::steganography::tests::embed_lsb_tiled_survives_misaligned_crop ... ok
[INFO] [stdout] test protected::steganography::tests::new_v2_payload_extracts_before_legacy_probe ... ok
[INFO] [stdout] test protected::steganography::tests::migration_path_v1_still_parses_after_v2_introduced ... ok
[INFO] [stdout] test protected::steganography::tests::parse_stego_payload_too_short ... ok
[INFO] [stdout] test protected::steganography::tests::parse_stego_payload_v1_short_input_returns_none ... ok
[INFO] [stdout] test protected::steganography::tests::parse_stego_payload_valid ... ok
[INFO] [stdout] test protected::steganography::tests::parse_stego_payload_wrong_version ... ok
[INFO] [stdout] test protected::steganography::tests::plan078_standard_jpeg_verification_uses_single_search_context ... ok
[INFO] [stdout] test protected::steganography::tests::new_v2_wrong_seed_does_not_false_positive ... ok
[INFO] [stdout] test protected::steganography::tests::protector_apply_bytes_png_roundtrip ... ok
[INFO] [stdout] test protected::steganography::tests::protector_apply_changes_image ... ok
[INFO] [stdout] test protected::steganography::tests::protector_apply_preserves_dimensions ... ok
[INFO] [stdout] test protected::steganography::tests::protector_level ... ok
[INFO] [stdout] test protected::steganography::tests::protector_modifies_pixels ... ok
[INFO] [stdout] test protected::steganography::tests::embed_lsb_tiled_with_mac_key ... ok
[INFO] [stdout] test protected::steganography::tests::plan078_tiled_fallback_jpeg_verification_uses_single_search_context ... ok
[INFO] [stdout] test protected::steganography::tests::lsb_extract_wrong_key_returns_none ... ok
[INFO] [stdout] test protected::steganography::tests::stegoeggo_png_v3_roundtrip_after_carrier_extraction ... ok
[INFO] [stdout] test protected::steganography::tests::supported_versions_are_unique ... ok
[INFO] [stdout] test protected::steganography::tests::tile_seed_collisions_rare ... ok
[INFO] [stdout] test protected::steganography::tests::tile_seed_distinct_for_distinct_master ... ok
[INFO] [stdout] test protected::steganography::tests::tile_seed_distinct_for_distinct_x ... ok
[INFO] [stdout] test protected::steganography::tests::tile_seed_distinct_for_distinct_y ... ok
[INFO] [stdout] test protected::steganography::tests::tile_seed_is_deterministic ... ok
[INFO] [stdout] test protected::steganography::tests::stegoeggo_webp_v3_roundtrip_after_carrier_extraction ... ok
[INFO] [stdout] test protected::steganography::tests::v2_embed_extract_full_roundtrip_via_public_api ... ok
[INFO] [stdout] test protected::steganography::tests::v2_embed_extract_mac_roundtrip ... ok
[INFO] [stdout] test protected::steganography::tests::verify_checksum_corrupted_byte ... ok
[INFO] [stdout] test protected::steganography::tests::verify_checksum_invalid ... ok
[INFO] [stdout] test protected::steganography::tests::verify_checksum_too_short ... ok
[INFO] [stdout] test protected::steganography::tests::verify_checksum_valid ... ok
[INFO] [stdout] test protected::steganography::tests::embed_f5_tiled_with_mac_key ... ok
[INFO] [stdout] test protected::steganography::tests::verify_payload_integrity_checksum_corrupted ... ok
[INFO] [stdout] test protected::steganography::tests::verify_payload_integrity_checksum_mode ... ok
[INFO] [stdout] test protected::steganography::tests::verify_payload_integrity_mac_mode ... ok
[INFO] [stdout] test protected::steganography::tests::verify_payload_integrity_mac_truncated ... ok
[INFO] [stdout] test protected::steganography::tests::verify_payload_integrity_mac_wrong_key ... ok
[INFO] [stdout] test protected::steganography::tests::verify_payload_integrity_truncated ... ok
[INFO] [stdout] test protected::steganography::tests::verify_payload_mac_corrupted_mac ... ok
[INFO] [stdout] test protected::steganography::tests::verify_payload_mac_match ... ok
[INFO] [stdout] test protected::steganography::tests::verify_payload_mac_wrong_key ... ok
[INFO] [stdout] test protected::steganography::tests::extract_with_redundancy_mac_wrong_key_returns_none ... ok
[INFO] [stdout] test protected::steganography::verify::tests::encode_failure_is_invalid_verification ... ok
[INFO] [stdout] test protected::steganography::verify::tests::validate_v3_header_accepts_defined_channel_bits ... ok
[INFO] [stdout] test protected::steganography::verify::tests::validate_v3_header_rejects_reserved_channel_bits ... ok
[INFO] [stdout] test protected::steganography::verify::tests::verify_accepts_wellformed_crc32_payload ... ok
[INFO] [stdout] test protected::steganography::verify::tests::verify_accepts_wellformed_hmac_payload_and_rejects_wrong_key ... ok
[INFO] [stdout] test protected::steganography::verify::tests::verify_checksum_rejects_undersized_auth_tag ... ok
[INFO] [stdout] test protected::steganography::verify::tests::verify_integrity_rejects_crc32_with_mismatched_tag_length ... ok
[INFO] [stdout] test protected::steganography::verify::tests::verify_integrity_rejects_hmac_with_empty_tag_for_any_key ... ok
[INFO] [stdout] test protected::steganography::verify::tests::verify_integrity_rejects_oversized_hmac_tag ... ok
[INFO] [stdout] test protected::steganography::verify::tests::verify_integrity_rejects_truncated_hmac_tags ... ok
[INFO] [stdout] test resource_limits::tests::builder_overrides_defaults ... ok
[INFO] [stdout] test resource_limits::tests::check_container_count_fails ... ok
[INFO] [stdout] test resource_limits::tests::check_dimensions_fails ... ok
[INFO] [stdout] test resource_limits::tests::check_dimensions_passes ... ok
[INFO] [stdout] test resource_limits::tests::check_input_size_fails ... ok
[INFO] [stdout] test resource_limits::tests::check_input_size_passes ... ok
[INFO] [stdout] test resource_limits::tests::default_limits_are_conservative ... ok
[INFO] [stdout] test resource_limits::tests::dimensions_exceeds_limit ... ok
[INFO] [stdout] test resource_limits::tests::input_size_exceeds_limit ... ok
[INFO] [stdout] test resource_limits::tests::jpeg_segment_bytes_exceeds_limit ... ok
[INFO] [stdout] test resource_limits::tests::jpeg_segment_count_exceeds_limit ... ok
[INFO] [stdout] test resource_limits::tests::metadata_field_bytes_exceeds_limit ... ok
[INFO] [stdout] test resource_limits::tests::png_chunk_bytes_exceeds_limit ... ok
[INFO] [stdout] test resource_limits::tests::png_chunk_count_exceeds_limit ... ok
[INFO] [stdout] test resource_limits::tests::resource_usage_default ... ok
[INFO] [stdout] test resource_limits::tests::resource_usage_display ... ok
[INFO] [stdout] test resource_limits::tests::tile_origin_limit_clamps_to_u32 ... ok
[INFO] [stdout] test tests::disabled_process_image_bytes_is_byte_for_byte_noop ... ok
[INFO] [stdout] test tests::disabled_process_image_bytes_with_warnings_is_byte_for_byte_noop ... ok
[INFO] [stdout] test protected::steganography::tests::verify_extract_finds_legacy_payload_at_primary_seed ... ok
[INFO] [stdout] test tests::from_preset_sets_channels ... ok
[INFO] [stdout] test protected::steganography::tests::tiled_jpeg_wrong_first_not_v3_candidate_does_not_mask_later_valid_candidate ... ok
[INFO] [stdout] test tests::pipeline_process_bytes_preserves_detected_jpeg_format ... ok
[INFO] [stdout] test tests::plan078_malformed_input_still_fails_closed ... ok
[INFO] [stdout] test tests::light_process_bytes_can_convert_png_to_jpeg ... ok
[INFO] [stdout] test tests::plan078_metadata_only_png_performs_no_pixel_decode ... ok
[INFO] [stdout] test tests::plan078_png_marker_performs_single_pixel_decode ... ok
[INFO] [stdout] test tests::preset_authenticated_requires_mac ... ok
[INFO] [stdout] test tests::preset_legal_notice_is_metadata_only ... ok
[INFO] [stdout] test tests::preset_legal_notice_with_stego_has_marker ... ok
[INFO] [stdout] test tests::preset_maximal_requires_mac ... ok
[INFO] [stdout] test tests::preset_to_channels_authenticated ... ok
[INFO] [stdout] test tests::preset_to_channels_metadata_only ... ok
[INFO] [stdout] test tests::preset_to_channels_with_stego ... ok
[INFO] [stdout] test tests::process_request_metadata_only_jpeg ... ok
[INFO] [stdout] test tests::process_request_metadata_only_png ... ok
[INFO] [stdout] test tests::process_request_preserves_png_format ... ok
[INFO] [stdout] test tests::process_request_rejects_hmac_with_disabled_marker ... ok
[INFO] [stdout] test tests::process_request_rejects_hmac_without_key ... ok
[INFO] [stdout] test tests::process_request_with_report_metadata_only ... ok
[INFO] [stdout] test tests::protection_level_to_request_disabled ... ok
[INFO] [stdout] test tests::protection_level_to_request_light ... ok
[INFO] [stdout] test tests::protection_level_to_request_standard ... ok
[INFO] [stdout] test tests::request_from_legacy_content_hash_preserved ... ok
[INFO] [stdout] test tests::request_from_legacy_explicit_dmi_overrides_default ... ok
[INFO] [stdout] test tests::request_from_legacy_explicit_redundancy_preserved ... ok
[INFO] [stdout] test tests::request_from_legacy_legal_claims_false_excludes_claims ... ok
[INFO] [stdout] test tests::request_from_legacy_legal_claims_none_auto_includes_supplied_metadata ... ok
[INFO] [stdout] test tests::request_from_legacy_light_default_policy_is_unspecified ... ok
[INFO] [stdout] test tests::request_from_legacy_light_with_tile_size_is_seed_only ... ok
[INFO] [stdout] test tests::request_from_legacy_resource_limits_preserved ... ok
[INFO] [stdout] test tests::request_from_legacy_standard_with_tile_size_is_tiled ... ok
[INFO] [stdout] test tests::request_from_legacy_timestamp_override_preserved ... ok
[INFO] [stdout] test tests::rights_policy_dmi_roundtrip ... ok
[INFO] [stdout] test tests::rights_policy_to_dmi_allowed_is_some ... ok
[INFO] [stdout] test tests::rights_policy_to_dmi_unspecified_is_none ... ok
[INFO] [stdout] test tests::test_different_seeds_different_output ... ok
[INFO] [stdout] test tests::test_end_to_end_protection_verification ... ok
[INFO] [stdout] test tests::test_intensity_zero_no_change ... ok
[INFO] [stdout] test tests::test_max_dimension_validation ... ok
[INFO] [stdout] test protected::steganography::tests::stegoeggo_jpeg_v3_roundtrip_after_carrier_extraction ... ok
[INFO] [stdout] test tests::test_metadata_extraction ... ok
[INFO] [stdout] test tests::test_pipeline_all_levels ... ok
[INFO] [stdout] test tests::test_pipeline_disabled ... ok
[INFO] [stdout] test tests::test_process_bytes_and_verify ... ok
[INFO] [stdout] test tests::test_process_image_bytes ... ok
[INFO] [stdout] test types::date_validation_tests::all_date_fields_valid ... ok
[INFO] [stdout] test types::date_validation_tests::date_only_with_time_component_fails ... ok
[INFO] [stdout] test types::date_validation_tests::empty_date_fails ... ok
[INFO] [stdout] test types::date_validation_tests::invalid_date_too_short ... ok
[INFO] [stdout] test types::date_validation_tests::invalid_date_wrong_separator ... ok
[INFO] [stdout] test types::date_validation_tests::invalid_datetime_missing_t ... ok
[INFO] [stdout] test types::date_validation_tests::valid_date_only ... ok
[INFO] [stdout] test types::date_validation_tests::valid_datetime_negative_offset ... ok
[INFO] [stdout] test types::date_validation_tests::valid_datetime_offset ... ok
[INFO] [stdout] test types::date_validation_tests::valid_datetime_utc ... ok
[INFO] [stdout] test types::localized_text_tests::display_returns_text ... ok
[INFO] [stdout] test types::localized_text_tests::from_string_uses_default_lang ... ok
[INFO] [stdout] test types::localized_text_tests::new_defaults_to_x_default ... ok
[INFO] [stdout] test types::localized_text_tests::usage_terms_localized_from_string_uses_default_lang ... ok
[INFO] [stdout] test types::localized_text_tests::usage_terms_localized_sets_both_fields ... ok
[INFO] [stdout] test types::localized_text_tests::usage_terms_plain_has_no_lang ... ok
[INFO] [stdout] test types::localized_text_tests::with_lang_sets_language ... ok
[INFO] [stdout] test types::plus_mapping_tests::all_variants_have_plus_vocab_key ... ok
[INFO] [stdout] test types::plus_mapping_tests::from_plus_vocab_key_rejects_unknown ... ok
[INFO] [stdout] test types::plus_mapping_tests::plus_vocab_keys_match_exiftool ... ok
[INFO] [stdout] test types::protection_preset_tests::as_str_returns_lowercase ... ok
[INFO] [stdout] test types::protection_preset_tests::authenticated_provenance_expands_correctly ... ok
[INFO] [stdout] test types::protection_preset_tests::from_preset_uses_preset_channels ... ok
[INFO] [stdout] test types::protection_preset_tests::legal_notice_expands_to_metadata_only ... ok
[INFO] [stdout] test types::protection_preset_tests::legal_notice_with_stego_expands_correctly ... ok
[INFO] [stdout] test types::protection_preset_tests::maximal_expands_correctly ... ok
[INFO] [stdout] test types::protection_preset_tests::requires_mac_key_only_for_authenticated_presets ... ok
[INFO] [stdout] test types::rights_policy_tests::allowed_to_dmi ... ok
[INFO] [stdout] test types::rights_policy_tests::as_str_matches_variant_name ... ok
[INFO] [stdout] test types::rights_policy_tests::from_dmi_allowed ... ok
[INFO] [stdout] test types::rights_policy_tests::from_dmi_prohibited ... ok
[INFO] [stdout] test protected::steganography::tests::embed_f5_tiled_round_trip_after_recompression ... ok
[INFO] [stdout] test types::rights_policy_tests::from_dmi_prohibited_ai_ml_training ... ok
[INFO] [stdout] test types::rights_policy_tests::from_dmi_prohibited_gen_ai_ml_training ... ok
[INFO] [stdout] test types::rights_policy_tests::from_dmi_prohibited_see_constraints ... ok
[INFO] [stdout] test types::rights_policy_tests::from_dmi_prohibited_except_search_engine_indexing ... ok
[INFO] [stdout] test types::rights_policy_tests::from_dmi_unspecified ... ok
[INFO] [stdout] test types::rights_policy_tests::into_trait_matches_to_dmi_value ... ok
[INFO] [stdout] test types::rights_policy_tests::prohibited_ai_ml_training_to_dmi ... ok
[INFO] [stdout] test types::rights_policy_tests::prohibited_all_data_mining_to_dmi ... ok
[INFO] [stdout] test types::rights_policy_tests::prohibited_except_search_indexing_to_dmi ... ok
[INFO] [stdout] test types::rights_policy_tests::from_trait_matches_function ... ok
[INFO] [stdout] test types::rights_policy_tests::prohibited_generative_ai_training_to_dmi ... ok
[INFO] [stdout] test types::rights_policy_tests::prohibited_see_constraints_to_dmi ... ok
[INFO] [stdout] test types::rights_policy_tests::requires_constraints_only_for_see_constraints ... ok
[INFO] [stdout] test types::rights_policy_tests::roundtrip_from_dmi_to_dmi ... ok
[INFO] [stdout] test types::rights_policy_tests::roundtrip_to_dmi_from_dmi ... ok
[INFO] [stdout] test types::rights_policy_tests::unspecified_to_dmi_returns_none ... ok
[INFO] [stdout] test types::tests::dmi_value_iptc_property_mapping ... ok
[INFO] [stdout] test types::tests::effective_redundancy_clamps_out_of_range_values ... ok
[INFO] [stdout] test types::tests::evidence_profile_as_str ... ok
[INFO] [stdout] test types::tests::evidence_profile_default_context_backward_compatible ... ok
[INFO] [stdout] test types::tests::evidence_profile_default_is_legal_notice ... ok
[INFO] [stdout] test types::tests::evidence_profile_serde_roundtrip_in_context ... ok
[INFO] [stdout] test types::tests::evidence_profile_serialization_roundtrip ... ok
[INFO] [stdout] test types::tests::format_fragility_severity_is_always_warning ... ok
[INFO] [stdout] test types::tests::helper_constructors_set_correct_profile ... ok
[INFO] [stdout] test types::tests::intensity_clamped ... ok
[INFO] [stdout] test types::tests::invalid_numeric_context_values_are_preserved_for_validation ... ok
[INFO] [stdout] test types::tests::metadata_injection_disabled_severity_by_profile ... ok
[INFO] [stdout] test types::tests::missing_mac_key_severity_by_profile ... ok
[INFO] [stdout] test types::tests::protection_level_byte_roundtrip ... ok
[INFO] [stdout] test types::tests::protection_level_from_invalid_byte ... ok
[INFO] [stdout] test types::tests::seed_roundtrip_through_serde ... ok
[INFO] [stdout] test types::tests::serialize_emits_warning_when_config_set ... ok
[INFO] [stdout] test types::tests::builder_chain ... ok
[INFO] [stdout] test types::tests::stego_capacity_severity_by_profile ... ok
[INFO] [stdout] test types::tests::tile_settings_survive_serde_roundtrip ... ok
[INFO] [stdout] test types::tests::tile_size_default_is_none ... ok
[INFO] [stdout] test types::tests::warning_category_mapping ... ok
[INFO] [stdout] test types::tests::with_evidence_profile_sets_and_retrieves ... ok
[INFO] [stdout] test types::tests::with_tile_extraction_max_origins_defaults_to_64 ... ok
[INFO] [stdout] test types::tests::with_tile_extraction_max_origins_preserves_zero_for_validation ... ok
[INFO] [stdout] test types::tests::with_tile_size_enables_tiling ... ok
[INFO] [stdout] test types::tests::with_tile_size_preserves_above_maximum_for_validation ... ok
[INFO] [stdout] test types::tests::with_tile_size_preserves_below_minimum_for_validation ... ok
[INFO] [stdout] test types::tests::with_tile_size_zero_disables_tiling ... ok
[INFO] [stdout] test types::url_validation_tests::empty_url_fails ... ok
[INFO] [stdout] test types::url_validation_tests::licensor_url_validates ... ok
[INFO] [stdout] test types::url_validation_tests::missing_scheme_fails ... ok
[INFO] [stdout] test types::url_validation_tests::non_url_fields_not_affected ... ok
[INFO] [stdout] test types::tests::serialize_no_warning_when_config_none ... ok
[INFO] [stdout] test types::url_validation_tests::scheme_only_fails ... ok
[INFO] [stdout] test types::url_validation_tests::valid_ftp_url_passes ... ok
[INFO] [stdout] test types::url_validation_tests::valid_http_url_passes ... ok
[INFO] [stdout] test types::url_validation_tests::valid_https_url_passes ... ok
[INFO] [stdout] test types::url_validation_tests::web_statement_validates ... ok
[INFO] [stdout] test protected::steganography::tests::lsb_verify_with_mac_key ... ok
[INFO] [stdout] test util::image::tests::pixel_and_dct_rngs_produce_different_sequences_for_same_seed ... ok
[INFO] [stdout] test util::image::tests::jpeg_encoding_rejects_dimensions_that_do_not_fit_jpeg_encoder ... ok
[INFO] [stdout] test util::image::tests::pixel_selection_rng_zero_seed_is_stable_and_nonzero ... ok
[INFO] [stdout] test util::image::tests::test_detect_png ... ok
[INFO] [stdout] test util::image::tests::test_detect_jpeg ... ok
[INFO] [stdout] test util::image::tests::test_detect_webp ... ok
[INFO] [stdout] test util::image::tests::test_image_hash_deterministic ... ok
[INFO] [stdout] test util::seed::tests::generate_random_seed_returns_nonzero ... ok
[INFO] [stdout] test webp_container::tests::anim_without_anmf_rejected ... ok
[INFO] [stdout] test webp_container::tests::anmf_1x1_frame_accepted ... ok
[INFO] [stdout] test webp_container::tests::anmf_coordinate_multiply_overflow_rejected ... ok
[INFO] [stdout] test webp_container::tests::anmf_alph_with_vp8l_rejected ... ok
[INFO] [stdout] test webp_container::tests::anmf_decodes_x_y_width_height_duration_and_flags ... ok
[INFO] [stdout] test webp_container::tests::anmf_duplicate_vp8l_rejected ... ok
[INFO] [stdout] test webp_container::tests::anmf_final_cursor_mismatch_rejected ... ok
[INFO] [stdout] test webp_container::tests::anmf_frame_bottom_edge_exactly_on_canvas_accepted ... ok
[INFO] [stdout] test webp_container::tests::anmf_frame_bottom_outside_canvas_rejected ... ok
[INFO] [stdout] test webp_container::tests::anmf_frame_right_edge_exactly_on_canvas_accepted ... ok
[INFO] [stdout] test webp_container::tests::anmf_frame_right_outside_canvas_rejected ... ok
[INFO] [stdout] test webp_container::tests::anmf_duplicate_vp8_rejected ... ok
[INFO] [stdout] test webp_container::tests::anmf_missing_image_rejected ... ok
[INFO] [stdout] test webp_container::tests::anmf_missing_pad_rejected ... ok
[INFO] [stdout] test webp_container::tests::anmf_nested_chunk_overrun_rejected ... ok
[INFO] [stdout] test webp_container::tests::anmf_missing_image_payload_rejected ... ok
[INFO] [stdout] test webp_container::tests::anmf_reserved_flag_bits_rejected ... ok
[INFO] [stdout] test webp_container::tests::anmf_vp8_and_vp8l_conflict_rejected ... ok
[INFO] [stdout] test webp_container::tests::anmf_short_header_rejected ... ok
[INFO] [stdout] test webp_container::tests::anmf_vp8l_then_alph_rejected ... ok
[INFO] [stdout] test webp_container::tests::anmf_with_alph_detects_alpha ... ok
[INFO] [stdout] test webp_container::tests::animated_top_level_alph_rejected ... ok
[INFO] [stdout] test webp_container::tests::anmf_with_opaque_vp8_no_alpha ... ok
[INFO] [stdout] test webp_container::tests::duplicate_anim_rejected ... ok
[INFO] [stdout] test webp_container::tests::duplicate_exif_rejected ... ok
[INFO] [stdout] test webp_container::tests::duplicate_iccp_rejected ... ok
[INFO] [stdout] test webp_container::tests::encode_decode_vp8x_roundtrip ... ok
[INFO] [stdout] test webp_container::tests::encode_vp8x_rejects_zero_dimensions ... ok
[INFO] [stdout] test webp_container::tests::malformed_nested_vp8l_header_rejected ... ok
[INFO] [stdout] test webp_container::tests::malformed_top_level_vp8l_header_rejected ... ok
[INFO] [stdout] test webp_container::tests::parse_accepts_single_zero_byte_after_declared_riff_extent ... ok
[INFO] [stdout] test webp_container::tests::anmf_with_vp8l_alpha_detects_alpha ... ok
[INFO] [stdout] test webp_container::tests::anmf_without_anim_rejected ... ok
[INFO] [stdout] test webp_container::tests::parse_rejects_duplicate_vp8x ... ok
[INFO] [stdout] test webp_container::tests::parse_rejects_duplicate_vp8 ... ok
[INFO] [stdout] test webp_container::tests::parse_rejects_non_riff ... ok
[INFO] [stdout] test webp_container::tests::parse_rejects_non_webp ... ok
[INFO] [stdout] test webp_container::tests::parse_rejects_riff_size_smaller_than_input ... ok
[INFO] [stdout] test webp_container::tests::parse_rejects_truncated_chunk ... ok
[INFO] [stdout] test webp_container::tests::parse_rejects_vp8_and_vp8l_conflict ... ok
[INFO] [stdout] test webp_container::tests::parse_rejects_vp8x_only_container ... ok
[INFO] [stdout] test webp_container::tests::parse_rejects_vp8x_reserved_bytes ... ok
[INFO] [stdout] test webp_container::tests::parse_rejects_vp8x_reserved_flags ... ok
[INFO] [stdout] test webp_container::tests::parse_rejects_short_input ... ok
[INFO] [stdout] test webp_container::tests::parse_simple_vp8 ... ok
[INFO] [stdout] test webp_container::tests::parse_vp8x_with_flags ... ok
[INFO] [stdout] test webp_container::tests::valid_alpha_vp8l_frame_accepted ... ok
[INFO] [stdout] test webp_container::tests::valid_opaque_vp8_frame_accepted ... ok
[INFO] [stdout] test webp_container::tests::validate_output_accepts_valid_webp ... ok
[INFO] [stdout] test webp_container::tests::validate_output_detects_flag_mismatch ... ok
[INFO] [stdout] test webp_container::tests::vp8l_detects_alpha ... ok
[INFO] [stdout] test webp_container::tests::vp8l_detects_no_alpha ... ok
[INFO] [stdout] test webp_container::tests::vp8l_header_parses_1x1_opaque ... ok
[INFO] [stdout] test webp_container::tests::vp8l_header_parses_dimensions_and_alpha ... ok
[INFO] [stdout] test webp_container::tests::vp8l_header_rejects_nonzero_version ... ok
[INFO] [stdout] test webp_container::tests::vp8l_rejects_bad_signature ... ok
[INFO] [stdout] test webp_container::tests::vp8l_rejects_short_payload ... ok
[INFO] [stdout] test webp_container::tests::vp8x_accepts_1x1_canvas ... ok
[INFO] [stdout] test webp_container::tests::vp8x_accepts_1xn_and_nx1_canvas ... ok
[INFO] [stdout] test xmp::tests::accepts_doctype_events ... ok
[INFO] [stdout] test webp_container::tests::parse_rejects_vp8x_wrong_payload_length ... ok
[INFO] [stdout] test xmp::tests::alternate_rdf_prefix_normalizes_without_semantic_loss ... ok
[INFO] [stdout] test xmp::tests::filter_accepts_xml_references_in_unrelated_text ... ok
[INFO] [stdout] test xmp::tests::merge_accepts_xml_references_and_reparses ... ok
[INFO] [stdout] test xmp::tests::merge_attribute_references_are_decoded_before_escaping ... ok
[INFO] [stdout] test xmp::tests::invalid_numeric_reference_is_rejected ... ok
[INFO] [stdout] test xmp::tests::mixed_description_is_returned_without_owned_fields ... ok
[INFO] [stdout] test webp_container::tests::parse_rejects_riff_size_exceeding_input ... ok
[INFO] [stdout] test xmp::tests::mixed_empty_description_attributes_are_returned_without_owned_fields ... ok
[INFO] [stdout] test xmp::tests::owned_data_mining_with_nested_rdf_structure_is_removed_whole ... ok
[INFO] [stdout] test xmp::tests::owned_empty_element_removed_without_affecting_following_sibling ... ok
[INFO] [stdout] test xmp::tests::owned_nested_rdf_description_does_not_close_outer_description ... ok
[INFO] [stdout] test xmp::tests::owned_other_constraints_with_rdf_alt_is_removed_whole ... ok
[INFO] [stdout] test xmp::tests::owned_subtree_between_two_unrelated_children_preserves_both_neighbors ... ok
[INFO] [stdout] test xmp::tests::owned_subtree_with_nested_same_local_wrong_namespace_still_removed_whole ... ok
[INFO] [stdout] test xmp::tests::preserved_description_outer_namespace_becomes_self_contained ... ok
[INFO] [stdout] test xmp::tests::preserved_description_remains_rdf_qualified ... ok
[INFO] [stdout] test xmp::tests::owned_only_description_is_removed ... ok
[INFO] [stdout] test xmp::tests::preserved_description_reparses_as_rdf_description ... ok
[INFO] [stdout] test xmp::tests::preserves_comments_and_processing_instructions_where_supported ... ok
[INFO] [stdout] test xmp::tests::preserves_attribute_value_containing_greater_than ... ok
[INFO] [stdout] test xmp::tests::owned_nested_depth_returns_to_zero_exactly_once ... ok
[INFO] [stdout] test xmp::tests::preserves_same_local_name_under_unrelated_namespace ... ok
[INFO] [stdout] test xmp::tests::preserves_unrelated_child_before_and_after_owned_child ... ok
[INFO] [stdout] test xmp::tests::preserves_unprefixed_same_local_name ... ok
[INFO] [stdout] test xmp::tests::recognizes_namespace_declared_on_rdf_element ... ok
[INFO] [stdout] test xmp::tests::recognizes_rdf_description_with_alternate_prefix ... ok
[INFO] [stdout] test xmp::tests::recognizes_rdf_description_with_standard_prefix ... ok
[INFO] [stdout] test xmp::tests::rejects_invalid_utf8 ... ok
[INFO] [stdout] test xmp::tests::recognizes_namespace_declared_on_outer_xmpmeta ... ok
[INFO] [stdout] test xmp::tests::rejects_mismatched_end_tag ... ok
[INFO] [stdout] test xmp::tests::rejects_unclosed_description ... ok
[INFO] [stdout] test xmp::tests::rejects_truncated_owned_element ... ok
[INFO] [stdout] test xmp::tests::preserves_nested_unrelated_elements_and_text ... ok
[INFO] [stdout] test xmp::tests::removes_owned_plus_attribute_under_alternate_prefix ... ok
[INFO] [stdout] test xmp::tests::unknown_named_entity_is_rejected ... ok
[INFO] [stdout] test xmp::tests::unrelated_comments_and_processing_instructions_are_preserved ... ok
[INFO] [stdout] test xmp::tests::removes_owned_stegoeggo_attribute_under_alternate_prefix ... ok
[INFO] [stdout] test xmp::tests::removes_owned_child_element_subtree ... ok
[INFO] [stdout] test protected::steganography::tests::wrong_mac_key_returns_none ... ok
[INFO] [stdout] test tests::plan078_tiled_png_request_verifies_with_single_decode ... ok
[INFO] [stdout] test protected::steganography::tests::stegoeggo_hmac_wrong_key_classification_unchanged ... ok
[INFO] [stdout] test tests::light_process_bytes_validates_max_dimension ... ok
[INFO] [stdout] test tests::test_max_dimension_validation_process_bytes ... ok
[INFO] [stdout] 
[INFO] [stdout] test result: ok. 586 passed; 0 failed; 0 ignored; 0 measured; 0 filtered out; finished in 19.25s
[INFO] [stdout] 
[INFO] [stderr]      Running tests/basic.rs (/opt/rustwide/target/debug/build/stegoeggo/69949e72c949106f/out/basic-69949e72c949106f)
[INFO] [stdout] 
[INFO] [stdout] running 14 tests
[INFO] [stdout] test basic::test_protection_context ... ok
[INFO] [stdout] test basic::test_pipeline ... ok
[INFO] [stdout] test integration::test_all_levels_produce_valid_images ... ok
[INFO] [stdout] test integration::test_jpeg_encoding ... ok
[INFO] [stdout] test basic::test_pipeline_all_levels ... ok
[INFO] [stdout] test integration::test_metadata_injection_png ... ok
[INFO] [stdout] test integration::test_auto_dmi_from_protection_level ... ok
[INFO] [stdout] test protectors::test_metadata_trap ... ok
[INFO] [stdout] test integration::test_output_not_identical_to_input ... ok
[INFO] [stdout] test protectors::test_passthrough ... ok
[INFO] [stdout] test protectors::test_passthrough_preserves_image ... ok
[INFO] [stdout] test integration::test_process_image_bytes ... ok
[INFO] [stdout] test integration::test_xmp_injection_jpeg ... ok
[INFO] [stdout] test basic::test_protection_levels ... ok
[INFO] [stdout] 
[INFO] [stdout] test result: ok. 14 passed; 0 failed; 0 ignored; 0 measured; 0 filtered out; finished in 0.01s
[INFO] [stdout] 
[INFO] [stderr]      Running tests/canonical_rights.rs (/opt/rustwide/target/debug/build/stegoeggo/a62c388943827b07/out/canonical_rights-a62c388943827b07)
[INFO] [stdout] 
[INFO] [stdout] running 14 tests
[INFO] [stdout] test canonical_plus_dmi_prohibited_gen_ai ... ok
[INFO] [stdout] test canonical_and_legacy_conflicting_detected ... ok
[INFO] [stdout] test canonical_plus_dmi_prohibited_ai_training ... ok
[INFO] [stdout] test canonical_plus_dmi_unspecified ... ok
[INFO] [stderr]      Running tests/conformance_container_tests.rs (/opt/rustwide/target/debug/build/stegoeggo/4d2467c3bba7dcf8/out/conformance_container_tests-4d2467c3bba7dcf8)
[INFO] [stdout] test canonical_plus_dmi_prohibited ... ok
[INFO] [stdout] test canonical_and_legacy_agreeing_no_conflict ... ok
[INFO] [stdout] test canonical_plus_dmi_allowed ... ok
[INFO] [stdout] test no_rights_metadata ... ok
[INFO] [stdout] test unknown_plus_vocab_key ... ok
[INFO] [stdout] test malformed_xmp_does_not_panic ... ok
[INFO] [stdout] test canonical_plus_element_form ... ok
[INFO] [stdout] test conflict_detection_canonical_vs_legacy ... ok
[INFO] [stdout] test alternate_namespace_prefix_resolves ... ok
[INFO] [stdout] test legacy_dmi_prohibited_backward_compat ... ok
[INFO] [stdout] 
[INFO] [stdout] test result: ok. 14 passed; 0 failed; 0 ignored; 0 measured; 0 filtered out; finished in 0.00s
[INFO] [stdout] 
[INFO] [stdout] 
[INFO] [stdout] running 35 tests
[INFO] [stdout] test webp_animated_multiple_frame_rewrite_byte_identical ... ok
[INFO] [stdout] test webp_animated_opaque_vp8_rewrite_succeeds ... ok
[INFO] [stdout] test webp_animated_unknown_top_level_chunk_preserved ... ok
[INFO] [stdout] test webp_animated_with_xmp_rewrite_succeeds ... ok
[INFO] [stdout] test png_existing_text_chunk_preserved_through_byte_level ... ok
[INFO] [stdout] test webp_duplicate_identical_xmp_collapses_to_one ... ok
[INFO] [stdout] test webp_exif_chunk_preserved_and_flag_set ... ok
[INFO] [stdout] test webp_iccp_preserved_and_flag_set ... ok
[INFO] [stdout] test webp_container_valid_after_processing ... ok
[INFO] [stdout] test jpeg_markers_preserve_structure ... ok
[INFO] [stdout] test jpeg_independent_decode_after_processing ... ok
[INFO] [stdout] test webp_mixed_owned_and_unrelated_attributes_preserved ... ok
[INFO] [stdout] test webp_owned_fields_under_alternate_prefix_replaced ... ok
[INFO] [stdout] test webp_same_local_name_wrong_namespace_preserved ... ok
[INFO] [stdout] test png_independent_decode_after_processing ... ok
[INFO] [stdout] test png_chunk_integrity_after_standard_processing ... ok
[INFO] [stdout] test webp_rewrite_emits_exactly_one_xmp_chunk ... ok
[INFO] [stdout] test webp_idempotent_metadata_count ... ok
[INFO] [stdout] test webp_independent_decode_after_processing ... ok
[INFO] [stdout] test webp_simple_to_extended_has_vp8x ... ok
[INFO] [stdout] test png_text_chunk_count_idempotent ... ok
[INFO] [stdout] test webp_unknown_chunk_preserved ... ok
[INFO] [stdout] test webp_three_rounds_no_unbounded_growth ... ok
[INFO] [stdout] test webp_three_round_rewrite_is_semantically_idempotent ... ok
[INFO] [stdout] test webp_vp8l_payload_preserved_through_metadata_injection ... ok
[INFO] [stdout] test webp_unrelated_xmp_preserved_in_sole_packet ... ok
[INFO] [stdout] test webp_unrelated_dc_creator_only_preserved ... ok
[INFO] [stdout] test webp_unrelated_plus_field_survives ... ok
[INFO] [stdout] test webp_three_round_rewrite_xmp_is_parser_idempotent ... ok
[INFO] [stdout] test webp_vp8x_flags_consistent_with_chunks ... ok
[INFO] [stdout] test webp_vp8x_no_exif_when_no_exif_chunk ... ok
[INFO] [stdout] test webp_xmp_not_duplicated ... ok
[INFO] [stdout] test webp_vpx_flags_reflect_xmp ... ok
[INFO] [stdout] test webp_xmp_reference_values_are_semantically_stable_three_rounds ... ok
[INFO] [stdout] test png_unrelated_xmp_survives_byte_level ... ok
[INFO] [stdout] 
[INFO] [stdout] test result: ok. 35 passed; 0 failed; 0 ignored; 0 measured; 0 filtered out; finished in 0.43s
[INFO] [stdout] 
[INFO] [stderr]      Running tests/conformance_negative.rs (/opt/rustwide/target/debug/build/stegoeggo/3f5c2ccad074bb67/out/conformance_negative-3f5c2ccad074bb67)
[INFO] [stdout] 
[INFO] [stdout] running 4 tests
[INFO] [stdout] test negative_duplicate_fixture_ids_rejected ... FAILED
[INFO] [stdout] test negative_incorrect_sha256_rejected ... FAILED
[INFO] [stdout] test negative_source_reclassified_rejected ... FAILED
[INFO] [stdout] test negative_empty_manifest_rejected has been running for over 60 seconds
[INFO] [stdout] test negative_empty_manifest_rejected ... FAILED
[INFO] [stderr] error: test failed, to rerun pass `--test conformance_negative`
[INFO] [stdout] 
[INFO] [stdout] failures:
[INFO] [stdout] 
[INFO] [stdout] ---- negative_duplicate_fixture_ids_rejected stdout ----
[INFO] [stdout] 
[INFO] [stdout] thread 'negative_duplicate_fixture_ids_rejected' (2343) panicked at tests/conformance_negative.rs:61:10:
[INFO] [stdout] Failed to read original manifest: Os { code: 2, kind: NotFound, message: "No such file or directory" }
[INFO] [stdout] stack backtrace:
[INFO] [stdout]    0:     0x5bfa9e038d71 - std[617be2ca0a6fd877]::backtrace_rs::backtrace::libunwind::trace
[INFO] [stdout]                                at /rustc/e3feeb59cd1bdd011a2bfcc0747b55125d9b8527/library/std/src/../../backtrace/src/backtrace/libunwind.rs:117:9
[INFO] [stdout]    1:     0x5bfa9e038d71 - std[617be2ca0a6fd877]::backtrace_rs::backtrace::trace_unsynchronized::<std[617be2ca0a6fd877]::sys::backtrace::_print_fmt::{closure#1}>
[INFO] [stdout]                                at /rustc/e3feeb59cd1bdd011a2bfcc0747b55125d9b8527/library/std/src/../../backtrace/src/backtrace/mod.rs:66:14
[INFO] [stdout]    2:     0x5bfa9e038d71 - std[617be2ca0a6fd877]::sys::backtrace::_print_fmt
[INFO] [stdout]                                at /rustc/e3feeb59cd1bdd011a2bfcc0747b55125d9b8527/library/std/src/sys/backtrace.rs:74:9
[INFO] [stdout]    3:     0x5bfa9e038d71 - <<std[617be2ca0a6fd877]::sys::backtrace::BacktraceLock>::print::DisplayBacktrace as core[a373ad73a504971]::fmt::Display>::fmt
[INFO] [stdout]                                at /rustc/e3feeb59cd1bdd011a2bfcc0747b55125d9b8527/library/std/src/sys/backtrace.rs:44:26
[INFO] [stdout]    4:     0x5bfa9e04d07a - <core[a373ad73a504971]::fmt::rt::Argument>::fmt
[INFO] [stdout]                                at /rustc/e3feeb59cd1bdd011a2bfcc0747b55125d9b8527/library/core/src/fmt/rt.rs:152:76
[INFO] [stdout]    5:     0x5bfa9e04d07a - core[a373ad73a504971]::fmt::write
[INFO] [stdout]    6:     0x5bfa9e03d1ec - core[a373ad73a504971]::io::write::default_write_fmt::<alloc[2e1b2a31b91974c5]::vec::Vec<u8>>
[INFO] [stdout]                                at /rustc/e3feeb59cd1bdd011a2bfcc0747b55125d9b8527/library/core/src/io/write.rs:402:11
[INFO] [stdout]    7:     0x5bfa9e03d1ec - <alloc[2e1b2a31b91974c5]::vec::Vec<u8> as core[a373ad73a504971]::io::write::Write>::write_fmt
[INFO] [stdout]                                at /rustc/e3feeb59cd1bdd011a2bfcc0747b55125d9b8527/library/core/src/io/write.rs:335:13
[INFO] [stdout]    8:     0x5bfa9e013806 - <std[617be2ca0a6fd877]::sys::backtrace::BacktraceLock>::print
[INFO] [stdout]                                at /rustc/e3feeb59cd1bdd011a2bfcc0747b55125d9b8527/library/std/src/sys/backtrace.rs:47:9
[INFO] [stdout]    9:     0x5bfa9e013806 - std[617be2ca0a6fd877]::panicking::default_hook::{closure#0}
[INFO] [stdout]                                at /rustc/e3feeb59cd1bdd011a2bfcc0747b55125d9b8527/library/std/src/panicking.rs:289:27
[INFO] [stdout]   10:     0x5bfa9e0307a9 - std[617be2ca0a6fd877]::panicking::default_hook
[INFO] [stdout]                                at /rustc/e3feeb59cd1bdd011a2bfcc0747b55125d9b8527/library/std/src/panicking.rs:313:9
[INFO] [stdout]   11:     0x5bfa9dfcb9a0 - <alloc[2e1b2a31b91974c5]::boxed::Box<dyn for<'a, 'b> core[a373ad73a504971]::ops::function::Fn<(&'a std[617be2ca0a6fd877]::panic::PanicHookInfo<'b>,), Output = ()> + core[a373ad73a504971]::marker::Sync + core[a373ad73a504971]::marker::Send> as core[a373ad73a504971]::ops::function::Fn<(&std[617be2ca0a6fd877]::panic::PanicHookInfo,)>>::call
[INFO] [stdout]                                at /rustc/e3feeb59cd1bdd011a2bfcc0747b55125d9b8527/library/alloc/src/boxed.rs:2328:9
[INFO] [stdout]   12:     0x5bfa9dfcb9a0 - test[aada8e7e76ba119b]::test_main_inner::{closure#0}
[INFO] [stdout]                                at /rustc/e3feeb59cd1bdd011a2bfcc0747b55125d9b8527/library/test/src/lib.rs:137:21
[INFO] [stdout]   13:     0x5bfa9e030962 - <alloc[2e1b2a31b91974c5]::boxed::Box<dyn for<'a, 'b> core[a373ad73a504971]::ops::function::Fn<(&'a std[617be2ca0a6fd877]::panic::PanicHookInfo<'b>,), Output = ()> + core[a373ad73a504971]::marker::Sync + core[a373ad73a504971]::marker::Send> as core[a373ad73a504971]::ops::function::Fn<(&std[617be2ca0a6fd877]::panic::PanicHookInfo,)>>::call
[INFO] [stdout]                                at /rustc/e3feeb59cd1bdd011a2bfcc0747b55125d9b8527/library/alloc/src/boxed.rs:2328:9
[INFO] [stdout]   14:     0x5bfa9e030962 - std[617be2ca0a6fd877]::panicking::panic_with_hook
[INFO] [stdout]                                at /rustc/e3feeb59cd1bdd011a2bfcc0747b55125d9b8527/library/std/src/panicking.rs:819:13
[INFO] [stdout]   15:     0x5bfa9e0138b2 - std[617be2ca0a6fd877]::panicking::panic_handler::{closure#0}
[INFO] [stdout]                                at /rustc/e3feeb59cd1bdd011a2bfcc0747b55125d9b8527/library/std/src/panicking.rs:685:13
[INFO] [stdout]   16:     0x5bfa9e00c319 - std[617be2ca0a6fd877]::sys::backtrace::__rust_end_short_backtrace::<std[617be2ca0a6fd877]::panicking::panic_handler::{closure#0}, !>
[INFO] [stdout]                                at /rustc/e3feeb59cd1bdd011a2bfcc0747b55125d9b8527/library/std/src/sys/backtrace.rs:182:18
[INFO] [stdout]   17:     0x5bfa9e0144bd - __rustc[ea4f61d10b84890b]::rust_begin_unwind
[INFO] [stdout]                                at /rustc/e3feeb59cd1bdd011a2bfcc0747b55125d9b8527/library/std/src/panicking.rs:676:5
[INFO] [stdout]   18:     0x5bfa9e04d82c - core[a373ad73a504971]::panicking::panic_fmt
[INFO] [stdout]                                at /rustc/e3feeb59cd1bdd011a2bfcc0747b55125d9b8527/library/core/src/panicking.rs:80:14
[INFO] [stdout]   19:     0x5bfa9e04d582 - core[a373ad73a504971]::result::unwrap_failed
[INFO] [stdout]                                at /rustc/e3feeb59cd1bdd011a2bfcc0747b55125d9b8527/library/core/src/result.rs:1870:5
[INFO] [stdout]   20:     0x5bfa9dfa9133 - <core[a373ad73a504971]::result::Result<alloc[2e1b2a31b91974c5]::string::String, core[a373ad73a504971]::io::error::Error>>::expect
[INFO] [stdout]                                at /rustc/e3feeb59cd1bdd011a2bfcc0747b55125d9b8527/library/core/src/result.rs:1184:23
[INFO] [stdout]   21:     0x5bfa9dfa7782 - conformance_negative[b6237c0f40fe5a76]::original_manifest
[INFO] [stdout]                                at /opt/rustwide/workdir/tests/conformance_negative.rs:61:10
[INFO] [stdout]   22:     0x5bfa9dfa8aaa - conformance_negative[b6237c0f40fe5a76]::negative_duplicate_fixture_ids_rejected
[INFO] [stdout]                                at /opt/rustwide/workdir/tests/conformance_negative.rs:114:20
[INFO] [stdout]   23:     0x5bfa9dfa6497 - conformance_negative[b6237c0f40fe5a76]::negative_duplicate_fixture_ids_rejected::{closure#0}
[INFO] [stdout]                                at /opt/rustwide/workdir/tests/conformance_negative.rs:112:45
[INFO] [stdout]   24:     0x5bfa9dfad666 - <conformance_negative[b6237c0f40fe5a76]::negative_duplicate_fixture_ids_rejected::{closure#0} as core[a373ad73a504971]::ops::function::FnOnce<()>>::call_once
[INFO] [stdout]                                at /rustc/e3feeb59cd1bdd011a2bfcc0747b55125d9b8527/library/core/src/ops/function.rs:250:5
[INFO] [stdout]   25:     0x5bfa9dfbedeb - <fn() -> core[a373ad73a504971]::result::Result<(), alloc[2e1b2a31b91974c5]::string::String> as core[a373ad73a504971]::ops::function::FnOnce<()>>::call_once
[INFO] [stdout]                                at /rustc/e3feeb59cd1bdd011a2bfcc0747b55125d9b8527/library/core/src/ops/function.rs:250:5
[INFO] [stdout]   26:     0x5bfa9dfbedeb - test[aada8e7e76ba119b]::__rust_begin_short_backtrace::<core[a373ad73a504971]::result::Result<(), alloc[2e1b2a31b91974c5]::string::String>, fn() -> core[a373ad73a504971]::result::Result<(), alloc[2e1b2a31b91974c5]::string::String>>
[INFO] [stdout]                                at /rustc/e3feeb59cd1bdd011a2bfcc0747b55125d9b8527/library/test/src/lib.rs:701:18
[INFO] [stdout]   27:     0x5bfa9dfcbfc5 - test[aada8e7e76ba119b]::run_test_in_process::{closure#0}
[INFO] [stdout]                                at /rustc/e3feeb59cd1bdd011a2bfcc0747b55125d9b8527/library/test/src/lib.rs:724:74
[INFO] [stdout]   28:     0x5bfa9dfcbfc5 - <core[a373ad73a504971]::panic::unwind_safe::AssertUnwindSafe<test[aada8e7e76ba119b]::run_test_in_process::{closure#0}> as core[a373ad73a504971]::ops::function::FnOnce<()>>::call_once
[INFO] [stdout]                                at /rustc/e3feeb59cd1bdd011a2bfcc0747b55125d9b8527/library/core/src/panic/unwind_safe.rs:275:9
[INFO] [stdout]   29:     0x5bfa9dfcbfc5 - std[617be2ca0a6fd877]::panicking::catch_unwind::do_call::<core[a373ad73a504971]::panic::unwind_safe::AssertUnwindSafe<test[aada8e7e76ba119b]::run_test_in_process::{closure#0}>, core[a373ad73a504971]::result::Result<(), alloc[2e1b2a31b91974c5]::string::String>>
[INFO] [stdout]                                at /rustc/e3feeb59cd1bdd011a2bfcc0747b55125d9b8527/library/std/src/panicking.rs:573:43
[INFO] [stdout]   30:     0x5bfa9dfcbfc5 - std[617be2ca0a6fd877]::panicking::catch_unwind::<core[a373ad73a504971]::result::Result<(), alloc[2e1b2a31b91974c5]::string::String>, core[a373ad73a504971]::panic::unwind_safe::AssertUnwindSafe<test[aada8e7e76ba119b]::run_test_in_process::{closure#0}>>
[INFO] [stdout]                                at /rustc/e3feeb59cd1bdd011a2bfcc0747b55125d9b8527/library/std/src/panicking.rs:541:19
[INFO] [stdout]   31:     0x5bfa9dfcbfc5 - std[617be2ca0a6fd877]::panic::catch_unwind::<core[a373ad73a504971]::panic::unwind_safe::AssertUnwindSafe<test[aada8e7e76ba119b]::run_test_in_process::{closure#0}>, core[a373ad73a504971]::result::Result<(), alloc[2e1b2a31b91974c5]::string::String>>
[INFO] [stdout]                                at /rustc/e3feeb59cd1bdd011a2bfcc0747b55125d9b8527/library/std/src/panic.rs:359:14
[INFO] [stdout]   32:     0x5bfa9dfcbfc5 - test[aada8e7e76ba119b]::run_test_in_process
[INFO] [stdout]                                at /rustc/e3feeb59cd1bdd011a2bfcc0747b55125d9b8527/library/test/src/lib.rs:724:27
[INFO] [stdout]   33:     0x5bfa9dfcbfc5 - test[aada8e7e76ba119b]::run_test::{closure#0}
[INFO] [stdout]                                at /rustc/e3feeb59cd1bdd011a2bfcc0747b55125d9b8527/library/test/src/lib.rs:645:43
[INFO] [stdout]   34:     0x5bfa9dfc58b4 - test[aada8e7e76ba119b]::run_test::{closure#1}
[INFO] [stdout]                                at /rustc/e3feeb59cd1bdd011a2bfcc0747b55125d9b8527/library/test/src/lib.rs:675:41
[INFO] [stdout]   35:     0x5bfa9dfc58b4 - std[617be2ca0a6fd877]::sys::backtrace::__rust_begin_short_backtrace::<test[aada8e7e76ba119b]::run_test::{closure#1}, ()>
[INFO] [stdout]                                at /rustc/e3feeb59cd1bdd011a2bfcc0747b55125d9b8527/library/std/src/sys/backtrace.rs:166:18
[INFO] [stdout]   36:     0x5bfa9dfcf052 - std[617be2ca0a6fd877]::thread::lifecycle::spawn_unchecked::<test[aada8e7e76ba119b]::run_test::{closure#1}, ()>::{closure#1}::{closure#0}
[INFO] [stdout]                                at /rustc/e3feeb59cd1bdd011a2bfcc0747b55125d9b8527/library/std/src/thread/lifecycle.rs:70:13
[INFO] [stdout]   37:     0x5bfa9dfcf052 - <core[a373ad73a504971]::panic::unwind_safe::AssertUnwindSafe<std[617be2ca0a6fd877]::thread::lifecycle::spawn_unchecked<test[aada8e7e76ba119b]::run_test::{closure#1}, ()>::{closure#1}::{closure#0}> as core[a373ad73a504971]::ops::function::FnOnce<()>>::call_once
[INFO] [stdout]                                at /rustc/e3feeb59cd1bdd011a2bfcc0747b55125d9b8527/library/core/src/panic/unwind_safe.rs:275:9
[INFO] [stdout]   38:     0x5bfa9dfcf052 - std[617be2ca0a6fd877]::panicking::catch_unwind::do_call::<core[a373ad73a504971]::panic::unwind_safe::AssertUnwindSafe<std[617be2ca0a6fd877]::thread::lifecycle::spawn_unchecked<test[aada8e7e76ba119b]::run_test::{closure#1}, ()>::{closure#1}::{closure#0}>, ()>
[INFO] [stdout]                                at /rustc/e3feeb59cd1bdd011a2bfcc0747b55125d9b8527/library/std/src/panicking.rs:573:43
[INFO] [stdout]   39:     0x5bfa9dfcf052 - std[617be2ca0a6fd877]::panicking::catch_unwind::<(), core[a373ad73a504971]::panic::unwind_safe::AssertUnwindSafe<std[617be2ca0a6fd877]::thread::lifecycle::spawn_unchecked<test[aada8e7e76ba119b]::run_test::{closure#1}, ()>::{closure#1}::{closure#0}>>
[INFO] [stdout]                                at /rustc/e3feeb59cd1bdd011a2bfcc0747b55125d9b8527/library/std/src/panicking.rs:541:19
[INFO] [stdout]   40:     0x5bfa9dfcf052 - std[617be2ca0a6fd877]::panic::catch_unwind::<core[a373ad73a504971]::panic::unwind_safe::AssertUnwindSafe<std[617be2ca0a6fd877]::thread::lifecycle::spawn_unchecked<test[aada8e7e76ba119b]::run_test::{closure#1}, ()>::{closure#1}::{closure#0}>, ()>
[INFO] [stdout]                                at /rustc/e3feeb59cd1bdd011a2bfcc0747b55125d9b8527/library/std/src/panic.rs:359:14
[INFO] [stdout]   41:     0x5bfa9dfcf052 - std[617be2ca0a6fd877]::thread::lifecycle::spawn_unchecked::<test[aada8e7e76ba119b]::run_test::{closure#1}, ()>::{closure#1}
[INFO] [stdout]                                at /rustc/e3feeb59cd1bdd011a2bfcc0747b55125d9b8527/library/std/src/thread/lifecycle.rs:68:26
[INFO] [stdout]   42:     0x5bfa9dfcf052 - <std[617be2ca0a6fd877]::thread::lifecycle::spawn_unchecked<test[aada8e7e76ba119b]::run_test::{closure#1}, ()>::{closure#1} as core[a373ad73a504971]::ops::function::FnOnce<()>>::call_once::{shim:vtable#0}
[INFO] [stdout]                                at /rustc/e3feeb59cd1bdd011a2bfcc0747b55125d9b8527/library/core/src/ops/function.rs:250:5
[INFO] [stdout]   43:     0x5bfa9e03808f - <alloc[2e1b2a31b91974c5]::boxed::Box<dyn core[a373ad73a504971]::ops::function::FnOnce<(), Output = ()> + core[a373ad73a504971]::marker::Send> as core[a373ad73a504971]::ops::function::FnOnce<()>>::call_once
[INFO] [stdout]                                at /rustc/e3feeb59cd1bdd011a2bfcc0747b55125d9b8527/library/alloc/src/boxed.rs:2314:9
[INFO] [stdout]   44:     0x5bfa9e03808f - <std[617be2ca0a6fd877]::sys::thread::unix::Thread>::new::thread_start
[INFO] [stdout]                                at /rustc/e3feeb59cd1bdd011a2bfcc0747b55125d9b8527/library/std/src/sys/thread/unix.rs:127:17
[INFO] [stdout]   45:     0x7353b58bddfa - <unknown>
[INFO] [stdout]   46:     0x7353b59513d4 - clone
[INFO] [stdout]   47:                0x0 - <unknown>
[INFO] [stdout] 
[INFO] [stdout] ---- negative_incorrect_sha256_rejected stdout ----
[INFO] [stdout] 
[INFO] [stdout] thread 'negative_incorrect_sha256_rejected' (2345) panicked at tests/conformance_negative.rs:61:10:
[INFO] [stdout] Failed to read original manifest: Os { code: 2, kind: NotFound, message: "No such file or directory" }
[INFO] [stdout] stack backtrace:
[INFO] [stdout]    0:     0x5bfa9e038d71 - std[617be2ca0a6fd877]::backtrace_rs::backtrace::libunwind::trace
[INFO] [stdout]                                at /rustc/e3feeb59cd1bdd011a2bfcc0747b55125d9b8527/library/std/src/../../backtrace/src/backtrace/libunwind.rs:117:9
[INFO] [stdout]    1:     0x5bfa9e038d71 - std[617be2ca0a6fd877]::backtrace_rs::backtrace::trace_unsynchronized::<std[617be2ca0a6fd877]::sys::backtrace::_print_fmt::{closure#1}>
[INFO] [stdout]                                at /rustc/e3feeb59cd1bdd011a2bfcc0747b55125d9b8527/library/std/src/../../backtrace/src/backtrace/mod.rs:66:14
[INFO] [stdout]    2:     0x5bfa9e038d71 - std[617be2ca0a6fd877]::sys::backtrace::_print_fmt
[INFO] [stdout]                                at /rustc/e3feeb59cd1bdd011a2bfcc0747b55125d9b8527/library/std/src/sys/backtrace.rs:74:9
[INFO] [stdout]    3:     0x5bfa9e038d71 - <<std[617be2ca0a6fd877]::sys::backtrace::BacktraceLock>::print::DisplayBacktrace as core[a373ad73a504971]::fmt::Display>::fmt
[INFO] [stdout]                                at /rustc/e3feeb59cd1bdd011a2bfcc0747b55125d9b8527/library/std/src/sys/backtrace.rs:44:26
[INFO] [stdout]    4:     0x5bfa9e04d07a - <core[a373ad73a504971]::fmt::rt::Argument>::fmt
[INFO] [stdout]                                at /rustc/e3feeb59cd1bdd011a2bfcc0747b55125d9b8527/library/core/src/fmt/rt.rs:152:76
[INFO] [stdout]    5:     0x5bfa9e04d07a - core[a373ad73a504971]::fmt::write
[INFO] [stdout]    6:     0x5bfa9e03d1ec - core[a373ad73a504971]::io::write::default_write_fmt::<alloc[2e1b2a31b91974c5]::vec::Vec<u8>>
[INFO] [stdout]                                at /rustc/e3feeb59cd1bdd011a2bfcc0747b55125d9b8527/library/core/src/io/write.rs:402:11
[INFO] [stdout]    7:     0x5bfa9e03d1ec - <alloc[2e1b2a31b91974c5]::vec::Vec<u8> as core[a373ad73a504971]::io::write::Write>::write_fmt
[INFO] [stdout]                                at /rustc/e3feeb59cd1bdd011a2bfcc0747b55125d9b8527/library/core/src/io/write.rs:335:13
[INFO] [stdout]    8:     0x5bfa9e013806 - <std[617be2ca0a6fd877]::sys::backtrace::BacktraceLock>::print
[INFO] [stdout]                                at /rustc/e3feeb59cd1bdd011a2bfcc0747b55125d9b8527/library/std/src/sys/backtrace.rs:47:9
[INFO] [stdout]    9:     0x5bfa9e013806 - std[617be2ca0a6fd877]::panicking::default_hook::{closure#0}
[INFO] [stdout]                                at /rustc/e3feeb59cd1bdd011a2bfcc0747b55125d9b8527/library/std/src/panicking.rs:289:27
[INFO] [stdout]   10:     0x5bfa9e0307a9 - std[617be2ca0a6fd877]::panicking::default_hook
[INFO] [stdout]                                at /rustc/e3feeb59cd1bdd011a2bfcc0747b55125d9b8527/library/std/src/panicking.rs:313:9
[INFO] [stdout]   11:     0x5bfa9dfcb9a0 - <alloc[2e1b2a31b91974c5]::boxed::Box<dyn for<'a, 'b> core[a373ad73a504971]::ops::function::Fn<(&'a std[617be2ca0a6fd877]::panic::PanicHookInfo<'b>,), Output = ()> + core[a373ad73a504971]::marker::Sync + core[a373ad73a504971]::marker::Send> as core[a373ad73a504971]::ops::function::Fn<(&std[617be2ca0a6fd877]::panic::PanicHookInfo,)>>::call
[INFO] [stdout]                                at /rustc/e3feeb59cd1bdd011a2bfcc0747b55125d9b8527/library/alloc/src/boxed.rs:2328:9
[INFO] [stdout]   12:     0x5bfa9dfcb9a0 - test[aada8e7e76ba119b]::test_main_inner::{closure#0}
[INFO] [stdout]                                at /rustc/e3feeb59cd1bdd011a2bfcc0747b55125d9b8527/library/test/src/lib.rs:137:21
[INFO] [stdout]   13:     0x5bfa9e030962 - <alloc[2e1b2a31b91974c5]::boxed::Box<dyn for<'a, 'b> core[a373ad73a504971]::ops::function::Fn<(&'a std[617be2ca0a6fd877]::panic::PanicHookInfo<'b>,), Output = ()> + core[a373ad73a504971]::marker::Sync + core[a373ad73a504971]::marker::Send> as core[a373ad73a504971]::ops::function::Fn<(&std[617be2ca0a6fd877]::panic::PanicHookInfo,)>>::call
[INFO] [stdout]                                at /rustc/e3feeb59cd1bdd011a2bfcc0747b55125d9b8527/library/alloc/src/boxed.rs:2328:9
[INFO] [stdout]   14:     0x5bfa9e030962 - std[617be2ca0a6fd877]::panicking::panic_with_hook
[INFO] [stdout]                                at /rustc/e3feeb59cd1bdd011a2bfcc0747b55125d9b8527/library/std/src/panicking.rs:819:13
[INFO] [stdout]   15:     0x5bfa9e0138b2 - std[617be2ca0a6fd877]::panicking::panic_handler::{closure#0}
[INFO] [stdout]                                at /rustc/e3feeb59cd1bdd011a2bfcc0747b55125d9b8527/library/std/src/panicking.rs:685:13
[INFO] [stdout]   16:     0x5bfa9e00c319 - std[617be2ca0a6fd877]::sys::backtrace::__rust_end_short_backtrace::<std[617be2ca0a6fd877]::panicking::panic_handler::{closure#0}, !>
[INFO] [stdout]                                at /rustc/e3feeb59cd1bdd011a2bfcc0747b55125d9b8527/library/std/src/sys/backtrace.rs:182:18
[INFO] [stdout]   17:     0x5bfa9e0144bd - __rustc[ea4f61d10b84890b]::rust_begin_unwind
[INFO] [stdout]                                at /rustc/e3feeb59cd1bdd011a2bfcc0747b55125d9b8527/library/std/src/panicking.rs:676:5
[INFO] [stdout]   18:     0x5bfa9e04d82c - core[a373ad73a504971]::panicking::panic_fmt
[INFO] [stdout]                                at /rustc/e3feeb59cd1bdd011a2bfcc0747b55125d9b8527/library/core/src/panicking.rs:80:14
[INFO] [stdout]   19:     0x5bfa9e04d582 - core[a373ad73a504971]::result::unwrap_failed
[INFO] [stdout]                                at /rustc/e3feeb59cd1bdd011a2bfcc0747b55125d9b8527/library/core/src/result.rs:1870:5
[INFO] [stdout]   20:     0x5bfa9dfa9133 - <core[a373ad73a504971]::result::Result<alloc[2e1b2a31b91974c5]::string::String, core[a373ad73a504971]::io::error::Error>>::expect
[INFO] [stdout]                                at /rustc/e3feeb59cd1bdd011a2bfcc0747b55125d9b8527/library/core/src/result.rs:1184:23
[INFO] [stdout]   21:     0x5bfa9dfa7782 - conformance_negative[b6237c0f40fe5a76]::original_manifest
[INFO] [stdout]                                at /opt/rustwide/workdir/tests/conformance_negative.rs:61:10
[INFO] [stdout]   22:     0x5bfa9dfa7c8a - conformance_negative[b6237c0f40fe5a76]::negative_incorrect_sha256_rejected
[INFO] [stdout]                                at /opt/rustwide/workdir/tests/conformance_negative.rs:67:20
[INFO] [stdout]   23:     0x5bfa9dfa6437 - conformance_negative[b6237c0f40fe5a76]::negative_incorrect_sha256_rejected::{closure#0}
[INFO] [stdout]                                at /opt/rustwide/workdir/tests/conformance_negative.rs:65:40
[INFO] [stdout]   24:     0x5bfa9dfad626 - <conformance_negative[b6237c0f40fe5a76]::negative_incorrect_sha256_rejected::{closure#0} as core[a373ad73a504971]::ops::function::FnOnce<()>>::call_once
[INFO] [stdout]                                at /rustc/e3feeb59cd1bdd011a2bfcc0747b55125d9b8527/library/core/src/ops/function.rs:250:5
[INFO] [stdout]   25:     0x5bfa9dfbedeb - <fn() -> core[a373ad73a504971]::result::Result<(), alloc[2e1b2a31b91974c5]::string::String> as core[a373ad73a504971]::ops::function::FnOnce<()>>::call_once
[INFO] [stdout]                                at /rustc/e3feeb59cd1bdd011a2bfcc0747b55125d9b8527/library/core/src/ops/function.rs:250:5
[INFO] [stdout]   26:     0x5bfa9dfbedeb - test[aada8e7e76ba119b]::__rust_begin_short_backtrace::<core[a373ad73a504971]::result::Result<(), alloc[2e1b2a31b91974c5]::string::String>, fn() -> core[a373ad73a504971]::result::Result<(), alloc[2e1b2a31b91974c5]::string::String>>
[INFO] [stdout]                                at /rustc/e3feeb59cd1bdd011a2bfcc0747b55125d9b8527/library/test/src/lib.rs:701:18
[INFO] [stdout]   27:     0x5bfa9dfcbfc5 - test[aada8e7e76ba119b]::run_test_in_process::{closure#0}
[INFO] [stdout]                                at /rustc/e3feeb59cd1bdd011a2bfcc0747b55125d9b8527/library/test/src/lib.rs:724:74
[INFO] [stdout]   28:     0x5bfa9dfcbfc5 - <core[a373ad73a504971]::panic::unwind_safe::AssertUnwindSafe<test[aada8e7e76ba119b]::run_test_in_process::{closure#0}> as core[a373ad73a504971]::ops::function::FnOnce<()>>::call_once
[INFO] [stdout]                                at /rustc/e3feeb59cd1bdd011a2bfcc0747b55125d9b8527/library/core/src/panic/unwind_safe.rs:275:9
[INFO] [stdout]   29:     0x5bfa9dfcbfc5 - std[617be2ca0a6fd877]::panicking::catch_unwind::do_call::<core[a373ad73a504971]::panic::unwind_safe::AssertUnwindSafe<test[aada8e7e76ba119b]::run_test_in_process::{closure#0}>, core[a373ad73a504971]::result::Result<(), alloc[2e1b2a31b91974c5]::string::String>>
[INFO] [stdout]                                at /rustc/e3feeb59cd1bdd011a2bfcc0747b55125d9b8527/library/std/src/panicking.rs:573:43
[INFO] [stdout]   30:     0x5bfa9dfcbfc5 - std[617be2ca0a6fd877]::panicking::catch_unwind::<core[a373ad73a504971]::result::Result<(), alloc[2e1b2a31b91974c5]::string::String>, core[a373ad73a504971]::panic::unwind_safe::AssertUnwindSafe<test[aada8e7e76ba119b]::run_test_in_process::{closure#0}>>
[INFO] [stdout]                                at /rustc/e3feeb59cd1bdd011a2bfcc0747b55125d9b8527/library/std/src/panicking.rs:541:19
[INFO] [stdout]   31:     0x5bfa9dfcbfc5 - std[617be2ca0a6fd877]::panic::catch_unwind::<core[a373ad73a504971]::panic::unwind_safe::AssertUnwindSafe<test[aada8e7e76ba119b]::run_test_in_process::{closure#0}>, core[a373ad73a504971]::result::Result<(), alloc[2e1b2a31b91974c5]::string::String>>
[INFO] [stdout]                                at /rustc/e3feeb59cd1bdd011a2bfcc0747b55125d9b8527/library/std/src/panic.rs:359:14
[INFO] [stdout]   32:     0x5bfa9dfcbfc5 - test[aada8e7e76ba119b]::run_test_in_process
[INFO] [stdout]                                at /rustc/e3feeb59cd1bdd011a2bfcc0747b55125d9b8527/library/test/src/lib.rs:724:27
[INFO] [stdout]   33:     0x5bfa9dfcbfc5 - test[aada8e7e76ba119b]::run_test::{closure#0}
[INFO] [stdout]                                at /rustc/e3feeb59cd1bdd011a2bfcc0747b55125d9b8527/library/test/src/lib.rs:645:43
[INFO] [stdout]   34:     0x5bfa9dfc58b4 - test[aada8e7e76ba119b]::run_test::{closure#1}
[INFO] [stdout]                                at /rustc/e3feeb59cd1bdd011a2bfcc0747b55125d9b8527/library/test/src/lib.rs:675:41
[INFO] [stdout]   35:     0x5bfa9dfc58b4 - std[617be2ca0a6fd877]::sys::backtrace::__rust_begin_short_backtrace::<test[aada8e7e76ba119b]::run_test::{closure#1}, ()>
[INFO] [stdout]                                at /rustc/e3feeb59cd1bdd011a2bfcc0747b55125d9b8527/library/std/src/sys/backtrace.rs:166:18
[INFO] [stdout]   36:     0x5bfa9dfcf052 - std[617be2ca0a6fd877]::thread::lifecycle::spawn_unchecked::<test[aada8e7e76ba119b]::run_test::{closure#1}, ()>::{closure#1}::{closure#0}
[INFO] [stdout]                                at /rustc/e3feeb59cd1bdd011a2bfcc0747b55125d9b8527/library/std/src/thread/lifecycle.rs:70:13
[INFO] [stdout]   37:     0x5bfa9dfcf052 - <core[a373ad73a504971]::panic::unwind_safe::AssertUnwindSafe<std[617be2ca0a6fd877]::thread::lifecycle::spawn_unchecked<test[aada8e7e76ba119b]::run_test::{closure#1}, ()>::{closure#1}::{closure#0}> as core[a373ad73a504971]::ops::function::FnOnce<()>>::call_once
[INFO] [stdout]                                at /rustc/e3feeb59cd1bdd011a2bfcc0747b55125d9b8527/library/core/src/panic/unwind_safe.rs:275:9
[INFO] [stdout]   38:     0x5bfa9dfcf052 - std[617be2ca0a6fd877]::panicking::catch_unwind::do_call::<core[a373ad73a504971]::panic::unwind_safe::AssertUnwindSafe<std[617be2ca0a6fd877]::thread::lifecycle::spawn_unchecked<test[aada8e7e76ba119b]::run_test::{closure#1}, ()>::{closure#1}::{closure#0}>, ()>
[INFO] [stdout]                                at /rustc/e3feeb59cd1bdd011a2bfcc0747b55125d9b8527/library/std/src/panicking.rs:573:43
[INFO] [stdout]   39:     0x5bfa9dfcf052 - std[617be2ca0a6fd877]::panicking::catch_unwind::<(), core[a373ad73a504971]::panic::unwind_safe::AssertUnwindSafe<std[617be2ca0a6fd877]::thread::lifecycle::spawn_unchecked<test[aada8e7e76ba119b]::run_test::{closure#1}, ()>::{closure#1}::{closure#0}>>
[INFO] [stdout]                                at /rustc/e3feeb59cd1bdd011a2bfcc0747b55125d9b8527/library/std/src/panicking.rs:541:19
[INFO] [stdout]   40:     0x5bfa9dfcf052 - std[617be2ca0a6fd877]::panic::catch_unwind::<core[a373ad73a504971]::panic::unwind_safe::AssertUnwindSafe<std[617be2ca0a6fd877]::thread::lifecycle::spawn_unchecked<test[aada8e7e76ba119b]::run_test::{closure#1}, ()>::{closure#1}::{closure#0}>, ()>
[INFO] [stdout]                                at /rustc/e3feeb59cd1bdd011a2bfcc0747b55125d9b8527/library/std/src/panic.rs:359:14
[INFO] [stdout]   41:     0x5bfa9dfcf052 - std[617be2ca0a6fd877]::thread::lifecycle::spawn_unchecked::<test[aada8e7e76ba119b]::run_test::{closure#1}, ()>::{closure#1}
[INFO] [stdout]                                at /rustc/e3feeb59cd1bdd011a2bfcc0747b55125d9b8527/library/std/src/thread/lifecycle.rs:68:26
[INFO] [stdout]   42:     0x5bfa9dfcf052 - <std[617be2ca0a6fd877]::thread::lifecycle::spawn_unchecked<test[aada8e7e76ba119b]::run_test::{closure#1}, ()>::{closure#1} as core[a373ad73a504971]::ops::function::FnOnce<()>>::call_once::{shim:vtable#0}
[INFO] [stdout]                                at /rustc/e3feeb59cd1bdd011a2bfcc0747b55125d9b8527/library/core/src/ops/function.rs:250:5
[INFO] [stdout]   43:     0x5bfa9e03808f - <alloc[2e1b2a31b91974c5]::boxed::Box<dyn core[a373ad73a504971]::ops::function::FnOnce<(), Output = ()> + core[a373ad73a504971]::marker::Send> as core[a373ad73a504971]::ops::function::FnOnce<()>>::call_once
[INFO] [stdout]                                at /rustc/e3feeb59cd1bdd011a2bfcc0747b55125d9b8527/library/alloc/src/boxed.rs:2314:9
[INFO] [stdout]   44:     0x5bfa9e03808f - <std[617be2ca0a6fd877]::sys::thread::unix::Thread>::new::thread_start
[INFO] [stdout]                                at /rustc/e3feeb59cd1bdd011a2bfcc0747b55125d9b8527/library/std/src/sys/thread/unix.rs:127:17
[INFO] [stdout]   45:     0x7353b58bddfa - <unknown>
[INFO] [stdout]   46:     0x7353b59513d4 - clone
[INFO] [stdout]   47:                0x0 - <unknown>
[INFO] [stdout] 
[INFO] [stdout] ---- negative_source_reclassified_rejected stdout ----
[INFO] [stdout] 
[INFO] [stdout] thread 'negative_source_reclassified_rejected' (2346) panicked at tests/conformance_negative.rs:61:10:
[INFO] [stdout] Failed to read original manifest: Os { code: 2, kind: NotFound, message: "No such file or directory" }
[INFO] [stdout] stack backtrace:
[INFO] [stdout]    0:     0x5bfa9e038d71 - std[617be2ca0a6fd877]::backtrace_rs::backtrace::libunwind::trace
[INFO] [stdout]                                at /rustc/e3feeb59cd1bdd011a2bfcc0747b55125d9b8527/library/std/src/../../backtrace/src/backtrace/libunwind.rs:117:9
[INFO] [stdout]    1:     0x5bfa9e038d71 - std[617be2ca0a6fd877]::backtrace_rs::backtrace::trace_unsynchronized::<std[617be2ca0a6fd877]::sys::backtrace::_print_fmt::{closure#1}>
[INFO] [stdout]                                at /rustc/e3feeb59cd1bdd011a2bfcc0747b55125d9b8527/library/std/src/../../backtrace/src/backtrace/mod.rs:66:14
[INFO] [stdout]    2:     0x5bfa9e038d71 - std[617be2ca0a6fd877]::sys::backtrace::_print_fmt
[INFO] [stdout]                                at /rustc/e3feeb59cd1bdd011a2bfcc0747b55125d9b8527/library/std/src/sys/backtrace.rs:74:9
[INFO] [stdout]    3:     0x5bfa9e038d71 - <<std[617be2ca0a6fd877]::sys::backtrace::BacktraceLock>::print::DisplayBacktrace as core[a373ad73a504971]::fmt::Display>::fmt
[INFO] [stdout]                                at /rustc/e3feeb59cd1bdd011a2bfcc0747b55125d9b8527/library/std/src/sys/backtrace.rs:44:26
[INFO] [stdout]    4:     0x5bfa9e04d07a - <core[a373ad73a504971]::fmt::rt::Argument>::fmt
[INFO] [stdout]                                at /rustc/e3feeb59cd1bdd011a2bfcc0747b55125d9b8527/library/core/src/fmt/rt.rs:152:76
[INFO] [stdout]    5:     0x5bfa9e04d07a - core[a373ad73a504971]::fmt::write
[INFO] [stdout]    6:     0x5bfa9e03d1ec - core[a373ad73a504971]::io::write::default_write_fmt::<alloc[2e1b2a31b91974c5]::vec::Vec<u8>>
[INFO] [stdout]                                at /rustc/e3feeb59cd1bdd011a2bfcc0747b55125d9b8527/library/core/src/io/write.rs:402:11
[INFO] [stdout]    7:     0x5bfa9e03d1ec - <alloc[2e1b2a31b91974c5]::vec::Vec<u8> as core[a373ad73a504971]::io::write::Write>::write_fmt
[INFO] [stdout]                                at /rustc/e3feeb59cd1bdd011a2bfcc0747b55125d9b8527/library/core/src/io/write.rs:335:13
[INFO] [stdout]    8:     0x5bfa9e013806 - <std[617be2ca0a6fd877]::sys::backtrace::BacktraceLock>::print
[INFO] [stdout]                                at /rustc/e3feeb59cd1bdd011a2bfcc0747b55125d9b8527/library/std/src/sys/backtrace.rs:47:9
[INFO] [stdout]    9:     0x5bfa9e013806 - std[617be2ca0a6fd877]::panicking::default_hook::{closure#0}
[INFO] [stdout]                                at /rustc/e3feeb59cd1bdd011a2bfcc0747b55125d9b8527/library/std/src/panicking.rs:289:27
[INFO] [stdout]   10:     0x5bfa9e0307a9 - std[617be2ca0a6fd877]::panicking::default_hook
[INFO] [stdout]                                at /rustc/e3feeb59cd1bdd011a2bfcc0747b55125d9b8527/library/std/src/panicking.rs:313:9
[INFO] [stdout]   11:     0x5bfa9dfcb9a0 - <alloc[2e1b2a31b91974c5]::boxed::Box<dyn for<'a, 'b> core[a373ad73a504971]::ops::function::Fn<(&'a std[617be2ca0a6fd877]::panic::PanicHookInfo<'b>,), Output = ()> + core[a373ad73a504971]::marker::Sync + core[a373ad73a504971]::marker::Send> as core[a373ad73a504971]::ops::function::Fn<(&std[617be2ca0a6fd877]::panic::PanicHookInfo,)>>::call
[INFO] [stdout]                                at /rustc/e3feeb59cd1bdd011a2bfcc0747b55125d9b8527/library/alloc/src/boxed.rs:2328:9
[INFO] [stdout]   12:     0x5bfa9dfcb9a0 - test[aada8e7e76ba119b]::test_main_inner::{closure#0}
[INFO] [stdout]                                at /rustc/e3feeb59cd1bdd011a2bfcc0747b55125d9b8527/library/test/src/lib.rs:137:21
[INFO] [stdout]   13:     0x5bfa9e030962 - <alloc[2e1b2a31b91974c5]::boxed::Box<dyn for<'a, 'b> core[a373ad73a504971]::ops::function::Fn<(&'a std[617be2ca0a6fd877]::panic::PanicHookInfo<'b>,), Output = ()> + core[a373ad73a504971]::marker::Sync + core[a373ad73a504971]::marker::Send> as core[a373ad73a504971]::ops::function::Fn<(&std[617be2ca0a6fd877]::panic::PanicHookInfo,)>>::call
[INFO] [stdout]                                at /rustc/e3feeb59cd1bdd011a2bfcc0747b55125d9b8527/library/alloc/src/boxed.rs:2328:9
[INFO] [stdout]   14:     0x5bfa9e030962 - std[617be2ca0a6fd877]::panicking::panic_with_hook
[INFO] [stdout]                                at /rustc/e3feeb59cd1bdd011a2bfcc0747b55125d9b8527/library/std/src/panicking.rs:819:13
[INFO] [stdout]   15:     0x5bfa9e0138b2 - std[617be2ca0a6fd877]::panicking::panic_handler::{closure#0}
[INFO] [stdout]                                at /rustc/e3feeb59cd1bdd011a2bfcc0747b55125d9b8527/library/std/src/panicking.rs:685:13
[INFO] [stdout]   16:     0x5bfa9e00c319 - std[617be2ca0a6fd877]::sys::backtrace::__rust_end_short_backtrace::<std[617be2ca0a6fd877]::panicking::panic_handler::{closure#0}, !>
[INFO] [stdout]                                at /rustc/e3feeb59cd1bdd011a2bfcc0747b55125d9b8527/library/std/src/sys/backtrace.rs:182:18
[INFO] [stdout]   17:     0x5bfa9e0144bd - __rustc[ea4f61d10b84890b]::rust_begin_unwind
[INFO] [stdout]                                at /rustc/e3feeb59cd1bdd011a2bfcc0747b55125d9b8527/library/std/src/panicking.rs:676:5
[INFO] [stdout]   18:     0x5bfa9e04d82c - core[a373ad73a504971]::panicking::panic_fmt
[INFO] [stdout]                                at /rustc/e3feeb59cd1bdd011a2bfcc0747b55125d9b8527/library/core/src/panicking.rs:80:14
[INFO] [stdout]   19:     0x5bfa9e04d582 - core[a373ad73a504971]::result::unwrap_failed
[INFO] [stdout]                                at /rustc/e3feeb59cd1bdd011a2bfcc0747b55125d9b8527/library/core/src/result.rs:1870:5
[INFO] [stdout]   20:     0x5bfa9dfa9133 - <core[a373ad73a504971]::result::Result<alloc[2e1b2a31b91974c5]::string::String, core[a373ad73a504971]::io::error::Error>>::expect
[INFO] [stdout]                                at /rustc/e3feeb59cd1bdd011a2bfcc0747b55125d9b8527/library/core/src/result.rs:1184:23
[INFO] [stdout]   21:     0x5bfa9dfa7782 - conformance_negative[b6237c0f40fe5a76]::original_manifest
[INFO] [stdout]                                at /opt/rustwide/workdir/tests/conformance_negative.rs:61:10
[INFO] [stdout]   22:     0x5bfa9dfa84da - conformance_negative[b6237c0f40fe5a76]::negative_source_reclassified_rejected
[INFO] [stdout]                                at /opt/rustwide/workdir/tests/conformance_negative.rs:90:20
[INFO] [stdout]   23:     0x5bfa9dfa6467 - conformance_negative[b6237c0f40fe5a76]::negative_source_reclassified_rejected::{closure#0}
[INFO] [stdout]                                at /opt/rustwide/workdir/tests/conformance_negative.rs:88:43
[INFO] [stdout]   24:     0x5bfa9dfad646 - <conformance_negative[b6237c0f40fe5a76]::negative_source_reclassified_rejected::{closure#0} as core[a373ad73a504971]::ops::function::FnOnce<()>>::call_once
[INFO] [stdout]                                at /rustc/e3feeb59cd1bdd011a2bfcc0747b55125d9b8527/library/core/src/ops/function.rs:250:5
[INFO] [stdout]   25:     0x5bfa9dfbedeb - <fn() -> core[a373ad73a504971]::result::Result<(), alloc[2e1b2a31b91974c5]::string::String> as core[a373ad73a504971]::ops::function::FnOnce<()>>::call_once
[INFO] [stdout]                                at /rustc/e3feeb59cd1bdd011a2bfcc0747b55125d9b8527/library/core/src/ops/function.rs:250:5
[INFO] [stdout]   26:     0x5bfa9dfbedeb - test[aada8e7e76ba119b]::__rust_begin_short_backtrace::<core[a373ad73a504971]::result::Result<(), alloc[2e1b2a31b91974c5]::string::String>, fn() -> core[a373ad73a504971]::result::Result<(), alloc[2e1b2a31b91974c5]::string::String>>
[INFO] [stdout]                                at /rustc/e3feeb59cd1bdd011a2bfcc0747b55125d9b8527/library/test/src/lib.rs:701:18
[INFO] [stdout]   27:     0x5bfa9dfcbfc5 - test[aada8e7e76ba119b]::run_test_in_process::{closure#0}
[INFO] [stdout]                                at /rustc/e3feeb59cd1bdd011a2bfcc0747b55125d9b8527/library/test/src/lib.rs:724:74
[INFO] [stdout]   28:     0x5bfa9dfcbfc5 - <core[a373ad73a504971]::panic::unwind_safe::AssertUnwindSafe<test[aada8e7e76ba119b]::run_test_in_process::{closure#0}> as core[a373ad73a504971]::ops::function::FnOnce<()>>::call_once
[INFO] [stdout]                                at /rustc/e3feeb59cd1bdd011a2bfcc0747b55125d9b8527/library/core/src/panic/unwind_safe.rs:275:9
[INFO] [stdout]   29:     0x5bfa9dfcbfc5 - std[617be2ca0a6fd877]::panicking::catch_unwind::do_call::<core[a373ad73a504971]::panic::unwind_safe::AssertUnwindSafe<test[aada8e7e76ba119b]::run_test_in_process::{closure#0}>, core[a373ad73a504971]::result::Result<(), alloc[2e1b2a31b91974c5]::string::String>>
[INFO] [stdout]                                at /rustc/e3feeb59cd1bdd011a2bfcc0747b55125d9b8527/library/std/src/panicking.rs:573:43
[INFO] [stdout]   30:     0x5bfa9dfcbfc5 - std[617be2ca0a6fd877]::panicking::catch_unwind::<core[a373ad73a504971]::result::Result<(), alloc[2e1b2a31b91974c5]::string::String>, core[a373ad73a504971]::panic::unwind_safe::AssertUnwindSafe<test[aada8e7e76ba119b]::run_test_in_process::{closure#0}>>
[INFO] [stdout]                                at /rustc/e3feeb59cd1bdd011a2bfcc0747b55125d9b8527/library/std/src/panicking.rs:541:19
[INFO] [stdout]   31:     0x5bfa9dfcbfc5 - std[617be2ca0a6fd877]::panic::catch_unwind::<core[a373ad73a504971]::panic::unwind_safe::AssertUnwindSafe<test[aada8e7e76ba119b]::run_test_in_process::{closure#0}>, core[a373ad73a504971]::result::Result<(), alloc[2e1b2a31b91974c5]::string::String>>
[INFO] [stdout]                                at /rustc/e3feeb59cd1bdd011a2bfcc0747b55125d9b8527/library/std/src/panic.rs:359:14
[INFO] [stdout]   32:     0x5bfa9dfcbfc5 - test[aada8e7e76ba119b]::run_test_in_process
[INFO] [stdout]                                at /rustc/e3feeb59cd1bdd011a2bfcc0747b55125d9b8527/library/test/src/lib.rs:724:27
[INFO] [stdout]   33:     0x5bfa9dfcbfc5 - test[aada8e7e76ba119b]::run_test::{closure#0}
[INFO] [stdout]                                at /rustc/e3feeb59cd1bdd011a2bfcc0747b55125d9b8527/library/test/src/lib.rs:645:43
[INFO] [stdout]   34:     0x5bfa9dfc58b4 - test[aada8e7e76ba119b]::run_test::{closure#1}
[INFO] [stdout]                                at /rustc/e3feeb59cd1bdd011a2bfcc0747b55125d9b8527/library/test/src/lib.rs:675:41
[INFO] [stdout]   35:     0x5bfa9dfc58b4 - std[617be2ca0a6fd877]::sys::backtrace::__rust_begin_short_backtrace::<test[aada8e7e76ba119b]::run_test::{closure#1}, ()>
[INFO] [stdout]                                at /rustc/e3feeb59cd1bdd011a2bfcc0747b55125d9b8527/library/std/src/sys/backtrace.rs:166:18
[INFO] [stdout]   36:     0x5bfa9dfcf052 - std[617be2ca0a6fd877]::thread::lifecycle::spawn_unchecked::<test[aada8e7e76ba119b]::run_test::{closure#1}, ()>::{closure#1}::{closure#0}
[INFO] [stdout]                                at /rustc/e3feeb59cd1bdd011a2bfcc0747b55125d9b8527/library/std/src/thread/lifecycle.rs:70:13
[INFO] [stdout]   37:     0x5bfa9dfcf052 - <core[a373ad73a504971]::panic::unwind_safe::AssertUnwindSafe<std[617be2ca0a6fd877]::thread::lifecycle::spawn_unchecked<test[aada8e7e76ba119b]::run_test::{closure#1}, ()>::{closure#1}::{closure#0}> as core[a373ad73a504971]::ops::function::FnOnce<()>>::call_once
[INFO] [stdout]                                at /rustc/e3feeb59cd1bdd011a2bfcc0747b55125d9b8527/library/core/src/panic/unwind_safe.rs:275:9
[INFO] [stdout]   38:     0x5bfa9dfcf052 - std[617be2ca0a6fd877]::panicking::catch_unwind::do_call::<core[a373ad73a504971]::panic::unwind_safe::AssertUnwindSafe<std[617be2ca0a6fd877]::thread::lifecycle::spawn_unchecked<test[aada8e7e76ba119b]::run_test::{closure#1}, ()>::{closure#1}::{closure#0}>, ()>
[INFO] [stdout]                                at /rustc/e3feeb59cd1bdd011a2bfcc0747b55125d9b8527/library/std/src/panicking.rs:573:43
[INFO] [stdout]   39:     0x5bfa9dfcf052 - std[617be2ca0a6fd877]::panicking::catch_unwind::<(), core[a373ad73a504971]::panic::unwind_safe::AssertUnwindSafe<std[617be2ca0a6fd877]::thread::lifecycle::spawn_unchecked<test[aada8e7e76ba119b]::run_test::{closure#1}, ()>::{closure#1}::{closure#0}>>
[INFO] [stdout]                                at /rustc/e3feeb59cd1bdd011a2bfcc0747b55125d9b8527/library/std/src/panicking.rs:541:19
[INFO] [stdout]   40:     0x5bfa9dfcf052 - std[617be2ca0a6fd877]::panic::catch_unwind::<core[a373ad73a504971]::panic::unwind_safe::AssertUnwindSafe<std[617be2ca0a6fd877]::thread::lifecycle::spawn_unchecked<test[aada8e7e76ba119b]::run_test::{closure#1}, ()>::{closure#1}::{closure#0}>, ()>
[INFO] [stdout]                                at /rustc/e3feeb59cd1bdd011a2bfcc0747b55125d9b8527/library/std/src/panic.rs:359:14
[INFO] [stdout]   41:     0x5bfa9dfcf052 - std[617be2ca0a6fd877]::thread::lifecycle::spawn_unchecked::<test[aada8e7e76ba119b]::run_test::{closure#1}, ()>::{closure#1}
[INFO] [stdout]                                at /rustc/e3feeb59cd1bdd011a2bfcc0747b55125d9b8527/library/std/src/thread/lifecycle.rs:68:26
[INFO] [stdout]   42:     0x5bfa9dfcf052 - <std[617be2ca0a6fd877]::thread::lifecycle::spawn_unchecked<test[aada8e7e76ba119b]::run_test::{closure#1}, ()>::{closure#1} as core[a373ad73a504971]::ops::function::FnOnce<()>>::call_once::{shim:vtable#0}
[INFO] [stdout]                                at /rustc/e3feeb59cd1bdd011a2bfcc0747b55125d9b8527/library/core/src/ops/function.rs:250:5
[INFO] [stdout]   43:     0x5bfa9e03808f - <alloc[2e1b2a31b91974c5]::boxed::Box<dyn core[a373ad73a504971]::ops::function::FnOnce<(), Output = ()> + core[a373ad73a504971]::marker::Send> as core[a373ad73a504971]::ops::function::FnOnce<()>>::call_once
[INFO] [stdout]                                at /rustc/e3feeb59cd1bdd011a2bfcc0747b55125d9b8527/library/alloc/src/boxed.rs:2314:9
[INFO] [stdout]   44:     0x5bfa9e03808f - <std[617be2ca0a6fd877]::sys::thread::unix::Thread>::new::thread_start
[INFO] [stdout]                                at /rustc/e3feeb59cd1bdd011a2bfcc0747b55125d9b8527/library/std/src/sys/thread/unix.rs:127:17
[INFO] [stdout]   45:     0x7353b58bddfa - <unknown>
[INFO] [stdout]   46:     0x7353b59513d4 - clone
[INFO] [stdout]   47:                0x0 - <unknown>
[INFO] [stdout] 
[INFO] [stdout] ---- negative_empty_manifest_rejected stdout ----
[INFO] [stdout] 
[INFO] [stdout] thread 'negative_empty_manifest_rejected' (2344) panicked at tests/conformance_negative.rs:52:10:
[INFO] [stdout] Failed to run conformance harness: Os { code: 2, kind: NotFound, message: "No such file or directory" }
[INFO] [stdout] stack backtrace:
[INFO] [stdout]    0:     0x5bfa9e038d71 - std[617be2ca0a6fd877]::backtrace_rs::backtrace::libunwind::trace
[INFO] [stdout]                                at /rustc/e3feeb59cd1bdd011a2bfcc0747b55125d9b8527/library/std/src/../../backtrace/src/backtrace/libunwind.rs:117:9
[INFO] [stdout]    1:     0x5bfa9e038d71 - std[617be2ca0a6fd877]::backtrace_rs::backtrace::trace_unsynchronized::<std[617be2ca0a6fd877]::sys::backtrace::_print_fmt::{closure#1}>
[INFO] [stdout]                                at /rustc/e3feeb59cd1bdd011a2bfcc0747b55125d9b8527/library/std/src/../../backtrace/src/backtrace/mod.rs:66:14
[INFO] [stdout]    2:     0x5bfa9e038d71 - std[617be2ca0a6fd877]::sys::backtrace::_print_fmt
[INFO] [stdout]                                at /rustc/e3feeb59cd1bdd011a2bfcc0747b55125d9b8527/library/std/src/sys/backtrace.rs:74:9
[INFO] [stdout]    3:     0x5bfa9e038d71 - <<std[617be2ca0a6fd877]::sys::backtrace::BacktraceLock>::print::DisplayBacktrace as core[a373ad73a504971]::fmt::Display>::fmt
[INFO] [stdout]                                at /rustc/e3feeb59cd1bdd011a2bfcc0747b55125d9b8527/library/std/src/sys/backtrace.rs:44:26
[INFO] [stdout]    4:     0x5bfa9e04d07a - <core[a373ad73a504971]::fmt::rt::Argument>::fmt
[INFO] [stdout]                                at /rustc/e3feeb59cd1bdd011a2bfcc0747b55125d9b8527/library/core/src/fmt/rt.rs:152:76
[INFO] [stdout]    5:     0x5bfa9e04d07a - core[a373ad73a504971]::fmt::write
[INFO] [stdout]    6:     0x5bfa9e03d1ec - core[a373ad73a504971]::io::write::default_write_fmt::<alloc[2e1b2a31b91974c5]::vec::Vec<u8>>
[INFO] [stdout]                                at /rustc/e3feeb59cd1bdd011a2bfcc0747b55125d9b8527/library/core/src/io/write.rs:402:11
[INFO] [stdout]    7:     0x5bfa9e03d1ec - <alloc[2e1b2a31b91974c5]::vec::Vec<u8> as core[a373ad73a504971]::io::write::Write>::write_fmt
[INFO] [stdout]                                at /rustc/e3feeb59cd1bdd011a2bfcc0747b55125d9b8527/library/core/src/io/write.rs:335:13
[INFO] [stdout]    8:     0x5bfa9e013806 - <std[617be2ca0a6fd877]::sys::backtrace::BacktraceLock>::print
[INFO] [stdout]                                at /rustc/e3feeb59cd1bdd011a2bfcc0747b55125d9b8527/library/std/src/sys/backtrace.rs:47:9
[INFO] [stdout]    9:     0x5bfa9e013806 - std[617be2ca0a6fd877]::panicking::default_hook::{closure#0}
[INFO] [stdout]                                at /rustc/e3feeb59cd1bdd011a2bfcc0747b55125d9b8527/library/std/src/panicking.rs:289:27
[INFO] [stdout]   10:     0x5bfa9e0307a9 - std[617be2ca0a6fd877]::panicking::default_hook
[INFO] [stdout]                                at /rustc/e3feeb59cd1bdd011a2bfcc0747b55125d9b8527/library/std/src/panicking.rs:313:9
[INFO] [stdout]   11:     0x5bfa9dfcb9a0 - <alloc[2e1b2a31b91974c5]::boxed::Box<dyn for<'a, 'b> core[a373ad73a504971]::ops::function::Fn<(&'a std[617be2ca0a6fd877]::panic::PanicHookInfo<'b>,), Output = ()> + core[a373ad73a504971]::marker::Sync + core[a373ad73a504971]::marker::Send> as core[a373ad73a504971]::ops::function::Fn<(&std[617be2ca0a6fd877]::panic::PanicHookInfo,)>>::call
[INFO] [stdout]                                at /rustc/e3feeb59cd1bdd011a2bfcc0747b55125d9b8527/library/alloc/src/boxed.rs:2328:9
[INFO] [stdout]   12:     0x5bfa9dfcb9a0 - test[aada8e7e76ba119b]::test_main_inner::{closure#0}
[INFO] [stdout]                                at /rustc/e3feeb59cd1bdd011a2bfcc0747b55125d9b8527/library/test/src/lib.rs:137:21
[INFO] [stdout]   13:     0x5bfa9e030962 - <alloc[2e1b2a31b91974c5]::boxed::Box<dyn for<'a, 'b> core[a373ad73a504971]::ops::function::Fn<(&'a std[617be2ca0a6fd877]::panic::PanicHookInfo<'b>,), Output = ()> + core[a373ad73a504971]::marker::Sync + core[a373ad73a504971]::marker::Send> as core[a373ad73a504971]::ops::function::Fn<(&std[617be2ca0a6fd877]::panic::PanicHookInfo,)>>::call
[INFO] [stdout]                                at /rustc/e3feeb59cd1bdd011a2bfcc0747b55125d9b8527/library/alloc/src/boxed.rs:2328:9
[INFO] [stdout]   14:     0x5bfa9e030962 - std[617be2ca0a6fd877]::panicking::panic_with_hook
[INFO] [stdout]                                at /rustc/e3feeb59cd1bdd011a2bfcc0747b55125d9b8527/library/std/src/panicking.rs:819:13
[INFO] [stdout]   15:     0x5bfa9e0138b2 - std[617be2ca0a6fd877]::panicking::panic_handler::{closure#0}
[INFO] [stdout]                                at /rustc/e3feeb59cd1bdd011a2bfcc0747b55125d9b8527/library/std/src/panicking.rs:685:13
[INFO] [stdout]   16:     0x5bfa9e00c319 - std[617be2ca0a6fd877]::sys::backtrace::__rust_end_short_backtrace::<std[617be2ca0a6fd877]::panicking::panic_handler::{closure#0}, !>
[INFO] [stdout]                                at /rustc/e3feeb59cd1bdd011a2bfcc0747b55125d9b8527/library/std/src/sys/backtrace.rs:182:18
[INFO] [stdout]   17:     0x5bfa9e0144bd - __rustc[ea4f61d10b84890b]::rust_begin_unwind
[INFO] [stdout]                                at /rustc/e3feeb59cd1bdd011a2bfcc0747b55125d9b8527/library/std/src/panicking.rs:676:5
[INFO] [stdout]   18:     0x5bfa9e04d82c - core[a373ad73a504971]::panicking::panic_fmt
[INFO] [stdout]                                at /rustc/e3feeb59cd1bdd011a2bfcc0747b55125d9b8527/library/core/src/panicking.rs:80:14
[INFO] [stdout]   19:     0x5bfa9e04d582 - core[a373ad73a504971]::result::unwrap_failed
[INFO] [stdout]                                at /rustc/e3feeb59cd1bdd011a2bfcc0747b55125d9b8527/library/core/src/result.rs:1870:5
[INFO] [stdout]   20:     0x5bfa9dfa9213 - <core[a373ad73a504971]::result::Result<std[617be2ca0a6fd877]::process::Output, core[a373ad73a504971]::io::error::Error>>::expect
[INFO] [stdout]                                at /rustc/e3feeb59cd1bdd011a2bfcc0747b55125d9b8527/library/core/src/result.rs:1184:23
[INFO] [stdout]   21:     0x5bfa9dfa7376 - conformance_negative[b6237c0f40fe5a76]::run_conformance
[INFO] [stdout]                                at /opt/rustwide/workdir/tests/conformance_negative.rs:52:10
[INFO] [stdout]   22:     0x5bfa9dfa7ab2 - conformance_negative[b6237c0f40fe5a76]::negative_empty_manifest_rejected
[INFO] [stdout]                                at /opt/rustwide/workdir/tests/conformance_negative.rs:107:21
[INFO] [stdout]   23:     0x5bfa9dfa6407 - conformance_negative[b6237c0f40fe5a76]::negative_empty_manifest_rejected::{closure#0}
[INFO] [stdout]                                at /opt/rustwide/workdir/tests/conformance_negative.rs:103:38
[INFO] [stdout]   24:     0x5bfa9dfad606 - <conformance_negative[b6237c0f40fe5a76]::negative_empty_manifest_rejected::{closure#0} as core[a373ad73a504971]::ops::function::FnOnce<()>>::call_once
[INFO] [stdout]                                at /rustc/e3feeb59cd1bdd011a2bfcc0747b55125d9b8527/library/core/src/ops/function.rs:250:5
[INFO] [stdout]   25:     0x5bfa9dfbedeb - <fn() -> core[a373ad73a504971]::result::Result<(), alloc[2e1b2a31b91974c5]::string::String> as core[a373ad73a504971]::ops::function::FnOnce<()>>::call_once
[INFO] [stdout]                                at /rustc/e3feeb59cd1bdd011a2bfcc0747b55125d9b8527/library/core/src/ops/function.rs:250:5
[INFO] [stdout]   26:     0x5bfa9dfbedeb - test[aada8e7e76ba119b]::__rust_begin_short_backtrace::<core[a373ad73a504971]::result::Result<(), alloc[2e1b2a31b91974c5]::string::String>, fn() -> core[a373ad73a504971]::result::Result<(), alloc[2e1b2a31b91974c5]::string::String>>
[INFO] [stdout]                                at /rustc/e3feeb59cd1bdd011a2bfcc0747b55125d9b8527/library/test/src/lib.rs:701:18
[INFO] [stdout]   27:     0x5bfa9dfcbfc5 - test[aada8e7e76ba119b]::run_test_in_process::{closure#0}
[INFO] [stdout]                                at /rustc/e3feeb59cd1bdd011a2bfcc0747b55125d9b8527/library/test/src/lib.rs:724:74
[INFO] [stdout]   28:     0x5bfa9dfcbfc5 - <core[a373ad73a504971]::panic::unwind_safe::AssertUnwindSafe<test[aada8e7e76ba119b]::run_test_in_process::{closure#0}> as core[a373ad73a504971]::ops::function::FnOnce<()>>::call_once
[INFO] [stdout]                                at /rustc/e3feeb59cd1bdd011a2bfcc0747b55125d9b8527/library/core/src/panic/unwind_safe.rs:275:9
[INFO] [stdout]   29:     0x5bfa9dfcbfc5 - std[617be2ca0a6fd877]::panicking::catch_unwind::do_call::<core[a373ad73a504971]::panic::unwind_safe::AssertUnwindSafe<test[aada8e7e76ba119b]::run_test_in_process::{closure#0}>, core[a373ad73a504971]::result::Result<(), alloc[2e1b2a31b91974c5]::string::String>>
[INFO] [stdout]                                at /rustc/e3feeb59cd1bdd011a2bfcc0747b55125d9b8527/library/std/src/panicking.rs:573:43
[INFO] [stdout]   30:     0x5bfa9dfcbfc5 - std[617be2ca0a6fd877]::panicking::catch_unwind::<core[a373ad73a504971]::result::Result<(), alloc[2e1b2a31b91974c5]::string::String>, core[a373ad73a504971]::panic::unwind_safe::AssertUnwindSafe<test[aada8e7e76ba119b]::run_test_in_process::{closure#0}>>
[INFO] [stdout]                                at /rustc/e3feeb59cd1bdd011a2bfcc0747b55125d9b8527/library/std/src/panicking.rs:541:19
[INFO] [stdout]   31:     0x5bfa9dfcbfc5 - std[617be2ca0a6fd877]::panic::catch_unwind::<core[a373ad73a504971]::panic::unwind_safe::AssertUnwindSafe<test[aada8e7e76ba119b]::run_test_in_process::{closure#0}>, core[a373ad73a504971]::result::Result<(), alloc[2e1b2a31b91974c5]::string::String>>
[INFO] [stdout]                                at /rustc/e3feeb59cd1bdd011a2bfcc0747b55125d9b8527/library/std/src/panic.rs:359:14
[INFO] [stdout]   32:     0x5bfa9dfcbfc5 - test[aada8e7e76ba119b]::run_test_in_process
[INFO] [stdout]                                at /rustc/e3feeb59cd1bdd011a2bfcc0747b55125d9b8527/library/test/src/lib.rs:724:27
[INFO] [stdout]   33:     0x5bfa9dfcbfc5 - test[aada8e7e76ba119b]::run_test::{closure#0}
[INFO] [stdout]                                at /rustc/e3feeb59cd1bdd011a2bfcc0747b55125d9b8527/library/test/src/lib.rs:645:43
[INFO] [stdout]   34:     0x5bfa9dfc58b4 - test[aada8e7e76ba119b]::run_test::{closure#1}
[INFO] [stdout]                                at /rustc/e3feeb59cd1bdd011a2bfcc0747b55125d9b8527/library/test/src/lib.rs:675:41
[INFO] [stdout]   35:     0x5bfa9dfc58b4 - std[617be2ca0a6fd877]::sys::backtrace::__rust_begin_short_backtrace::<test[aada8e7e76ba119b]::run_test::{closure#1}, ()>
[INFO] [stdout]                                at /rustc/e3feeb59cd1bdd011a2bfcc0747b55125d9b8527/library/std/src/sys/backtrace.rs:166:18
[INFO] [stdout]   36:     0x5bfa9dfcf052 - std[617be2ca0a6fd877]::thread::lifecycle::spawn_unchecked::<test[aada8e7e76ba119b]::run_test::{closure#1}, ()>::{closure#1}::{closure#0}
[INFO] [stdout]                                at /rustc/e3feeb59cd1bdd011a2bfcc0747b55125d9b8527/library/std/src/thread/lifecycle.rs:70:13
[INFO] [stdout]   37:     0x5bfa9dfcf052 - <core[a373ad73a504971]::panic::unwind_safe::AssertUnwindSafe<std[617be2ca0a6fd877]::thread::lifecycle::spawn_unchecked<test[aada8e7e76ba119b]::run_test::{closure#1}, ()>::{closure#1}::{closure#0}> as core[a373ad73a504971]::ops::function::FnOnce<()>>::call_once
[INFO] [stdout]                                at /rustc/e3feeb59cd1bdd011a2bfcc0747b55125d9b8527/library/core/src/panic/unwind_safe.rs:275:9
[INFO] [stdout]   38:     0x5bfa9dfcf052 - std[617be2ca0a6fd877]::panicking::catch_unwind::do_call::<core[a373ad73a504971]::panic::unwind_safe::AssertUnwindSafe<std[617be2ca0a6fd877]::thread::lifecycle::spawn_unchecked<test[aada8e7e76ba119b]::run_test::{closure#1}, ()>::{closure#1}::{closure#0}>, ()>
[INFO] [stdout]                                at /rustc/e3feeb59cd1bdd011a2bfcc0747b55125d9b8527/library/std/src/panicking.rs:573:43
[INFO] [stdout]   39:     0x5bfa9dfcf052 - std[617be2ca0a6fd877]::panicking::catch_unwind::<(), core[a373ad73a504971]::panic::unwind_safe::AssertUnwindSafe<std[617be2ca0a6fd877]::thread::lifecycle::spawn_unchecked<test[aada8e7e76ba119b]::run_test::{closure#1}, ()>::{closure#1}::{closure#0}>>
[INFO] [stdout]                                at /rustc/e3feeb59cd1bdd011a2bfcc0747b55125d9b8527/library/std/src/panicking.rs:541:19
[INFO] [stdout]   40:     0x5bfa9dfcf052 - std[617be2ca0a6fd877]::panic::catch_unwind::<core[a373ad73a504971]::panic::unwind_safe::AssertUnwindSafe<std[617be2ca0a6fd877]::thread::lifecycle::spawn_unchecked<test[aada8e7e76ba119b]::run_test::{closure#1}, ()>::{closure#1}::{closure#0}>, ()>
[INFO] [stdout]                                at /rustc/e3feeb59cd1bdd011a2bfcc0747b55125d9b8527/library/std/src/panic.rs:359:14
[INFO] [stdout]   41:     0x5bfa9dfcf052 - std[617be2ca0a6fd877]::thread::lifecycle::spawn_unchecked::<test[aada8e7e76ba119b]::run_test::{closure#1}, ()>::{closure#1}
[INFO] [stdout]                                at /rustc/e3feeb59cd1bdd011a2bfcc0747b55125d9b8527/library/std/src/thread/lifecycle.rs:68:26
[INFO] [stdout]   42:     0x5bfa9dfcf052 - <std[617be2ca0a6fd877]::thread::lifecycle::spawn_unchecked<test[aada8e7e76ba119b]::run_test::{closure#1}, ()>::{closure#1} as core[a373ad73a504971]::ops::function::FnOnce<()>>::call_once::{shim:vtable#0}
[INFO] [stdout]                                at /rustc/e3feeb59cd1bdd011a2bfcc0747b55125d9b8527/library/core/src/ops/function.rs:250:5
[INFO] [stdout]   43:     0x5bfa9e03808f - <alloc[2e1b2a31b91974c5]::boxed::Box<dyn core[a373ad73a504971]::ops::function::FnOnce<(), Output = ()> + core[a373ad73a504971]::marker::Send> as core[a373ad73a504971]::ops::function::FnOnce<()>>::call_once
[INFO] [stdout]                                at /rustc/e3feeb59cd1bdd011a2bfcc0747b55125d9b8527/library/alloc/src/boxed.rs:2314:9
[INFO] [stdout]   44:     0x5bfa9e03808f - <std[617be2ca0a6fd877]::sys::thread::unix::Thread>::new::thread_start
[INFO] [stdout]                                at /rustc/e3feeb59cd1bdd011a2bfcc0747b55125d9b8527/library/std/src/sys/thread/unix.rs:127:17
[INFO] [stdout]   45:     0x7353b58bddfa - <unknown>
[INFO] [stdout]   46:     0x7353b59513d4 - clone
[INFO] [stdout]   47:                0x0 - <unknown>
[INFO] [stdout] 
[INFO] [stdout] 
[INFO] [stdout] failures:
[INFO] [stdout]     negative_duplicate_fixture_ids_rejected
[INFO] [stdout]     negative_empty_manifest_rejected
[INFO] [stdout]     negative_incorrect_sha256_rejected
[INFO] [stdout]     negative_source_reclassified_rejected
[INFO] [stdout] 
[INFO] [stdout] test result: FAILED. 0 passed; 4 failed; 0 ignored; 0 measured; 0 filtered out; finished in 71.15s
[INFO] [stdout] 
[INFO] running `Command { std: "docker" "inspect" "4d6161a3b9a14a8f931dbd9e17a8b62c1f47d19adb78787bfabeadb99b728585", kill_on_drop: false }`
[INFO] running `Command { std: "docker" "rm" "-f" "4d6161a3b9a14a8f931dbd9e17a8b62c1f47d19adb78787bfabeadb99b728585", kill_on_drop: false }`
[INFO] [stdout] 4d6161a3b9a14a8f931dbd9e17a8b62c1f47d19adb78787bfabeadb99b728585
