[INFO] fetching crate steamworks-sys 0.13.0...
[INFO] testing steamworks-sys-0.13.0 against 1.99.0-beta.8 for beta-1.100-2
[INFO] extracting crate steamworks-sys 0.13.0 into /workspace/builds/worker-1-tc1/source
[INFO] started tweaking crates.io crate steamworks-sys 0.13.0
[INFO] finished tweaking crates.io crate steamworks-sys 0.13.0
[INFO] tweaked toml for crates.io crate steamworks-sys 0.13.0 written to /workspace/builds/worker-1-tc1/source/Cargo.toml
[INFO] validating manifest of crates.io crate steamworks-sys 0.13.0 on toolchain 1.99.0-beta.8
[INFO] running `Command { std: CARGO_HOME="/workspace/cargo-home" RUSTUP_HOME="/workspace/rustup-home" "/workspace/cargo-home/bin/cargo" "+1.99.0-beta.8" "metadata" "--manifest-path" "Cargo.toml" "--no-deps", kill_on_drop: false }`
[INFO] crate crates.io crate steamworks-sys 0.13.0 already has a lockfile, it will not be regenerated
[INFO] running `Command { std: CARGO_HOME="/workspace/cargo-home" RUSTUP_HOME="/workspace/rustup-home" "/workspace/cargo-home/bin/cargo" "+1.99.0-beta.8" "fetch" "--manifest-path" "Cargo.toml", kill_on_drop: false }`
[INFO] [stderr]  Downloading crates ...
[INFO] [stderr]   Downloaded shlex v1.2.0
[INFO] [stderr]   Downloaded once_cell v1.19.0
[INFO] [stderr]   Downloaded quote v1.0.35
[INFO] [stderr]   Downloaded prettyplease v0.2.16
[INFO] [stderr]   Downloaded clang-sys v1.6.1
[INFO] [stderr]   Downloaded memchr v2.6.4
[INFO] [stderr]   Downloaded regex v1.10.2
[INFO] [stderr]   Downloaded regex-automata v0.4.3
[INFO] running `Command { std: "docker" "create" "-v" "/var/lib/crater-agent-workspace/builds/worker-1-tc1/source:/opt/rustwide/workdir:ro,Z" "-v" "/var/lib/crater-agent-workspace/builds/worker-1-tc1/target:/opt/rustwide/target:rw,Z" "-v" "/var/lib/crater-agent-workspace/cargo-home:/opt/rustwide/cargo-home:ro,Z" "-v" "/var/lib/crater-agent-workspace/rustup-home:/opt/rustwide/rustup-home:ro,Z" "-m" "1610612736" "--network" "none" "ghcr.io/rust-lang/crates-build-env/linux@sha256:3111399a4047eeb3a02b7a90e478d715f38a8c6669b5c4b49d30a17385265909" "sleep" "infinity", kill_on_drop: false }`
[INFO] [stdout] 13840a4df675871828f402d400a38b5abdd926b60ace021dd5d54175da1d509b
[INFO] running `Command { std: "docker" "start" "13840a4df675871828f402d400a38b5abdd926b60ace021dd5d54175da1d509b", kill_on_drop: false }`
[INFO] running `Command { std: "docker" "inspect" "13840a4df675871828f402d400a38b5abdd926b60ace021dd5d54175da1d509b", kill_on_drop: false }`
[INFO] running `Command { std: "docker" "exec" "-e" "SOURCE_DIR=/opt/rustwide/workdir" "-e" "CARGO_HOME=/opt/rustwide/cargo-home" "-e" "RUSTUP_HOME=/opt/rustwide/rustup-home" "-e" "CARGO_TARGET_DIR=/opt/rustwide/target" "-w" "/opt/rustwide/workdir" "--user" "0:0" "13840a4df675871828f402d400a38b5abdd926b60ace021dd5d54175da1d509b" "/opt/rustwide/cargo-home/bin/cargo" "+1.99.0-beta.8" "metadata" "--no-deps" "--format-version=1", kill_on_drop: false }`
[INFO] running `Command { std: "docker" "inspect" "13840a4df675871828f402d400a38b5abdd926b60ace021dd5d54175da1d509b", kill_on_drop: false }`
[INFO] running `Command { std: "docker" "exec" "-e" "SOURCE_DIR=/opt/rustwide/workdir" "-e" "CARGO_HOME=/opt/rustwide/cargo-home" "-e" "RUSTUP_HOME=/opt/rustwide/rustup-home" "-e" "CARGO_TARGET_DIR=/opt/rustwide/target" "-e" "CARGO_INCREMENTAL=0" "-e" "RUST_BACKTRACE=full" "-e" "RUSTFLAGS=--cap-lints=warn" "-e" "RUSTDOCFLAGS=--cap-lints=warn" "-w" "/opt/rustwide/workdir" "--user" "0:0" "13840a4df675871828f402d400a38b5abdd926b60ace021dd5d54175da1d509b" "/opt/rustwide/cargo-home/bin/cargo" "+1.99.0-beta.8" "build" "--frozen" "--message-format=json", kill_on_drop: false }`
[INFO] [stderr]    Compiling steamworks-sys v0.13.0 (/opt/rustwide/workdir)
[INFO] [stderr]     Finished `dev` profile [unoptimized + debuginfo] target(s) in 2.12s
[INFO] running `Command { std: "docker" "inspect" "13840a4df675871828f402d400a38b5abdd926b60ace021dd5d54175da1d509b", kill_on_drop: false }`
[INFO] running `Command { std: "docker" "exec" "-e" "SOURCE_DIR=/opt/rustwide/workdir" "-e" "CARGO_HOME=/opt/rustwide/cargo-home" "-e" "RUSTUP_HOME=/opt/rustwide/rustup-home" "-e" "CARGO_TARGET_DIR=/opt/rustwide/target" "-e" "CARGO_INCREMENTAL=0" "-e" "RUST_BACKTRACE=full" "-e" "RUSTFLAGS=--cap-lints=warn" "-e" "RUSTDOCFLAGS=--cap-lints=warn" "-w" "/opt/rustwide/workdir" "--user" "0:0" "13840a4df675871828f402d400a38b5abdd926b60ace021dd5d54175da1d509b" "/opt/rustwide/cargo-home/bin/cargo" "+1.99.0-beta.8" "test" "--frozen" "--no-run" "--message-format=json", kill_on_drop: false }`
[INFO] [stderr]    Compiling steamworks-sys v0.13.0 (/opt/rustwide/workdir)
[INFO] [stderr]     Finished `test` profile [unoptimized + debuginfo] target(s) in 4.43s
[INFO] running `Command { std: "docker" "inspect" "13840a4df675871828f402d400a38b5abdd926b60ace021dd5d54175da1d509b", kill_on_drop: false }`
[INFO] running `Command { std: "docker" "exec" "-e" "SOURCE_DIR=/opt/rustwide/workdir" "-e" "CARGO_HOME=/opt/rustwide/cargo-home" "-e" "RUSTUP_HOME=/opt/rustwide/rustup-home" "-e" "CARGO_TARGET_DIR=/opt/rustwide/target" "-e" "CARGO_INCREMENTAL=0" "-e" "RUST_BACKTRACE=full" "-e" "RUSTFLAGS=--cap-lints=warn" "-e" "RUSTDOCFLAGS=--cap-lints=warn" "-w" "/opt/rustwide/workdir" "--user" "0:0" "13840a4df675871828f402d400a38b5abdd926b60ace021dd5d54175da1d509b" "/opt/rustwide/cargo-home/bin/cargo" "+1.99.0-beta.8" "test" "--frozen", kill_on_drop: false }`
[INFO] [stderr]     Finished `test` profile [unoptimized + debuginfo] target(s) in 0.04s
[INFO] [stderr]      Running unittests src/lib.rs (/opt/rustwide/target/debug/deps/steamworks_sys-63e63fc062c6b324)
[INFO] [stdout] 
[INFO] [stdout] running 284 tests
[INFO] [stdout] test bindgen_test_layout_AppProofOfPurchaseKeyResponse_t ... ok
[INFO] [stdout] test bindgen_test_layout_AddUGCDependencyResult_t ... ok
[INFO] [stdout] test bindgen_test_layout_AppResumingFromSuspend_t ... ok
[INFO] [stdout] test bindgen_test_layout_BroadcastUploadStart_t ... ok
[INFO] [stdout] test bindgen_test_layout_CGameID ... ok
[INFO] [stdout] test bindgen_test_layout_CGameID_GameID_t ... ok
[INFO] [stdout] test bindgen_test_layout_CGameID__bindgen_ty_1 ... ok
[INFO] [stdout] test bindgen_test_layout_CSteamID ... ok
[INFO] [stdout] test bindgen_test_layout_CSteamID_SteamID_t ... ok
[INFO] [stdout] test bindgen_test_layout_CSteamID_SteamID_t_SteamIDComponent_t ... ok
[INFO] [stdout] test bindgen_test_layout_CallbackMsg_t ... ok
[INFO] [stdout] test bindgen_test_layout_ChangeNumOpenSlotsCallback_t ... ok
[INFO] [stdout] test bindgen_test_layout_CheckFileSignature_t ... ok
[INFO] [stdout] test bindgen_test_layout_ClanOfficerListResponse_t ... ok
[INFO] [stdout] test bindgen_test_layout_ClientGameServerDeny_t ... ok
[INFO] [stdout] test bindgen_test_layout_AddAppDependencyResult_t ... ok
[INFO] [stdout] test bindgen_test_layout_ActiveBeaconsUpdated_t ... ok
[INFO] [stdout] test bindgen_test_layout_CreateItemResult_t ... ok
[INFO] [stdout] test bindgen_test_layout_AssociateWithClanResult_t ... ok
[INFO] [stdout] test bindgen_test_layout_DeleteItemResult_t ... ok
[INFO] [stdout] test bindgen_test_layout_DlcInstalled_t ... ok
[INFO] [stdout] test bindgen_test_layout_AvailableBeaconLocationsUpdated_t ... ok
[INFO] [stdout] test bindgen_test_layout_AvatarImageLoaded_t ... ok
[INFO] [stdout] test bindgen_test_layout_BroadcastUploadStop_t ... ok
[INFO] [stdout] test bindgen_test_layout_CCallbackBase ... ok
[INFO] [stdout] test bindgen_test_layout_DownloadClanActivityCountsResult_t ... ok
[INFO] [stdout] test bindgen_test_layout_DownloadItemResult_t ... ok
[INFO] [stdout] test bindgen_test_layout_DurationControl_t ... ok
[INFO] [stdout] test bindgen_test_layout_EncryptedAppTicketResponse_t ... ok
[INFO] [stdout] test bindgen_test_layout_EquippedProfileItemsChanged_t ... ok
[INFO] [stdout] test bindgen_test_layout_EquippedProfileItems_t ... ok
[INFO] [stdout] test bindgen_test_layout_FavoritesListAccountsUpdated_t ... ok
[INFO] [stdout] test bindgen_test_layout_FavoritesListChanged_t ... ok
[INFO] [stdout] test bindgen_test_layout_FileDetailsResult_t ... ok
[INFO] [stdout] test bindgen_test_layout_FilterTextDictionaryChanged_t ... ok
[INFO] [stdout] test bindgen_test_layout_FloatingGamepadTextInputDismissed_t ... ok
[INFO] [stdout] test bindgen_test_layout_FriendGameInfo_t ... ok
[INFO] [stdout] test bindgen_test_layout_FriendsGetFollowerCount_t ... ok
[INFO] [stdout] test bindgen_test_layout_GSClientAchievementStatus_t ... ok
[INFO] [stdout] test bindgen_test_layout_GSClientApprove_t ... ok
[INFO] [stdout] test bindgen_test_layout_GSClientDeny_t ... ok
[INFO] [stdout] test bindgen_test_layout_GSClientGroupStatus_t ... ok
[INFO] [stdout] test bindgen_test_layout_GSClientKick_t ... ok
[INFO] [stdout] test bindgen_test_layout_GSGameplayStats_t ... ok
[INFO] [stdout] test bindgen_test_layout_GSReputation_t ... ok
[INFO] [stdout] test bindgen_test_layout_GSStatsReceived_t ... ok
[INFO] [stdout] test bindgen_test_layout_GSStatsStored_t ... ok
[INFO] [stdout] test bindgen_test_layout_GSStatsUnloaded_t ... ok
[INFO] [stdout] test bindgen_test_layout_GameConnectedChatJoin_t ... ok
[INFO] [stdout] test bindgen_test_layout_GameConnectedChatLeave_t ... ok
[INFO] [stdout] test bindgen_test_layout_GameConnectedClanChatMsg_t ... ok
[INFO] [stdout] test bindgen_test_layout_GSPolicyResponse_t ... ok
[INFO] [stdout] test bindgen_test_layout_GameConnectedFriendChatMsg_t ... ok
[INFO] [stdout] test bindgen_test_layout_GameLobbyJoinRequested_t ... ok
[INFO] [stdout] test bindgen_test_layout_FriendRichPresenceUpdate_t ... ok
[INFO] [stdout] test bindgen_test_layout_FriendsEnumerateFollowingList_t ... ok
[INFO] [stdout] test bindgen_test_layout_FriendsIsFollowing_t ... ok
[INFO] [stdout] test bindgen_test_layout_GameOverlayActivated_t ... ok
[INFO] [stdout] test bindgen_test_layout_GameRichPresenceJoinRequested_t ... ok
[INFO] [stdout] test bindgen_test_layout_GameServerChangeRequested_t ... ok
[INFO] [stdout] test bindgen_test_layout_GetAuthSessionTicketResponse_t ... ok
[INFO] [stdout] test bindgen_test_layout_GetOPFSettingsResult_t ... ok
[INFO] [stdout] test bindgen_test_layout_GameWebCallback_t ... ok
[INFO] [stdout] test bindgen_test_layout_GamepadTextInputDismissed_t ... ok
[INFO] [stdout] test bindgen_test_layout_GetTicketForWebApiResponse_t ... ok
[INFO] [stdout] test bindgen_test_layout_GetAppDependenciesResult_t ... ok
[INFO] [stdout] test bindgen_test_layout_GlobalStatsReceived_t ... ok
[INFO] [stdout] test bindgen_test_layout_HTML_BrowserReady_t ... ok
[INFO] [stdout] test bindgen_test_layout_HTML_BrowserRestarted_t ... ok
[INFO] [stdout] test bindgen_test_layout_HTML_CanGoBackAndForward_t ... ok
[INFO] [stdout] test bindgen_test_layout_HTML_ChangedTitle_t ... ok
[INFO] [stdout] test bindgen_test_layout_HTML_CloseBrowser_t ... ok
[INFO] [stdout] test bindgen_test_layout_HTML_FileOpenDialog_t ... ok
[INFO] [stdout] test bindgen_test_layout_HTML_FinishedRequest_t ... ok
[INFO] [stdout] test bindgen_test_layout_HTML_HideToolTip_t ... ok
[INFO] [stdout] test bindgen_test_layout_HTML_HorizontalScroll_t ... ok
[INFO] [stdout] test bindgen_test_layout_HTML_JSAlert_t ... ok
[INFO] [stdout] test bindgen_test_layout_HTML_JSConfirm_t ... ok
[INFO] [stdout] test bindgen_test_layout_HTML_NeedsPaint_t ... ok
[INFO] [stdout] test bindgen_test_layout_GetUserItemVoteResult_t ... ok
[INFO] [stdout] test bindgen_test_layout_HTML_LinkAtPosition_t ... ok
[INFO] [stdout] test bindgen_test_layout_GetVideoURLResult_t ... ok
[INFO] [stdout] test bindgen_test_layout_HTML_NewWindow_t ... ok
[INFO] [stdout] test bindgen_test_layout_GlobalAchievementPercentagesReady_t ... ok
[INFO] [stdout] test bindgen_test_layout_HTML_OpenLinkInNewTab_t ... ok
[INFO] [stdout] test bindgen_test_layout_HTML_SearchResults_t ... ok
[INFO] [stdout] test bindgen_test_layout_HTML_SetCursor_t ... ok
[INFO] [stdout] test bindgen_test_layout_HTML_ShowToolTip_t ... ok
[INFO] [stdout] test bindgen_test_layout_HTML_StartRequest_t ... ok
[INFO] [stdout] test bindgen_test_layout_HTML_StatusText_t ... ok
[INFO] [stdout] test bindgen_test_layout_HTML_URLChanged_t ... ok
[INFO] [stdout] test bindgen_test_layout_HTML_UpdateToolTip_t ... ok
[INFO] [stdout] test bindgen_test_layout_ComputeNewPlayerCompatibilityResult_t ... ok
[INFO] [stdout] test bindgen_test_layout_HTML_VerticalScroll_t ... ok
[INFO] [stdout] test bindgen_test_layout_HTTPRequestCompleted_t ... ok
[INFO] [stdout] test bindgen_test_layout_CreateBeaconCallback_t ... ok
[INFO] [stdout] test bindgen_test_layout_HTTPRequestHeadersReceived_t ... ok
[INFO] [stdout] test bindgen_test_layout_HTTPRequestDataReceived_t ... ok
[INFO] [stdout] test bindgen_test_layout_IPCFailure_t ... ok
[INFO] [stdout] test bindgen_test_layout_IPCountry_t ... ok
[INFO] [stdout] test bindgen_test_layout_ISteamApps ... ok
[INFO] [stdout] test bindgen_test_layout_ISteamClient ... ok
[INFO] [stdout] test bindgen_test_layout_ISteamController ... ok
[INFO] [stdout] test bindgen_test_layout_ISteamFriends ... ok
[INFO] [stdout] test bindgen_test_layout_ISteamGameServer ... ok
[INFO] [stdout] test bindgen_test_layout_ISteamGameServerStats ... ok
[INFO] [stdout] test bindgen_test_layout_ISteamHTMLSurface ... ok
[INFO] [stdout] test bindgen_test_layout_ISteamHTTP ... ok
[INFO] [stdout] test bindgen_test_layout_ISteamInput ... ok
[INFO] [stdout] test bindgen_test_layout_ISteamMatchmaking ... ok
[INFO] [stdout] test bindgen_test_layout_ISteamMatchmakingPingResponse ... ok
[INFO] [stdout] test bindgen_test_layout_ISteamMatchmakingPlayersResponse ... ok
[INFO] [stdout] test bindgen_test_layout_ISteamMatchmakingRulesResponse ... ok
[INFO] [stdout] test bindgen_test_layout_ISteamMatchmakingServerListResponse ... ok
[INFO] [stdout] test bindgen_test_layout_ISteamMatchmakingServers ... ok
[INFO] [stdout] test bindgen_test_layout_ISteamMusic ... ok
[INFO] [stdout] test bindgen_test_layout_ISteamNetworking ... ok
[INFO] [stdout] test bindgen_test_layout_ISteamNetworkingMessages ... ok
[INFO] [stdout] test bindgen_test_layout_ISteamNetworkingSockets ... ok
[INFO] [stdout] test bindgen_test_layout_ISteamNetworkingUtils ... ok
[INFO] [stdout] test bindgen_test_layout_ISteamParentalSettings ... ok
[INFO] [stdout] test bindgen_test_layout_ISteamRemotePlay ... ok
[INFO] [stdout] test bindgen_test_layout_ISteamScreenshots ... ok
[INFO] [stdout] test bindgen_test_layout_ISteamUserStats ... ok
[INFO] [stdout] test bindgen_test_layout_ISteamUtils ... ok
[INFO] [stdout] test bindgen_test_layout_InputAnalogActionData_t ... ok
[INFO] [stdout] test bindgen_test_layout_ISteamRemoteStorage ... ok
[INFO] [stdout] test bindgen_test_layout_InputDigitalActionData_t ... ok
[INFO] [stdout] test bindgen_test_layout_ISteamUser ... ok
[INFO] [stdout] test bindgen_test_layout_InputMotionData_t ... ok
[INFO] [stdout] test bindgen_test_layout_JoinPartyCallback_t ... ok
[INFO] [stdout] test bindgen_test_layout_LeaderboardEntry_t ... ok
[INFO] [stdout] test bindgen_test_layout_JoinClanChatRoomCompletionResult_t ... ok
[INFO] [stdout] test bindgen_test_layout_ItemInstalled_t ... ok
[INFO] [stdout] test bindgen_test_layout_LeaderboardFindResult_t ... ok
[INFO] [stdout] test bindgen_test_layout_LeaderboardScoreUploaded_t ... ok
[INFO] [stdout] test bindgen_test_layout_LeaderboardScoresDownloaded_t ... ok
[INFO] [stdout] test bindgen_test_layout_LeaderboardUGCSet_t ... ok
[INFO] [stdout] test bindgen_test_layout_LicensesUpdated_t ... ok
[INFO] [stdout] test bindgen_test_layout_LobbyChatMsg_t ... ok
[INFO] [stdout] test bindgen_test_layout_LobbyChatUpdate_t ... ok
[INFO] [stdout] test bindgen_test_layout_LobbyDataUpdate_t ... ok
[INFO] [stdout] test bindgen_test_layout_LobbyEnter_t ... ok
[INFO] [stdout] test bindgen_test_layout_LobbyInvite_t ... ok
[INFO] [stdout] test bindgen_test_layout_LobbyKicked_t ... ok
[INFO] [stdout] test bindgen_test_layout_LobbyCreated_t ... ok
[INFO] [stdout] test bindgen_test_layout_LobbyGameCreated_t ... ok
[INFO] [stdout] test bindgen_test_layout_LobbyMatchList_t ... ok
[INFO] [stdout] test bindgen_test_layout_LowBatteryPower_t ... ok
[INFO] [stdout] test bindgen_test_layout_MarketEligibilityResponse_t ... ok
[INFO] [stdout] test bindgen_test_layout_MatchMakingKeyValuePair_t ... ok
[INFO] [stdout] test bindgen_test_layout_MicroTxnAuthorizationResponse_t ... ok
[INFO] [stdout] test bindgen_test_layout_NumberOfCurrentPlayers_t ... ok
[INFO] [stdout] test bindgen_test_layout_NewUrlLaunchParameters_t ... ok
[INFO] [stdout] test bindgen_test_layout_OverlayBrowserProtocolNavigation_t ... ok
[INFO] [stdout] test bindgen_test_layout_P2PSessionRequest_t ... ok
[INFO] [stdout] test bindgen_test_layout_PersonaStateChange_t ... ok
[INFO] [stdout] test bindgen_test_layout_P2PSessionConnectFail_t ... ok
[INFO] [stdout] test bindgen_test_layout_P2PSessionState_t ... ok
[INFO] [stdout] test bindgen_test_layout_PlaybackStatusHasChanged_t ... ok
[INFO] [stdout] test bindgen_test_layout_RemotePlayInputKey_t ... ok
[INFO] [stdout] test bindgen_test_layout_RemotePlayInputMouseMotion_t ... ok
[INFO] [stdout] test bindgen_test_layout_RemotePlayInputMouseWheel_t ... ok
[INFO] [stdout] test bindgen_test_layout_RemoteStorageDeletePublishedFileResult_t ... ok
[INFO] [stdout] test bindgen_test_layout_RemotePlayInput_t ... ok
[INFO] [stdout] test bindgen_test_layout_RemotePlayInput_t__bindgen_ty_1 ... ok
[INFO] [stdout] test bindgen_test_layout_RemoteStorageDownloadUGCResult_t ... ok
[INFO] [stdout] test bindgen_test_layout_RemoteStorageEnumeratePublishedFilesByUserActionResult_t ... ok
[INFO] [stdout] test bindgen_test_layout_RemoteStorageEnumerateUserSubscribedFilesResult_t ... ok
[INFO] [stdout] test bindgen_test_layout_RemoteStorageEnumerateWorkshopFilesResult_t ... ok
[INFO] [stdout] test bindgen_test_layout_RemoteStorageFileReadAsyncComplete_t ... ok
[INFO] [stdout] test bindgen_test_layout_RemoteStorageEnumerateUserPublishedFilesResult_t ... ok
[INFO] [stdout] test bindgen_test_layout_RemoteStorageEnumerateUserSharedWorkshopFilesResult_t ... ok
[INFO] [stdout] test bindgen_test_layout_RemoteStorageFileWriteAsyncComplete_t ... ok
[INFO] [stdout] test bindgen_test_layout_RemoteStorageFileShareResult_t ... ok
[INFO] [stdout] test bindgen_test_layout_RemoteStorageGetPublishedFileDetailsResult_t ... ok
[INFO] [stdout] test bindgen_test_layout_RemoteStorageGetPublishedItemVoteDetailsResult_t ... ok
[INFO] [stdout] test bindgen_test_layout_RemoteStoragePublishFileResult_t ... ok
[INFO] [stdout] test bindgen_test_layout_RemoteStoragePublishedFileDeleted_t ... ok
[INFO] [stdout] test bindgen_test_layout_RemoteStoragePublishedFileSubscribed_t ... ok
[INFO] [stdout] test bindgen_test_layout_RemoteStoragePublishedFileUnsubscribed_t ... ok
[INFO] [stdout] test bindgen_test_layout_RemoteStorageLocalFileChange_t ... ok
[INFO] [stdout] test bindgen_test_layout_RemoteStoragePublishFileProgress_t ... ok
[INFO] [stdout] test bindgen_test_layout_RemoteStoragePublishedFileUpdated_t ... ok
[INFO] [stdout] test bindgen_test_layout_RemoteStorageSetUserPublishedFileActionResult_t ... ok
[INFO] [stdout] test bindgen_test_layout_RemoteStorageUnsubscribePublishedFileResult_t ... ok
[INFO] [stdout] test bindgen_test_layout_RemoteStorageUpdatePublishedFileResult_t ... ok
[INFO] [stdout] test bindgen_test_layout_RemoteStorageUpdateUserPublishedItemVoteResult_t ... ok
[INFO] [stdout] test bindgen_test_layout_RemoteStorageUserVoteDetails_t ... ok
[INFO] [stdout] test bindgen_test_layout_RemoveAppDependencyResult_t ... ok
[INFO] [stdout] test bindgen_test_layout_RemoveUGCDependencyResult_t ... ok
[INFO] [stdout] test bindgen_test_layout_ReservationNotificationCallback_t ... ok
[INFO] [stdout] test bindgen_test_layout_ScreenshotReady_t ... ok
[INFO] [stdout] test bindgen_test_layout_ScreenshotRequested_t ... ok
[INFO] [stdout] test bindgen_test_layout_SetUserItemVoteResult_t ... ok
[INFO] [stdout] test bindgen_test_layout_SocketStatusCallback_t ... ok
[INFO] [stdout] test bindgen_test_layout_StartPlaytimeTrackingResult_t ... ok
[INFO] [stdout] test bindgen_test_layout_SteamAPICallCompleted_t ... ok
[INFO] [stdout] test bindgen_test_layout_SteamIPAddress_t ... ok
[INFO] [stdout] test bindgen_test_layout_SteamIPAddress_t__bindgen_ty_1 ... ok
[INFO] [stdout] test bindgen_test_layout_SteamInputActionEvent_t ... ok
[INFO] [stdout] test bindgen_test_layout_SteamInputActionEvent_t_AnalogAction_t ... ok
[INFO] [stdout] test bindgen_test_layout_SteamInputActionEvent_t_DigitalAction_t ... ok
[INFO] [stdout] test bindgen_test_layout_SteamInputActionEvent_t__bindgen_ty_1 ... ok
[INFO] [stdout] test bindgen_test_layout_SteamInputConfigurationLoaded_t ... ok
[INFO] [stdout] test bindgen_test_layout_SteamInputDeviceConnected_t ... ok
[INFO] [stdout] test bindgen_test_layout_SteamInputDeviceDisconnected_t ... ok
[INFO] [stdout] test bindgen_test_layout_SteamInputGamepadSlotChange_t ... ok
[INFO] [stdout] test bindgen_test_layout_SteamInventoryDefinitionUpdate_t ... ok
[INFO] [stdout] test bindgen_test_layout_SteamInventoryEligiblePromoItemDefIDs_t ... ok
[INFO] [stdout] test bindgen_test_layout_SteamInventoryFullUpdate_t ... ok
[INFO] [stdout] test bindgen_test_layout_SteamInventoryRequestPricesResult_t ... ok
[INFO] [stdout] test bindgen_test_layout_SteamInventoryResultReady_t ... ok
[INFO] [stdout] test bindgen_test_layout_RemoteStorageSubscribePublishedFileResult_t ... ok
[INFO] [stdout] test bindgen_test_layout_SteamNetAuthenticationStatus_t ... ok
[INFO] [stdout] test bindgen_test_layout_SteamNetConnectionInfo_t ... ok
[INFO] [stdout] test bindgen_test_layout_SteamNetConnectionRealTimeLaneStatus_t ... ok
[INFO] [stdout] test bindgen_test_layout_SteamNetConnectionRealTimeStatus_t ... ok
[INFO] [stdout] test bindgen_test_layout_SteamNetConnectionStatusChangedCallback_t ... ok
[INFO] [stdout] test bindgen_test_layout_SteamNetworkPingLocation_t ... ok
[INFO] [stdout] test bindgen_test_layout_SteamNetworkingConfigValue_t ... ok
[INFO] [stdout] test bindgen_test_layout_SteamNetworkingConfigValue_t__bindgen_ty_1 ... ok
[INFO] [stdout] test bindgen_test_layout_SteamNetworkingIPAddr ... ok
[INFO] [stdout] test bindgen_test_layout_SteamInventoryStartPurchaseResult_t ... ok
[INFO] [stdout] test bindgen_test_layout_SteamItemDetails_t ... ok
[INFO] [stdout] test bindgen_test_layout_SteamNetworkingIPAddr_IPv4MappedAddress ... ok
[INFO] [stdout] test bindgen_test_layout_SteamNetworkingIPAddr__bindgen_ty_2 ... ok
[INFO] [stdout] test bindgen_test_layout_SteamNetworkingIdentity ... ok
[INFO] [stdout] test bindgen_test_layout_SteamNetworkingIdentityRender ... ok
[INFO] [stdout] test bindgen_test_layout_SteamNetworkingIdentity__bindgen_ty_2 ... ok
[INFO] [stdout] test bindgen_test_layout_SteamNetworkingMessage_t ... ok
[INFO] [stdout] test bindgen_test_layout_SteamNetworkingMessagesSessionRequest_t ... ok
[INFO] [stdout] test bindgen_test_layout_SteamNetworkingPOPIDRender ... ok
[INFO] [stdout] test bindgen_test_layout_SteamParamStringArray_t ... ok
[INFO] [stdout] test bindgen_test_layout_SteamParentalSettingsChanged_t ... ok
[INFO] [stdout] test bindgen_test_layout_ISteamParties ... FAILED
[INFO] [stdout] test bindgen_test_layout_SteamNetworkingMessagesSessionFailed_t ... ok
[INFO] [stdout] test bindgen_test_layout_ISteamInventory ... FAILED
[INFO] [stdout] test bindgen_test_layout_ISteamTimeline ... FAILED
[INFO] [stdout] test bindgen_test_layout_ISteamVideo ... FAILED
[INFO] [stdout] test bindgen_test_layout_SteamPartyBeaconLocation_t ... ok
[INFO] [stdout] test bindgen_test_layout_SteamRemotePlaySessionConnected_t ... ok
[INFO] [stdout] test bindgen_test_layout_SteamRelayNetworkStatus_t ... ok
[INFO] [stdout] test bindgen_test_layout_SteamRemotePlaySessionAvatarLoaded_t ... ok
[INFO] [stdout] test bindgen_test_layout_SteamRemotePlaySessionDisconnected_t ... ok
[INFO] [stdout] test bindgen_test_layout_ISteamUGC ... FAILED
[INFO] [stdout] test bindgen_test_layout_SteamServersDisconnected_t ... ok
[INFO] [stdout] test bindgen_test_layout_SteamTimelineEventRecordingExists_t ... ok
[INFO] [stdout] test bindgen_test_layout_SteamNetworkingIPAddrRender ... ok
[INFO] [stdout] test bindgen_test_layout_SteamShutdown_t ... ok
[INFO] [stdout] test bindgen_test_layout_SteamTimelineGamePhaseRecordingExists_t ... ok
[INFO] [stdout] test bindgen_test_layout_SteamUGCDetails_t ... ok
[INFO] [stdout] test bindgen_test_layout_StopPlaytimeTrackingResult_t ... ok
[INFO] [stdout] test bindgen_test_layout_SteamUGCRequestUGCDetailsResult_t ... ok
[INFO] [stdout] test bindgen_test_layout_StoreAuthURLResponse_t ... ok
[INFO] [stdout] test bindgen_test_layout_SteamServersConnected_t ... ok
[INFO] [stdout] test bindgen_test_layout_TimedTrialStatus_t ... ok
[INFO] [stdout] test bindgen_test_layout_UserAchievementIconFetched_t ... ok
[INFO] [stdout] test bindgen_test_layout_UnreadChatMessagesChanged_t ... ok
[INFO] [stdout] test bindgen_test_layout_SteamUGCQueryCompleted_t ... ok
[INFO] [stdout] test bindgen_test_layout_UserAchievementStored_t ... ok
[INFO] [stdout] test bindgen_test_layout_UserStatsStored_t ... ok
[INFO] [stdout] test bindgen_test_layout_UserStatsUnloaded_t ... ok
[INFO] [stdout] test bindgen_test_layout_UserSubscribedItemsListChanged_t ... ok
[INFO] [stdout] test bindgen_test_layout_SubmitItemUpdateResult_t ... ok
[INFO] [stdout] test bindgen_test_layout_UserFavoriteItemsListChanged_t ... ok
[INFO] [stdout] test bindgen_test_layout_VolumeHasChanged_t ... ok
[INFO] [stdout] test bindgen_test_layout_SteamRemotePlayTogetherGuestInvite_t ... ok
[INFO] [stdout] test bindgen_test_layout_UserStatsReceived_t ... ok
[INFO] [stdout] test bindgen_test_layout__G_fpos64_t ... ok
[INFO] [stdout] test bindgen_test_layout_ValvePackingSentinel_t ... ok
[INFO] [stdout] test bindgen_test_layout__G_fpos_t ... ok
[INFO] [stdout] test bindgen_test_layout_SteamServerConnectFailure_t ... ok
[INFO] [stdout] test bindgen_test_layout__IO_FILE ... ok
[INFO] [stdout] test bindgen_test_layout_WorkshopEULAStatus_t ... ok
[INFO] [stdout] test bindgen_test_layout__IO_cookie_io_functions_t ... ok
[INFO] [stdout] test bindgen_test_layout___locale_struct ... ok
[INFO] [stdout] test bindgen_test_layout___fsid_t ... ok
[INFO] [stdout] test bindgen_test_layout___mbstate_t ... ok
[INFO] [stdout] test bindgen_test_layout___mbstate_t__bindgen_ty_1 ... ok
[INFO] [stdout] test bindgen_test_layout___va_list_tag ... ok
[INFO] [stdout] test bindgen_test_layout_ValidateAuthTicketResponse_t ... ok
[INFO] [stdout] test bindgen_test_layout_servernetadr_t ... ok
[INFO] [stdout] test bindgen_test_layout_gameserveritem_t ... ok
[INFO] [stdout] 
[INFO] [stdout] failures:
[INFO] [stdout] 
[INFO] [stdout] ---- bindgen_test_layout_ISteamParties stdout ----
[INFO] [stdout] 
[INFO] [stdout] thread 'bindgen_test_layout_ISteamParties' (276) panicked at src/linux_bindings.rs:6217:5:
[INFO] [stdout] assertion `left == right` failed: Alignment of ISteamParties
[INFO] [stdout]   left: 8
[INFO] [stdout]  right: 4
[INFO] [stdout] stack backtrace:
[INFO] [stdout]    0:     0x6538d26e0e11 - std[70759c8f55707aa4]::backtrace_rs::backtrace::libunwind::trace
[INFO] [stdout]                                at /rustc/dfb0accb7f508ae8be965d8629557221c889dd98/library/std/src/../../backtrace/src/backtrace/libunwind.rs:117:9
[INFO] [stdout]    1:     0x6538d26e0e11 - std[70759c8f55707aa4]::backtrace_rs::backtrace::trace_unsynchronized::<std[70759c8f55707aa4]::sys::backtrace::_print_fmt::{closure#1}>
[INFO] [stdout]                                at /rustc/dfb0accb7f508ae8be965d8629557221c889dd98/library/std/src/../../backtrace/src/backtrace/mod.rs:66:14
[INFO] [stdout]    2:     0x6538d26e0e11 - std[70759c8f55707aa4]::sys::backtrace::_print_fmt
[INFO] [stdout]                                at /rustc/dfb0accb7f508ae8be965d8629557221c889dd98/library/std/src/sys/backtrace.rs:74:9
[INFO] [stdout]    3:     0x6538d26e0e11 - <<std[70759c8f55707aa4]::sys::backtrace::BacktraceLock>::print::DisplayBacktrace as core[df12db4294e9bfd3]::fmt::Display>::fmt
[INFO] [stdout]                                at /rustc/dfb0accb7f508ae8be965d8629557221c889dd98/library/std/src/sys/backtrace.rs:44:26
[INFO] [stdout]    4:     0x6538d26f501a - <core[df12db4294e9bfd3]::fmt::rt::Argument>::fmt
[INFO] [stdout]                                at /rustc/dfb0accb7f508ae8be965d8629557221c889dd98/library/core/src/fmt/rt.rs:152:76
[INFO] [stdout]    5:     0x6538d26f501a - core[df12db4294e9bfd3]::fmt::write
[INFO] [stdout]    6:     0x6538d26e52ac - core[df12db4294e9bfd3]::io::write::default_write_fmt::<alloc[2182bb758b4b3781]::vec::Vec<u8>>
[INFO] [stdout]                                at /rustc/dfb0accb7f508ae8be965d8629557221c889dd98/library/core/src/io/write.rs:402:11
[INFO] [stdout]    7:     0x6538d26e52ac - <alloc[2182bb758b4b3781]::vec::Vec<u8> as core[df12db4294e9bfd3]::io::write::Write>::write_fmt
[INFO] [stdout]                                at /rustc/dfb0accb7f508ae8be965d8629557221c889dd98/library/core/src/io/write.rs:335:13
[INFO] [stdout]    8:     0x6538d26bd406 - <std[70759c8f55707aa4]::sys::backtrace::BacktraceLock>::print
[INFO] [stdout]                                at /rustc/dfb0accb7f508ae8be965d8629557221c889dd98/library/std/src/sys/backtrace.rs:47:9
[INFO] [stdout]    9:     0x6538d26bd406 - std[70759c8f55707aa4]::panicking::default_hook::{closure#0}
[INFO] [stdout]                                at /rustc/dfb0accb7f508ae8be965d8629557221c889dd98/library/std/src/panicking.rs:292:27
[INFO] [stdout]   10:     0x6538d26d9579 - std[70759c8f55707aa4]::panicking::default_hook
[INFO] [stdout]                                at /rustc/dfb0accb7f508ae8be965d8629557221c889dd98/library/std/src/panicking.rs:316:9
[INFO] [stdout]   11:     0x6538d2675a00 - <alloc[2182bb758b4b3781]::boxed::Box<dyn for<'a, 'b> core[df12db4294e9bfd3]::ops::function::Fn<(&'a std[70759c8f55707aa4]::panic::PanicHookInfo<'b>,), Output = ()> + core[df12db4294e9bfd3]::marker::Send + core[df12db4294e9bfd3]::marker::Sync> as core[df12db4294e9bfd3]::ops::function::Fn<(&std[70759c8f55707aa4]::panic::PanicHookInfo,)>>::call
[INFO] [stdout]                                at /rustc/dfb0accb7f508ae8be965d8629557221c889dd98/library/alloc/src/boxed.rs:2334:9
[INFO] [stdout]   12:     0x6538d2675a00 - test[9d35eded1c95d3be]::test_main_inner::<test[9d35eded1c95d3be]::test_main_static::{closure#0}>::{closure#0}
[INFO] [stdout]                                at /rustc/dfb0accb7f508ae8be965d8629557221c889dd98/library/test/src/lib.rs:155:21
[INFO] [stdout]   13:     0x6538d26d9732 - <alloc[2182bb758b4b3781]::boxed::Box<dyn for<'a, 'b> core[df12db4294e9bfd3]::ops::function::Fn<(&'a std[70759c8f55707aa4]::panic::PanicHookInfo<'b>,), Output = ()> + core[df12db4294e9bfd3]::marker::Send + core[df12db4294e9bfd3]::marker::Sync> as core[df12db4294e9bfd3]::ops::function::Fn<(&std[70759c8f55707aa4]::panic::PanicHookInfo,)>>::call
[INFO] [stdout]                                at /rustc/dfb0accb7f508ae8be965d8629557221c889dd98/library/alloc/src/boxed.rs:2334:9
[INFO] [stdout]   14:     0x6538d26d9732 - std[70759c8f55707aa4]::panicking::panic_with_hook
[INFO] [stdout]                                at /rustc/dfb0accb7f508ae8be965d8629557221c889dd98/library/std/src/panicking.rs:823:13
[INFO] [stdout]   15:     0x6538d26bd4b2 - std[70759c8f55707aa4]::panicking::panic_handler::{closure#0}
[INFO] [stdout]                                at /rustc/dfb0accb7f508ae8be965d8629557221c889dd98/library/std/src/panicking.rs:688:13
[INFO] [stdout]   16:     0x6538d26b6239 - std[70759c8f55707aa4]::sys::backtrace::__rust_end_short_backtrace::<std[70759c8f55707aa4]::panicking::panic_handler::{closure#0}, !>
[INFO] [stdout]                                at /rustc/dfb0accb7f508ae8be965d8629557221c889dd98/library/std/src/sys/backtrace.rs:182:18
[INFO] [stdout]   17:     0x6538d26be0ad - __rustc[8fa7c3cbc660c2b3]::rust_begin_unwind
[INFO] [stdout]                                at /rustc/dfb0accb7f508ae8be965d8629557221c889dd98/library/std/src/panicking.rs:679:5
[INFO] [stdout]   18:     0x6538d26f574c - core[df12db4294e9bfd3]::panicking::panic_fmt
[INFO] [stdout]                                at /rustc/dfb0accb7f508ae8be965d8629557221c889dd98/library/core/src/panicking.rs:80:14
[INFO] [stdout]   19:     0x6538d26f56c3 - core[df12db4294e9bfd3]::panicking::assert_failed_inner
[INFO] [stdout]                                at /rustc/dfb0accb7f508ae8be965d8629557221c889dd98/library/core/src/panicking.rs:447:23
[INFO] [stdout]   20:     0x6538d26f1f58 - core[df12db4294e9bfd3]::panicking::assert_failed::<usize, usize>
[INFO] [stdout]                                at /rustc/dfb0accb7f508ae8be965d8629557221c889dd98/library/core/src/panicking.rs:407:5
[INFO] [stdout]   21:     0x6538d2639c62 - steamworks_sys[da299eb901c1af49]::bindgen_test_layout_ISteamParties
[INFO] [stdout]                                at /opt/rustwide/workdir/src/linux_bindings.rs:6217:5
[INFO] [stdout]   22:     0x6538d2633817 - steamworks_sys[da299eb901c1af49]::bindgen_test_layout_ISteamParties::{closure#0}
[INFO] [stdout]                                at /opt/rustwide/workdir/src/linux_bindings.rs:6211:39
[INFO] [stdout]   23:     0x6538d2666bc6 - <steamworks_sys[da299eb901c1af49]::bindgen_test_layout_ISteamParties::{closure#0} as core[df12db4294e9bfd3]::ops::function::FnOnce<()>>::call_once
[INFO] [stdout]                                at /rustc/dfb0accb7f508ae8be965d8629557221c889dd98/library/core/src/ops/function.rs:250:5
[INFO] [stdout]   24:     0x6538d2668ceb - <fn() -> core[df12db4294e9bfd3]::result::Result<(), alloc[2182bb758b4b3781]::string::String> as core[df12db4294e9bfd3]::ops::function::FnOnce<()>>::call_once
[INFO] [stdout]                                at /rustc/dfb0accb7f508ae8be965d8629557221c889dd98/library/core/src/ops/function.rs:250:5
[INFO] [stdout]   25:     0x6538d2668ceb - test[9d35eded1c95d3be]::__rust_begin_short_backtrace::<core[df12db4294e9bfd3]::result::Result<(), alloc[2182bb758b4b3781]::string::String>, fn() -> core[df12db4294e9bfd3]::result::Result<(), alloc[2182bb758b4b3781]::string::String>>
[INFO] [stdout]                                at /rustc/dfb0accb7f508ae8be965d8629557221c889dd98/library/test/src/lib.rs:733:18
[INFO] [stdout]   26:     0x6538d2676355 - test[9d35eded1c95d3be]::run_test_in_process::{closure#0}
[INFO] [stdout]                                at /rustc/dfb0accb7f508ae8be965d8629557221c889dd98/library/test/src/lib.rs:756:74
[INFO] [stdout]   27:     0x6538d2676355 - <core[df12db4294e9bfd3]::panic::unwind_safe::AssertUnwindSafe<test[9d35eded1c95d3be]::run_test_in_process::{closure#0}> as core[df12db4294e9bfd3]::ops::function::FnOnce<()>>::call_once
[INFO] [stdout]                                at /rustc/dfb0accb7f508ae8be965d8629557221c889dd98/library/core/src/panic/unwind_safe.rs:275:9
[INFO] [stdout]   28:     0x6538d2676355 - std[70759c8f55707aa4]::panicking::catch_unwind::do_call::<core[df12db4294e9bfd3]::panic::unwind_safe::AssertUnwindSafe<test[9d35eded1c95d3be]::run_test_in_process::{closure#0}>, core[df12db4294e9bfd3]::result::Result<(), alloc[2182bb758b4b3781]::string::String>>
[INFO] [stdout]                                at /rustc/dfb0accb7f508ae8be965d8629557221c889dd98/library/std/src/panicking.rs:576:43
[INFO] [stdout]   29:     0x6538d2676355 - std[70759c8f55707aa4]::panicking::catch_unwind::<core[df12db4294e9bfd3]::result::Result<(), alloc[2182bb758b4b3781]::string::String>, core[df12db4294e9bfd3]::panic::unwind_safe::AssertUnwindSafe<test[9d35eded1c95d3be]::run_test_in_process::{closure#0}>>
[INFO] [stdout]                                at /rustc/dfb0accb7f508ae8be965d8629557221c889dd98/library/std/src/panicking.rs:544:19
[INFO] [stdout]   30:     0x6538d2676355 - std[70759c8f55707aa4]::panic::catch_unwind::<core[df12db4294e9bfd3]::panic::unwind_safe::AssertUnwindSafe<test[9d35eded1c95d3be]::run_test_in_process::{closure#0}>, core[df12db4294e9bfd3]::result::Result<(), alloc[2182bb758b4b3781]::string::String>>
[INFO] [stdout]                                at /rustc/dfb0accb7f508ae8be965d8629557221c889dd98/library/std/src/panic.rs:359:14
[INFO] [stdout]   31:     0x6538d2676355 - test[9d35eded1c95d3be]::run_test_in_process
[INFO] [stdout]                                at /rustc/dfb0accb7f508ae8be965d8629557221c889dd98/library/test/src/lib.rs:756:27
[INFO] [stdout]   32:     0x6538d2676355 - test[9d35eded1c95d3be]::run_test::{closure#0}
[INFO] [stdout]                                at /rustc/dfb0accb7f508ae8be965d8629557221c889dd98/library/test/src/lib.rs:677:43
[INFO] [stdout]   33:     0x6538d266fc14 - test[9d35eded1c95d3be]::run_test::{closure#1}
[INFO] [stdout]                                at /rustc/dfb0accb7f508ae8be965d8629557221c889dd98/library/test/src/lib.rs:707:41
[INFO] [stdout]   34:     0x6538d266fc14 - std[70759c8f55707aa4]::sys::backtrace::__rust_begin_short_backtrace::<test[9d35eded1c95d3be]::run_test::{closure#1}, ()>
[INFO] [stdout]                                at /rustc/dfb0accb7f508ae8be965d8629557221c889dd98/library/std/src/sys/backtrace.rs:166:18
[INFO] [stdout]   35:     0x6538d26794b2 - std[70759c8f55707aa4]::thread::lifecycle::spawn_unchecked::<test[9d35eded1c95d3be]::run_test::{closure#1}, ()>::{closure#1}::{closure#0}
[INFO] [stdout]                                at /rustc/dfb0accb7f508ae8be965d8629557221c889dd98/library/std/src/thread/lifecycle.rs:70:13
[INFO] [stdout]   36:     0x6538d26794b2 - <core[df12db4294e9bfd3]::panic::unwind_safe::AssertUnwindSafe<std[70759c8f55707aa4]::thread::lifecycle::spawn_unchecked<test[9d35eded1c95d3be]::run_test::{closure#1}, ()>::{closure#1}::{closure#0}> as core[df12db4294e9bfd3]::ops::function::FnOnce<()>>::call_once
[INFO] [stdout]                                at /rustc/dfb0accb7f508ae8be965d8629557221c889dd98/library/core/src/panic/unwind_safe.rs:275:9
[INFO] [stdout]   37:     0x6538d26794b2 - std[70759c8f55707aa4]::panicking::catch_unwind::do_call::<core[df12db4294e9bfd3]::panic::unwind_safe::AssertUnwindSafe<std[70759c8f55707aa4]::thread::lifecycle::spawn_unchecked<test[9d35eded1c95d3be]::run_test::{closure#1}, ()>::{closure#1}::{closure#0}>, ()>
[INFO] [stdout]                                at /rustc/dfb0accb7f508ae8be965d8629557221c889dd98/library/std/src/panicking.rs:576:43
[INFO] [stdout]   38:     0x6538d26794b2 - std[70759c8f55707aa4]::panicking::catch_unwind::<(), core[df12db4294e9bfd3]::panic::unwind_safe::AssertUnwindSafe<std[70759c8f55707aa4]::thread::lifecycle::spawn_unchecked<test[9d35eded1c95d3be]::run_test::{closure#1}, ()>::{closure#1}::{closure#0}>>
[INFO] [stdout]                                at /rustc/dfb0accb7f508ae8be965d8629557221c889dd98/library/std/src/panicking.rs:544:19
[INFO] [stdout]   39:     0x6538d26794b2 - std[70759c8f55707aa4]::panic::catch_unwind::<core[df12db4294e9bfd3]::panic::unwind_safe::AssertUnwindSafe<std[70759c8f55707aa4]::thread::lifecycle::spawn_unchecked<test[9d35eded1c95d3be]::run_test::{closure#1}, ()>::{closure#1}::{closure#0}>, ()>
[INFO] [stdout]                                at /rustc/dfb0accb7f508ae8be965d8629557221c889dd98/library/std/src/panic.rs:359:14
[INFO] [stdout]   40:     0x6538d26794b2 - std[70759c8f55707aa4]::thread::lifecycle::spawn_unchecked::<test[9d35eded1c95d3be]::run_test::{closure#1}, ()>::{closure#1}
[INFO] [stdout]                                at /rustc/dfb0accb7f508ae8be965d8629557221c889dd98/library/std/src/thread/lifecycle.rs:68:26
[INFO] [stdout]   41:     0x6538d26794b2 - <std[70759c8f55707aa4]::thread::lifecycle::spawn_unchecked<test[9d35eded1c95d3be]::run_test::{closure#1}, ()>::{closure#1} as core[df12db4294e9bfd3]::ops::function::FnOnce<()>>::call_once::{shim:vtable#0}
[INFO] [stdout]                                at /rustc/dfb0accb7f508ae8be965d8629557221c889dd98/library/core/src/ops/function.rs:250:5
[INFO] [stdout]   42:     0x6538d26e06e9 - <alloc[2182bb758b4b3781]::boxed::Box<dyn core[df12db4294e9bfd3]::ops::function::FnOnce<(), Output = ()> + core[df12db4294e9bfd3]::marker::Send> as core[df12db4294e9bfd3]::ops::function::FnOnce<()>>::call_once
[INFO] [stdout]                                at /rustc/dfb0accb7f508ae8be965d8629557221c889dd98/library/alloc/src/boxed.rs:2320:9
[INFO] [stdout]   43:     0x6538d26e06e9 - <std[70759c8f55707aa4]::sys::thread::unix::Thread>::new::thread_start
[INFO] [stdout]                                at /rustc/dfb0accb7f508ae8be965d8629557221c889dd98/library/std/src/sys/thread/unix.rs:123:17
[INFO] [stdout]   44:     0x7c7c1148adfa - <unknown>
[INFO] [stdout]   45:     0x7c7c1151e3d4 - clone
[INFO] [stdout]   46:                0x0 - <unknown>
[INFO] [stdout] 
[INFO] [stdout] ---- bindgen_test_layout_ISteamInventory stdout ----
[INFO] [stdout] 
[INFO] [stdout] thread 'bindgen_test_layout_ISteamInventory' (263) panicked at src/linux_bindings.rs:16638:5:
[INFO] [stdout] assertion `left == right` failed: Alignment of ISteamInventory
[INFO] [stdout]   left: 8
[INFO] [stdout]  right: 4
[INFO] [stdout] stack backtrace:
[INFO] [stdout]    0:     0x6538d26e0e11 - std[70759c8f55707aa4]::backtrace_rs::backtrace::libunwind::trace
[INFO] [stdout]                                at /rustc/dfb0accb7f508ae8be965d8629557221c889dd98/library/std/src/../../backtrace/src/backtrace/libunwind.rs:117:9
[INFO] [stdout]    1:     0x6538d26e0e11 - std[70759c8f55707aa4]::backtrace_rs::backtrace::trace_unsynchronized::<std[70759c8f55707aa4]::sys::backtrace::_print_fmt::{closure#1}>
[INFO] [stdout]                                at /rustc/dfb0accb7f508ae8be965d8629557221c889dd98/library/std/src/../../backtrace/src/backtrace/mod.rs:66:14
[INFO] [stdout]    2:     0x6538d26e0e11 - std[70759c8f55707aa4]::sys::backtrace::_print_fmt
[INFO] [stdout]                                at /rustc/dfb0accb7f508ae8be965d8629557221c889dd98/library/std/src/sys/backtrace.rs:74:9
[INFO] [stdout]    3:     0x6538d26e0e11 - <<std[70759c8f55707aa4]::sys::backtrace::BacktraceLock>::print::DisplayBacktrace as core[df12db4294e9bfd3]::fmt::Display>::fmt
[INFO] [stdout]                                at /rustc/dfb0accb7f508ae8be965d8629557221c889dd98/library/std/src/sys/backtrace.rs:44:26
[INFO] [stdout]    4:     0x6538d26f501a - <core[df12db4294e9bfd3]::fmt::rt::Argument>::fmt
[INFO] [stdout]                                at /rustc/dfb0accb7f508ae8be965d8629557221c889dd98/library/core/src/fmt/rt.rs:152:76
[INFO] [stdout]    5:     0x6538d26f501a - core[df12db4294e9bfd3]::fmt::write
[INFO] [stdout]    6:     0x6538d26e52ac - core[df12db4294e9bfd3]::io::write::default_write_fmt::<alloc[2182bb758b4b3781]::vec::Vec<u8>>
[INFO] [stdout]                                at /rustc/dfb0accb7f508ae8be965d8629557221c889dd98/library/core/src/io/write.rs:402:11
[INFO] [stdout]    7:     0x6538d26e52ac - <alloc[2182bb758b4b3781]::vec::Vec<u8> as core[df12db4294e9bfd3]::io::write::Write>::write_fmt
[INFO] [stdout]                                at /rustc/dfb0accb7f508ae8be965d8629557221c889dd98/library/core/src/io/write.rs:335:13
[INFO] [stdout]    8:     0x6538d26bd406 - <std[70759c8f55707aa4]::sys::backtrace::BacktraceLock>::print
[INFO] [stdout]                                at /rustc/dfb0accb7f508ae8be965d8629557221c889dd98/library/std/src/sys/backtrace.rs:47:9
[INFO] [stdout]    9:     0x6538d26bd406 - std[70759c8f55707aa4]::panicking::default_hook::{closure#0}
[INFO] [stdout]                                at /rustc/dfb0accb7f508ae8be965d8629557221c889dd98/library/std/src/panicking.rs:292:27
[INFO] [stdout]   10:     0x6538d26d9579 - std[70759c8f55707aa4]::panicking::default_hook
[INFO] [stdout]                                at /rustc/dfb0accb7f508ae8be965d8629557221c889dd98/library/std/src/panicking.rs:316:9
[INFO] [stdout]   11:     0x6538d2675a00 - <alloc[2182bb758b4b3781]::boxed::Box<dyn for<'a, 'b> core[df12db4294e9bfd3]::ops::function::Fn<(&'a std[70759c8f55707aa4]::panic::PanicHookInfo<'b>,), Output = ()> + core[df12db4294e9bfd3]::marker::Send + core[df12db4294e9bfd3]::marker::Sync> as core[df12db4294e9bfd3]::ops::function::Fn<(&std[70759c8f55707aa4]::panic::PanicHookInfo,)>>::call
[INFO] [stdout]                                at /rustc/dfb0accb7f508ae8be965d8629557221c889dd98/library/alloc/src/boxed.rs:2334:9
[INFO] [stdout]   12:     0x6538d2675a00 - test[9d35eded1c95d3be]::test_main_inner::<test[9d35eded1c95d3be]::test_main_static::{closure#0}>::{closure#0}
[INFO] [stdout]                                at /rustc/dfb0accb7f508ae8be965d8629557221c889dd98/library/test/src/lib.rs:155:21
[INFO] [stdout]   13:     0x6538d26d9732 - <alloc[2182bb758b4b3781]::boxed::Box<dyn for<'a, 'b> core[df12db4294e9bfd3]::ops::function::Fn<(&'a std[70759c8f55707aa4]::panic::PanicHookInfo<'b>,), Output = ()> + core[df12db4294e9bfd3]::marker::Send + core[df12db4294e9bfd3]::marker::Sync> as core[df12db4294e9bfd3]::ops::function::Fn<(&std[70759c8f55707aa4]::panic::PanicHookInfo,)>>::call
[INFO] [stdout]                                at /rustc/dfb0accb7f508ae8be965d8629557221c889dd98/library/alloc/src/boxed.rs:2334:9
[INFO] [stdout]   14:     0x6538d26d9732 - std[70759c8f55707aa4]::panicking::panic_with_hook
[INFO] [stdout]                                at /rustc/dfb0accb7f508ae8be965d8629557221c889dd98/library/std/src/panicking.rs:823:13
[INFO] [stdout]   15:     0x6538d26bd4b2 - std[70759c8f55707aa4]::panicking::panic_handler::{closure#0}
[INFO] [stdout]                                at /rustc/dfb0accb7f508ae8be965d8629557221c889dd98/library/std/src/panicking.rs:688:13
[INFO] [stdout]   16:     0x6538d26b6239 - std[70759c8f55707aa4]::sys::backtrace::__rust_end_short_backtrace::<std[70759c8f55707aa4]::panicking::panic_handler::{closure#0}, !>
[INFO] [stdout]                                at /rustc/dfb0accb7f508ae8be965d8629557221c889dd98/library/std/src/sys/backtrace.rs:182:18
[INFO] [stdout]   17:     0x6538d26be0ad - __rustc[8fa7c3cbc660c2b3]::rust_begin_unwind
[INFO] [stdout]                                at /rustc/dfb0accb7f508ae8be965d8629557221c889dd98/library/std/src/panicking.rs:679:5
[INFO] [stdout]   18:     0x6538d26f574c - core[df12db4294e9bfd3]::panicking::panic_fmt
[INFO] [stdout]                                at /rustc/dfb0accb7f508ae8be965d8629557221c889dd98/library/core/src/panicking.rs:80:14
[INFO] [stdout]   19:     0x6538d26f56c3 - core[df12db4294e9bfd3]::panicking::assert_failed_inner
[INFO] [stdout]                                at /rustc/dfb0accb7f508ae8be965d8629557221c889dd98/library/core/src/panicking.rs:447:23
[INFO] [stdout]   20:     0x6538d26f1f58 - core[df12db4294e9bfd3]::panicking::assert_failed::<usize, usize>
[INFO] [stdout]                                at /rustc/dfb0accb7f508ae8be965d8629557221c889dd98/library/core/src/panicking.rs:407:5
[INFO] [stdout]   21:     0x6538d263bf02 - steamworks_sys[da299eb901c1af49]::bindgen_test_layout_ISteamInventory
[INFO] [stdout]                                at /opt/rustwide/workdir/src/linux_bindings.rs:16638:5
[INFO] [stdout]   22:     0x6538d2633ab7 - steamworks_sys[da299eb901c1af49]::bindgen_test_layout_ISteamInventory::{closure#0}
[INFO] [stdout]                                at /opt/rustwide/workdir/src/linux_bindings.rs:16632:41
[INFO] [stdout]   23:     0x6538d2666d86 - <steamworks_sys[da299eb901c1af49]::bindgen_test_layout_ISteamInventory::{closure#0} as core[df12db4294e9bfd3]::ops::function::FnOnce<()>>::call_once
[INFO] [stdout]                                at /rustc/dfb0accb7f508ae8be965d8629557221c889dd98/library/core/src/ops/function.rs:250:5
[INFO] [stdout]   24:     0x6538d2668ceb - <fn() -> core[df12db4294e9bfd3]::result::Result<(), alloc[2182bb758b4b3781]::string::String> as core[df12db4294e9bfd3]::ops::function::FnOnce<()>>::call_once
[INFO] [stdout]                                at /rustc/dfb0accb7f508ae8be965d8629557221c889dd98/library/core/src/ops/function.rs:250:5
[INFO] [stdout]   25:     0x6538d2668ceb - test[9d35eded1c95d3be]::__rust_begin_short_backtrace::<core[df12db4294e9bfd3]::result::Result<(), alloc[2182bb758b4b3781]::string::String>, fn() -> core[df12db4294e9bfd3]::result::Result<(), alloc[2182bb758b4b3781]::string::String>>
[INFO] [stdout]                                at /rustc/dfb0accb7f508ae8be965d8629557221c889dd98/library/test/src/lib.rs:733:18
[INFO] [stdout]   26:     0x6538d2676355 - test[9d35eded1c95d3be]::run_test_in_process::{closure#0}
[INFO] [stdout]                                at /rustc/dfb0accb7f508ae8be965d8629557221c889dd98/library/test/src/lib.rs:756:74
[INFO] [stdout]   27:     0x6538d2676355 - <core[df12db4294e9bfd3]::panic::unwind_safe::AssertUnwindSafe<test[9d35eded1c95d3be]::run_test_in_process::{closure#0}> as core[df12db4294e9bfd3]::ops::function::FnOnce<()>>::call_once
[INFO] [stdout]                                at /rustc/dfb0accb7f508ae8be965d8629557221c889dd98/library/core/src/panic/unwind_safe.rs:275:9
[INFO] [stdout]   28:     0x6538d2676355 - std[70759c8f55707aa4]::panicking::catch_unwind::do_call::<core[df12db4294e9bfd3]::panic::unwind_safe::AssertUnwindSafe<test[9d35eded1c95d3be]::run_test_in_process::{closure#0}>, core[df12db4294e9bfd3]::result::Result<(), alloc[2182bb758b4b3781]::string::String>>
[INFO] [stdout]                                at /rustc/dfb0accb7f508ae8be965d8629557221c889dd98/library/std/src/panicking.rs:576:43
[INFO] [stdout]   29:     0x6538d2676355 - std[70759c8f55707aa4]::panicking::catch_unwind::<core[df12db4294e9bfd3]::result::Result<(), alloc[2182bb758b4b3781]::string::String>, core[df12db4294e9bfd3]::panic::unwind_safe::AssertUnwindSafe<test[9d35eded1c95d3be]::run_test_in_process::{closure#0}>>
[INFO] [stdout]                                at /rustc/dfb0accb7f508ae8be965d8629557221c889dd98/library/std/src/panicking.rs:544:19
[INFO] [stdout]   30:     0x6538d2676355 - std[70759c8f55707aa4]::panic::catch_unwind::<core[df12db4294e9bfd3]::panic::unwind_safe::AssertUnwindSafe<test[9d35eded1c95d3be]::run_test_in_process::{closure#0}>, core[df12db4294e9bfd3]::result::Result<(), alloc[2182bb758b4b3781]::string::String>>
[INFO] [stdout]                                at /rustc/dfb0accb7f508ae8be965d8629557221c889dd98/library/std/src/panic.rs:359:14
[INFO] [stdout]   31:     0x6538d2676355 - test[9d35eded1c95d3be]::run_test_in_process
[INFO] [stdout]                                at /rustc/dfb0accb7f508ae8be965d8629557221c889dd98/library/test/src/lib.rs:756:27
[INFO] [stdout]   32:     0x6538d2676355 - test[9d35eded1c95d3be]::run_test::{closure#0}
[INFO] [stdout]                                at /rustc/dfb0accb7f508ae8be965d8629557221c889dd98/library/test/src/lib.rs:677:43
[INFO] [stdout]   33:     0x6538d266fc14 - test[9d35eded1c95d3be]::run_test::{closure#1}
[INFO] [stdout]                                at /rustc/dfb0accb7f508ae8be965d8629557221c889dd98/library/test/src/lib.rs:707:41
[INFO] [stdout]   34:     0x6538d266fc14 - std[70759c8f55707aa4]::sys::backtrace::__rust_begin_short_backtrace::<test[9d35eded1c95d3be]::run_test::{closure#1}, ()>
[INFO] [stdout]                                at /rustc/dfb0accb7f508ae8be965d8629557221c889dd98/library/std/src/sys/backtrace.rs:166:18
[INFO] [stdout]   35:     0x6538d26794b2 - std[70759c8f55707aa4]::thread::lifecycle::spawn_unchecked::<test[9d35eded1c95d3be]::run_test::{closure#1}, ()>::{closure#1}::{closure#0}
[INFO] [stdout]                                at /rustc/dfb0accb7f508ae8be965d8629557221c889dd98/library/std/src/thread/lifecycle.rs:70:13
[INFO] [stdout]   36:     0x6538d26794b2 - <core[df12db4294e9bfd3]::panic::unwind_safe::AssertUnwindSafe<std[70759c8f55707aa4]::thread::lifecycle::spawn_unchecked<test[9d35eded1c95d3be]::run_test::{closure#1}, ()>::{closure#1}::{closure#0}> as core[df12db4294e9bfd3]::ops::function::FnOnce<()>>::call_once
[INFO] [stdout]                                at /rustc/dfb0accb7f508ae8be965d8629557221c889dd98/library/core/src/panic/unwind_safe.rs:275:9
[INFO] [stdout]   37:     0x6538d26794b2 - std[70759c8f55707aa4]::panicking::catch_unwind::do_call::<core[df12db4294e9bfd3]::panic::unwind_safe::AssertUnwindSafe<std[70759c8f55707aa4]::thread::lifecycle::spawn_unchecked<test[9d35eded1c95d3be]::run_test::{closure#1}, ()>::{closure#1}::{closure#0}>, ()>
[INFO] [stdout]                                at /rustc/dfb0accb7f508ae8be965d8629557221c889dd98/library/std/src/panicking.rs:576:43
[INFO] [stdout]   38:     0x6538d26794b2 - std[70759c8f55707aa4]::panicking::catch_unwind::<(), core[df12db4294e9bfd3]::panic::unwind_safe::AssertUnwindSafe<std[70759c8f55707aa4]::thread::lifecycle::spawn_unchecked<test[9d35eded1c95d3be]::run_test::{closure#1}, ()>::{closure#1}::{closure#0}>>
[INFO] [stdout]                                at /rustc/dfb0accb7f508ae8be965d8629557221c889dd98/library/std/src/panicking.rs:544:19
[INFO] [stdout]   39:     0x6538d26794b2 - std[70759c8f55707aa4]::panic::catch_unwind::<core[df12db4294e9bfd3]::panic::unwind_safe::AssertUnwindSafe<std[70759c8f55707aa4]::thread::lifecycle::spawn_unchecked<test[9d35eded1c95d3be]::run_test::{closure#1}, ()>::{closure#1}::{closure#0}>, ()>
[INFO] [stdout]                                at /rustc/dfb0accb7f508ae8be965d8629557221c889dd98/library/std/src/panic.rs:359:14
[INFO] [stdout]   40:     0x6538d26794b2 - std[70759c8f55707aa4]::thread::lifecycle::spawn_unchecked::<test[9d35eded1c95d3be]::run_test::{closure#1}, ()>::{closure#1}
[INFO] [stdout]                                at /rustc/dfb0accb7f508ae8be965d8629557221c889dd98/library/std/src/thread/lifecycle.rs:68:26
[INFO] [stdout]   41:     0x6538d26794b2 - <std[70759c8f55707aa4]::thread::lifecycle::spawn_unchecked<test[9d35eded1c95d3be]::run_test::{closure#1}, ()>::{closure#1} as core[df12db4294e9bfd3]::ops::function::FnOnce<()>>::call_once::{shim:vtable#0}
[INFO] [stdout]                                at /rustc/dfb0accb7f508ae8be965d8629557221c889dd98/library/core/src/ops/function.rs:250:5
[INFO] [stdout]   42:     0x6538d26e06e9 - <alloc[2182bb758b4b3781]::boxed::Box<dyn core[df12db4294e9bfd3]::ops::function::FnOnce<(), Output = ()> + core[df12db4294e9bfd3]::marker::Send> as core[df12db4294e9bfd3]::ops::function::FnOnce<()>>::call_once
[INFO] [stdout]                                at /rustc/dfb0accb7f508ae8be965d8629557221c889dd98/library/alloc/src/boxed.rs:2320:9
[INFO] [stdout]   43:     0x6538d26e06e9 - <std[70759c8f55707aa4]::sys::thread::unix::Thread>::new::thread_start
[INFO] [stdout]                                at /rustc/dfb0accb7f508ae8be965d8629557221c889dd98/library/std/src/sys/thread/unix.rs:123:17
[INFO] [stdout]   44:     0x7c7c1148adfa - <unknown>
[INFO] [stdout]   45:     0x7c7c1151e3d4 - clone
[INFO] [stdout]   46:                0x0 - <unknown>
[INFO] [stdout] 
[INFO] [stdout] ---- bindgen_test_layout_ISteamTimeline stdout ----
[INFO] [stdout] 
[INFO] [stdout] thread 'bindgen_test_layout_ISteamTimeline' (280) panicked at src/linux_bindings.rs:17000:5:
[INFO] [stdout] assertion `left == right` failed: Alignment of ISteamTimeline
[INFO] [stdout]   left: 8
[INFO] [stdout]  right: 4
[INFO] [stdout] stack backtrace:
[INFO] [stdout]    0:     0x6538d26e0e11 - std[70759c8f55707aa4]::backtrace_rs::backtrace::libunwind::trace
[INFO] [stdout]                                at /rustc/dfb0accb7f508ae8be965d8629557221c889dd98/library/std/src/../../backtrace/src/backtrace/libunwind.rs:117:9
[INFO] [stdout]    1:     0x6538d26e0e11 - std[70759c8f55707aa4]::backtrace_rs::backtrace::trace_unsynchronized::<std[70759c8f55707aa4]::sys::backtrace::_print_fmt::{closure#1}>
[INFO] [stdout]                                at /rustc/dfb0accb7f508ae8be965d8629557221c889dd98/library/std/src/../../backtrace/src/backtrace/mod.rs:66:14
[INFO] [stdout]    2:     0x6538d26e0e11 - std[70759c8f55707aa4]::sys::backtrace::_print_fmt
[INFO] [stdout]                                at /rustc/dfb0accb7f508ae8be965d8629557221c889dd98/library/std/src/sys/backtrace.rs:74:9
[INFO] [stdout]    3:     0x6538d26e0e11 - <<std[70759c8f55707aa4]::sys::backtrace::BacktraceLock>::print::DisplayBacktrace as core[df12db4294e9bfd3]::fmt::Display>::fmt
[INFO] [stdout]                                at /rustc/dfb0accb7f508ae8be965d8629557221c889dd98/library/std/src/sys/backtrace.rs:44:26
[INFO] [stdout]    4:     0x6538d26f501a - <core[df12db4294e9bfd3]::fmt::rt::Argument>::fmt
[INFO] [stdout]                                at /rustc/dfb0accb7f508ae8be965d8629557221c889dd98/library/core/src/fmt/rt.rs:152:76
[INFO] [stdout]    5:     0x6538d26f501a - core[df12db4294e9bfd3]::fmt::write
[INFO] [stdout]    6:     0x6538d26e52ac - core[df12db4294e9bfd3]::io::write::default_write_fmt::<alloc[2182bb758b4b3781]::vec::Vec<u8>>
[INFO] [stdout]                                at /rustc/dfb0accb7f508ae8be965d8629557221c889dd98/library/core/src/io/write.rs:402:11
[INFO] [stdout]    7:     0x6538d26e52ac - <alloc[2182bb758b4b3781]::vec::Vec<u8> as core[df12db4294e9bfd3]::io::write::Write>::write_fmt
[INFO] [stdout]                                at /rustc/dfb0accb7f508ae8be965d8629557221c889dd98/library/core/src/io/write.rs:335:13
[INFO] [stdout]    8:     0x6538d26bd406 - <std[70759c8f55707aa4]::sys::backtrace::BacktraceLock>::print
[INFO] [stdout]                                at /rustc/dfb0accb7f508ae8be965d8629557221c889dd98/library/std/src/sys/backtrace.rs:47:9
[INFO] [stdout]    9:     0x6538d26bd406 - std[70759c8f55707aa4]::panicking::default_hook::{closure#0}
[INFO] [stdout]                                at /rustc/dfb0accb7f508ae8be965d8629557221c889dd98/library/std/src/panicking.rs:292:27
[INFO] [stdout]   10:     0x6538d26d9579 - std[70759c8f55707aa4]::panicking::default_hook
[INFO] [stdout]                                at /rustc/dfb0accb7f508ae8be965d8629557221c889dd98/library/std/src/panicking.rs:316:9
[INFO] [stdout]   11:     0x6538d2675a00 - <alloc[2182bb758b4b3781]::boxed::Box<dyn for<'a, 'b> core[df12db4294e9bfd3]::ops::function::Fn<(&'a std[70759c8f55707aa4]::panic::PanicHookInfo<'b>,), Output = ()> + core[df12db4294e9bfd3]::marker::Send + core[df12db4294e9bfd3]::marker::Sync> as core[df12db4294e9bfd3]::ops::function::Fn<(&std[70759c8f55707aa4]::panic::PanicHookInfo,)>>::call
[INFO] [stdout]                                at /rustc/dfb0accb7f508ae8be965d8629557221c889dd98/library/alloc/src/boxed.rs:2334:9
[INFO] [stdout]   12:     0x6538d2675a00 - test[9d35eded1c95d3be]::test_main_inner::<test[9d35eded1c95d3be]::test_main_static::{closure#0}>::{closure#0}
[INFO] [stdout]                                at /rustc/dfb0accb7f508ae8be965d8629557221c889dd98/library/test/src/lib.rs:155:21
[INFO] [stdout]   13:     0x6538d26d9732 - <alloc[2182bb758b4b3781]::boxed::Box<dyn for<'a, 'b> core[df12db4294e9bfd3]::ops::function::Fn<(&'a std[70759c8f55707aa4]::panic::PanicHookInfo<'b>,), Output = ()> + core[df12db4294e9bfd3]::marker::Send + core[df12db4294e9bfd3]::marker::Sync> as core[df12db4294e9bfd3]::ops::function::Fn<(&std[70759c8f55707aa4]::panic::PanicHookInfo,)>>::call
[INFO] [stdout]                                at /rustc/dfb0accb7f508ae8be965d8629557221c889dd98/library/alloc/src/boxed.rs:2334:9
[INFO] [stdout]   14:     0x6538d26d9732 - std[70759c8f55707aa4]::panicking::panic_with_hook
[INFO] [stdout]                                at /rustc/dfb0accb7f508ae8be965d8629557221c889dd98/library/std/src/panicking.rs:823:13
[INFO] [stdout]   15:     0x6538d26bd4b2 - std[70759c8f55707aa4]::panicking::panic_handler::{closure#0}
[INFO] [stdout]                                at /rustc/dfb0accb7f508ae8be965d8629557221c889dd98/library/std/src/panicking.rs:688:13
[INFO] [stdout]   16:     0x6538d26b6239 - std[70759c8f55707aa4]::sys::backtrace::__rust_end_short_backtrace::<std[70759c8f55707aa4]::panicking::panic_handler::{closure#0}, !>
[INFO] [stdout]                                at /rustc/dfb0accb7f508ae8be965d8629557221c889dd98/library/std/src/sys/backtrace.rs:182:18
[INFO] [stdout]   17:     0x6538d26be0ad - __rustc[8fa7c3cbc660c2b3]::rust_begin_unwind
[INFO] [stdout]                                at /rustc/dfb0accb7f508ae8be965d8629557221c889dd98/library/std/src/panicking.rs:679:5
[INFO] [stdout]   18:     0x6538d26f574c - core[df12db4294e9bfd3]::panicking::panic_fmt
[INFO] [stdout]                                at /rustc/dfb0accb7f508ae8be965d8629557221c889dd98/library/core/src/panicking.rs:80:14
[INFO] [stdout]   19:     0x6538d26f56c3 - core[df12db4294e9bfd3]::panicking::assert_failed_inner
[INFO] [stdout]                                at /rustc/dfb0accb7f508ae8be965d8629557221c889dd98/library/core/src/panicking.rs:447:23
[INFO] [stdout]   20:     0x6538d26f1f58 - core[df12db4294e9bfd3]::panicking::assert_failed::<usize, usize>
[INFO] [stdout]                                at /rustc/dfb0accb7f508ae8be965d8629557221c889dd98/library/core/src/panicking.rs:407:5
[INFO] [stdout]   21:     0x6538d263b3d2 - steamworks_sys[da299eb901c1af49]::bindgen_test_layout_ISteamTimeline
[INFO] [stdout]                                at /opt/rustwide/workdir/src/linux_bindings.rs:17000:5
[INFO] [stdout]   22:     0x6538d26339c7 - steamworks_sys[da299eb901c1af49]::bindgen_test_layout_ISteamTimeline::{closure#0}
[INFO] [stdout]                                at /opt/rustwide/workdir/src/linux_bindings.rs:16994:40
[INFO] [stdout]   23:     0x6538d2666ce6 - <steamworks_sys[da299eb901c1af49]::bindgen_test_layout_ISteamTimeline::{closure#0} as core[df12db4294e9bfd3]::ops::function::FnOnce<()>>::call_once
[INFO] [stdout]                                at /rustc/dfb0accb7f508ae8be965d8629557221c889dd98/library/core/src/ops/function.rs:250:5
[INFO] [stdout]   24:     0x6538d2668ceb - <fn() -> core[df12db4294e9bfd3]::result::Result<(), alloc[2182bb758b4b3781]::string::String> as core[df12db4294e9bfd3]::ops::function::FnOnce<()>>::call_once
[INFO] [stdout]                                at /rustc/dfb0accb7f508ae8be965d8629557221c889dd98/library/core/src/ops/function.rs:250:5
[INFO] [stdout]   25:     0x6538d2668ceb - test[9d35eded1c95d3be]::__rust_begin_short_backtrace::<core[df12db4294e9bfd3]::result::Result<(), alloc[2182bb758b4b3781]::string::String>, fn() -> core[df12db4294e9bfd3]::result::Result<(), alloc[2182bb758b4b3781]::string::String>>
[INFO] [stdout]                                at /rustc/dfb0accb7f508ae8be965d8629557221c889dd98/library/test/src/lib.rs:733:18
[INFO] [stdout]   26:     0x6538d2676355 - test[9d35eded1c95d3be]::run_test_in_process::{closure#0}
[INFO] [stdout]                                at /rustc/dfb0accb7f508ae8be965d8629557221c889dd98/library/test/src/lib.rs:756:74
[INFO] [stdout]   27:     0x6538d2676355 - <core[df12db4294e9bfd3]::panic::unwind_safe::AssertUnwindSafe<test[9d35eded1c95d3be]::run_test_in_process::{closure#0}> as core[df12db4294e9bfd3]::ops::function::FnOnce<()>>::call_once
[INFO] [stdout]                                at /rustc/dfb0accb7f508ae8be965d8629557221c889dd98/library/core/src/panic/unwind_safe.rs:275:9
[INFO] [stdout]   28:     0x6538d2676355 - std[70759c8f55707aa4]::panicking::catch_unwind::do_call::<core[df12db4294e9bfd3]::panic::unwind_safe::AssertUnwindSafe<test[9d35eded1c95d3be]::run_test_in_process::{closure#0}>, core[df12db4294e9bfd3]::result::Result<(), alloc[2182bb758b4b3781]::string::String>>
[INFO] [stdout]                                at /rustc/dfb0accb7f508ae8be965d8629557221c889dd98/library/std/src/panicking.rs:576:43
[INFO] [stdout]   29:     0x6538d2676355 - std[70759c8f55707aa4]::panicking::catch_unwind::<core[df12db4294e9bfd3]::result::Result<(), alloc[2182bb758b4b3781]::string::String>, core[df12db4294e9bfd3]::panic::unwind_safe::AssertUnwindSafe<test[9d35eded1c95d3be]::run_test_in_process::{closure#0}>>
[INFO] [stdout]                                at /rustc/dfb0accb7f508ae8be965d8629557221c889dd98/library/std/src/panicking.rs:544:19
[INFO] [stdout]   30:     0x6538d2676355 - std[70759c8f55707aa4]::panic::catch_unwind::<core[df12db4294e9bfd3]::panic::unwind_safe::AssertUnwindSafe<test[9d35eded1c95d3be]::run_test_in_process::{closure#0}>, core[df12db4294e9bfd3]::result::Result<(), alloc[2182bb758b4b3781]::string::String>>
[INFO] [stdout]                                at /rustc/dfb0accb7f508ae8be965d8629557221c889dd98/library/std/src/panic.rs:359:14
[INFO] [stdout]   31:     0x6538d2676355 - test[9d35eded1c95d3be]::run_test_in_process
[INFO] [stdout]                                at /rustc/dfb0accb7f508ae8be965d8629557221c889dd98/library/test/src/lib.rs:756:27
[INFO] [stdout]   32:     0x6538d2676355 - test[9d35eded1c95d3be]::run_test::{closure#0}
[INFO] [stdout]                                at /rustc/dfb0accb7f508ae8be965d8629557221c889dd98/library/test/src/lib.rs:677:43
[INFO] [stdout]   33:     0x6538d266fc14 - test[9d35eded1c95d3be]::run_test::{closure#1}
[INFO] [stdout]                                at /rustc/dfb0accb7f508ae8be965d8629557221c889dd98/library/test/src/lib.rs:707:41
[INFO] [stdout]   34:     0x6538d266fc14 - std[70759c8f55707aa4]::sys::backtrace::__rust_begin_short_backtrace::<test[9d35eded1c95d3be]::run_test::{closure#1}, ()>
[INFO] [stdout]                                at /rustc/dfb0accb7f508ae8be965d8629557221c889dd98/library/std/src/sys/backtrace.rs:166:18
[INFO] [stdout]   35:     0x6538d26794b2 - std[70759c8f55707aa4]::thread::lifecycle::spawn_unchecked::<test[9d35eded1c95d3be]::run_test::{closure#1}, ()>::{closure#1}::{closure#0}
[INFO] [stdout]                                at /rustc/dfb0accb7f508ae8be965d8629557221c889dd98/library/std/src/thread/lifecycle.rs:70:13
[INFO] [stdout]   36:     0x6538d26794b2 - <core[df12db4294e9bfd3]::panic::unwind_safe::AssertUnwindSafe<std[70759c8f55707aa4]::thread::lifecycle::spawn_unchecked<test[9d35eded1c95d3be]::run_test::{closure#1}, ()>::{closure#1}::{closure#0}> as core[df12db4294e9bfd3]::ops::function::FnOnce<()>>::call_once
[INFO] [stdout]                                at /rustc/dfb0accb7f508ae8be965d8629557221c889dd98/library/core/src/panic/unwind_safe.rs:275:9
[INFO] [stdout]   37:     0x6538d26794b2 - std[70759c8f55707aa4]::panicking::catch_unwind::do_call::<core[df12db4294e9bfd3]::panic::unwind_safe::AssertUnwindSafe<std[70759c8f55707aa4]::thread::lifecycle::spawn_unchecked<test[9d35eded1c95d3be]::run_test::{closure#1}, ()>::{closure#1}::{closure#0}>, ()>
[INFO] [stdout]                                at /rustc/dfb0accb7f508ae8be965d8629557221c889dd98/library/std/src/panicking.rs:576:43
[INFO] [stdout]   38:     0x6538d26794b2 - std[70759c8f55707aa4]::panicking::catch_unwind::<(), core[df12db4294e9bfd3]::panic::unwind_safe::AssertUnwindSafe<std[70759c8f55707aa4]::thread::lifecycle::spawn_unchecked<test[9d35eded1c95d3be]::run_test::{closure#1}, ()>::{closure#1}::{closure#0}>>
[INFO] [stdout]                                at /rustc/dfb0accb7f508ae8be965d8629557221c889dd98/library/std/src/panicking.rs:544:19
[INFO] [stdout]   39:     0x6538d26794b2 - std[70759c8f55707aa4]::panic::catch_unwind::<core[df12db4294e9bfd3]::panic::unwind_safe::AssertUnwindSafe<std[70759c8f55707aa4]::thread::lifecycle::spawn_unchecked<test[9d35eded1c95d3be]::run_test::{closure#1}, ()>::{closure#1}::{closure#0}>, ()>
[INFO] [stdout]                                at /rustc/dfb0accb7f508ae8be965d8629557221c889dd98/library/std/src/panic.rs:359:14
[INFO] [stdout]   40:     0x6538d26794b2 - std[70759c8f55707aa4]::thread::lifecycle::spawn_unchecked::<test[9d35eded1c95d3be]::run_test::{closure#1}, ()>::{closure#1}
[INFO] [stdout]                                at /rustc/dfb0accb7f508ae8be965d8629557221c889dd98/library/std/src/thread/lifecycle.rs:68:26
[INFO] [stdout]   41:     0x6538d26794b2 - <std[70759c8f55707aa4]::thread::lifecycle::spawn_unchecked<test[9d35eded1c95d3be]::run_test::{closure#1}, ()>::{closure#1} as core[df12db4294e9bfd3]::ops::function::FnOnce<()>>::call_once::{shim:vtable#0}
[INFO] [stdout]                                at /rustc/dfb0accb7f508ae8be965d8629557221c889dd98/library/core/src/ops/function.rs:250:5
[INFO] [stdout]   42:     0x6538d26e06e9 - <alloc[2182bb758b4b3781]::boxed::Box<dyn core[df12db4294e9bfd3]::ops::function::FnOnce<(), Output = ()> + core[df12db4294e9bfd3]::marker::Send> as core[df12db4294e9bfd3]::ops::function::FnOnce<()>>::call_once
[INFO] [stdout]                                at /rustc/dfb0accb7f508ae8be965d8629557221c889dd98/library/alloc/src/boxed.rs:2320:9
[INFO] [stdout]   43:     0x6538d26e06e9 - <std[70759c8f55707aa4]::sys::thread::unix::Thread>::new::thread_start
[INFO] [stdout]                                at /rustc/dfb0accb7f508ae8be965d8629557221c889dd98/library/std/src/sys/thread/unix.rs:123:17
[INFO] [stdout]   44:     0x7c7c1148adfa - <unknown>
[INFO] [stdout]   45:     0x7c7c1151e3d4 - clone
[INFO] [stdout]   46:                0x0 - <unknown>
[INFO] [stdout] 
[INFO] [stdout] ---- bindgen_test_layout_ISteamVideo stdout ----
[INFO] [stdout] 
[INFO] [stdout] thread 'bindgen_test_layout_ISteamVideo' (285) panicked at src/linux_bindings.rs:17164:5:
[INFO] [stdout] assertion `left == right` failed: Alignment of ISteamVideo
[INFO] [stdout]   left: 8
[INFO] [stdout]  right: 4
[INFO] [stdout] stack backtrace:
[INFO] [stdout]    0:     0x6538d26e0e11 - std[70759c8f55707aa4]::backtrace_rs::backtrace::libunwind::trace
[INFO] [stdout]                                at /rustc/dfb0accb7f508ae8be965d8629557221c889dd98/library/std/src/../../backtrace/src/backtrace/libunwind.rs:117:9
[INFO] [stdout]    1:     0x6538d26e0e11 - std[70759c8f55707aa4]::backtrace_rs::backtrace::trace_unsynchronized::<std[70759c8f55707aa4]::sys::backtrace::_print_fmt::{closure#1}>
[INFO] [stdout]                                at /rustc/dfb0accb7f508ae8be965d8629557221c889dd98/library/std/src/../../backtrace/src/backtrace/mod.rs:66:14
[INFO] [stdout]    2:     0x6538d26e0e11 - std[70759c8f55707aa4]::sys::backtrace::_print_fmt
[INFO] [stdout]                                at /rustc/dfb0accb7f508ae8be965d8629557221c889dd98/library/std/src/sys/backtrace.rs:74:9
[INFO] [stdout]    3:     0x6538d26e0e11 - <<std[70759c8f55707aa4]::sys::backtrace::BacktraceLock>::print::DisplayBacktrace as core[df12db4294e9bfd3]::fmt::Display>::fmt
[INFO] [stdout]                                at /rustc/dfb0accb7f508ae8be965d8629557221c889dd98/library/std/src/sys/backtrace.rs:44:26
[INFO] [stdout]    4:     0x6538d26f501a - <core[df12db4294e9bfd3]::fmt::rt::Argument>::fmt
[INFO] [stdout]                                at /rustc/dfb0accb7f508ae8be965d8629557221c889dd98/library/core/src/fmt/rt.rs:152:76
[INFO] [stdout]    5:     0x6538d26f501a - core[df12db4294e9bfd3]::fmt::write
[INFO] [stdout]    6:     0x6538d26e52ac - core[df12db4294e9bfd3]::io::write::default_write_fmt::<alloc[2182bb758b4b3781]::vec::Vec<u8>>
[INFO] [stdout]                                at /rustc/dfb0accb7f508ae8be965d8629557221c889dd98/library/core/src/io/write.rs:402:11
[INFO] [stdout]    7:     0x6538d26e52ac - <alloc[2182bb758b4b3781]::vec::Vec<u8> as core[df12db4294e9bfd3]::io::write::Write>::write_fmt
[INFO] [stdout]                                at /rustc/dfb0accb7f508ae8be965d8629557221c889dd98/library/core/src/io/write.rs:335:13
[INFO] [stdout]    8:     0x6538d26bd406 - <std[70759c8f55707aa4]::sys::backtrace::BacktraceLock>::print
[INFO] [stdout]                                at /rustc/dfb0accb7f508ae8be965d8629557221c889dd98/library/std/src/sys/backtrace.rs:47:9
[INFO] [stdout]    9:     0x6538d26bd406 - std[70759c8f55707aa4]::panicking::default_hook::{closure#0}
[INFO] [stdout]                                at /rustc/dfb0accb7f508ae8be965d8629557221c889dd98/library/std/src/panicking.rs:292:27
[INFO] [stdout]   10:     0x6538d26d9579 - std[70759c8f55707aa4]::panicking::default_hook
[INFO] [stdout]                                at /rustc/dfb0accb7f508ae8be965d8629557221c889dd98/library/std/src/panicking.rs:316:9
[INFO] [stdout]   11:     0x6538d2675a00 - <alloc[2182bb758b4b3781]::boxed::Box<dyn for<'a, 'b> core[df12db4294e9bfd3]::ops::function::Fn<(&'a std[70759c8f55707aa4]::panic::PanicHookInfo<'b>,), Output = ()> + core[df12db4294e9bfd3]::marker::Send + core[df12db4294e9bfd3]::marker::Sync> as core[df12db4294e9bfd3]::ops::function::Fn<(&std[70759c8f55707aa4]::panic::PanicHookInfo,)>>::call
[INFO] [stdout]                                at /rustc/dfb0accb7f508ae8be965d8629557221c889dd98/library/alloc/src/boxed.rs:2334:9
[INFO] [stdout]   12:     0x6538d2675a00 - test[9d35eded1c95d3be]::test_main_inner::<test[9d35eded1c95d3be]::test_main_static::{closure#0}>::{closure#0}
[INFO] [stdout]                                at /rustc/dfb0accb7f508ae8be965d8629557221c889dd98/library/test/src/lib.rs:155:21
[INFO] [stdout]   13:     0x6538d26d9732 - <alloc[2182bb758b4b3781]::boxed::Box<dyn for<'a, 'b> core[df12db4294e9bfd3]::ops::function::Fn<(&'a std[70759c8f55707aa4]::panic::PanicHookInfo<'b>,), Output = ()> + core[df12db4294e9bfd3]::marker::Send + core[df12db4294e9bfd3]::marker::Sync> as core[df12db4294e9bfd3]::ops::function::Fn<(&std[70759c8f55707aa4]::panic::PanicHookInfo,)>>::call
[INFO] [stdout]                                at /rustc/dfb0accb7f508ae8be965d8629557221c889dd98/library/alloc/src/boxed.rs:2334:9
[INFO] [stdout]   14:     0x6538d26d9732 - std[70759c8f55707aa4]::panicking::panic_with_hook
[INFO] [stdout]                                at /rustc/dfb0accb7f508ae8be965d8629557221c889dd98/library/std/src/panicking.rs:823:13
[INFO] [stdout]   15:     0x6538d26bd4b2 - std[70759c8f55707aa4]::panicking::panic_handler::{closure#0}
[INFO] [stdout]                                at /rustc/dfb0accb7f508ae8be965d8629557221c889dd98/library/std/src/panicking.rs:688:13
[INFO] [stdout]   16:     0x6538d26b6239 - std[70759c8f55707aa4]::sys::backtrace::__rust_end_short_backtrace::<std[70759c8f55707aa4]::panicking::panic_handler::{closure#0}, !>
[INFO] [stdout]                                at /rustc/dfb0accb7f508ae8be965d8629557221c889dd98/library/std/src/sys/backtrace.rs:182:18
[INFO] [stdout]   17:     0x6538d26be0ad - __rustc[8fa7c3cbc660c2b3]::rust_begin_unwind
[INFO] [stdout]                                at /rustc/dfb0accb7f508ae8be965d8629557221c889dd98/library/std/src/panicking.rs:679:5
[INFO] [stdout]   18:     0x6538d26f574c - core[df12db4294e9bfd3]::panicking::panic_fmt
[INFO] [stdout]                                at /rustc/dfb0accb7f508ae8be965d8629557221c889dd98/library/core/src/panicking.rs:80:14
[INFO] [stdout]   19:     0x6538d26f56c3 - core[df12db4294e9bfd3]::panicking::assert_failed_inner
[INFO] [stdout]                                at /rustc/dfb0accb7f508ae8be965d8629557221c889dd98/library/core/src/panicking.rs:447:23
[INFO] [stdout]   20:     0x6538d26f1f58 - core[df12db4294e9bfd3]::panicking::assert_failed::<usize, usize>
[INFO] [stdout]                                at /rustc/dfb0accb7f508ae8be965d8629557221c889dd98/library/core/src/panicking.rs:407:5
[INFO] [stdout]   21:     0x6538d2638b62 - steamworks_sys[da299eb901c1af49]::bindgen_test_layout_ISteamVideo
[INFO] [stdout]                                at /opt/rustwide/workdir/src/linux_bindings.rs:17164:5
[INFO] [stdout]   22:     0x6538d2633667 - steamworks_sys[da299eb901c1af49]::bindgen_test_layout_ISteamVideo::{closure#0}
[INFO] [stdout]                                at /opt/rustwide/workdir/src/linux_bindings.rs:17158:37
[INFO] [stdout]   23:     0x6538d2666aa6 - <steamworks_sys[da299eb901c1af49]::bindgen_test_layout_ISteamVideo::{closure#0} as core[df12db4294e9bfd3]::ops::function::FnOnce<()>>::call_once
[INFO] [stdout]                                at /rustc/dfb0accb7f508ae8be965d8629557221c889dd98/library/core/src/ops/function.rs:250:5
[INFO] [stdout]   24:     0x6538d2668ceb - <fn() -> core[df12db4294e9bfd3]::result::Result<(), alloc[2182bb758b4b3781]::string::String> as core[df12db4294e9bfd3]::ops::function::FnOnce<()>>::call_once
[INFO] [stdout]                                at /rustc/dfb0accb7f508ae8be965d8629557221c889dd98/library/core/src/ops/function.rs:250:5
[INFO] [stdout]   25:     0x6538d2668ceb - test[9d35eded1c95d3be]::__rust_begin_short_backtrace::<core[df12db4294e9bfd3]::result::Result<(), alloc[2182bb758b4b3781]::string::String>, fn() -> core[df12db4294e9bfd3]::result::Result<(), alloc[2182bb758b4b3781]::string::String>>
[INFO] [stdout]                                at /rustc/dfb0accb7f508ae8be965d8629557221c889dd98/library/test/src/lib.rs:733:18
[INFO] [stdout]   26:     0x6538d2676355 - test[9d35eded1c95d3be]::run_test_in_process::{closure#0}
[INFO] [stdout]                                at /rustc/dfb0accb7f508ae8be965d8629557221c889dd98/library/test/src/lib.rs:756:74
[INFO] [stdout]   27:     0x6538d2676355 - <core[df12db4294e9bfd3]::panic::unwind_safe::AssertUnwindSafe<test[9d35eded1c95d3be]::run_test_in_process::{closure#0}> as core[df12db4294e9bfd3]::ops::function::FnOnce<()>>::call_once
[INFO] [stdout]                                at /rustc/dfb0accb7f508ae8be965d8629557221c889dd98/library/core/src/panic/unwind_safe.rs:275:9
[INFO] [stdout]   28:     0x6538d2676355 - std[70759c8f55707aa4]::panicking::catch_unwind::do_call::<core[df12db4294e9bfd3]::panic::unwind_safe::AssertUnwindSafe<test[9d35eded1c95d3be]::run_test_in_process::{closure#0}>, core[df12db4294e9bfd3]::result::Result<(), alloc[2182bb758b4b3781]::string::String>>
[INFO] [stdout]                                at /rustc/dfb0accb7f508ae8be965d8629557221c889dd98/library/std/src/panicking.rs:576:43
[INFO] [stdout]   29:     0x6538d2676355 - std[70759c8f55707aa4]::panicking::catch_unwind::<core[df12db4294e9bfd3]::result::Result<(), alloc[2182bb758b4b3781]::string::String>, core[df12db4294e9bfd3]::panic::unwind_safe::AssertUnwindSafe<test[9d35eded1c95d3be]::run_test_in_process::{closure#0}>>
[INFO] [stdout]                                at /rustc/dfb0accb7f508ae8be965d8629557221c889dd98/library/std/src/panicking.rs:544:19
[INFO] [stdout]   30:     0x6538d2676355 - std[70759c8f55707aa4]::panic::catch_unwind::<core[df12db4294e9bfd3]::panic::unwind_safe::AssertUnwindSafe<test[9d35eded1c95d3be]::run_test_in_process::{closure#0}>, core[df12db4294e9bfd3]::result::Result<(), alloc[2182bb758b4b3781]::string::String>>
[INFO] [stdout]                                at /rustc/dfb0accb7f508ae8be965d8629557221c889dd98/library/std/src/panic.rs:359:14
[INFO] [stdout]   31:     0x6538d2676355 - test[9d35eded1c95d3be]::run_test_in_process
[INFO] [stdout]                                at /rustc/dfb0accb7f508ae8be965d8629557221c889dd98/library/test/src/lib.rs:756:27
[INFO] [stdout]   32:     0x6538d2676355 - test[9d35eded1c95d3be]::run_test::{closure#0}
[INFO] [stdout]                                at /rustc/dfb0accb7f508ae8be965d8629557221c889dd98/library/test/src/lib.rs:677:43
[INFO] [stdout]   33:     0x6538d266fc14 - test[9d35eded1c95d3be]::run_test::{closure#1}
[INFO] [stdout]                                at /rustc/dfb0accb7f508ae8be965d8629557221c889dd98/library/test/src/lib.rs:707:41
[INFO] [stdout]   34:     0x6538d266fc14 - std[70759c8f55707aa4]::sys::backtrace::__rust_begin_short_backtrace::<test[9d35eded1c95d3be]::run_test::{closure#1}, ()>
[INFO] [stdout]                                at /rustc/dfb0accb7f508ae8be965d8629557221c889dd98/library/std/src/sys/backtrace.rs:166:18
[INFO] [stdout]   35:     0x6538d26794b2 - std[70759c8f55707aa4]::thread::lifecycle::spawn_unchecked::<test[9d35eded1c95d3be]::run_test::{closure#1}, ()>::{closure#1}::{closure#0}
[INFO] [stdout]                                at /rustc/dfb0accb7f508ae8be965d8629557221c889dd98/library/std/src/thread/lifecycle.rs:70:13
[INFO] [stdout]   36:     0x6538d26794b2 - <core[df12db4294e9bfd3]::panic::unwind_safe::AssertUnwindSafe<std[70759c8f55707aa4]::thread::lifecycle::spawn_unchecked<test[9d35eded1c95d3be]::run_test::{closure#1}, ()>::{closure#1}::{closure#0}> as core[df12db4294e9bfd3]::ops::function::FnOnce<()>>::call_once
[INFO] [stdout]                                at /rustc/dfb0accb7f508ae8be965d8629557221c889dd98/library/core/src/panic/unwind_safe.rs:275:9
[INFO] [stdout]   37:     0x6538d26794b2 - std[70759c8f55707aa4]::panicking::catch_unwind::do_call::<core[df12db4294e9bfd3]::panic::unwind_safe::AssertUnwindSafe<std[70759c8f55707aa4]::thread::lifecycle::spawn_unchecked<test[9d35eded1c95d3be]::run_test::{closure#1}, ()>::{closure#1}::{closure#0}>, ()>
[INFO] [stdout]                                at /rustc/dfb0accb7f508ae8be965d8629557221c889dd98/library/std/src/panicking.rs:576:43
[INFO] [stdout]   38:     0x6538d26794b2 - std[70759c8f55707aa4]::panicking::catch_unwind::<(), core[df12db4294e9bfd3]::panic::unwind_safe::AssertUnwindSafe<std[70759c8f55707aa4]::thread::lifecycle::spawn_unchecked<test[9d35eded1c95d3be]::run_test::{closure#1}, ()>::{closure#1}::{closure#0}>>
[INFO] [stdout]                                at /rustc/dfb0accb7f508ae8be965d8629557221c889dd98/library/std/src/panicking.rs:544:19
[INFO] [stdout]   39:     0x6538d26794b2 - std[70759c8f55707aa4]::panic::catch_unwind::<core[df12db4294e9bfd3]::panic::unwind_safe::AssertUnwindSafe<std[70759c8f55707aa4]::thread::lifecycle::spawn_unchecked<test[9d35eded1c95d3be]::run_test::{closure#1}, ()>::{closure#1}::{closure#0}>, ()>
[INFO] [stdout]                                at /rustc/dfb0accb7f508ae8be965d8629557221c889dd98/library/std/src/panic.rs:359:14
[INFO] [stdout]   40:     0x6538d26794b2 - std[70759c8f55707aa4]::thread::lifecycle::spawn_unchecked::<test[9d35eded1c95d3be]::run_test::{closure#1}, ()>::{closure#1}
[INFO] [stdout]                                at /rustc/dfb0accb7f508ae8be965d8629557221c889dd98/library/std/src/thread/lifecycle.rs:68:26
[INFO] [stdout]   41:     0x6538d26794b2 - <std[70759c8f55707aa4]::thread::lifecycle::spawn_unchecked<test[9d35eded1c95d3be]::run_test::{closure#1}, ()>::{closure#1} as core[df12db4294e9bfd3]::ops::function::FnOnce<()>>::call_once::{shim:vtable#0}
[INFO] [stdout]                                at /rustc/dfb0accb7f508ae8be965d8629557221c889dd98/library/core/src/ops/function.rs:250:5
[INFO] [stdout]   42:     0x6538d26e06e9 - <alloc[2182bb758b4b3781]::boxed::Box<dyn core[df12db4294e9bfd3]::ops::function::FnOnce<(), Output = ()> + core[df12db4294e9bfd3]::marker::Send> as core[df12db4294e9bfd3]::ops::function::FnOnce<()>>::call_once
[INFO] [stdout]                                at /rustc/dfb0accb7f508ae8be965d8629557221c889dd98/library/alloc/src/boxed.rs:2320:9
[INFO] [stdout]   43:     0x6538d26e06e9 - <std[70759c8f55707aa4]::sys::thread::unix::Thread>::new::thread_start
[INFO] [stdout]                                at /rustc/dfb0accb7f508ae8be965d8629557221c889dd98/library/std/src/sys/thread/unix.rs:123:17
[INFO] [stdout]   44:     0x7c7c1148adfa - <unknown>
[INFO] [stdout]   45:     0x7c7c1151e3d4 - clone
[INFO] [stdout]   46:                0x0 - <unknown>
[INFO] [stdout] 
[INFO] [stdout] ---- bindgen_test_layout_ISteamUGC stdout ----
[INFO] [stdout] 
[INFO] [stdout] thread 'bindgen_test_layout_ISteamUGC' (281) panicked at src/linux_bindings.rs:13696:5:
[INFO] [stdout] assertion `left == right` failed: Alignment of ISteamUGC
[INFO] [stdout]   left: 8
[INFO] [stdout]  right: 4
[INFO] [stdout] stack backtrace:
[INFO] [stdout]    0:     0x6538d26e0e11 - std[70759c8f55707aa4]::backtrace_rs::backtrace::libunwind::trace
[INFO] [stdout]                                at /rustc/dfb0accb7f508ae8be965d8629557221c889dd98/library/std/src/../../backtrace/src/backtrace/libunwind.rs:117:9
[INFO] [stdout]    1:     0x6538d26e0e11 - std[70759c8f55707aa4]::backtrace_rs::backtrace::trace_unsynchronized::<std[70759c8f55707aa4]::sys::backtrace::_print_fmt::{closure#1}>
[INFO] [stdout]                                at /rustc/dfb0accb7f508ae8be965d8629557221c889dd98/library/std/src/../../backtrace/src/backtrace/mod.rs:66:14
[INFO] [stdout]    2:     0x6538d26e0e11 - std[70759c8f55707aa4]::sys::backtrace::_print_fmt
[INFO] [stdout]                                at /rustc/dfb0accb7f508ae8be965d8629557221c889dd98/library/std/src/sys/backtrace.rs:74:9
[INFO] [stdout]    3:     0x6538d26e0e11 - <<std[70759c8f55707aa4]::sys::backtrace::BacktraceLock>::print::DisplayBacktrace as core[df12db4294e9bfd3]::fmt::Display>::fmt
[INFO] [stdout]                                at /rustc/dfb0accb7f508ae8be965d8629557221c889dd98/library/std/src/sys/backtrace.rs:44:26
[INFO] [stdout]    4:     0x6538d26f501a - <core[df12db4294e9bfd3]::fmt::rt::Argument>::fmt
[INFO] [stdout]                                at /rustc/dfb0accb7f508ae8be965d8629557221c889dd98/library/core/src/fmt/rt.rs:152:76
[INFO] [stdout]    5:     0x6538d26f501a - core[df12db4294e9bfd3]::fmt::write
[INFO] [stdout]    6:     0x6538d26e52ac - core[df12db4294e9bfd3]::io::write::default_write_fmt::<alloc[2182bb758b4b3781]::vec::Vec<u8>>
[INFO] [stdout]                                at /rustc/dfb0accb7f508ae8be965d8629557221c889dd98/library/core/src/io/write.rs:402:11
[INFO] [stdout]    7:     0x6538d26e52ac - <alloc[2182bb758b4b3781]::vec::Vec<u8> as core[df12db4294e9bfd3]::io::write::Write>::write_fmt
[INFO] [stdout]                                at /rustc/dfb0accb7f508ae8be965d8629557221c889dd98/library/core/src/io/write.rs:335:13
[INFO] [stdout]    8:     0x6538d26bd406 - <std[70759c8f55707aa4]::sys::backtrace::BacktraceLock>::print
[INFO] [stdout]                                at /rustc/dfb0accb7f508ae8be965d8629557221c889dd98/library/std/src/sys/backtrace.rs:47:9
[INFO] [stdout]    9:     0x6538d26bd406 - std[70759c8f55707aa4]::panicking::default_hook::{closure#0}
[INFO] [stdout]                                at /rustc/dfb0accb7f508ae8be965d8629557221c889dd98/library/std/src/panicking.rs:292:27
[INFO] [stdout]   10:     0x6538d26d9579 - std[70759c8f55707aa4]::panicking::default_hook
[INFO] [stdout]                                at /rustc/dfb0accb7f508ae8be965d8629557221c889dd98/library/std/src/panicking.rs:316:9
[INFO] [stdout]   11:     0x6538d2675a00 - <alloc[2182bb758b4b3781]::boxed::Box<dyn for<'a, 'b> core[df12db4294e9bfd3]::ops::function::Fn<(&'a std[70759c8f55707aa4]::panic::PanicHookInfo<'b>,), Output = ()> + core[df12db4294e9bfd3]::marker::Send + core[df12db4294e9bfd3]::marker::Sync> as core[df12db4294e9bfd3]::ops::function::Fn<(&std[70759c8f55707aa4]::panic::PanicHookInfo,)>>::call
[INFO] [stdout]                                at /rustc/dfb0accb7f508ae8be965d8629557221c889dd98/library/alloc/src/boxed.rs:2334:9
[INFO] [stdout]   12:     0x6538d2675a00 - test[9d35eded1c95d3be]::test_main_inner::<test[9d35eded1c95d3be]::test_main_static::{closure#0}>::{closure#0}
[INFO] [stdout]                                at /rustc/dfb0accb7f508ae8be965d8629557221c889dd98/library/test/src/lib.rs:155:21
[INFO] [stdout]   13:     0x6538d26d9732 - <alloc[2182bb758b4b3781]::boxed::Box<dyn for<'a, 'b> core[df12db4294e9bfd3]::ops::function::Fn<(&'a std[70759c8f55707aa4]::panic::PanicHookInfo<'b>,), Output = ()> + core[df12db4294e9bfd3]::marker::Send + core[df12db4294e9bfd3]::marker::Sync> as core[df12db4294e9bfd3]::ops::function::Fn<(&std[70759c8f55707aa4]::panic::PanicHookInfo,)>>::call
[INFO] [stdout]                                at /rustc/dfb0accb7f508ae8be965d8629557221c889dd98/library/alloc/src/boxed.rs:2334:9
[INFO] [stdout]   14:     0x6538d26d9732 - std[70759c8f55707aa4]::panicking::panic_with_hook
[INFO] [stdout]                                at /rustc/dfb0accb7f508ae8be965d8629557221c889dd98/library/std/src/panicking.rs:823:13
[INFO] [stdout]   15:     0x6538d26bd4b2 - std[70759c8f55707aa4]::panicking::panic_handler::{closure#0}
[INFO] [stdout]                                at /rustc/dfb0accb7f508ae8be965d8629557221c889dd98/library/std/src/panicking.rs:688:13
[INFO] [stdout]   16:     0x6538d26b6239 - std[70759c8f55707aa4]::sys::backtrace::__rust_end_short_backtrace::<std[70759c8f55707aa4]::panicking::panic_handler::{closure#0}, !>
[INFO] [stdout]                                at /rustc/dfb0accb7f508ae8be965d8629557221c889dd98/library/std/src/sys/backtrace.rs:182:18
[INFO] [stdout]   17:     0x6538d26be0ad - __rustc[8fa7c3cbc660c2b3]::rust_begin_unwind
[INFO] [stdout]                                at /rustc/dfb0accb7f508ae8be965d8629557221c889dd98/library/std/src/panicking.rs:679:5
[INFO] [stdout]   18:     0x6538d26f574c - core[df12db4294e9bfd3]::panicking::panic_fmt
[INFO] [stdout]                                at /rustc/dfb0accb7f508ae8be965d8629557221c889dd98/library/core/src/panicking.rs:80:14
[INFO] [stdout]   19:     0x6538d26f56c3 - core[df12db4294e9bfd3]::panicking::assert_failed_inner
[INFO] [stdout]                                at /rustc/dfb0accb7f508ae8be965d8629557221c889dd98/library/core/src/panicking.rs:447:23
[INFO] [stdout]   20:     0x6538d26f1f58 - core[df12db4294e9bfd3]::panicking::assert_failed::<usize, usize>
[INFO] [stdout]                                at /rustc/dfb0accb7f508ae8be965d8629557221c889dd98/library/core/src/panicking.rs:407:5
[INFO] [stdout]   21:     0x6538d26382c2 - steamworks_sys[da299eb901c1af49]::bindgen_test_layout_ISteamUGC
[INFO] [stdout]                                at /opt/rustwide/workdir/src/linux_bindings.rs:13696:5
[INFO] [stdout]   22:     0x6538d26334b7 - steamworks_sys[da299eb901c1af49]::bindgen_test_layout_ISteamUGC::{closure#0}
[INFO] [stdout]                                at /opt/rustwide/workdir/src/linux_bindings.rs:13690:35
[INFO] [stdout]   23:     0x6538d2666986 - <steamworks_sys[da299eb901c1af49]::bindgen_test_layout_ISteamUGC::{closure#0} as core[df12db4294e9bfd3]::ops::function::FnOnce<()>>::call_once
[INFO] [stdout]                                at /rustc/dfb0accb7f508ae8be965d8629557221c889dd98/library/core/src/ops/function.rs:250:5
[INFO] [stdout]   24:     0x6538d2668ceb - <fn() -> core[df12db4294e9bfd3]::result::Result<(), alloc[2182bb758b4b3781]::string::String> as core[df12db4294e9bfd3]::ops::function::FnOnce<()>>::call_once
[INFO] [stdout]                                at /rustc/dfb0accb7f508ae8be965d8629557221c889dd98/library/core/src/ops/function.rs:250:5
[INFO] [stdout]   25:     0x6538d2668ceb - test[9d35eded1c95d3be]::__rust_begin_short_backtrace::<core[df12db4294e9bfd3]::result::Result<(), alloc[2182bb758b4b3781]::string::String>, fn() -> core[df12db4294e9bfd3]::result::Result<(), alloc[2182bb758b4b3781]::string::String>>
[INFO] [stdout]                                at /rustc/dfb0accb7f508ae8be965d8629557221c889dd98/library/test/src/lib.rs:733:18
[INFO] [stdout]   26:     0x6538d2676355 - test[9d35eded1c95d3be]::run_test_in_process::{closure#0}
[INFO] [stdout]                                at /rustc/dfb0accb7f508ae8be965d8629557221c889dd98/library/test/src/lib.rs:756:74
[INFO] [stdout]   27:     0x6538d2676355 - <core[df12db4294e9bfd3]::panic::unwind_safe::AssertUnwindSafe<test[9d35eded1c95d3be]::run_test_in_process::{closure#0}> as core[df12db4294e9bfd3]::ops::function::FnOnce<()>>::call_once
[INFO] [stdout]                                at /rustc/dfb0accb7f508ae8be965d8629557221c889dd98/library/core/src/panic/unwind_safe.rs:275:9
[INFO] [stdout]   28:     0x6538d2676355 - std[70759c8f55707aa4]::panicking::catch_unwind::do_call::<core[df12db4294e9bfd3]::panic::unwind_safe::AssertUnwindSafe<test[9d35eded1c95d3be]::run_test_in_process::{closure#0}>, core[df12db4294e9bfd3]::result::Result<(), alloc[2182bb758b4b3781]::string::String>>
[INFO] [stdout]                                at /rustc/dfb0accb7f508ae8be965d8629557221c889dd98/library/std/src/panicking.rs:576:43
[INFO] [stdout]   29:     0x6538d2676355 - std[70759c8f55707aa4]::panicking::catch_unwind::<core[df12db4294e9bfd3]::result::Result<(), alloc[2182bb758b4b3781]::string::String>, core[df12db4294e9bfd3]::panic::unwind_safe::AssertUnwindSafe<test[9d35eded1c95d3be]::run_test_in_process::{closure#0}>>
[INFO] [stdout]                                at /rustc/dfb0accb7f508ae8be965d8629557221c889dd98/library/std/src/panicking.rs:544:19
[INFO] [stdout]   30:     0x6538d2676355 - std[70759c8f55707aa4]::panic::catch_unwind::<core[df12db4294e9bfd3]::panic::unwind_safe::AssertUnwindSafe<test[9d35eded1c95d3be]::run_test_in_process::{closure#0}>, core[df12db4294e9bfd3]::result::Result<(), alloc[2182bb758b4b3781]::string::String>>
[INFO] [stdout]                                at /rustc/dfb0accb7f508ae8be965d8629557221c889dd98/library/std/src/panic.rs:359:14
[INFO] [stdout]   31:     0x6538d2676355 - test[9d35eded1c95d3be]::run_test_in_process
[INFO] [stdout]                                at /rustc/dfb0accb7f508ae8be965d8629557221c889dd98/library/test/src/lib.rs:756:27
[INFO] [stdout]   32:     0x6538d2676355 - test[9d35eded1c95d3be]::run_test::{closure#0}
[INFO] [stdout]                                at /rustc/dfb0accb7f508ae8be965d8629557221c889dd98/library/test/src/lib.rs:677:43
[INFO] [stdout]   33:     0x6538d266fc14 - test[9d35eded1c95d3be]::run_test::{closure#1}
[INFO] [stdout]                                at /rustc/dfb0accb7f508ae8be965d8629557221c889dd98/library/test/src/lib.rs:707:41
[INFO] [stdout]   34:     0x6538d266fc14 - std[70759c8f55707aa4]::sys::backtrace::__rust_begin_short_backtrace::<test[9d35eded1c95d3be]::run_test::{closure#1}, ()>
[INFO] [stdout]                                at /rustc/dfb0accb7f508ae8be965d8629557221c889dd98/library/std/src/sys/backtrace.rs:166:18
[INFO] [stdout]   35:     0x6538d26794b2 - std[70759c8f55707aa4]::thread::lifecycle::spawn_unchecked::<test[9d35eded1c95d3be]::run_test::{closure#1}, ()>::{closure#1}::{closure#0}
[INFO] [stdout]                                at /rustc/dfb0accb7f508ae8be965d8629557221c889dd98/library/std/src/thread/lifecycle.rs:70:13
[INFO] [stdout]   36:     0x6538d26794b2 - <core[df12db4294e9bfd3]::panic::unwind_safe::AssertUnwindSafe<std[70759c8f55707aa4]::thread::lifecycle::spawn_unchecked<test[9d35eded1c95d3be]::run_test::{closure#1}, ()>::{closure#1}::{closure#0}> as core[df12db4294e9bfd3]::ops::function::FnOnce<()>>::call_once
[INFO] [stdout]                                at /rustc/dfb0accb7f508ae8be965d8629557221c889dd98/library/core/src/panic/unwind_safe.rs:275:9
[INFO] [stdout]   37:     0x6538d26794b2 - std[70759c8f55707aa4]::panicking::catch_unwind::do_call::<core[df12db4294e9bfd3]::panic::unwind_safe::AssertUnwindSafe<std[70759c8f55707aa4]::thread::lifecycle::spawn_unchecked<test[9d35eded1c95d3be]::run_test::{closure#1}, ()>::{closure#1}::{closure#0}>, ()>
[INFO] [stdout]                                at /rustc/dfb0accb7f508ae8be965d8629557221c889dd98/library/std/src/panicking.rs:576:43
[INFO] [stdout]   38:     0x6538d26794b2 - std[70759c8f55707aa4]::panicking::catch_unwind::<(), core[df12db4294e9bfd3]::panic::unwind_safe::AssertUnwindSafe<std[70759c8f55707aa4]::thread::lifecycle::spawn_unchecked<test[9d35eded1c95d3be]::run_test::{closure#1}, ()>::{closure#1}::{closure#0}>>
[INFO] [stdout]                                at /rustc/dfb0accb7f508ae8be965d8629557221c889dd98/library/std/src/panicking.rs:544:19
[INFO] [stdout]   39:     0x6538d26794b2 - std[70759c8f55707aa4]::panic::catch_unwind::<core[df12db4294e9bfd3]::panic::unwind_safe::AssertUnwindSafe<std[70759c8f55707aa4]::thread::lifecycle::spawn_unchecked<test[9d35eded1c95d3be]::run_test::{closure#1}, ()>::{closure#1}::{closure#0}>, ()>
[INFO] [stdout]                                at /rustc/dfb0accb7f508ae8be965d8629557221c889dd98/library/std/src/panic.rs:359:14
[INFO] [stdout]   40:     0x6538d26794b2 - std[70759c8f55707aa4]::thread::lifecycle::spawn_unchecked::<test[9d35eded1c95d3be]::run_test::{closure#1}, ()>::{closure#1}
[INFO] [stdout]                                at /rustc/dfb0accb7f508ae8be965d8629557221c889dd98/library/std/src/thread/lifecycle.rs:68:26
[INFO] [stdout]   41:     0x6538d26794b2 - <std[70759c8f55707aa4]::thread::lifecycle::spawn_unchecked<test[9d35eded1c95d3be]::run_test::{closure#1}, ()>::{closure#1} as core[df12db4294e9bfd3]::ops::function::FnOnce<()>>::call_once::{shim:vtable#0}
[INFO] [stdout]                                at /rustc/dfb0accb7f508ae8be965d8629557221c889dd98/library/core/src/ops/function.rs:250:5
[INFO] [stdout]   42:     0x6538d26e06e9 - <alloc[2182bb758b4b3781]::boxed::Box<dyn core[df12db4294e9bfd3]::ops::function::FnOnce<(), Output = ()> + core[df12db4294e9bfd3]::marker::Send> as core[df12db4294e9bfd3]::ops::function::FnOnce<()>>::call_once
[INFO] [stdout]                                at /rustc/dfb0accb7f508ae8be965d8629557221c889dd98/library/alloc/src/boxed.rs:2320:9
[INFO] [stdout]   43:     0x6538d26e06e9 - <std[70759c8f55707aa4]::sys::thread::unix::Thread>::new::thread_start
[INFO] [stdout]                                at /rustc/dfb0accb7f508ae8be965d8629557221c889dd98/library/std/src/sys/thread/unix.rs:123:17
[INFO] [stdout]   44:     0x7c7c1148adfa - <unknown>
[INFO] [stdout]   45:     0x7c7c1151e3d4 - clone
[INFO] [stdout]   46:                0x0 - <unknown>
[INFO] [stdout] 
[INFO] [stderr] error: test failed, to rerun pass `--lib`
[INFO] [stdout] 
[INFO] [stdout] failures:
[INFO] [stdout]     bindgen_test_layout_ISteamInventory
[INFO] [stdout]     bindgen_test_layout_ISteamParties
[INFO] [stdout]     bindgen_test_layout_ISteamTimeline
[INFO] [stdout]     bindgen_test_layout_ISteamUGC
[INFO] [stdout]     bindgen_test_layout_ISteamVideo
[INFO] [stdout] 
[INFO] [stdout] test result: FAILED. 279 passed; 5 failed; 0 ignored; 0 measured; 0 filtered out; finished in 0.04s
[INFO] [stdout] 
[INFO] running `Command { std: "docker" "inspect" "13840a4df675871828f402d400a38b5abdd926b60ace021dd5d54175da1d509b", kill_on_drop: false }`
[INFO] running `Command { std: "docker" "rm" "-f" "13840a4df675871828f402d400a38b5abdd926b60ace021dd5d54175da1d509b", kill_on_drop: false }`
[INFO] [stdout] 13840a4df675871828f402d400a38b5abdd926b60ace021dd5d54175da1d509b
