[INFO] fetching crate starweft 0.3.0...
[INFO] testing starweft-0.3.0 against 1.100.0-beta.1 for beta-1.100-2
[INFO] extracting crate starweft 0.3.0 into /workspace/builds/worker-0-tc2/source
[INFO] started tweaking crates.io crate starweft 0.3.0
[INFO] removed 0 missing tests
[INFO] finished tweaking crates.io crate starweft 0.3.0
[INFO] tweaked toml for crates.io crate starweft 0.3.0 written to /workspace/builds/worker-0-tc2/source/Cargo.toml
[INFO] validating manifest of crates.io crate starweft 0.3.0 on toolchain 1.100.0-beta.1
[INFO] running `Command { std: CARGO_HOME="/workspace/cargo-home" RUSTUP_HOME="/workspace/rustup-home" "/workspace/cargo-home/bin/cargo" "+1.100.0-beta.1" "metadata" "--manifest-path" "Cargo.toml" "--no-deps", kill_on_drop: false }`
[INFO] crate crates.io crate starweft 0.3.0 already has a lockfile, it will not be regenerated
[INFO] running `Command { std: CARGO_HOME="/workspace/cargo-home" RUSTUP_HOME="/workspace/rustup-home" "/workspace/cargo-home/bin/cargo" "+1.100.0-beta.1" "fetch" "--manifest-path" "Cargo.toml", kill_on_drop: false }`
[INFO] running `Command { std: "docker" "create" "-v" "/var/lib/crater-agent-workspace/builds/worker-0-tc2/source:/opt/rustwide/workdir:ro,Z" "-v" "/var/lib/crater-agent-workspace/builds/worker-0-tc2/target:/opt/rustwide/target:rw,Z" "-v" "/var/lib/crater-agent-workspace/cargo-home:/opt/rustwide/cargo-home:ro,Z" "-v" "/var/lib/crater-agent-workspace/rustup-home:/opt/rustwide/rustup-home:ro,Z" "-m" "1610612736" "--network" "none" "ghcr.io/rust-lang/crates-build-env/linux@sha256:3111399a4047eeb3a02b7a90e478d715f38a8c6669b5c4b49d30a17385265909" "sleep" "infinity", kill_on_drop: false }`
[INFO] [stdout] 3ad3b4b2cc4af5ab71ee3c68974c1210358f9eb22dbb84df9a6a928a39c02730
[INFO] running `Command { std: "docker" "start" "3ad3b4b2cc4af5ab71ee3c68974c1210358f9eb22dbb84df9a6a928a39c02730", kill_on_drop: false }`
[INFO] running `Command { std: "docker" "inspect" "3ad3b4b2cc4af5ab71ee3c68974c1210358f9eb22dbb84df9a6a928a39c02730", kill_on_drop: false }`
[INFO] running `Command { std: "docker" "exec" "-e" "SOURCE_DIR=/opt/rustwide/workdir" "-e" "CARGO_HOME=/opt/rustwide/cargo-home" "-e" "RUSTUP_HOME=/opt/rustwide/rustup-home" "-e" "CARGO_TARGET_DIR=/opt/rustwide/target" "-w" "/opt/rustwide/workdir" "--user" "0:0" "3ad3b4b2cc4af5ab71ee3c68974c1210358f9eb22dbb84df9a6a928a39c02730" "/opt/rustwide/cargo-home/bin/cargo" "+1.100.0-beta.1" "metadata" "--no-deps" "--format-version=1", kill_on_drop: false }`
[INFO] running `Command { std: "docker" "inspect" "3ad3b4b2cc4af5ab71ee3c68974c1210358f9eb22dbb84df9a6a928a39c02730", kill_on_drop: false }`
[INFO] running `Command { std: "docker" "exec" "-e" "SOURCE_DIR=/opt/rustwide/workdir" "-e" "CARGO_HOME=/opt/rustwide/cargo-home" "-e" "RUSTUP_HOME=/opt/rustwide/rustup-home" "-e" "CARGO_TARGET_DIR=/opt/rustwide/target" "-e" "CARGO_INCREMENTAL=0" "-e" "RUST_BACKTRACE=full" "-e" "RUSTFLAGS=--cap-lints=warn" "-e" "RUSTDOCFLAGS=--cap-lints=warn" "-w" "/opt/rustwide/workdir" "--user" "0:0" "3ad3b4b2cc4af5ab71ee3c68974c1210358f9eb22dbb84df9a6a928a39c02730" "/opt/rustwide/cargo-home/bin/cargo" "+1.100.0-beta.1" "build" "--frozen" "--message-format=json", kill_on_drop: false }`
[INFO] [stderr]    Compiling quote v1.0.45
[INFO] [stderr]    Compiling libc v0.2.182
[INFO] [stderr]    Compiling memchr v2.8.0
[INFO] [stderr]    Compiling log v0.4.29
[INFO] [stderr]    Compiling zerocopy v0.8.40
[INFO] [stderr]    Compiling futures-sink v0.3.32
[INFO] [stderr]    Compiling typenum v1.19.0
[INFO] [stderr]    Compiling subtle v2.6.1
[INFO] [stderr]    Compiling smallvec v1.15.1
[INFO] [stderr]    Compiling futures-channel v0.3.32
[INFO] [stderr]    Compiling futures-io v0.3.32
[INFO] [stderr]    Compiling syn v2.0.117
[INFO] [stderr]    Compiling slab v0.4.12
[INFO] [stderr]    Compiling semver v1.0.27
[INFO] [stderr]    Compiling bytes v1.11.1
[INFO] [stderr]    Compiling portable-atomic v1.13.1
[INFO] [stderr]    Compiling rustc_version v0.4.1
[INFO] [stderr]    Compiling signature v2.2.0
[INFO] [stderr]    Compiling ed25519 v2.2.3
[INFO] [stderr]    Compiling curve25519-dalek v4.1.3
[INFO] [stderr]    Compiling litemap v0.8.1
[INFO] [stderr]    Compiling find-msvc-tools v0.1.9
[INFO] [stderr]    Compiling writeable v0.6.2
[INFO] [stderr]    Compiling generic-array v0.14.7
[INFO] [stderr]    Compiling once_cell v1.21.3
[INFO] [stderr]    Compiling cc v1.2.56
[INFO] [stderr]    Compiling icu_normalizer_data v2.1.1
[INFO] [stderr]    Compiling icu_properties_data v2.1.2
[INFO] [stderr]    Compiling getrandom v0.3.4
[INFO] [stderr]    Compiling tracing-core v0.1.36
[INFO] [stderr]    Compiling bitflags v2.11.0
[INFO] [stderr]    Compiling getrandom v0.2.17
[INFO] [stderr]    Compiling mio v1.1.1
[INFO] [stderr]    Compiling rand_core v0.6.4
[INFO] [stderr]    Compiling crypto-common v0.1.7
[INFO] [stderr]    Compiling block-buffer v0.10.4
[INFO] [stderr]    Compiling socket2 v0.6.3
[INFO] [stderr]    Compiling digest v0.10.7
[INFO] [stderr]    Compiling sha2 v0.10.9
[INFO] [stderr]    Compiling rand_core v0.9.5
[INFO] [stderr]    Compiling parking_lot_core v0.9.12
[INFO] [stderr]    Compiling data-encoding v2.10.0
[INFO] [stderr]    Compiling parking_lot v0.12.5
[INFO] [stderr]    Compiling hmac v0.12.1
[INFO] [stderr]    Compiling core2 v0.4.0
[INFO] [stderr]    Compiling const-str v0.4.3
[INFO] [stderr]    Compiling either v1.15.0
[INFO] [stderr]    Compiling unsigned-varint v0.8.0
[INFO] [stderr]    Compiling hashbrown v0.15.5
[INFO] [stderr]    Compiling multihash v0.19.3
[INFO] [stderr]    Compiling ring v0.17.14
[INFO] [stderr]    Compiling quick-protobuf v0.8.1
[INFO] [stderr]    Compiling hkdf v0.12.4
[INFO] [stderr]    Compiling cfg_aliases v0.2.1
[INFO] [stderr]    Compiling base-x v0.2.11
[INFO] [stderr]    Compiling bs58 v0.5.1
[INFO] [stderr]    Compiling futures-timer v3.0.3
[INFO] [stderr]    Compiling web-time v1.1.0
[INFO] [stderr]    Compiling unsigned-varint v0.7.2
[INFO] [stderr]    Compiling arrayref v0.3.9
[INFO] [stderr]    Compiling serde_json v1.0.149
[INFO] [stderr]    Compiling num-conv v0.2.0
[INFO] [stderr]    Compiling time-core v0.1.8
[INFO] [stderr]    Compiling hashlink v0.10.0
[INFO] [stderr]    Compiling time-macros v0.2.27
[INFO] [stderr]    Compiling deranged v0.5.8
[INFO] [stderr]    Compiling ipnet v2.12.0
[INFO] [stderr]    Compiling netlink-packet-core v0.8.1
[INFO] [stderr]    Compiling nix v0.30.1
[INFO] [stderr]    Compiling http v1.4.0
[INFO] [stderr]    Compiling rustversion v1.0.22
[INFO] [stderr]    Compiling synstructure v0.13.2
[INFO] [stderr]    Compiling http-body v1.0.1
[INFO] [stderr]    Compiling time v0.3.47
[INFO] [stderr]    Compiling netlink-packet-route v0.28.0
[INFO] [stderr]    Compiling ppv-lite86 v0.2.21
[INFO] [stderr]    Compiling anyhow v1.0.102
[INFO] [stderr]    Compiling pkg-config v0.3.32
[INFO] [stderr]    Compiling rand_chacha v0.9.0
[INFO] [stderr]    Compiling rand v0.9.2
[INFO] [stderr]    Compiling rand_chacha v0.3.1
[INFO] [stderr]    Compiling libsqlite3-sys v0.32.0
[INFO] [stderr]    Compiling rand v0.8.5
[INFO] [stderr]    Compiling errno v0.3.14
[INFO] [stderr]    Compiling snow v0.9.6
[INFO] [stderr]    Compiling rustls v0.23.37
[INFO] [stderr]    Compiling nohash-hasher v0.2.0
[INFO] [stderr]    Compiling anstyle-parse v0.2.7
[INFO] [stderr]    Compiling zeroize_derive v1.4.3
[INFO] [stderr]    Compiling futures-macro v0.3.32
[INFO] [stderr]    Compiling serde_derive v1.0.228
[INFO] [stderr]    Compiling zerofrom-derive v0.1.6
[INFO] [stderr]    Compiling zeroize v1.8.2
[INFO] [stderr]    Compiling yoke-derive v0.8.1
[INFO] [stderr]    Compiling thiserror-impl v2.0.18
[INFO] [stderr]    Compiling zerovec-derive v0.11.2
[INFO] [stderr]    Compiling futures-util v0.3.32
[INFO] [stderr]    Compiling zerofrom v0.1.6
[INFO] [stderr]    Compiling displaydoc v0.2.5
[INFO] [stderr]    Compiling yoke v0.8.1
[INFO] [stderr]    Compiling curve25519-dalek-derive v0.1.1
[INFO] [stderr]    Compiling thiserror v2.0.18
[INFO] [stderr]    Compiling zerotrie v0.2.3
[INFO] [stderr]    Compiling tokio-macros v2.6.1
[INFO] [stderr]    Compiling zerovec v0.11.5
[INFO] [stderr]    Compiling tracing-attributes v0.1.31
[INFO] [stderr]    Compiling pin-project-internal v1.1.11
[INFO] [stderr]    Compiling tokio v1.50.0
[INFO] [stderr]    Compiling tinystr v0.8.2
[INFO] [stderr]    Compiling icu_locale_core v2.1.1
[INFO] [stderr]    Compiling potential_utf v0.1.4
[INFO] [stderr]    Compiling icu_collections v2.1.1
[INFO] [stderr]    Compiling tracing v0.1.44
[INFO] [stderr]    Compiling ed25519-dalek v2.2.0
[INFO] [stderr]    Compiling icu_provider v2.1.1
[INFO] [stderr]    Compiling pin-project v1.1.11
[INFO] [stderr]    Compiling data-encoding-macro-internal v0.1.17
[INFO] [stderr]    Compiling serde v1.0.228
[INFO] [stderr]    Compiling icu_properties v2.1.2
[INFO] [stderr]    Compiling icu_normalizer v2.1.1
[INFO] [stderr]    Compiling match-lookup v0.1.2
[INFO] [stderr]    Compiling data-encoding-macro v0.1.19
[INFO] [stderr]    Compiling libp2p-identity v0.2.13
[INFO] [stderr]    Compiling futures-executor v0.3.32
[INFO] [stderr]    Compiling futures v0.3.32
[INFO] [stderr]    Compiling base256emoji v1.0.2
[INFO] [stderr]    Compiling multibase v0.9.2
[INFO] [stderr]    Compiling multistream-select v0.13.0
[INFO] [stderr]    Compiling rw-stream-sink v0.4.0
[INFO] [stderr]    Compiling ulid v1.2.1
[INFO] [stderr]    Compiling libp2p-swarm-derive v0.35.1
[INFO] [stderr]    Compiling thiserror-impl v1.0.69
[INFO] [stderr]    Compiling starweft-id v0.3.0
[INFO] [stderr]    Compiling rustls-pki-types v1.14.0
[INFO] [stderr]    Compiling async-trait v0.1.89
[INFO] [stderr]    Compiling starweft-crypto v0.3.0
[INFO] [stderr]    Compiling idna_adapter v1.2.1
[INFO] [stderr]    Compiling idna v1.1.0
[INFO] [stderr]    Compiling starweft-protocol v0.3.0
[INFO] [stderr]    Compiling rustls-webpki v0.103.9
[INFO] [stderr]    Compiling enum-as-inner v0.6.1
[INFO] [stderr]    Compiling url v2.5.8
[INFO] [stderr]    Compiling thiserror v1.0.69
[INFO] [stderr]    Compiling darling_core v0.23.0
[INFO] [stderr]    Compiling signal-hook-registry v1.4.8
[INFO] [stderr]    Compiling multiaddr v0.18.2
[INFO] [stderr]    Compiling netlink-sys v0.8.8
[INFO] [stderr]    Compiling libp2p-core v0.43.2
[INFO] [stderr]    Compiling socket2 v0.5.10
[INFO] [stderr]    Compiling netlink-proto v0.12.0
[INFO] [stderr]    Compiling rtnetlink v0.20.0
[INFO] [stderr]    Compiling rustix v0.38.44
[INFO] [stderr]    Compiling colorchoice v1.0.4
[INFO] [stderr]    Compiling anstream v0.6.21
[INFO] [stderr]    Compiling libp2p-swarm v0.47.1
[INFO] [stderr]    Compiling hyper v1.8.1
[INFO] [stderr]    Compiling hickory-proto v0.25.2
[INFO] [stderr]    Compiling signal-hook v0.3.18
[INFO] [stderr]    Compiling if-watch v3.2.2
[INFO] [stderr]    Compiling cbor4ii v0.3.3
[INFO] [stderr]    Compiling darling_macro v0.23.0
[INFO] [stderr]    Compiling yamux v0.12.1
[INFO] [stderr]    Compiling yamux v0.13.9
[INFO] [stderr]    Compiling asynchronous-codec v0.7.0
[INFO] [stderr]    Compiling futures-bounded v0.2.4
[INFO] [stderr]    Compiling x25519-dalek v2.0.1
[INFO] [stderr]    Compiling nix v0.31.2
[INFO] [stderr]    Compiling sync_wrapper v1.0.2
[INFO] [stderr]    Compiling clap_lex v1.0.0
[INFO] [stderr]    Compiling linux-raw-sys v0.4.15
[INFO] [stderr]    Compiling regex-syntax v0.8.10
[INFO] [stderr]    Compiling fallible-iterator v0.3.0
[INFO] [stderr]    Compiling hashbrown v0.16.1
[INFO] [stderr]    Compiling fallible-streaming-iterator v0.1.9
[INFO] [stderr]    Compiling instability v0.3.11
[INFO] [stderr]    Compiling tower v0.5.3
[INFO] [stderr]    Compiling clap_builder v4.5.60
[INFO] [stderr]    Compiling indexmap v2.13.0
[INFO] [stderr]    Compiling libp2p-mdns v0.48.0
[INFO] [stderr]    Compiling regex-automata v0.4.14
[INFO] [stderr]    Compiling tokio-rustls v0.26.4
[INFO] [stderr]    Compiling libp2p-yamux v0.47.0
[INFO] [stderr]    Compiling libp2p-noise v0.46.1
[INFO] [stderr]    Compiling libp2p-request-response v0.29.0
[INFO] [stderr]    Compiling darling v0.23.0
[INFO] [stderr]    Compiling libp2p-tcp v0.44.1
[INFO] [stderr]    Compiling signal-hook-mio v0.2.5
[INFO] [stderr]    Compiling libp2p-allow-block-list v0.6.0
[INFO] [stderr]    Compiling libp2p-connection-limits v0.6.0
[INFO] [stderr]    Compiling hyper-util v0.1.20
[INFO] [stderr]    Compiling starweft-stop v0.3.0
[INFO] [stderr]    Compiling webpki-roots v1.0.6
[INFO] [stderr]    Compiling serde_spanned v0.6.9
[INFO] [stderr]    Compiling toml_datetime v0.6.11
[INFO] [stderr]    Compiling strum_macros v0.26.4
[INFO] [stderr]    Compiling clap_derive v4.5.55
[INFO] [stderr]    Compiling castaway v0.2.4
[INFO] [stderr]    Compiling itertools v0.13.0
[INFO] [stderr]    Compiling iri-string v0.7.10
[INFO] [stderr]    Compiling winnow v0.7.15
[INFO] [stderr]    Compiling toml_write v0.1.2
[INFO] [stderr]    Compiling unicode-width v0.1.14
[INFO] [stderr]    Compiling unicode-segmentation v1.12.0
[INFO] [stderr]    Compiling dirs-sys v0.5.0
[INFO] [stderr]    Compiling tower-http v0.6.8
[INFO] [stderr]    Compiling unicode-truncate v1.1.0
[INFO] [stderr]    Compiling clap v4.5.60
[INFO] [stderr]    Compiling strum v0.26.3
[INFO] [stderr]    Compiling matchers v0.2.0
[INFO] [stderr]    Compiling hyper-rustls v0.27.7
[INFO] [stderr]    Compiling compact_str v0.8.1
[INFO] [stderr]    Compiling libp2p v0.56.0
[INFO] [stderr]    Compiling crossterm v0.28.1
[INFO] [stderr]    Compiling serde_urlencoded v0.7.1
[INFO] [stderr]    Compiling http-body-util v0.1.3
[INFO] [stderr]    Compiling lru v0.12.5
[INFO] [stderr]    Compiling tracing-log v0.2.0
[INFO] [stderr]    Compiling wait-timeout v0.2.1
[INFO] [stderr]    Compiling thread_local v1.1.9
[INFO] [stderr]    Compiling unicode-width v0.2.0
[INFO] [stderr]    Compiling toml_edit v0.22.27
[INFO] [stderr]    Compiling cassowary v0.3.0
[INFO] [stderr]    Compiling nu-ansi-term v0.50.3
[INFO] [stderr]    Compiling starweft-openclaw-bridge v0.3.0
[INFO] [stderr]    Compiling reqwest v0.12.28
[INFO] [stderr]    Compiling rusqlite v0.34.0
[INFO] [stderr]    Compiling ratatui v0.29.0
[INFO] [stderr]    Compiling tracing-subscriber v0.3.22
[INFO] [stderr]    Compiling ctrlc v3.5.2
[INFO] [stderr]    Compiling starweft-p2p v0.3.0
[INFO] [stderr]    Compiling clap_complete v4.5.66
[INFO] [stderr]    Compiling dirs v6.0.0
[INFO] [stderr]    Compiling starweft-observation v0.3.0
[INFO] [stderr]    Compiling starweft-store v0.3.0
[INFO] [stderr]    Compiling toml v0.8.23
[INFO] [stderr]    Compiling starweft-runtime v0.3.0
[INFO] [stderr]    Compiling starweft v0.3.0 (/opt/rustwide/workdir)
[INFO] [stderr]     Finished `dev` profile [unoptimized + debuginfo] target(s) in 3m 34s
[INFO] [stderr] warning: the following packages contain code that will be rejected by a future version of Rust: nix v0.30.1, nix v0.31.2
[INFO] [stderr] note: to see what the problems were, use the option `--future-incompat-report`, or run `cargo report future-incompatibilities --id 1`
[INFO] running `Command { std: "docker" "inspect" "3ad3b4b2cc4af5ab71ee3c68974c1210358f9eb22dbb84df9a6a928a39c02730", kill_on_drop: false }`
[INFO] running `Command { std: "docker" "exec" "-e" "SOURCE_DIR=/opt/rustwide/workdir" "-e" "CARGO_HOME=/opt/rustwide/cargo-home" "-e" "RUSTUP_HOME=/opt/rustwide/rustup-home" "-e" "CARGO_TARGET_DIR=/opt/rustwide/target" "-e" "CARGO_INCREMENTAL=0" "-e" "RUST_BACKTRACE=full" "-e" "RUSTFLAGS=--cap-lints=warn" "-e" "RUSTDOCFLAGS=--cap-lints=warn" "-w" "/opt/rustwide/workdir" "--user" "0:0" "3ad3b4b2cc4af5ab71ee3c68974c1210358f9eb22dbb84df9a6a928a39c02730" "/opt/rustwide/cargo-home/bin/cargo" "+1.100.0-beta.1" "test" "--frozen" "--no-run" "--message-format=json", kill_on_drop: false }`
[INFO] [stderr]    Compiling getrandom v0.4.2
[INFO] [stderr]    Compiling rustix v1.1.4
[INFO] [stderr]    Compiling linux-raw-sys v0.12.1
[INFO] [stderr]    Compiling fastrand v2.3.0
[INFO] [stderr]    Compiling tempfile v3.26.0
[INFO] [stderr]    Compiling starweft v0.3.0 (/opt/rustwide/workdir)
[INFO] [stderr]     Finished `test` profile [unoptimized + debuginfo] target(s) in 19.35s
[INFO] [stderr] warning: the following packages contain code that will be rejected by a future version of Rust: nix v0.30.1, nix v0.31.2
[INFO] [stderr] note: to see what the problems were, use the option `--future-incompat-report`, or run `cargo report future-incompatibilities --id 1`
[INFO] running `Command { std: "docker" "inspect" "3ad3b4b2cc4af5ab71ee3c68974c1210358f9eb22dbb84df9a6a928a39c02730", kill_on_drop: false }`
[INFO] running `Command { std: "docker" "exec" "-e" "SOURCE_DIR=/opt/rustwide/workdir" "-e" "CARGO_HOME=/opt/rustwide/cargo-home" "-e" "RUSTUP_HOME=/opt/rustwide/rustup-home" "-e" "CARGO_TARGET_DIR=/opt/rustwide/target" "-e" "CARGO_INCREMENTAL=0" "-e" "RUST_BACKTRACE=full" "-e" "RUSTFLAGS=--cap-lints=warn" "-e" "RUSTDOCFLAGS=--cap-lints=warn" "-w" "/opt/rustwide/workdir" "--user" "0:0" "3ad3b4b2cc4af5ab71ee3c68974c1210358f9eb22dbb84df9a6a928a39c02730" "/opt/rustwide/cargo-home/bin/cargo" "+1.100.0-beta.1" "test" "--frozen", kill_on_drop: false }`
[INFO] [stderr]     Finished `test` profile [unoptimized + debuginfo] target(s) in 0.64s
[INFO] [stderr] warning: the following packages contain code that will be rejected by a future version of Rust: nix v0.30.1, nix v0.31.2
[INFO] [stderr] note: to see what the problems were, use the option `--future-incompat-report`, or run `cargo report future-incompatibilities --id 1`
[INFO] [stderr]      Running unittests src/main.rs (/opt/rustwide/target/debug/build/starweft/52a396c52715b3ad/out/starweft-52a396c52715b3ad)
[INFO] [stdout] 
[INFO] [stdout] running 92 tests
[INFO] [stdout] test commands::tests::config_validate_reports_error_for_missing_config ... ok
[INFO] [stdout] test commands::tests::config_validate_json_output_includes_warnings ... ok
[INFO] [stdout] test commands::tests::config_validate_succeeds_for_valid_config ... ok
[INFO] [stdout] test config::tests::load_normalizes_older_schema_version_label ... ok
[INFO] [stdout] test config::tests::redacted_masks_inline_registry_secret ... ok
[INFO] [stdout] test config::tests::save_and_layout_use_private_permissions ... ok
[INFO] [stdout] test decision::tests::openclaw_planner_can_return_task_specs ... ok
[INFO] [stdout] test decision::tests::planner_parser_accepts_wrapped_tasks ... ok
[INFO] [stdout] test decision::tests::planner_parser_rejects_empty_task_objective ... ok
[INFO] [stdout] test decision::tests::planner_task_spec_marks_distributed_mode ... ok
[INFO] [stdout] test decision::tests::retry_policy_honors_strategy_rules ... ok
[INFO] [stdout] test decision::tests::worker_planner_failure_can_fallback_to_heuristic ... ok
[INFO] [stdout] test decision::tests::worker_planner_result_materializes_tasks ... ok
[INFO] [stdout] test helpers::tests::parse_log_timestamp_reads_prefixed_rfc3339 ... ok
[INFO] [stdout] test commands::tests::backup_create_fails_when_actor_key_is_unreadable ... ok
[INFO] [stdout] test helpers::tests::write_runtime_log_rotates_archives ... ok
[INFO] [stdout] test commands::tests::repair_list_dead_letters_renders_entries ... ok
[INFO] [stdout] test helpers::tests::persist_task_artifact_prunes_old_files ... ok
[INFO] [stdout] test project::tests::build_task_tree_nodes_nests_children ... ok
[INFO] [stdout] test project::tests::project_item_matches_filters_by_status_owner_and_updated_since ... ok
[INFO] [stdout] test project::tests::task_item_matches_filters_by_status_assignee_and_updated_since ... ok
[INFO] [stdout] test publish::tests::build_github_publish_payload_sets_target_metadata ... ok
[INFO] [stdout] test publish::tests::parse_github_repo_rejects_invalid_format ... ok
[INFO] [stdout] test commands::tests::backup_restore_rejects_missing_manifest_signature ... ok
[INFO] [stdout] test commands::tests::backup_manifest_contains_signature_and_checksums ... ok
[INFO] [stdout] test publish::tests::validate_github_target_requires_exactly_one_target ... ok
[INFO] [stdout] test registry::tests::enforce_registry_rate_limit_rejects_burst_with_retry_after ... ok
[INFO] [stdout] test publish::tests::post_github_comment_sends_issue_comment_request ... ok
[INFO] [stdout] test registry::tests::parse_registry_content_length_rejects_oversized_payload ... ok
[INFO] [stdout] test registry::tests::process_registry_request_rejects_invalid_announce_payload ... ok
[INFO] [stdout] test registry::tests::registry_bind_requires_auth_for_non_loopback_addresses ... ok
[INFO] [stdout] test registry::tests::remember_registry_nonce_rejects_replay_within_auth_window ... ok
[INFO] [stdout] test registry::tests::run_registry_serve_rejects_public_bind_without_auth_by_default ... ok
[INFO] [stdout] test registry::tests::enforce_registry_rate_limit_resets_per_window_and_endpoint ... ok
[INFO] [stdout] test registry::tests::validate_registry_auth_headers_rejects_stale_timestamp ... ok
[INFO] [stdout] test runtime::tests::classify_task_failure_action_retries_different_worker_on_process_failure ... ok
[INFO] [stdout] test runtime::tests::classify_task_failure_action_retries_transient_failures ... ok
[INFO] [stdout] test runtime::tests::classify_task_failure_action_stops_on_permanent_failures ... ok
[INFO] [stdout] test publish::tests::resolve_publish_scope_preserves_task_scope ... ok
[INFO] [stdout] test project::tests::approve_project_execution_resumes_human_approval_blocked_task ... ok
[INFO] [stdout] test runtime::tests::classify_task_failure_action_stops_when_retry_limit_is_reached ... ok
[INFO] [stdout] test runtime::tests::classify_task_failure_action_uses_configured_retry_rules ... ok
[INFO] [stdout] test runtime::tests::collect_json_schema_validation_errors_reports_nested_mismatches ... ok
[INFO] [stdout] test runtime::tests::ensure_wire_protocol_compatible_rejects_unexpected_protocol ... ok
[INFO] [stdout] test commands::tests::backup_restore_rejects_checksum_mismatch ... ok
[INFO] [stdout] test project::tests::approve_task_execution_resumes_only_target_task ... ok
[INFO] [stdout] test registry::tests::sync_discovery_registry_announces_and_imports_peers ... ok
[INFO] [stdout] test commands::tests::backup_restore_reports_conflict_for_existing_wal_without_force ... ok
[INFO] [stdout] test runtime::tests::flush_outbox_schedules_retry_for_unsupported_targets ... ok
[INFO] [stdout] test runtime::tests::dispatch_next_task_offer_respects_minimal_budget_mode ... ok
[INFO] [stdout] test runtime::tests::relay_incoming_wire_queues_raw_wire_once_for_retryable_delivery ... ok
[INFO] [stdout] test runtime::tests::validate_runtime_compatibility_rejects_protocol_mismatch ... ok
[INFO] [stdout] test runtime::tests::validate_runtime_compatibility_rejects_schema_mismatch ... ok
[INFO] [stdout] test runtime::tests::verify_and_decode_rejects_expired_message ... ok
[INFO] [stdout] test runtime::tests::queue_remote_approval_queues_outbox_message_for_owner ... ok
[INFO] [stdout] test runtime::tests::route_incoming_wire_skips_processed_duplicates_before_peer_lookup ... ok
[INFO] [stdout] test status::tests::metrics_output_renders_json ... ok
[INFO] [stdout] test status::tests::metrics_output_renders_prometheus ... ok
[INFO] [stdout] test status::tests::render_event_json_line_parses_body_json ... ok
[INFO] [stdout] test status::tests::render_logs_output_filters_and_tails_lines ... ok
[INFO] [stdout] test status::tests::render_logs_output_filters_by_since_sec ... ok
[INFO] [stdout] test status::tests::status_compact_watch_summary_reports_compact_delta ... ok
[INFO] [stdout] test status::tests::status_health_summary_is_role_specific ... ok
[INFO] [stdout] test status::tests::status_liveness_fails_without_local_identity ... ok
[INFO] [stdout] test status::tests::status_probe_output_renders_json ... ok
[INFO] [stdout] test status::tests::status_readiness_fails_when_worker_cannot_accept_work ... ok
[INFO] [stdout] test status::tests::status_watch_summary_reports_health_delta ... ok
[INFO] [stdout] test vision::tests::build_vision_plan_preview_marks_distributed_planner_mode ... ok
[INFO] [stdout] test vision::tests::build_vision_plan_preview_reports_missing_information ... ok
[INFO] [stdout] test vision::tests::build_vision_plan_preview_returns_heuristic_tasks ... ok
[INFO] [stdout] test vision::tests::build_vision_submit_command_quotes_shell_arguments ... ok
[INFO] [stdout] test wait::tests::parse_wait_target_applies_scope_defaults ... ok
[INFO] [stdout] test commands::tests::backup_restore_round_trip_succeeds_without_force_on_fresh_target ... ok
[INFO] [stdout] test runtime::tests::dispatch_next_task_offer_fails_task_when_external_agents_are_disallowed ... ok
[INFO] [stdout] test watch::tests::classify_log_severity_uses_message_prefix ... ok
[INFO] [stdout] test watch::tests::log_component_latest_summary_reports_latest_line_per_component ... ok
[INFO] [stdout] test watch::tests::log_component_summary_reports_per_component_updates ... ok
[INFO] [stdout] test watch::tests::log_severity_summary_counts_warning_and_error_lines ... ok
[INFO] [stdout] test watch::tests::log_watch_summary_reports_new_lines ... ok
[INFO] [stdout] test watch::tests::snapshot_compact_watch_summary_reports_compact_delta ... ok
[INFO] [stdout] test watch::tests::snapshot_json_watch_summary_reports_changed_paths ... ok
[INFO] [stdout] test watch::tests::snapshot_watch_summary_reports_task_count_deltas ... ok
[INFO] [stdout] test watch::tests::watch_frame_marks_added_and_removed_lines ... ok
[INFO] [stdout] test watch::tests::watch_frame_marks_changed_lines ... ok
[INFO] [stdout] test watch::tests::watch_summary_lists_changed_keys ... ok
[INFO] [stdout] test runtime::tests::worker_join_offer_rejects_when_openclaw_is_disabled ... ok
[INFO] [stdout] test runtime::tests::select_next_worker_actor_id_prefers_matching_capability ... ok
[INFO] [stdout] test runtime::tests::worker_join_offer_rejects_when_active_tasks_reach_limit ... ok
[INFO] [stdout] test wait::tests::poll_wait_target_matches_project_approval_applied_event ... ok
[INFO] [stdout] test runtime::tests::handle_owner_approval_granted_resumes_blocked_project ... ok
[INFO] [stdout] test wait::tests::poll_wait_target_matches_terminal_task_snapshot ... ok
[INFO] [stdout] test runtime::tests::flush_outbox_retries_only_failed_targets ... FAILED
[INFO] [stdout] 
[INFO] [stdout] failures:
[INFO] [stdout] 
[INFO] [stdout] ---- runtime::tests::flush_outbox_retries_only_failed_targets stdout ----
[INFO] [stdout] 
[INFO] [stdout] thread 'runtime::tests::flush_outbox_retries_only_failed_targets' (3444) panicked at src/runtime.rs:3819:9:
[INFO] [stdout] assertion failed: deliveries.iter().any(|record|
[INFO] [stdout]         {
[INFO] [stdout]             record.multiaddr == success_addr &&
[INFO] [stdout]                 record.delivery_state == DeliveryState::DeliveredLocal
[INFO] [stdout]         })
[INFO] [stdout] stack backtrace:
[INFO] [stdout]    0:     0x64dcb7136b41 - std[617be2ca0a6fd877]::backtrace_rs::backtrace::libunwind::trace
[INFO] [stdout]                                at /rustc/e3feeb59cd1bdd011a2bfcc0747b55125d9b8527/library/std/src/../../backtrace/src/backtrace/libunwind.rs:117:9
[INFO] [stdout]    1:     0x64dcb7136b41 - std[617be2ca0a6fd877]::backtrace_rs::backtrace::trace_unsynchronized::<std[617be2ca0a6fd877]::sys::backtrace::_print_fmt::{closure#1}>
[INFO] [stdout]                                at /rustc/e3feeb59cd1bdd011a2bfcc0747b55125d9b8527/library/std/src/../../backtrace/src/backtrace/mod.rs:66:14
[INFO] [stdout]    2:     0x64dcb7136b41 - std[617be2ca0a6fd877]::sys::backtrace::_print_fmt
[INFO] [stdout]                                at /rustc/e3feeb59cd1bdd011a2bfcc0747b55125d9b8527/library/std/src/sys/backtrace.rs:74:9
[INFO] [stdout]    3:     0x64dcb7136b41 - <<std[617be2ca0a6fd877]::sys::backtrace::BacktraceLock>::print::DisplayBacktrace as core[a373ad73a504971]::fmt::Display>::fmt
[INFO] [stdout]                                at /rustc/e3feeb59cd1bdd011a2bfcc0747b55125d9b8527/library/std/src/sys/backtrace.rs:44:26
[INFO] [stdout]    4:     0x64dcb71505da - <core[a373ad73a504971]::fmt::rt::Argument>::fmt
[INFO] [stdout]                                at /rustc/e3feeb59cd1bdd011a2bfcc0747b55125d9b8527/library/core/src/fmt/rt.rs:152:76
[INFO] [stdout]    5:     0x64dcb71505da - core[a373ad73a504971]::fmt::write
[INFO] [stdout]    6:     0x64dcb713c25c - core[a373ad73a504971]::io::write::default_write_fmt::<alloc[2e1b2a31b91974c5]::vec::Vec<u8>>
[INFO] [stdout]                                at /rustc/e3feeb59cd1bdd011a2bfcc0747b55125d9b8527/library/core/src/io/write.rs:402:11
[INFO] [stdout]    7:     0x64dcb713c25c - <alloc[2e1b2a31b91974c5]::vec::Vec<u8> as core[a373ad73a504971]::io::write::Write>::write_fmt
[INFO] [stdout]                                at /rustc/e3feeb59cd1bdd011a2bfcc0747b55125d9b8527/library/core/src/io/write.rs:335:13
[INFO] [stdout]    8:     0x64dcb710d006 - <std[617be2ca0a6fd877]::sys::backtrace::BacktraceLock>::print
[INFO] [stdout]                                at /rustc/e3feeb59cd1bdd011a2bfcc0747b55125d9b8527/library/std/src/sys/backtrace.rs:47:9
[INFO] [stdout]    9:     0x64dcb710d006 - std[617be2ca0a6fd877]::panicking::default_hook::{closure#0}
[INFO] [stdout]                                at /rustc/e3feeb59cd1bdd011a2bfcc0747b55125d9b8527/library/std/src/panicking.rs:289:27
[INFO] [stdout]   10:     0x64dcb712c339 - std[617be2ca0a6fd877]::panicking::default_hook
[INFO] [stdout]                                at /rustc/e3feeb59cd1bdd011a2bfcc0747b55125d9b8527/library/std/src/panicking.rs:313:9
[INFO] [stdout]   11:     0x64dcb67c6080 - <alloc[2e1b2a31b91974c5]::boxed::Box<dyn for<'a, 'b> core[a373ad73a504971]::ops::function::Fn<(&'a std[617be2ca0a6fd877]::panic::PanicHookInfo<'b>,), Output = ()> + core[a373ad73a504971]::marker::Sync + core[a373ad73a504971]::marker::Send> as core[a373ad73a504971]::ops::function::Fn<(&std[617be2ca0a6fd877]::panic::PanicHookInfo,)>>::call
[INFO] [stdout]                                at /rustc/e3feeb59cd1bdd011a2bfcc0747b55125d9b8527/library/alloc/src/boxed.rs:2328:9
[INFO] [stdout]   12:     0x64dcb67c6080 - test[aada8e7e76ba119b]::test_main_inner::{closure#0}
[INFO] [stdout]                                at /rustc/e3feeb59cd1bdd011a2bfcc0747b55125d9b8527/library/test/src/lib.rs:137:21
[INFO] [stdout]   13:     0x64dcb712c662 - <alloc[2e1b2a31b91974c5]::boxed::Box<dyn for<'a, 'b> core[a373ad73a504971]::ops::function::Fn<(&'a std[617be2ca0a6fd877]::panic::PanicHookInfo<'b>,), Output = ()> + core[a373ad73a504971]::marker::Sync + core[a373ad73a504971]::marker::Send> as core[a373ad73a504971]::ops::function::Fn<(&std[617be2ca0a6fd877]::panic::PanicHookInfo,)>>::call
[INFO] [stdout]                                at /rustc/e3feeb59cd1bdd011a2bfcc0747b55125d9b8527/library/alloc/src/boxed.rs:2328:9
[INFO] [stdout]   14:     0x64dcb712c662 - std[617be2ca0a6fd877]::panicking::panic_with_hook
[INFO] [stdout]                                at /rustc/e3feeb59cd1bdd011a2bfcc0747b55125d9b8527/library/std/src/panicking.rs:819:13
[INFO] [stdout]   15:     0x64dcb710d0e4 - std[617be2ca0a6fd877]::panicking::panic_handler::{closure#0}
[INFO] [stdout]                                at /rustc/e3feeb59cd1bdd011a2bfcc0747b55125d9b8527/library/std/src/panicking.rs:678:13
[INFO] [stdout]   16:     0x64dcb71053a9 - std[617be2ca0a6fd877]::sys::backtrace::__rust_end_short_backtrace::<std[617be2ca0a6fd877]::panicking::panic_handler::{closure#0}, !>
[INFO] [stdout]                                at /rustc/e3feeb59cd1bdd011a2bfcc0747b55125d9b8527/library/std/src/sys/backtrace.rs:182:18
[INFO] [stdout]   17:     0x64dcb710e16d - __rustc[ea4f61d10b84890b]::rust_begin_unwind
[INFO] [stdout]                                at /rustc/e3feeb59cd1bdd011a2bfcc0747b55125d9b8527/library/std/src/panicking.rs:676:5
[INFO] [stdout]   18:     0x64dcb7150e2c - core[a373ad73a504971]::panicking::panic_fmt
[INFO] [stdout]                                at /rustc/e3feeb59cd1bdd011a2bfcc0747b55125d9b8527/library/core/src/panicking.rs:80:14
[INFO] [stdout]   19:     0x64dcb7150df2 - core[a373ad73a504971]::panicking::panic
[INFO] [stdout]                                at /rustc/e3feeb59cd1bdd011a2bfcc0747b55125d9b8527/library/core/src/panicking.rs:150:5
[INFO] [stdout]   20:     0x64dcb64e8e78 - starweft[7453f7aa41d6ba51]::runtime::tests::flush_outbox_retries_only_failed_targets
[INFO] [stdout]                                at /opt/rustwide/workdir/src/runtime.rs:3819:9
[INFO] [stdout]   21:     0x64dcb64d71d7 - starweft[7453f7aa41d6ba51]::runtime::tests::flush_outbox_retries_only_failed_targets::{closure#0}
[INFO] [stdout]                                at /opt/rustwide/workdir/src/runtime.rs:3767:50
[INFO] [stdout]   22:     0x64dcb663ab46 - <starweft[7453f7aa41d6ba51]::runtime::tests::flush_outbox_retries_only_failed_targets::{closure#0} as core[a373ad73a504971]::ops::function::FnOnce<()>>::call_once
[INFO] [stdout]                                at /rustc/e3feeb59cd1bdd011a2bfcc0747b55125d9b8527/library/core/src/ops/function.rs:250:5
[INFO] [stdout]   23:     0x64dcb67b94cb - <fn() -> core[a373ad73a504971]::result::Result<(), alloc[2e1b2a31b91974c5]::string::String> as core[a373ad73a504971]::ops::function::FnOnce<()>>::call_once
[INFO] [stdout]                                at /rustc/e3feeb59cd1bdd011a2bfcc0747b55125d9b8527/library/core/src/ops/function.rs:250:5
[INFO] [stdout]   24:     0x64dcb67b94cb - test[aada8e7e76ba119b]::__rust_begin_short_backtrace::<core[a373ad73a504971]::result::Result<(), alloc[2e1b2a31b91974c5]::string::String>, fn() -> core[a373ad73a504971]::result::Result<(), alloc[2e1b2a31b91974c5]::string::String>>
[INFO] [stdout]                                at /rustc/e3feeb59cd1bdd011a2bfcc0747b55125d9b8527/library/test/src/lib.rs:701:18
[INFO] [stdout]   25:     0x64dcb67c66a5 - test[aada8e7e76ba119b]::run_test_in_process::{closure#0}
[INFO] [stdout]                                at /rustc/e3feeb59cd1bdd011a2bfcc0747b55125d9b8527/library/test/src/lib.rs:724:74
[INFO] [stdout]   26:     0x64dcb67c66a5 - <core[a373ad73a504971]::panic::unwind_safe::AssertUnwindSafe<test[aada8e7e76ba119b]::run_test_in_process::{closure#0}> as core[a373ad73a504971]::ops::function::FnOnce<()>>::call_once
[INFO] [stdout]                                at /rustc/e3feeb59cd1bdd011a2bfcc0747b55125d9b8527/library/core/src/panic/unwind_safe.rs:275:9
[INFO] [stdout]   27:     0x64dcb67c66a5 - std[617be2ca0a6fd877]::panicking::catch_unwind::do_call::<core[a373ad73a504971]::panic::unwind_safe::AssertUnwindSafe<test[aada8e7e76ba119b]::run_test_in_process::{closure#0}>, core[a373ad73a504971]::result::Result<(), alloc[2e1b2a31b91974c5]::string::String>>
[INFO] [stdout]                                at /rustc/e3feeb59cd1bdd011a2bfcc0747b55125d9b8527/library/std/src/panicking.rs:573:43
[INFO] [stdout]   28:     0x64dcb67c66a5 - std[617be2ca0a6fd877]::panicking::catch_unwind::<core[a373ad73a504971]::result::Result<(), alloc[2e1b2a31b91974c5]::string::String>, core[a373ad73a504971]::panic::unwind_safe::AssertUnwindSafe<test[aada8e7e76ba119b]::run_test_in_process::{closure#0}>>
[INFO] [stdout]                                at /rustc/e3feeb59cd1bdd011a2bfcc0747b55125d9b8527/library/std/src/panicking.rs:541:19
[INFO] [stdout]   29:     0x64dcb67c66a5 - std[617be2ca0a6fd877]::panic::catch_unwind::<core[a373ad73a504971]::panic::unwind_safe::AssertUnwindSafe<test[aada8e7e76ba119b]::run_test_in_process::{closure#0}>, core[a373ad73a504971]::result::Result<(), alloc[2e1b2a31b91974c5]::string::String>>
[INFO] [stdout]                                at /rustc/e3feeb59cd1bdd011a2bfcc0747b55125d9b8527/library/std/src/panic.rs:359:14
[INFO] [stdout]   30:     0x64dcb67c66a5 - test[aada8e7e76ba119b]::run_test_in_process
[INFO] [stdout]                                at /rustc/e3feeb59cd1bdd011a2bfcc0747b55125d9b8527/library/test/src/lib.rs:724:27
[INFO] [stdout]   31:     0x64dcb67c66a5 - test[aada8e7e76ba119b]::run_test::{closure#0}
[INFO] [stdout]                                at /rustc/e3feeb59cd1bdd011a2bfcc0747b55125d9b8527/library/test/src/lib.rs:645:43
[INFO] [stdout]   32:     0x64dcb67bff94 - test[aada8e7e76ba119b]::run_test::{closure#1}
[INFO] [stdout]                                at /rustc/e3feeb59cd1bdd011a2bfcc0747b55125d9b8527/library/test/src/lib.rs:675:41
[INFO] [stdout]   33:     0x64dcb67bff94 - std[617be2ca0a6fd877]::sys::backtrace::__rust_begin_short_backtrace::<test[aada8e7e76ba119b]::run_test::{closure#1}, ()>
[INFO] [stdout]                                at /rustc/e3feeb59cd1bdd011a2bfcc0747b55125d9b8527/library/std/src/sys/backtrace.rs:166:18
[INFO] [stdout]   34:     0x64dcb67c9732 - std[617be2ca0a6fd877]::thread::lifecycle::spawn_unchecked::<test[aada8e7e76ba119b]::run_test::{closure#1}, ()>::{closure#1}::{closure#0}
[INFO] [stdout]                                at /rustc/e3feeb59cd1bdd011a2bfcc0747b55125d9b8527/library/std/src/thread/lifecycle.rs:70:13
[INFO] [stdout]   35:     0x64dcb67c9732 - <core[a373ad73a504971]::panic::unwind_safe::AssertUnwindSafe<std[617be2ca0a6fd877]::thread::lifecycle::spawn_unchecked<test[aada8e7e76ba119b]::run_test::{closure#1}, ()>::{closure#1}::{closure#0}> as core[a373ad73a504971]::ops::function::FnOnce<()>>::call_once
[INFO] [stdout]                                at /rustc/e3feeb59cd1bdd011a2bfcc0747b55125d9b8527/library/core/src/panic/unwind_safe.rs:275:9
[INFO] [stdout]   36:     0x64dcb67c9732 - std[617be2ca0a6fd877]::panicking::catch_unwind::do_call::<core[a373ad73a504971]::panic::unwind_safe::AssertUnwindSafe<std[617be2ca0a6fd877]::thread::lifecycle::spawn_unchecked<test[aada8e7e76ba119b]::run_test::{closure#1}, ()>::{closure#1}::{closure#0}>, ()>
[INFO] [stdout]                                at /rustc/e3feeb59cd1bdd011a2bfcc0747b55125d9b8527/library/std/src/panicking.rs:573:43
[INFO] [stdout]   37:     0x64dcb67c9732 - std[617be2ca0a6fd877]::panicking::catch_unwind::<(), core[a373ad73a504971]::panic::unwind_safe::AssertUnwindSafe<std[617be2ca0a6fd877]::thread::lifecycle::spawn_unchecked<test[aada8e7e76ba119b]::run_test::{closure#1}, ()>::{closure#1}::{closure#0}>>
[INFO] [stdout]                                at /rustc/e3feeb59cd1bdd011a2bfcc0747b55125d9b8527/library/std/src/panicking.rs:541:19
[INFO] [stdout]   38:     0x64dcb67c9732 - std[617be2ca0a6fd877]::panic::catch_unwind::<core[a373ad73a504971]::panic::unwind_safe::AssertUnwindSafe<std[617be2ca0a6fd877]::thread::lifecycle::spawn_unchecked<test[aada8e7e76ba119b]::run_test::{closure#1}, ()>::{closure#1}::{closure#0}>, ()>
[INFO] [stdout]                                at /rustc/e3feeb59cd1bdd011a2bfcc0747b55125d9b8527/library/std/src/panic.rs:359:14
[INFO] [stdout]   39:     0x64dcb67c9732 - std[617be2ca0a6fd877]::thread::lifecycle::spawn_unchecked::<test[aada8e7e76ba119b]::run_test::{closure#1}, ()>::{closure#1}
[INFO] [stdout]                                at /rustc/e3feeb59cd1bdd011a2bfcc0747b55125d9b8527/library/std/src/thread/lifecycle.rs:68:26
[INFO] [stdout]   40:     0x64dcb67c9732 - <std[617be2ca0a6fd877]::thread::lifecycle::spawn_unchecked<test[aada8e7e76ba119b]::run_test::{closure#1}, ()>::{closure#1} as core[a373ad73a504971]::ops::function::FnOnce<()>>::call_once::{shim:vtable#0}
[INFO] [stdout]                                at /rustc/e3feeb59cd1bdd011a2bfcc0747b55125d9b8527/library/core/src/ops/function.rs:250:5
[INFO] [stdout]   41:     0x64dcb713548f - <alloc[2e1b2a31b91974c5]::boxed::Box<dyn core[a373ad73a504971]::ops::function::FnOnce<(), Output = ()> + core[a373ad73a504971]::marker::Send> as core[a373ad73a504971]::ops::function::FnOnce<()>>::call_once
[INFO] [stdout]                                at /rustc/e3feeb59cd1bdd011a2bfcc0747b55125d9b8527/library/alloc/src/boxed.rs:2314:9
[INFO] [stdout]   42:     0x64dcb713548f - <std[617be2ca0a6fd877]::sys::thread::unix::Thread>::new::thread_start
[INFO] [stdout]                                at /rustc/e3feeb59cd1bdd011a2bfcc0747b55125d9b8527/library/std/src/sys/thread/unix.rs:127:17
[INFO] [stdout]   43:     0x7b256f930dfa - <unknown>
[INFO] [stdout]   44:     0x7b256f9c43d4 - clone
[INFO] [stdout]   45:                0x0 - <unknown>
[INFO] [stdout] 
[INFO] [stdout] 
[INFO] [stdout] failures:
[INFO] [stdout]     runtime::tests::flush_outbox_retries_only_failed_targets
[INFO] [stdout] 
[INFO] [stdout] test result: FAILED. 91 passed; 1 failed; 0 ignored; 0 measured; 0 filtered out; finished in 0.71s
[INFO] [stdout] 
[INFO] [stderr] error: test failed, to rerun pass `--bin starweft`
[INFO] running `Command { std: "docker" "inspect" "3ad3b4b2cc4af5ab71ee3c68974c1210358f9eb22dbb84df9a6a928a39c02730", kill_on_drop: false }`
[INFO] running `Command { std: "docker" "rm" "-f" "3ad3b4b2cc4af5ab71ee3c68974c1210358f9eb22dbb84df9a6a928a39c02730", kill_on_drop: false }`
[INFO] [stdout] 3ad3b4b2cc4af5ab71ee3c68974c1210358f9eb22dbb84df9a6a928a39c02730
