[INFO] fetching crate stakpak-mcp-server 0.3.88...
[INFO] testing stakpak-mcp-server-0.3.88 against 1.99.0-beta.8 for beta-1.100-2
[INFO] extracting crate stakpak-mcp-server 0.3.88 into /workspace/builds/worker-4-tc1/source
[INFO] started tweaking crates.io crate stakpak-mcp-server 0.3.88
[INFO] finished tweaking crates.io crate stakpak-mcp-server 0.3.88
[INFO] tweaked toml for crates.io crate stakpak-mcp-server 0.3.88 written to /workspace/builds/worker-4-tc1/source/Cargo.toml
[INFO] validating manifest of crates.io crate stakpak-mcp-server 0.3.88 on toolchain 1.99.0-beta.8
[INFO] running `Command { std: CARGO_HOME="/workspace/cargo-home" RUSTUP_HOME="/workspace/rustup-home" "/workspace/cargo-home/bin/cargo" "+1.99.0-beta.8" "metadata" "--manifest-path" "Cargo.toml" "--no-deps", kill_on_drop: false }`
[INFO] crate crates.io crate stakpak-mcp-server 0.3.88 already has a lockfile, it will not be regenerated
[INFO] running `Command { std: CARGO_HOME="/workspace/cargo-home" RUSTUP_HOME="/workspace/rustup-home" "/workspace/cargo-home/bin/cargo" "+1.99.0-beta.8" "fetch" "--manifest-path" "Cargo.toml", kill_on_drop: false }`
[INFO] [stderr]     Updating crates.io index
[INFO] [stderr]  Downloading crates ...
[INFO] [stderr]   Downloaded wasm-bindgen-macro v0.2.105
[INFO] [stderr]   Downloaded uuid v1.18.1
[INFO] [stderr]   Downloaded xterm-query v0.5.2
[INFO] [stderr]   Downloaded wasm-bindgen-shared v0.2.105
[INFO] [stderr]   Downloaded time-core v0.1.6
[INFO] [stderr]   Downloaded wasm-bindgen-macro-support v0.2.105
[INFO] [stderr]   Downloaded signal-hook-registry v1.4.6
[INFO] [stderr]   Downloaded time-macros v0.2.24
[INFO] [stderr]   Downloaded deranged v0.5.5
[INFO] [stderr]   Downloaded webpki-root-certs v0.26.11
[INFO] [stderr]   Downloaded libredox v0.1.10
[INFO] [stderr]   Downloaded thiserror-impl v2.0.17
[INFO] [stderr]   Downloaded russh-cryptovec v0.52.0
[INFO] [stderr]   Downloaded rustls-native-certs v0.8.2
[INFO] [stderr]   Downloaded wasm-bindgen-futures v0.4.55
[INFO] [stderr]   Downloaded scrypt v0.11.0
[INFO] [stderr]   Downloaded security-framework-sys v2.15.0
[INFO] [stderr]   Downloaded cmake v0.1.54
[INFO] [stderr]   Downloaded reqwest-eventsource v0.6.0
[INFO] [stderr]   Downloaded pin-project-internal v1.1.10
[INFO] [stderr]   Downloaded seize v0.3.3
[INFO] [stderr]   Downloaded salsa20 v0.10.2
[INFO] [stderr]   Downloaded russh-util v0.52.0
[INFO] [stderr]   Downloaded pageant v0.0.3
[INFO] [stderr]   Downloaded windows-strings v0.1.0
[INFO] [stderr]   Downloaded windows-result v0.2.0
[INFO] [stderr]   Downloaded windows-interface v0.58.0
[INFO] [stderr]   Downloaded delegate v0.13.5
[INFO] [stderr]   Downloaded bcrypt-pbkdf v0.10.0
[INFO] [stderr]   Downloaded simd-adler32 v0.3.7
[INFO] [stderr]   Downloaded wasm-bindgen v0.2.105
[INFO] [stderr]   Downloaded js-sys v0.3.82
[INFO] [stderr]   Downloaded log v0.4.28
[INFO] [stderr]   Downloaded tempfile v3.23.0
[INFO] [stderr]   Downloaded thiserror v2.0.17
[INFO] [stderr]   Downloaded terminal-light v1.8.0
[INFO] [stderr]   Downloaded windows-implement v0.58.0
[INFO] [stderr]   Downloaded data-encoding v2.9.0
[INFO] [stderr]   Downloaded rmcp-macros v0.11.0
[INFO] [stderr]   Downloaded retry-policies v0.5.1
[INFO] [stderr]   Downloaded pin-project v1.1.10
[INFO] [stderr]   Downloaded russh-sftp v2.1.1
[INFO] [stderr]   Downloaded windows-core v0.58.0
[INFO] [stderr]   Downloaded enum_dispatch v0.3.13
[INFO] [stderr]   Downloaded sse-stream v0.2.1
[INFO] [stderr]   Downloaded schemars_derive v1.1.0
[INFO] [stderr]   Downloaded socket2 v0.6.1
[INFO] [stderr]   Downloaded rustls-platform-verifier v0.5.3
[INFO] [stderr]   Downloaded tinyvec v1.10.0
[INFO] [stderr]   Downloaded pkcs5 v0.7.1
[INFO] [stderr]   Downloaded pastey v0.2.0
[INFO] [stderr]   Downloaded reqwest-retry v0.8.0
[INFO] [stderr]   Downloaded reqwest-middleware v0.4.2
[INFO] [stderr]   Downloaded kqueue-sys v1.0.4
[INFO] [stderr]   Downloaded icu_properties v2.1.1
[INFO] [stderr]   Downloaded rustls-pki-types v1.13.0
[INFO] [stderr]   Downloaded rustls-webpki v0.103.8
[INFO] [stderr]   Downloaded notify-types v2.0.0
[INFO] [stderr]   Downloaded tokio-stream v0.1.17
[INFO] [stderr]   Downloaded wasmtimer v0.4.3
[INFO] [stderr]   Downloaded http-range-header v0.3.1
[INFO] [stderr]   Downloaded hyper-timeout v0.4.1
[INFO] [stderr]   Downloaded sync_wrapper v0.1.2
[INFO] [stderr]   Downloaded zerocopy-derive v0.8.27
[INFO] [stderr]   Downloaded url v2.5.7
[INFO] [stderr]   Downloaded rand v0.9.2
[INFO] [stderr]   Downloaded kqueue v1.1.1
[INFO] [stderr]   Downloaded prost v0.12.6
[INFO] [stderr]   Downloaded axum-core v0.3.4
[INFO] [stderr]   Downloaded rsa v0.9.9
[INFO] [stderr]   Downloaded security-framework v3.5.1
[INFO] [stderr]   Downloaded hyper-util v0.1.18
[INFO] [stderr]   Downloaded flurry v0.5.2
[INFO] [stderr]   Downloaded yasna v0.5.2
[INFO] [stderr]   Downloaded indexmap v2.12.0
[INFO] [stderr]   Downloaded mio v1.1.0
[INFO] [stderr]   Downloaded flate2 v1.1.5
[INFO] [stderr]   Downloaded tokio-io-timeout v1.2.1
[INFO] [stderr]   Downloaded schemars v1.1.0
[INFO] [stderr]   Downloaded rcgen v0.12.1
[INFO] [stderr]   Downloaded inotify v0.11.0
[INFO] [stderr]   Downloaded prost-derive v0.12.6
[INFO] [stderr]   Downloaded libsql_replication v0.9.29
[INFO] [stderr]   Downloaded uncased v0.9.10
[INFO] [stderr]   Downloaded siphasher v1.0.1
[INFO] [stderr]   Downloaded include_dir v0.7.4
[INFO] [stderr]   Downloaded tokio-util v0.7.17
[INFO] [stderr]   Downloaded servo_arc v0.4.3
[INFO] [stderr]   Downloaded dtoa v1.0.10
[INFO] [stderr]   Downloaded include_dir_macros v0.7.4
[INFO] [stderr]   Downloaded grep-matcher v0.1.8
[INFO] [stderr]   Downloaded time v0.3.44
[INFO] [stderr]   Downloaded rustls-native-certs v0.7.3
[INFO] [stderr]   Downloaded cssparser v0.35.0
[INFO] [stderr]   Downloaded libsql-hrana v0.9.29
[INFO] [stderr]   Downloaded auto_encoder v0.1.10
[INFO] [stderr]   Downloaded selectors v0.32.0
[INFO] [stderr]   Downloaded fs-err v3.2.0
[INFO] [stderr]   Downloaded icu_properties_data v2.1.1
[INFO] [stderr]   Downloaded stakai v0.3.88
[INFO] [stderr]   Downloaded hyper-rustls v0.25.0
[INFO] [stderr]   Downloaded tokio-rustls v0.25.0
[INFO] [stderr]   Downloaded globset v0.4.18
[INFO] [stderr]   Downloaded axum-core v0.5.5
[INFO] [stderr]   Downloaded tonic v0.11.0
[INFO] [stderr]   Downloaded axum-server v0.7.3
[INFO] [stderr]   Downloaded encoding_rs_io v0.1.7
[INFO] [stderr]   Downloaded chardetng v0.1.17
[INFO] [stderr]   Downloaded arc-swap v1.7.1
[INFO] [stderr]   Downloaded hashbrown v0.16.0
[INFO] [stderr]   Downloaded serde_json v1.0.145
[INFO] [stderr]   Downloaded axum v0.8.7
[INFO] [stderr]   Downloaded coolor v1.1.0
[INFO] [stderr]   Downloaded libsql-sys v0.9.29
[INFO] [stderr]   Downloaded internal-russh-forked-ssh-key v0.6.11+upstream-0.6.7
[INFO] [stderr]   Downloaded winnow v0.7.13
[INFO] [stderr]   Downloaded webpki-root-certs v1.0.4
[INFO] [stderr]   Downloaded ignore v0.4.25
[INFO] [stderr]   Downloaded h2 v0.4.12
[INFO] [stderr]   Downloaded memmap2 v0.9.9
[INFO] [stderr]   Downloaded grep-searcher v0.1.16
[INFO] [stderr]   Downloaded tower-http v0.4.4
[INFO] [stderr]   Downloaded stakpak-shared v0.3.88
[INFO] [stderr]   Downloaded fast_html2md v0.0.48
[INFO] [stderr]   Downloaded russh v0.53.0
[INFO] [stderr]   Downloaded libsql v0.9.29
[INFO] [stderr]   Downloaded libsql-sqlite3-parser v0.13.0
[INFO] [stderr]   Downloaded axum v0.6.20
[INFO] [stderr]   Downloaded process-wrap v8.2.1
[INFO] [stderr]   Downloaded aws-lc-rs v1.15.0
[INFO] [stderr]   Downloaded rmcp v0.11.0
[INFO] [stderr]   Downloaded quinn-proto v0.11.13
[INFO] [stderr]   Downloaded webpki-roots v1.0.4
[INFO] [stderr]   Downloaded h2 v0.3.27
[INFO] [stderr]   Downloaded zerocopy v0.8.27
[INFO] [stderr]   Downloaded libsql-rusqlite v0.9.29
[INFO] [stderr]   Downloaded syn v2.0.110
[INFO] [stderr]   Downloaded lol_html v2.7.0
[INFO] [stderr]   Downloaded stakpak-api v0.3.88
[INFO] [stderr]   Downloaded rustls-webpki v0.102.8
[INFO] [stderr]   Downloaded nix v0.30.1
[INFO] [stderr]   Downloaded rustls v0.23.35
[INFO] [stderr]   Downloaded rustix v1.1.2
[INFO] [stderr]   Downloaded rustls v0.22.4
[INFO] [stderr]   Downloaded bstr v1.12.1
[INFO] [stderr]   Downloaded web-sys v0.3.82
[INFO] [stderr]   Downloaded libc v0.2.177
[INFO] [stderr]   Downloaded tonic-web v0.11.0
[INFO] [stderr]   Downloaded tokio v1.48.0
[INFO] [stderr]   Downloaded libsql-ffi v0.9.29
[INFO] [stderr]   Downloaded aws-lc-sys v0.33.0
[INFO] [stderr]   Downloaded windows v0.58.0
[INFO] running `Command { std: "docker" "create" "-v" "/var/lib/crater-agent-workspace/builds/worker-4-tc1/source:/opt/rustwide/workdir:ro,Z" "-v" "/var/lib/crater-agent-workspace/builds/worker-4-tc1/target:/opt/rustwide/target:rw,Z" "-v" "/var/lib/crater-agent-workspace/cargo-home:/opt/rustwide/cargo-home:ro,Z" "-v" "/var/lib/crater-agent-workspace/rustup-home:/opt/rustwide/rustup-home:ro,Z" "-m" "1610612736" "--network" "none" "ghcr.io/rust-lang/crates-build-env/linux@sha256:3111399a4047eeb3a02b7a90e478d715f38a8c6669b5c4b49d30a17385265909" "sleep" "infinity", kill_on_drop: false }`
[INFO] [stdout] 358e41a41744ec41ddc795d7aa3826a18472678218cc076a09011a527e0262f6
[INFO] running `Command { std: "docker" "start" "358e41a41744ec41ddc795d7aa3826a18472678218cc076a09011a527e0262f6", kill_on_drop: false }`
[INFO] running `Command { std: "docker" "inspect" "358e41a41744ec41ddc795d7aa3826a18472678218cc076a09011a527e0262f6", kill_on_drop: false }`
[INFO] running `Command { std: "docker" "exec" "-e" "SOURCE_DIR=/opt/rustwide/workdir" "-e" "CARGO_HOME=/opt/rustwide/cargo-home" "-e" "RUSTUP_HOME=/opt/rustwide/rustup-home" "-e" "CARGO_TARGET_DIR=/opt/rustwide/target" "-w" "/opt/rustwide/workdir" "--user" "0:0" "358e41a41744ec41ddc795d7aa3826a18472678218cc076a09011a527e0262f6" "/opt/rustwide/cargo-home/bin/cargo" "+1.99.0-beta.8" "metadata" "--no-deps" "--format-version=1", kill_on_drop: false }`
[INFO] running `Command { std: "docker" "inspect" "358e41a41744ec41ddc795d7aa3826a18472678218cc076a09011a527e0262f6", kill_on_drop: false }`
[INFO] running `Command { std: "docker" "exec" "-e" "SOURCE_DIR=/opt/rustwide/workdir" "-e" "CARGO_HOME=/opt/rustwide/cargo-home" "-e" "RUSTUP_HOME=/opt/rustwide/rustup-home" "-e" "CARGO_TARGET_DIR=/opt/rustwide/target" "-e" "CARGO_INCREMENTAL=0" "-e" "RUST_BACKTRACE=full" "-e" "RUSTFLAGS=--cap-lints=warn" "-e" "RUSTDOCFLAGS=--cap-lints=warn" "-w" "/opt/rustwide/workdir" "--user" "0:0" "358e41a41744ec41ddc795d7aa3826a18472678218cc076a09011a527e0262f6" "/opt/rustwide/cargo-home/bin/cargo" "+1.99.0-beta.8" "build" "--frozen" "--message-format=json", kill_on_drop: false }`
[INFO] [stderr]    Compiling libc v0.2.177
[INFO] [stderr]    Compiling serde_core v1.0.228
[INFO] [stderr]    Compiling zeroize v1.8.2
[INFO] [stderr]    Compiling log v0.4.28
[INFO] [stderr]    Compiling subtle v2.6.1
[INFO] [stderr]    Compiling syn v2.0.110
[INFO] [stderr]    Compiling smallvec v1.15.1
[INFO] [stderr]    Compiling generic-array v0.14.7
[INFO] [stderr]    Compiling memchr v2.7.6
[INFO] [stderr]    Compiling find-msvc-tools v0.1.9
[INFO] [stderr]    Compiling zerocopy v0.8.27
[INFO] [stderr]    Compiling slab v0.4.11
[INFO] [stderr]    Compiling foldhash v0.2.0
[INFO] [stderr]    Compiling hashbrown v0.16.0
[INFO] [stderr]    Compiling crypto-common v0.1.7
[INFO] [stderr]    Compiling block-buffer v0.10.4
[INFO] [stderr]    Compiling block-padding v0.3.3
[INFO] [stderr]    Compiling digest v0.10.7
[INFO] [stderr]    Compiling inout v0.1.4
[INFO] [stderr]    Compiling tracing-core v0.1.36
[INFO] [stderr]    Compiling jobserver v0.1.34
[INFO] [stderr]    Compiling cipher v0.4.4
[INFO] [stderr]    Compiling indexmap v2.12.0
[INFO] [stderr]    Compiling cc v1.2.56
[INFO] [stderr]    Compiling stable_deref_trait v1.2.1
[INFO] [stderr]    Compiling base64ct v1.6.0
[INFO] [stderr]    Compiling rustls-pki-types v1.13.0
[INFO] [stderr]    Compiling pem-rfc7468 v0.7.0
[INFO] [stderr]    Compiling hmac v0.12.1
[INFO] [stderr]    Compiling sha2 v0.10.9
[INFO] [stderr]    Compiling getrandom v0.2.16
[INFO] [stderr]    Compiling signal-hook-registry v1.4.6
[INFO] [stderr]    Compiling mio v1.1.0
[INFO] [stderr]    Compiling parking_lot_core v0.9.12
[INFO] [stderr]    Compiling rand_core v0.6.4
[INFO] [stderr]    Compiling parking_lot v0.12.5
[INFO] [stderr]    Compiling socket2 v0.6.1
[INFO] [stderr]    Compiling cmake v0.1.54
[INFO] [stderr]    Compiling ppv-lite86 v0.2.21
[INFO] [stderr]    Compiling uncased v0.9.10
[INFO] [stderr]    Compiling ring v0.17.14
[INFO] [stderr]    Compiling aes v0.8.4
[INFO] [stderr]    Compiling dunce v1.0.5
[INFO] [stderr]    Compiling bitflags v2.10.0
[INFO] [stderr]    Compiling untrusted v0.9.0
[INFO] [stderr]    Compiling fs_extra v1.3.0
[INFO] [stderr]    Compiling cbc v0.1.2
[INFO] [stderr]    Compiling siphasher v1.0.1
[INFO] [stderr]    Compiling aws-lc-sys v0.33.0
[INFO] [stderr]    Compiling rand_chacha v0.3.1
[INFO] [stderr]    Compiling pbkdf2 v0.12.2
[INFO] [stderr]    Compiling der v0.7.10
[INFO] [stderr]    Compiling phf_shared v0.11.3
[INFO] [stderr]    Compiling salsa20 v0.10.2
[INFO] [stderr]    Compiling aws-lc-rs v1.15.0
[INFO] [stderr]    Compiling rand v0.8.5
[INFO] [stderr]    Compiling scrypt v0.11.0
[INFO] [stderr]    Compiling either v1.15.0
[INFO] [stderr]    Compiling num-traits v0.2.19
[INFO] [stderr]    Compiling minimal-lexical v0.2.1
[INFO] [stderr]    Compiling writeable v0.6.2
[INFO] [stderr]    Compiling synstructure v0.13.2
[INFO] [stderr]    Compiling litemap v0.8.1
[INFO] [stderr]    Compiling crunchy v0.2.4
[INFO] [stderr]    Compiling phf_generator v0.11.3
[INFO] [stderr]    Compiling untrusted v0.7.1
[INFO] [stderr]    Compiling spki v0.7.3
[INFO] [stderr]    Compiling icu_properties_data v2.1.1
[INFO] [stderr]    Compiling tiny-keccak v2.0.2
[INFO] [stderr]    Compiling getrandom v0.3.4
[INFO] [stderr]    Compiling pkcs5 v0.7.1
[INFO] [stderr]    Compiling icu_normalizer_data v2.1.1
[INFO] [stderr]    Compiling rustls v0.23.35
[INFO] [stderr]    Compiling cfg_aliases v0.2.1
[INFO] [stderr]    Compiling pkcs8 v0.10.2
[INFO] [stderr]    Compiling glob v0.3.3
[INFO] [stderr]    Compiling clang-sys v1.8.1
[INFO] [stderr]    Compiling serde_json v1.0.145
[INFO] [stderr]    Compiling anyhow v1.0.100
[INFO] [stderr]    Compiling rustix v0.38.44
[INFO] [stderr]    Compiling prettyplease v0.2.37
[INFO] [stderr]    Compiling const-random-macro v0.1.16
[INFO] [stderr]    Compiling webpki-roots v1.0.4
[INFO] [stderr]    Compiling rustls-pemfile v2.2.0
[INFO] [stderr]    Compiling ahash v0.8.12
[INFO] [stderr]    Compiling linux-raw-sys v0.4.15
[INFO] [stderr]    Compiling home v0.5.12
[INFO] [stderr]    Compiling regex-syntax v0.8.8
[INFO] [stderr]    Compiling const-random v0.1.18
[INFO] [stderr]    Compiling nom v7.1.3
[INFO] [stderr]    Compiling serde_derive v1.0.228
[INFO] [stderr]    Compiling tokio-macros v2.6.0
[INFO] [stderr]    Compiling futures-macro v0.3.31
[INFO] [stderr]    Compiling tracing-attributes v0.1.31
[INFO] [stderr]    Compiling zerofrom-derive v0.1.6
[INFO] [stderr]    Compiling futures-util v0.3.31
[INFO] [stderr]    Compiling yoke-derive v0.8.1
[INFO] [stderr]    Compiling tracing v0.1.44
[INFO] [stderr]    Compiling zerofrom v0.1.6
[INFO] [stderr]    Compiling zerovec-derive v0.11.2
[INFO] [stderr]    Compiling displaydoc v0.2.5
[INFO] [stderr]    Compiling yoke v0.8.1
[INFO] [stderr]    Compiling thiserror-impl v1.0.69
[INFO] [stderr]    Compiling async-trait v0.1.89
[INFO] [stderr]    Compiling zerotrie v0.2.3
[INFO] [stderr]    Compiling regex-automata v0.4.13
[INFO] [stderr]    Compiling zerovec v0.11.5
[INFO] [stderr]    Compiling serde v1.0.228
[INFO] [stderr]    Compiling thiserror v1.0.69
[INFO] [stderr]    Compiling pin-project-internal v1.1.10
[INFO] [stderr]    Compiling tinystr v0.8.2
[INFO] [stderr]    Compiling bytes v1.11.0
[INFO] [stderr]    Compiling icu_locale_core v2.1.1
[INFO] [stderr]    Compiling potential_utf v0.1.4
[INFO] [stderr]    Compiling icu_collections v2.1.1
[INFO] [stderr]    Compiling phf_codegen v0.11.3
[INFO] [stderr]    Compiling ff v0.13.1
[INFO] [stderr]    Compiling tokio v1.48.0
[INFO] [stderr]    Compiling http v1.3.1
[INFO] [stderr]    Compiling icu_provider v2.1.1
[INFO] [stderr]    Compiling http v0.2.12
[INFO] [stderr]    Compiling icu_properties v2.1.1
[INFO] [stderr]    Compiling icu_normalizer v2.1.1
[INFO] [stderr]    Compiling http-body v1.0.1
[INFO] [stderr]    Compiling signature v2.2.0
[INFO] [stderr]    Compiling indexmap v1.9.3
[INFO] [stderr]    Compiling http-body-util v0.1.3
[INFO] [stderr]    Compiling libloading v0.8.9
[INFO] [stderr]    Compiling bindgen v0.66.1
[INFO] [stderr]    Compiling sec1 v0.7.3
[INFO] [stderr]    Compiling http-body v0.4.6
[INFO] [stderr]    Compiling which v4.4.2
[INFO] [stderr]    Compiling regex v1.12.2
[INFO] [stderr]    Compiling group v0.13.0
[INFO] [stderr]    Compiling pin-project v1.1.10
[INFO] [stderr]    Compiling cexpr v0.6.0
[INFO] [stderr]    Compiling phf_macros v0.11.3
[INFO] [stderr]    Compiling webpki-roots v0.26.11
[INFO] [stderr]    Compiling idna_adapter v1.2.1
[INFO] [stderr]    Compiling idna v1.1.0
[INFO] [stderr]    Compiling crypto-bigint v0.5.5
[INFO] [stderr]    Compiling socket2 v0.5.10
[INFO] [stderr]    Compiling hkdf v0.12.4
[INFO] [stderr]    Compiling aho-corasick v1.1.4
[INFO] [stderr]    Compiling thiserror v2.0.17
[INFO] [stderr]    Compiling rustc-hash v1.1.0
[INFO] [stderr]    Compiling lazy_static v1.5.0
[INFO] [stderr]    Compiling lazycell v1.3.0
[INFO] [stderr]    Compiling unicode-segmentation v1.12.0
[INFO] [stderr]    Compiling peeking_take_while v0.1.2
[INFO] [stderr]    Compiling byteorder v1.5.0
[INFO] [stderr]    Compiling url v2.5.7
[INFO] [stderr]    Compiling convert_case v0.7.1
[INFO] [stderr]    Compiling phf v0.11.3
[INFO] [stderr]    Compiling futures-executor v0.3.31
[INFO] [stderr]    Compiling serde_urlencoded v0.7.1
[INFO] [stderr]    Compiling thiserror-impl v2.0.17
[INFO] [stderr]    Compiling elliptic-curve v0.13.8
[INFO] [stderr]    Compiling axum-core v0.3.4
[INFO] [stderr]    Compiling itertools v0.12.1
[INFO] [stderr]    Compiling tokio-util v0.7.17
[INFO] [stderr]    Compiling tower v0.5.2
[INFO] [stderr]    Compiling universal-hash v0.5.1
[INFO] [stderr]    Compiling futures v0.3.31
[INFO] [stderr]    Compiling derive_more-impl v2.0.1
[INFO] [stderr]    Compiling h2 v0.4.12
[INFO] [stderr]    Compiling h2 v0.3.27
[INFO] [stderr]    Compiling tower v0.4.13
[INFO] [stderr]    Compiling prost-derive v0.12.6
[INFO] [stderr]    Compiling async-stream-impl v0.3.6
[INFO] [stderr]    Compiling axum v0.6.20
[INFO] [stderr]    Compiling num-integer v0.1.46
[INFO] [stderr]    Compiling nix v0.29.0
[INFO] [stderr]    Compiling rfc6979 v0.4.0
[INFO] [stderr]    Compiling ecdsa v0.16.9
[INFO] [stderr]    Compiling prost v0.12.6
[INFO] [stderr]    Compiling async-stream v0.3.6
[INFO] [stderr]    Compiling derive_more v2.0.1
[INFO] [stderr]    Compiling curve25519-dalek v4.1.3
[INFO] [stderr]    Compiling polyval v0.6.2
[INFO] [stderr]    Compiling tokio-io-timeout v1.2.1
[INFO] [stderr]    Compiling tokio-stream v0.1.17
[INFO] [stderr]    Compiling primeorder v0.13.6
[INFO] [stderr]    Compiling libsql-ffi v0.9.29
[INFO] [stderr]    Compiling hashbrown v0.14.5
[INFO] [stderr]    Compiling rand_core v0.9.3
[INFO] [stderr]    Compiling num-bigint-dig v0.8.6
[INFO] [stderr]    Compiling matchit v0.7.3
[INFO] [stderr]    Compiling sync_wrapper v0.1.2
[INFO] [stderr]    Compiling rustls v0.22.4
[INFO] [stderr]    Compiling rustix v1.1.2
[INFO] [stderr]    Compiling base64 v0.21.7
[INFO] [stderr]    Compiling hyper v1.8.1
[INFO] [stderr]    Compiling darling_core v0.21.3
[INFO] [stderr]    Compiling hyper v0.14.32
[INFO] [stderr]    Compiling hashlink v0.8.4
[INFO] [stderr]    Compiling hyper-util v0.1.18
[INFO] [stderr]    Compiling chrono v0.4.42
[INFO] [stderr]    Compiling rand_chacha v0.9.0
[INFO] [stderr]    Compiling ghash v0.5.1
[INFO] [stderr]    Compiling num-iter v0.1.45
[INFO] [stderr]    Compiling ssh-encoding v0.2.0
[INFO] [stderr]    Compiling uuid v1.18.1
[INFO] [stderr]    Compiling rustls-webpki v0.102.8
[INFO] [stderr]    Compiling zerocopy-derive v0.7.35
[INFO] [stderr]    Compiling curve25519-dalek-derive v0.1.1
[INFO] [stderr]    Compiling nix v0.30.1
[INFO] [stderr]    Compiling ctr v0.9.2
[INFO] [stderr]    Compiling aead v0.5.2
[INFO] [stderr]    Compiling encoding_rs v0.8.35
[INFO] [stderr]    Compiling powerfmt v0.2.0
[INFO] [stderr]    Compiling fallible-streaming-iterator v0.1.9
[INFO] [stderr]    Compiling fallible-iterator v0.2.0
[INFO] [stderr]    Compiling num-conv v0.1.0
[INFO] [stderr]    Compiling time-core v0.1.6
[INFO] [stderr]    Compiling deranged v0.5.5
[INFO] [stderr]    Compiling time-macros v0.2.24
[INFO] [stderr]    Compiling zerocopy v0.7.35
[INFO] [stderr]    Compiling aes-gcm v0.10.3
[INFO] [stderr]    Compiling hyper-timeout v0.4.1
[INFO] [stderr]    Compiling darling_macro v0.21.3
[INFO] [stderr]    Compiling rand v0.9.2
[INFO] [stderr]    Compiling signal-hook v0.3.18
[INFO] [stderr]    Compiling poly1305 v0.8.0
[INFO] [stderr]    Compiling blowfish v0.9.1
[INFO] [stderr]    Compiling ed25519 v2.2.3
[INFO] [stderr]    Compiling libsql-sqlite3-parser v0.13.0
[INFO] [stderr]    Compiling ref-cast-impl v1.0.25
[INFO] [stderr]    Compiling pkcs1 v0.7.5
[INFO] [stderr]    Compiling serde_derive_internals v0.29.1
[INFO] [stderr]    Compiling password-hash v0.5.0
[INFO] [stderr]    Compiling chacha20 v0.9.1
[INFO] [stderr]    Compiling blake2 v0.10.6
[INFO] [stderr]    Compiling dtoa v1.0.10
[INFO] [stderr]    Compiling http-range-header v0.3.1
[INFO] [stderr]    Compiling simd-adler32 v0.3.7
[INFO] [stderr]    Compiling litrs v1.0.0
[INFO] [stderr]    Compiling option-ext v0.2.0
[INFO] [stderr]    Compiling miniz_oxide v0.8.9
[INFO] [stderr]    Compiling dirs-sys v0.4.1
[INFO] [stderr]    Compiling tokio-rustls v0.25.0
[INFO] [stderr]    Compiling document-features v0.2.12
[INFO] [stderr]    Compiling schemars_derive v1.1.0
[INFO] [stderr]    Compiling tower-http v0.4.4
[INFO] [stderr]    Compiling argon2 v0.5.3
[INFO] [stderr]    Compiling eventsource-stream v0.2.3
[INFO] [stderr]    Compiling tonic v0.11.0
[INFO] [stderr]    Compiling libsql-rusqlite v0.9.29
[INFO] [stderr]    Compiling dtoa-short v0.3.5
[INFO] [stderr]    Compiling ssh-cipher v0.2.0
[INFO] [stderr]    Compiling ref-cast v1.0.25
[INFO] [stderr]    Compiling rsa v0.9.9
[INFO] [stderr]    Compiling ed25519-dalek v2.2.0
[INFO] [stderr]    Compiling bcrypt-pbkdf v0.10.0
[INFO] [stderr]    Compiling signal-hook-mio v0.2.5
[INFO] [stderr]    Compiling libsql-sys v0.9.29
[INFO] [stderr]    Compiling darling v0.21.3
[INFO] [stderr]    Compiling time v0.3.44
[INFO] [stderr]    Compiling p521 v0.13.3
[INFO] [stderr]    Compiling p256 v0.13.2
[INFO] [stderr]    Compiling p384 v0.13.1
[INFO] [stderr]    Compiling rustls-native-certs v0.7.3
[INFO] [stderr]    Compiling rustls-native-certs v0.8.2
[INFO] [stderr]    Compiling bstr v1.12.1
[INFO] [stderr]    Compiling selectors v0.32.0
[INFO] [stderr]    Compiling toml_datetime v0.6.11
[INFO] [stderr]    Compiling serde_spanned v0.6.9
[INFO] [stderr]    Compiling cssparser-macros v0.6.1
[INFO] [stderr]    Compiling inotify-sys v0.1.5
[INFO] [stderr]    Compiling num_cpus v1.17.0
[INFO] [stderr]    Compiling sha1 v0.10.6
[INFO] [stderr]    Compiling winnow v0.7.13
[INFO] [stderr]    Compiling seize v0.3.3
[INFO] [stderr]    Compiling fallible-iterator v0.3.0
[INFO] [stderr]    Compiling futures-timer v3.0.3
[INFO] [stderr]    Compiling process-wrap v8.2.1
[INFO] [stderr]    Compiling flurry v0.5.2
[INFO] [stderr]    Compiling schemars v1.1.0
[INFO] [stderr]    Compiling internal-russh-forked-ssh-key v0.6.11+upstream-0.6.7
[INFO] [stderr]    Compiling cssparser v0.35.0
[INFO] [stderr]    Compiling tonic-web v0.11.0
[INFO] [stderr]    Compiling libsql_replication v0.9.29
[INFO] [stderr]    Compiling toml_edit v0.22.27
[INFO] [stderr]    Compiling inotify v0.11.0
[INFO] [stderr]    Compiling rmcp-macros v0.11.0
[INFO] [stderr]    Compiling hyper-rustls v0.25.0
[INFO] [stderr]    Compiling yasna v0.5.2
[INFO] [stderr]    Compiling crossterm v0.29.0
[INFO] [stderr]    Compiling flate2 v1.1.5
[INFO] [stderr]    Compiling dirs v5.0.1
[INFO] [stderr]    Compiling retry-policies v0.5.1
[INFO] [stderr]    Compiling xterm-query v0.5.2
[INFO] [stderr]    Compiling russh-cryptovec v0.52.0
[INFO] [stderr]    Compiling libsql-hrana v0.9.29
[INFO] [stderr]    Compiling num-bigint v0.4.6
[INFO] [stderr]    Compiling russh-util v0.52.0
[INFO] [stderr]    Compiling pem v3.0.6
[INFO] [stderr]    Compiling sse-stream v0.2.1
[INFO] [stderr]    Compiling bincode v1.3.3
[INFO] [stderr]    Compiling delegate v0.13.5
[INFO] [stderr]    Compiling enum_dispatch v0.3.13
[INFO] [stderr]    Compiling servo_arc v0.4.3
[INFO] [stderr]    Compiling fs-err v3.2.0
[INFO] [stderr]    Compiling data-encoding v2.9.0
[INFO] [stderr]    Compiling precomputed-hash v0.1.1
[INFO] [stderr]    Compiling rustc-hash v2.1.1
[INFO] [stderr]    Compiling pastey v0.2.0
[INFO] [stderr]    Compiling coolor v1.1.0
[INFO] [stderr]    Compiling new_debug_unreachable v1.0.6
[INFO] [stderr]    Compiling hex-literal v0.4.1
[INFO] [stderr]    Compiling notify-types v2.0.0
[INFO] [stderr]    Compiling itertools v0.14.0
[INFO] [stderr]    Compiling terminal-light v1.8.0
[INFO] [stderr]    Compiling notify v8.2.0
[INFO] [stderr]    Compiling libsql v0.9.29
[INFO] [stderr]    Compiling rcgen v0.12.1
[INFO] [stderr]    Compiling toml v0.8.23
[INFO] [stderr]    Compiling russh-sftp v2.1.1
[INFO] [stderr]    Compiling chardetng v0.1.17
[INFO] [stderr]    Compiling grep-matcher v0.1.8
[INFO] [stderr]    Compiling include_dir_macros v0.7.4
[INFO] [stderr]    Compiling serde_yaml v0.9.34+deprecated
[INFO] [stderr]    Compiling tempfile v3.23.0
[INFO] [stderr]    Compiling auto_encoder v0.1.10
[INFO] [stderr]    Compiling include_dir v0.7.4
[INFO] [stderr]    Compiling lol_html v2.7.0
[INFO] [stderr]    Compiling globset v0.4.18
[INFO] [stderr]    Compiling encoding_rs_io v0.1.7
[INFO] [stderr]    Compiling axum-core v0.5.5
[INFO] [stderr]    Compiling serde_path_to_error v0.1.20
[INFO] [stderr]    Compiling memmap2 v0.9.9
[INFO] [stderr]    Compiling arc-swap v1.7.1
[INFO] [stderr]    Compiling matchit v0.8.4
[INFO] [stderr]    Compiling grep-searcher v0.1.16
[INFO] [stderr]    Compiling ignore v0.4.25
[INFO] [stderr]    Compiling fast_html2md v0.0.48
[INFO] [stderr]    Compiling axum v0.8.7
[INFO] [stderr]    Compiling grep-regex v0.1.14
[INFO] [stderr]    Compiling similar v2.7.0
[INFO] [stderr]    Compiling rustls-webpki v0.103.8
[INFO] [stderr]    Compiling russh v0.53.0
[INFO] [stderr]    Compiling tokio-rustls v0.26.4
[INFO] [stderr]    Compiling hyper-rustls v0.27.7
[INFO] [stderr]    Compiling axum-server v0.7.3
[INFO] [stderr]    Compiling reqwest v0.12.15
[INFO] [stderr]    Compiling rustls-platform-verifier v0.5.3
[INFO] [stderr]    Compiling reqwest-eventsource v0.6.0
[INFO] [stderr]    Compiling reqwest-middleware v0.4.2
[INFO] [stderr]    Compiling rmcp v0.11.0
[INFO] [stderr]    Compiling reqwest-retry v0.8.0
[INFO] [stderr]    Compiling stakai v0.3.88
[INFO] [stderr]    Compiling stakpak-shared v0.3.88
[INFO] [stderr]    Compiling stakpak-api v0.3.88
[INFO] [stderr]    Compiling stakpak-mcp-server v0.3.88 (/opt/rustwide/workdir)
[INFO] [stderr]     Finished `dev` profile [unoptimized + debuginfo] target(s) in 7m 26s
[INFO] running `Command { std: "docker" "inspect" "358e41a41744ec41ddc795d7aa3826a18472678218cc076a09011a527e0262f6", kill_on_drop: false }`
[INFO] running `Command { std: "docker" "exec" "-e" "SOURCE_DIR=/opt/rustwide/workdir" "-e" "CARGO_HOME=/opt/rustwide/cargo-home" "-e" "RUSTUP_HOME=/opt/rustwide/rustup-home" "-e" "CARGO_TARGET_DIR=/opt/rustwide/target" "-e" "CARGO_INCREMENTAL=0" "-e" "RUST_BACKTRACE=full" "-e" "RUSTFLAGS=--cap-lints=warn" "-e" "RUSTDOCFLAGS=--cap-lints=warn" "-w" "/opt/rustwide/workdir" "--user" "0:0" "358e41a41744ec41ddc795d7aa3826a18472678218cc076a09011a527e0262f6" "/opt/rustwide/cargo-home/bin/cargo" "+1.99.0-beta.8" "test" "--frozen" "--no-run" "--message-format=json", kill_on_drop: false }`
[INFO] [stderr]    Compiling stakpak-mcp-server v0.3.88 (/opt/rustwide/workdir)
[INFO] [stderr]     Finished `test` profile [unoptimized + debuginfo] target(s) in 31.32s
[INFO] running `Command { std: "docker" "inspect" "358e41a41744ec41ddc795d7aa3826a18472678218cc076a09011a527e0262f6", kill_on_drop: false }`
[INFO] running `Command { std: "docker" "exec" "-e" "SOURCE_DIR=/opt/rustwide/workdir" "-e" "CARGO_HOME=/opt/rustwide/cargo-home" "-e" "RUSTUP_HOME=/opt/rustwide/rustup-home" "-e" "CARGO_TARGET_DIR=/opt/rustwide/target" "-e" "CARGO_INCREMENTAL=0" "-e" "RUST_BACKTRACE=full" "-e" "RUSTFLAGS=--cap-lints=warn" "-e" "RUSTDOCFLAGS=--cap-lints=warn" "-w" "/opt/rustwide/workdir" "--user" "0:0" "358e41a41744ec41ddc795d7aa3826a18472678218cc076a09011a527e0262f6" "/opt/rustwide/cargo-home/bin/cargo" "+1.99.0-beta.8" "test" "--frozen", kill_on_drop: false }`
[INFO] [stderr]     Finished `test` profile [unoptimized + debuginfo] target(s) in 0.85s
[INFO] [stderr]      Running unittests src/lib.rs (/opt/rustwide/target/debug/deps/stakpak_mcp_server-c8b6ad6c11f29a4d)
[INFO] [stdout] 
[INFO] [stdout] running 98 tests
[INFO] [stdout] test local_tools::tests::run_command_request_has_no_remote_fields ... ok
[INFO] [stdout] test local_tools::tests::remote_request_rejects_unknown_fields ... ok
[INFO] [stdout] test local_tools::tests::run_command_rejects_legacy_remote_field ... ok
[INFO] [stdout] test local_tools::tests::run_remote_command_request_whitespace_remote_deserializes_but_validated_at_runtime ... ok
[INFO] [stdout] test local_tools::tests::test_byte_mapping_ascii ... ok
[INFO] [stdout] test local_tools::tests::run_command_rejects_legacy_password_field ... ok
[INFO] [stdout] test local_tools::tests::test_byte_mapping_multibyte_passthrough ... ok
[INFO] [stdout] test local_tools::tests::test_normalize_bullet ... ok
[INFO] [stdout] test local_tools::tests::test_normalize_curly_double_quotes ... ok
[INFO] [stdout] test local_tools::tests::test_byte_mapping_curly_quote ... ok
[INFO] [stdout] test local_tools::tests::test_byte_mapping_ellipsis ... ok
[INFO] [stdout] test local_tools::tests::test_normalize_curly_single_quotes ... ok
[INFO] [stdout] test local_tools::tests::test_normalize_ellipsis_expands ... ok
[INFO] [stdout] test local_tools::tests::test_normalize_em_dash ... ok
[INFO] [stdout] test local_tools::tests::test_normalize_en_dash ... ok
[INFO] [stdout] test local_tools::tests::test_normalize_fullwidth_apostrophe ... ok
[INFO] [stdout] test local_tools::tests::test_normalize_figure_dash ... ok
[INFO] [stdout] test local_tools::tests::test_normalize_guillemets ... ok
[INFO] [stdout] test local_tools::tests::test_normalize_hyphen_unicode ... ok
[INFO] [stdout] test local_tools::tests::test_normalize_mixed_unicode_and_ascii ... ok
[INFO] [stdout] test local_tools::tests::test_normalize_nbsp ... ok
[INFO] [stdout] test local_tools::tests::test_normalize_preserves_char_count_for_1to1 ... ok
[INFO] [stdout] test local_tools::tests::test_normalize_straight_quotes_unchanged ... ok
[INFO] [stdout] test local_tools::tests::test_normalized_replace_adjacent_unicode_chars ... ok
[INFO] [stdout] test local_tools::tests::test_normalize_pure_ascii_passthrough ... ok
[INFO] [stdout] test local_tools::tests::test_normalize_non_breaking_hyphen ... ok
[INFO] [stdout] test local_tools::tests::test_normalized_replace_all_false_stops_at_first ... ok
[INFO] [stdout] test local_tools::tests::test_normalized_replace_all_multiple ... ok
[INFO] [stdout] test local_tools::tests::run_command_spawn_does_not_inject_empty_profile_env ... ok
[INFO] [stdout] test local_tools::tests::remote_command_task_gets_no_local_profile_child_env_defaults ... ok
[INFO] [stdout] test local_tools::tests::run_remote_command_request_password_preserves_whitespace ... ok
[INFO] [stdout] test local_tools::tests::run_command_spawn_inherits_active_profile_env ... ok
[INFO] [stdout] test local_tools::tests::run_command_inline_profile_env_override_wins ... ok
[INFO] [stdout] test local_tools::tests::test_normalized_replace_ellipsis_multiline ... ok
[INFO] [stdout] test local_tools::tests::test_normalized_replace_ellipsis_in_content ... ok
[INFO] [stdout] test local_tools::tests::test_normalized_replace_ellipsis_preserves_surroundings ... ok
[INFO] [stdout] test local_tools::tests::test_normalized_replace_all_non_overlapping ... ok
[INFO] [stdout] test local_tools::tests::test_normalized_replace_ellipsis_replace_all ... ok
[INFO] [stdout] test local_tools::tests::test_normalized_replace_at_end ... ok
[INFO] [stdout] test local_tools::tests::test_normalized_replace_at_start ... ok
[INFO] [stdout] test local_tools::tests::test_normalized_replace_curly_apostrophe ... ok
[INFO] [stdout] test local_tools::tests::test_normalized_replace_curly_double_quotes ... ok
[INFO] [stdout] test local_tools::tests::test_normalized_replace_ellipsis_in_old_str ... ok
[INFO] [stdout] test local_tools::tests::test_normalized_replace_empty_content ... ok
[INFO] [stdout] test local_tools::tests::test_normalized_replace_figure_dash ... ok
[INFO] [stdout] test local_tools::tests::test_normalized_replace_large_multiline ... ok
[INFO] [stdout] test local_tools::tests::test_normalized_replace_mixed_unicode ... ok
[INFO] [stdout] test local_tools::tests::test_normalized_replace_multiple_ellipsis_replace_all ... ok
[INFO] [stdout] test local_tools::tests::test_normalized_replace_ellipsis_with_other_unicode ... ok
[INFO] [stdout] test local_tools::tests::test_normalized_replace_em_dash ... ok
[INFO] [stdout] test local_tools::tests::test_normalized_replace_empty_old_str ... ok
[INFO] [stdout] test local_tools::tests::test_normalized_replace_en_dash ... ok
[INFO] [stdout] test local_tools::tests::test_normalized_replace_entire_content ... ok
[INFO] [stdout] test local_tools::tests::test_normalized_replace_no_false_positive_on_ascii ... ok
[INFO] [stdout] test local_tools::tests::test_normalized_replace_only_unicode_differs ... ok
[INFO] [stdout] test local_tools::tests::test_normalized_replace_no_match ... ok
[INFO] [stdout] test local_tools::tests::test_normalized_replace_unicode_hyphen ... ok
[INFO] [stdout] test local_tools::tests::test_normalized_replace_readme_scenario ... ok
[INFO] [stdout] test local_tools::tests::test_normalized_replace_exact_ascii ... ok
[INFO] [stdout] test local_tools::tests::test_normalized_replace_fullwidth_apostrophe ... ok
[INFO] [stdout] test local_tools::tests::test_normalized_replace_nbsp_to_space ... ok
[INFO] [stdout] test local_tools::tests::validate_remote_accepts_user_at_host_port ... ok
[INFO] [stdout] test local_tools::tests::validate_remote_accepts_port_22 ... ok
[INFO] [stdout] test local_tools::tests::validate_remote_accepts_user_at_host ... ok
[INFO] [stdout] test local_tools::tests::test_normalized_replace_preserves_other_unicode ... ok
[INFO] [stdout] test local_tools::tests::test_normalized_replace_preserves_surrounding_content ... ok
[INFO] [stdout] test local_tools::tests::validate_remote_rejects_empty ... ok
[INFO] [stdout] test local_tools::tests::validate_remote_rejects_invalid_port ... ok
[INFO] [stdout] test local_tools::tests::validate_remote_rejects_whitespace_only ... ok
[INFO] [stdout] test local_tools::tests::validate_remote_trims_whitespace ... ok
[INFO] [stdout] test remote_tools::tests::search_docs_accepts_array_keywords_and_normalizes_blanks ... ok
[INFO] [stdout] test remote_tools::tests::search_docs_accepts_legacy_string_keywords ... ok
[INFO] [stdout] test remote_tools::tests::search_docs_runtime_builds_normalized_api_payload ... ok
[INFO] [stdout] test remote_tools::tests::search_docs_runtime_drops_empty_exclude_keywords ... ok
[INFO] [stdout] test remote_tools::tests::search_docs_preserves_empty_keywords_for_runtime_validation ... ok
[INFO] [stdout] test remote_tools::tests::search_docs_runtime_rejects_overlong_joined_query ... ok
[INFO] [stdout] test remote_tools::tests::search_docs_runtime_rejects_too_many_keywords ... ok
[INFO] [stdout] test remote_tools::tests::search_docs_runtime_validation_rejects_empty_keywords ... ok
[INFO] [stdout] test remote_tools::tests::search_docs_validation_payload_count_mapping ... ok
[INFO] [stdout] test remote_tools::tests::search_docs_validation_payload_empty_keywords_mapping ... ok
[INFO] [stdout] test remote_tools::tests::search_docs_validation_payload_keyword_len_mapping ... ok
[INFO] [stdout] test subagent_tools::tests::anthropic_parent_uses_builtin_default ... ok
[INFO] [stdout] test local_tools::tests::validate_remote_rejects_missing_at ... ok
[INFO] [stdout] test local_tools::tests::validate_remote_rejects_empty_hostname ... ok
[INFO] [stdout] test remote_tools::tests::search_docs_validation_payload_query_len_mapping ... ok
[INFO] [stdout] test local_tools::tests::validate_remote_rejects_empty_username ... ok
[INFO] [stdout] test subagent_tools::tests::deserialized_dynamic_subagent_request_ignores_caller_model ... ok
[INFO] [stdout] test subagent_tools::tests::caller_override_wins_verbatim ... ok
[INFO] [stdout] test subagent_tools::tests::dynamic_subagent_tool_description_does_not_expose_model_parameter ... ok
[INFO] [stdout] test subagent_tools::tests::empty_strings_fall_through_the_chain ... ok
[INFO] [stdout] test subagent_tools::tests::future_claude_versions_only_depend_on_table_value ... ok
[INFO] [stdout] test subagent_tools::tests::openai_gemini_bedrock_and_stakpak_parents_use_builtin_defaults ... ok
[INFO] [stdout] test subagent_tools::tests::profile_model_wins_when_caller_is_silent ... ok
[INFO] [stdout] test subagent_tools::tests::unknown_provider_inherits_parent_model ... ok
[INFO] [stdout] test local_tools::tests::validate_remote_rejects_multiple_at ... ok
[INFO] [stdout] test local_tools::tests::validate_remote_rejects_port_out_of_range ... ok
[INFO] [stdout] test remote_tools::tests::search_docs_runtime_rejects_overlong_keyword ... ok
[INFO] [stdout] test subagent_tools::tests::dynamic_subagent_command_shell_quotes_model_and_tools ... FAILED
[INFO] [stdout] 
[INFO] [stdout] failures:
[INFO] [stdout] 
[INFO] [stdout] ---- subagent_tools::tests::dynamic_subagent_command_shell_quotes_model_and_tools stdout ----
[INFO] [stdout] 
[INFO] [stdout] thread 'subagent_tools::tests::dynamic_subagent_command_shell_quotes_model_and_tools' (6126) panicked at src/subagent_tools.rs:768:14:
[INFO] [stdout] subagent command should be built: ErrorData { code: ErrorCode(-32603), message: "Failed to create prompt file", data: Some(Object {"error": String("Failed to create session directory: Read-only file system (os error 30)")}) }
[INFO] [stdout] stack backtrace:
[INFO] [stdout]    0:     0x5e221cd04a71 - std[70759c8f55707aa4]::backtrace_rs::backtrace::libunwind::trace
[INFO] [stdout]                                at /rustc/dfb0accb7f508ae8be965d8629557221c889dd98/library/std/src/../../backtrace/src/backtrace/libunwind.rs:117:9
[INFO] [stdout]    1:     0x5e221cd04a71 - std[70759c8f55707aa4]::backtrace_rs::backtrace::trace_unsynchronized::<std[70759c8f55707aa4]::sys::backtrace::_print_fmt::{closure#1}>
[INFO] [stdout]                                at /rustc/dfb0accb7f508ae8be965d8629557221c889dd98/library/std/src/../../backtrace/src/backtrace/mod.rs:66:14
[INFO] [stdout]    2:     0x5e221cd04a71 - std[70759c8f55707aa4]::sys::backtrace::_print_fmt
[INFO] [stdout]                                at /rustc/dfb0accb7f508ae8be965d8629557221c889dd98/library/std/src/sys/backtrace.rs:74:9
[INFO] [stdout]    3:     0x5e221cd04a71 - <<std[70759c8f55707aa4]::sys::backtrace::BacktraceLock>::print::DisplayBacktrace as core[df12db4294e9bfd3]::fmt::Display>::fmt
[INFO] [stdout]                                at /rustc/dfb0accb7f508ae8be965d8629557221c889dd98/library/std/src/sys/backtrace.rs:44:26
[INFO] [stdout]    4:     0x5e221cd1cf7a - <core[df12db4294e9bfd3]::fmt::rt::Argument>::fmt
[INFO] [stdout]                                at /rustc/dfb0accb7f508ae8be965d8629557221c889dd98/library/core/src/fmt/rt.rs:152:76
[INFO] [stdout]    5:     0x5e221cd1cf7a - core[df12db4294e9bfd3]::fmt::write
[INFO] [stdout]    6:     0x5e221cd09e5c - core[df12db4294e9bfd3]::io::write::default_write_fmt::<alloc[2182bb758b4b3781]::vec::Vec<u8>>
[INFO] [stdout]                                at /rustc/dfb0accb7f508ae8be965d8629557221c889dd98/library/core/src/io/write.rs:402:11
[INFO] [stdout]    7:     0x5e221cd09e5c - <alloc[2182bb758b4b3781]::vec::Vec<u8> as core[df12db4294e9bfd3]::io::write::Write>::write_fmt
[INFO] [stdout]                                at /rustc/dfb0accb7f508ae8be965d8629557221c889dd98/library/core/src/io/write.rs:335:13
[INFO] [stdout]    8:     0x5e221ccdd2b6 - <std[70759c8f55707aa4]::sys::backtrace::BacktraceLock>::print
[INFO] [stdout]                                at /rustc/dfb0accb7f508ae8be965d8629557221c889dd98/library/std/src/sys/backtrace.rs:47:9
[INFO] [stdout]    9:     0x5e221ccdd2b6 - std[70759c8f55707aa4]::panicking::default_hook::{closure#0}
[INFO] [stdout]                                at /rustc/dfb0accb7f508ae8be965d8629557221c889dd98/library/std/src/panicking.rs:292:27
[INFO] [stdout]   10:     0x5e221ccfbfa9 - std[70759c8f55707aa4]::panicking::default_hook
[INFO] [stdout]                                at /rustc/dfb0accb7f508ae8be965d8629557221c889dd98/library/std/src/panicking.rs:316:9
[INFO] [stdout]   11:     0x5e221ba98410 - <alloc[2182bb758b4b3781]::boxed::Box<dyn for<'a, 'b> core[df12db4294e9bfd3]::ops::function::Fn<(&'a std[70759c8f55707aa4]::panic::PanicHookInfo<'b>,), Output = ()> + core[df12db4294e9bfd3]::marker::Send + core[df12db4294e9bfd3]::marker::Sync> as core[df12db4294e9bfd3]::ops::function::Fn<(&std[70759c8f55707aa4]::panic::PanicHookInfo,)>>::call
[INFO] [stdout]                                at /rustc/dfb0accb7f508ae8be965d8629557221c889dd98/library/alloc/src/boxed.rs:2334:9
[INFO] [stdout]   12:     0x5e221ba98410 - test[9d35eded1c95d3be]::test_main_inner::<test[9d35eded1c95d3be]::test_main_static::{closure#0}>::{closure#0}
[INFO] [stdout]                                at /rustc/dfb0accb7f508ae8be965d8629557221c889dd98/library/test/src/lib.rs:155:21
[INFO] [stdout]   13:     0x5e221ccfc2d2 - <alloc[2182bb758b4b3781]::boxed::Box<dyn for<'a, 'b> core[df12db4294e9bfd3]::ops::function::Fn<(&'a std[70759c8f55707aa4]::panic::PanicHookInfo<'b>,), Output = ()> + core[df12db4294e9bfd3]::marker::Send + core[df12db4294e9bfd3]::marker::Sync> as core[df12db4294e9bfd3]::ops::function::Fn<(&std[70759c8f55707aa4]::panic::PanicHookInfo,)>>::call
[INFO] [stdout]                                at /rustc/dfb0accb7f508ae8be965d8629557221c889dd98/library/alloc/src/boxed.rs:2334:9
[INFO] [stdout]   14:     0x5e221ccfc2d2 - std[70759c8f55707aa4]::panicking::panic_with_hook
[INFO] [stdout]                                at /rustc/dfb0accb7f508ae8be965d8629557221c889dd98/library/std/src/panicking.rs:823:13
[INFO] [stdout]   15:     0x5e221ccdd362 - std[70759c8f55707aa4]::panicking::panic_handler::{closure#0}
[INFO] [stdout]                                at /rustc/dfb0accb7f508ae8be965d8629557221c889dd98/library/std/src/panicking.rs:688:13
[INFO] [stdout]   16:     0x5e221ccd56c9 - std[70759c8f55707aa4]::sys::backtrace::__rust_end_short_backtrace::<std[70759c8f55707aa4]::panicking::panic_handler::{closure#0}, !>
[INFO] [stdout]                                at /rustc/dfb0accb7f508ae8be965d8629557221c889dd98/library/std/src/sys/backtrace.rs:182:18
[INFO] [stdout]   17:     0x5e221ccde34d - __rustc[8fa7c3cbc660c2b3]::rust_begin_unwind
[INFO] [stdout]                                at /rustc/dfb0accb7f508ae8be965d8629557221c889dd98/library/std/src/panicking.rs:679:5
[INFO] [stdout]   18:     0x5e221cd1d84c - core[df12db4294e9bfd3]::panicking::panic_fmt
[INFO] [stdout]                                at /rustc/dfb0accb7f508ae8be965d8629557221c889dd98/library/core/src/panicking.rs:80:14
[INFO] [stdout]   19:     0x5e221cd1d572 - core[df12db4294e9bfd3]::result::unwrap_failed
[INFO] [stdout]                                at /rustc/dfb0accb7f508ae8be965d8629557221c889dd98/library/core/src/result.rs:1871:5
[INFO] [stdout]   20:     0x5e221b97d7c3 - <core[df12db4294e9bfd3]::result::Result<alloc[2182bb758b4b3781]::string::String, rmcp[acc6ab24c0ff2e58]::model::ErrorData>>::expect
[INFO] [stdout]                                at /rustc/dfb0accb7f508ae8be965d8629557221c889dd98/library/core/src/result.rs:1184:23
[INFO] [stdout]   21:     0x5e221ba55a39 - stakpak_mcp_server[8cccc40b68c922e1]::subagent_tools::tests::dynamic_subagent_command_shell_quotes_model_and_tools
[INFO] [stdout]                                at /opt/rustwide/workdir/src/subagent_tools.rs:768:14
[INFO] [stdout]   22:     0x5e221ba4cf67 - stakpak_mcp_server[8cccc40b68c922e1]::subagent_tools::tests::dynamic_subagent_command_shell_quotes_model_and_tools::{closure#0}
[INFO] [stdout]                                at /opt/rustwide/workdir/src/subagent_tools.rs:744:63
[INFO] [stdout]   23:     0x5e221b9c1446 - <stakpak_mcp_server[8cccc40b68c922e1]::subagent_tools::tests::dynamic_subagent_command_shell_quotes_model_and_tools::{closure#0} as core[df12db4294e9bfd3]::ops::function::FnOnce<()>>::call_once
[INFO] [stdout]                                at /rustc/dfb0accb7f508ae8be965d8629557221c889dd98/library/core/src/ops/function.rs:250:5
[INFO] [stdout]   24:     0x5e221ba8b6fb - <fn() -> core[df12db4294e9bfd3]::result::Result<(), alloc[2182bb758b4b3781]::string::String> as core[df12db4294e9bfd3]::ops::function::FnOnce<()>>::call_once
[INFO] [stdout]                                at /rustc/dfb0accb7f508ae8be965d8629557221c889dd98/library/core/src/ops/function.rs:250:5
[INFO] [stdout]   25:     0x5e221ba8b6fb - test[9d35eded1c95d3be]::__rust_begin_short_backtrace::<core[df12db4294e9bfd3]::result::Result<(), alloc[2182bb758b4b3781]::string::String>, fn() -> core[df12db4294e9bfd3]::result::Result<(), alloc[2182bb758b4b3781]::string::String>>
[INFO] [stdout]                                at /rustc/dfb0accb7f508ae8be965d8629557221c889dd98/library/test/src/lib.rs:733:18
[INFO] [stdout]   26:     0x5e221ba98d65 - test[9d35eded1c95d3be]::run_test_in_process::{closure#0}
[INFO] [stdout]                                at /rustc/dfb0accb7f508ae8be965d8629557221c889dd98/library/test/src/lib.rs:756:74
[INFO] [stdout]   27:     0x5e221ba98d65 - <core[df12db4294e9bfd3]::panic::unwind_safe::AssertUnwindSafe<test[9d35eded1c95d3be]::run_test_in_process::{closure#0}> as core[df12db4294e9bfd3]::ops::function::FnOnce<()>>::call_once
[INFO] [stdout]                                at /rustc/dfb0accb7f508ae8be965d8629557221c889dd98/library/core/src/panic/unwind_safe.rs:275:9
[INFO] [stdout]   28:     0x5e221ba98d65 - std[70759c8f55707aa4]::panicking::catch_unwind::do_call::<core[df12db4294e9bfd3]::panic::unwind_safe::AssertUnwindSafe<test[9d35eded1c95d3be]::run_test_in_process::{closure#0}>, core[df12db4294e9bfd3]::result::Result<(), alloc[2182bb758b4b3781]::string::String>>
[INFO] [stdout]                                at /rustc/dfb0accb7f508ae8be965d8629557221c889dd98/library/std/src/panicking.rs:576:43
[INFO] [stdout]   29:     0x5e221ba98d65 - std[70759c8f55707aa4]::panicking::catch_unwind::<core[df12db4294e9bfd3]::result::Result<(), alloc[2182bb758b4b3781]::string::String>, core[df12db4294e9bfd3]::panic::unwind_safe::AssertUnwindSafe<test[9d35eded1c95d3be]::run_test_in_process::{closure#0}>>
[INFO] [stdout]                                at /rustc/dfb0accb7f508ae8be965d8629557221c889dd98/library/std/src/panicking.rs:544:19
[INFO] [stdout]   30:     0x5e221ba98d65 - std[70759c8f55707aa4]::panic::catch_unwind::<core[df12db4294e9bfd3]::panic::unwind_safe::AssertUnwindSafe<test[9d35eded1c95d3be]::run_test_in_process::{closure#0}>, core[df12db4294e9bfd3]::result::Result<(), alloc[2182bb758b4b3781]::string::String>>
[INFO] [stdout]                                at /rustc/dfb0accb7f508ae8be965d8629557221c889dd98/library/std/src/panic.rs:359:14
[INFO] [stdout]   31:     0x5e221ba98d65 - test[9d35eded1c95d3be]::run_test_in_process
[INFO] [stdout]                                at /rustc/dfb0accb7f508ae8be965d8629557221c889dd98/library/test/src/lib.rs:756:27
[INFO] [stdout]   32:     0x5e221ba98d65 - test[9d35eded1c95d3be]::run_test::{closure#0}
[INFO] [stdout]                                at /rustc/dfb0accb7f508ae8be965d8629557221c889dd98/library/test/src/lib.rs:677:43
[INFO] [stdout]   33:     0x5e221ba92624 - test[9d35eded1c95d3be]::run_test::{closure#1}
[INFO] [stdout]                                at /rustc/dfb0accb7f508ae8be965d8629557221c889dd98/library/test/src/lib.rs:707:41
[INFO] [stdout]   34:     0x5e221ba92624 - std[70759c8f55707aa4]::sys::backtrace::__rust_begin_short_backtrace::<test[9d35eded1c95d3be]::run_test::{closure#1}, ()>
[INFO] [stdout]                                at /rustc/dfb0accb7f508ae8be965d8629557221c889dd98/library/std/src/sys/backtrace.rs:166:18
[INFO] [stdout]   35:     0x5e221ba9bec2 - std[70759c8f55707aa4]::thread::lifecycle::spawn_unchecked::<test[9d35eded1c95d3be]::run_test::{closure#1}, ()>::{closure#1}::{closure#0}
[INFO] [stdout]                                at /rustc/dfb0accb7f508ae8be965d8629557221c889dd98/library/std/src/thread/lifecycle.rs:70:13
[INFO] [stdout]   36:     0x5e221ba9bec2 - <core[df12db4294e9bfd3]::panic::unwind_safe::AssertUnwindSafe<std[70759c8f55707aa4]::thread::lifecycle::spawn_unchecked<test[9d35eded1c95d3be]::run_test::{closure#1}, ()>::{closure#1}::{closure#0}> as core[df12db4294e9bfd3]::ops::function::FnOnce<()>>::call_once
[INFO] [stdout]                                at /rustc/dfb0accb7f508ae8be965d8629557221c889dd98/library/core/src/panic/unwind_safe.rs:275:9
[INFO] [stdout]   37:     0x5e221ba9bec2 - std[70759c8f55707aa4]::panicking::catch_unwind::do_call::<core[df12db4294e9bfd3]::panic::unwind_safe::AssertUnwindSafe<std[70759c8f55707aa4]::thread::lifecycle::spawn_unchecked<test[9d35eded1c95d3be]::run_test::{closure#1}, ()>::{closure#1}::{closure#0}>, ()>
[INFO] [stdout]                                at /rustc/dfb0accb7f508ae8be965d8629557221c889dd98/library/std/src/panicking.rs:576:43
[INFO] [stdout]   38:     0x5e221ba9bec2 - std[70759c8f55707aa4]::panicking::catch_unwind::<(), core[df12db4294e9bfd3]::panic::unwind_safe::AssertUnwindSafe<std[70759c8f55707aa4]::thread::lifecycle::spawn_unchecked<test[9d35eded1c95d3be]::run_test::{closure#1}, ()>::{closure#1}::{closure#0}>>
[INFO] [stdout]                                at /rustc/dfb0accb7f508ae8be965d8629557221c889dd98/library/std/src/panicking.rs:544:19
[INFO] [stdout]   39:     0x5e221ba9bec2 - std[70759c8f55707aa4]::panic::catch_unwind::<core[df12db4294e9bfd3]::panic::unwind_safe::AssertUnwindSafe<std[70759c8f55707aa4]::thread::lifecycle::spawn_unchecked<test[9d35eded1c95d3be]::run_test::{closure#1}, ()>::{closure#1}::{closure#0}>, ()>
[INFO] [stdout]                                at /rustc/dfb0accb7f508ae8be965d8629557221c889dd98/library/std/src/panic.rs:359:14
[INFO] [stdout]   40:     0x5e221ba9bec2 - std[70759c8f55707aa4]::thread::lifecycle::spawn_unchecked::<test[9d35eded1c95d3be]::run_test::{closure#1}, ()>::{closure#1}
[INFO] [stdout]                                at /rustc/dfb0accb7f508ae8be965d8629557221c889dd98/library/std/src/thread/lifecycle.rs:68:26
[INFO] [stdout]   41:     0x5e221ba9bec2 - <std[70759c8f55707aa4]::thread::lifecycle::spawn_unchecked<test[9d35eded1c95d3be]::run_test::{closure#1}, ()>::{closure#1} as core[df12db4294e9bfd3]::ops::function::FnOnce<()>>::call_once::{shim:vtable#0}
[INFO] [stdout]                                at /rustc/dfb0accb7f508ae8be965d8629557221c889dd98/library/core/src/ops/function.rs:250:5
[INFO] [stdout]   42:     0x5e221cd03a39 - <alloc[2182bb758b4b3781]::boxed::Box<dyn core[df12db4294e9bfd3]::ops::function::FnOnce<(), Output = ()> + core[df12db4294e9bfd3]::marker::Send> as core[df12db4294e9bfd3]::ops::function::FnOnce<()>>::call_once
[INFO] [stdout]                                at /rustc/dfb0accb7f508ae8be965d8629557221c889dd98/library/alloc/src/boxed.rs:2320:9
[INFO] [stdout]   43:     0x5e221cd03a39 - <std[70759c8f55707aa4]::sys::thread::unix::Thread>::new::thread_start
[INFO] [stdout]                                at /rustc/dfb0accb7f508ae8be965d8629557221c889dd98/library/std/src/sys/thread/unix.rs:123:17
[INFO] [stdout]   44:     0x7202c6652dfa - <unknown>
[INFO] [stdout]   45:     0x7202c66e63d4 - clone
[INFO] [stdout]   46:                0x0 - <unknown>
[INFO] [stdout] 
[INFO] [stdout] 
[INFO] [stdout] failures:
[INFO] [stdout]     subagent_tools::tests::dynamic_subagent_command_shell_quotes_model_and_tools
[INFO] [stdout] 
[INFO] [stdout] test result: FAILED. 97 passed; 1 failed; 0 ignored; 0 measured; 0 filtered out; finished in 0.27s
[INFO] [stdout] 
[INFO] [stderr] error: test failed, to rerun pass `--lib`
[INFO] running `Command { std: "docker" "inspect" "358e41a41744ec41ddc795d7aa3826a18472678218cc076a09011a527e0262f6", kill_on_drop: false }`
[INFO] running `Command { std: "docker" "rm" "-f" "358e41a41744ec41ddc795d7aa3826a18472678218cc076a09011a527e0262f6", kill_on_drop: false }`
[INFO] [stdout] 358e41a41744ec41ddc795d7aa3826a18472678218cc076a09011a527e0262f6
