[INFO] fetching crate st-clickhouse-lib 0.3.0...
[INFO] testing st-clickhouse-lib-0.3.0 against 1.100.0-beta.1 for beta-1.100-2
[INFO] extracting crate st-clickhouse-lib 0.3.0 into /workspace/builds/worker-0-tc2/source
[INFO] removed /workspace/builds/worker-0-tc2/source/rust-toolchain.toml
[INFO] started tweaking crates.io crate st-clickhouse-lib 0.3.0
[INFO] removed 0 missing examples
[INFO] removed 0 missing tests
[INFO] finished tweaking crates.io crate st-clickhouse-lib 0.3.0
[INFO] tweaked toml for crates.io crate st-clickhouse-lib 0.3.0 written to /workspace/builds/worker-0-tc2/source/Cargo.toml
[INFO] validating manifest of crates.io crate st-clickhouse-lib 0.3.0 on toolchain 1.100.0-beta.1
[INFO] running `Command { std: CARGO_HOME="/workspace/cargo-home" RUSTUP_HOME="/workspace/rustup-home" "/workspace/cargo-home/bin/cargo" "+1.100.0-beta.1" "metadata" "--manifest-path" "Cargo.toml" "--no-deps", kill_on_drop: false }`
[INFO] crate crates.io crate st-clickhouse-lib 0.3.0 already has a lockfile, it will not be regenerated
[INFO] running `Command { std: CARGO_HOME="/workspace/cargo-home" RUSTUP_HOME="/workspace/rustup-home" "/workspace/cargo-home/bin/cargo" "+1.100.0-beta.1" "fetch" "--manifest-path" "Cargo.toml", kill_on_drop: false }`
[INFO] running `Command { std: "docker" "create" "-v" "/var/lib/crater-agent-workspace/builds/worker-0-tc2/source:/opt/rustwide/workdir:ro,Z" "-v" "/var/lib/crater-agent-workspace/builds/worker-0-tc2/target:/opt/rustwide/target:rw,Z" "-v" "/var/lib/crater-agent-workspace/cargo-home:/opt/rustwide/cargo-home:ro,Z" "-v" "/var/lib/crater-agent-workspace/rustup-home:/opt/rustwide/rustup-home:ro,Z" "-m" "1610612736" "--network" "none" "ghcr.io/rust-lang/crates-build-env/linux@sha256:3111399a4047eeb3a02b7a90e478d715f38a8c6669b5c4b49d30a17385265909" "sleep" "infinity", kill_on_drop: false }`
[INFO] [stdout] ff758f6c7bbdc4c88803f94574adc42865476902c7c1c3d1177248e4955beead
[INFO] running `Command { std: "docker" "start" "ff758f6c7bbdc4c88803f94574adc42865476902c7c1c3d1177248e4955beead", kill_on_drop: false }`
[INFO] running `Command { std: "docker" "inspect" "ff758f6c7bbdc4c88803f94574adc42865476902c7c1c3d1177248e4955beead", kill_on_drop: false }`
[INFO] running `Command { std: "docker" "exec" "-e" "SOURCE_DIR=/opt/rustwide/workdir" "-e" "CARGO_HOME=/opt/rustwide/cargo-home" "-e" "RUSTUP_HOME=/opt/rustwide/rustup-home" "-e" "CARGO_TARGET_DIR=/opt/rustwide/target" "-w" "/opt/rustwide/workdir" "--user" "0:0" "ff758f6c7bbdc4c88803f94574adc42865476902c7c1c3d1177248e4955beead" "/opt/rustwide/cargo-home/bin/cargo" "+1.100.0-beta.1" "metadata" "--no-deps" "--format-version=1", kill_on_drop: false }`
[INFO] running `Command { std: "docker" "inspect" "ff758f6c7bbdc4c88803f94574adc42865476902c7c1c3d1177248e4955beead", kill_on_drop: false }`
[INFO] running `Command { std: "docker" "exec" "-e" "SOURCE_DIR=/opt/rustwide/workdir" "-e" "CARGO_HOME=/opt/rustwide/cargo-home" "-e" "RUSTUP_HOME=/opt/rustwide/rustup-home" "-e" "CARGO_TARGET_DIR=/opt/rustwide/target" "-e" "CARGO_INCREMENTAL=0" "-e" "RUST_BACKTRACE=full" "-e" "RUSTFLAGS=--cap-lints=warn" "-e" "RUSTDOCFLAGS=--cap-lints=warn" "-w" "/opt/rustwide/workdir" "--user" "0:0" "ff758f6c7bbdc4c88803f94574adc42865476902c7c1c3d1177248e4955beead" "/opt/rustwide/cargo-home/bin/cargo" "+1.100.0-beta.1" "build" "--frozen" "--message-format=json", kill_on_drop: false }`
[INFO] [stderr]    Compiling libc v0.2.186
[INFO] [stderr]    Compiling rustls v0.23.40
[INFO] [stderr]    Compiling cc v1.2.62
[INFO] [stderr]    Compiling rustls-pki-types v1.14.1
[INFO] [stderr]    Compiling twox-hash v2.1.2
[INFO] [stderr]    Compiling syn v2.0.117
[INFO] [stderr]    Compiling lz4_flex v0.12.2
[INFO] [stderr]    Compiling rustls-native-certs v0.8.3
[INFO] [stderr]    Compiling webpki-roots v1.0.7
[INFO] [stderr]    Compiling ring v0.17.14
[INFO] [stderr]    Compiling clickhouse-rs-cityhash-sys v0.1.2
[INFO] [stderr]    Compiling getrandom v0.2.17
[INFO] [stderr]    Compiling errno v0.3.14
[INFO] [stderr]    Compiling socket2 v0.6.3
[INFO] [stderr]    Compiling mio v1.2.0
[INFO] [stderr]    Compiling parking_lot_core v0.9.12
[INFO] [stderr]    Compiling signal-hook-registry v1.4.8
[INFO] [stderr]    Compiling parking_lot v0.12.5
[INFO] [stderr]    Compiling tokio-macros v2.7.0
[INFO] [stderr]    Compiling tracing-attributes v0.1.31
[INFO] [stderr]    Compiling st-clickhouse-derive v0.3.0
[INFO] [stderr]    Compiling tokio v1.52.3
[INFO] [stderr]    Compiling tracing v0.1.44
[INFO] [stderr]    Compiling rustls-webpki v0.103.13
[INFO] [stderr]    Compiling tokio-rustls v0.26.4
[INFO] [stderr]    Compiling st-clickhouse-lib v0.3.0 (/opt/rustwide/workdir)
[INFO] [stderr]     Finished `dev` profile [unoptimized + debuginfo] target(s) in 29.72s
[INFO] running `Command { std: "docker" "inspect" "ff758f6c7bbdc4c88803f94574adc42865476902c7c1c3d1177248e4955beead", kill_on_drop: false }`
[INFO] running `Command { std: "docker" "exec" "-e" "SOURCE_DIR=/opt/rustwide/workdir" "-e" "CARGO_HOME=/opt/rustwide/cargo-home" "-e" "RUSTUP_HOME=/opt/rustwide/rustup-home" "-e" "CARGO_TARGET_DIR=/opt/rustwide/target" "-e" "CARGO_INCREMENTAL=0" "-e" "RUST_BACKTRACE=full" "-e" "RUSTFLAGS=--cap-lints=warn" "-e" "RUSTDOCFLAGS=--cap-lints=warn" "-w" "/opt/rustwide/workdir" "--user" "0:0" "ff758f6c7bbdc4c88803f94574adc42865476902c7c1c3d1177248e4955beead" "/opt/rustwide/cargo-home/bin/cargo" "+1.100.0-beta.1" "test" "--frozen" "--no-run" "--message-format=json", kill_on_drop: false }`
[INFO] [stderr]    Compiling st-clickhouse-lib v0.3.0 (/opt/rustwide/workdir)
[INFO] [stderr]     Finished `test` profile [unoptimized + debuginfo] target(s) in 1m 11s
[INFO] running `Command { std: "docker" "inspect" "ff758f6c7bbdc4c88803f94574adc42865476902c7c1c3d1177248e4955beead", kill_on_drop: false }`
[INFO] running `Command { std: "docker" "exec" "-e" "SOURCE_DIR=/opt/rustwide/workdir" "-e" "CARGO_HOME=/opt/rustwide/cargo-home" "-e" "RUSTUP_HOME=/opt/rustwide/rustup-home" "-e" "CARGO_TARGET_DIR=/opt/rustwide/target" "-e" "CARGO_INCREMENTAL=0" "-e" "RUST_BACKTRACE=full" "-e" "RUSTFLAGS=--cap-lints=warn" "-e" "RUSTDOCFLAGS=--cap-lints=warn" "-w" "/opt/rustwide/workdir" "--user" "0:0" "ff758f6c7bbdc4c88803f94574adc42865476902c7c1c3d1177248e4955beead" "/opt/rustwide/cargo-home/bin/cargo" "+1.100.0-beta.1" "test" "--frozen", kill_on_drop: false }`
[INFO] [stderr]     Finished `test` profile [unoptimized + debuginfo] target(s) in 0.18s
[INFO] [stderr]      Running unittests src/lib.rs (/opt/rustwide/target/debug/build/st-clickhouse-lib/c8f7fcf520cb6c16/out/st_clickhouse-c8f7fcf520cb6c16)
[INFO] [stdout] 
[INFO] [stdout] running 448 tests
[INFO] [stdout] test builder::query_timeout_tests::builder_stores_query_timeout ... ok
[INFO] [stdout] test builder::quota_key_tests::builder_stores_quota_key ... ok
[INFO] [stdout] test builder::acquire_timeout_tests::builder_default_has_no_acquire_timeout ... ok
[INFO] [stdout] test builder::quota_key_tests::url_parses_quota_key ... ok
[INFO] [stdout] test builder::tests::debug_redacts_password ... ok
[INFO] [stdout] test builder::acquire_timeout_tests::builder_stores_acquire_timeout ... ok
[INFO] [stdout] test builder::query_timeout_tests::builder_default_has_no_query_timeout ... ok
[INFO] [stdout] test builder::tests::parses_clickhouse_url ... ok
[INFO] [stdout] test column::any::tests::test_any_column_data_date32_uses_four_signed_bytes_per_row ... ok
[INFO] [stdout] test client_info::tests::quota_key_encoded_in_client_info_template ... ok
[INFO] [stdout] test column::any::tests::test_any_column_data_enum ... ok
[INFO] [stdout] test builder::quota_key_tests::builder_default_has_empty_quota_key ... ok
[INFO] [stdout] test column::any::tests::test_any_column_data_type_name_strings ... ok
[INFO] [stdout] test builder::acquire_timeout_tests::url_parses_acquire_timeout ... ok
[INFO] [stdout] test column::geo::tests::test_polygon_column ... ok
[INFO] [stdout] test column::any::tests::test_any_column_data_tuple_uint64_string ... ok
[INFO] [stdout] test column::any::tests::test_any_column_data_map_string_uint64 ... ok
[INFO] [stdout] test column::fixed_string::tests::test_fixed_string_empty ... ok
[INFO] [stdout] test column::geo::tests::test_ring_column ... ok
[INFO] [stdout] test column::map::tests::test_map_string_uint64 ... ok
[INFO] [stdout] test column::map::tests::test_map_empty ... ok
[INFO] [stdout] test column::fixed_string::tests::test_fixed_string_zeros_padded ... ok
[INFO] [stdout] test column::fixed_string::tests::test_fixed_string_read ... ok
[INFO] [stdout] test column::geo::tests::test_multipolygon_column ... ok
[INFO] [stdout] test column::geo::tests::test_point_column ... ok
[INFO] [stdout] test column::nullable::tests::test_nullable_uint64_read ... ok
[INFO] [stdout] test column::any::tests::test_any_column_data_len_and_empty ... ok
[INFO] [stdout] test column::plain::tests::read_from_bytes_rejects_len_beyond_backing_bytes ... ok
[INFO] [stdout] test column::any::tests::test_any_column_data_enum16 ... ok
[INFO] [stdout] test column::array::tests::test_array_column_single_row ... ok
[INFO] [stdout] test column::nullable::tests::test_nullable_all_nulls ... ok
[INFO] [stdout] test column::array::tests::test_array_column_uint64 ... ok
[INFO] [stdout] test column::plain::dynamic_variant_tests::dynamic_v3_uses_variable_width_discriminators_and_null_slot ... ok
[INFO] [stdout] test column::plain::tests::test_plain_column_aligned ... ok
[INFO] [stdout] test column::plain::tests::test_plain_column_data_oob ... ok
[INFO] [stdout] test column::any::tests::test_any_column_data_uint64 ... ok
[INFO] [stdout] test column::array::tests::test_array_column_empty ... ok
[INFO] [stdout] test column::geo::tests::test_point_read_write ... ok
[INFO] [stdout] test column::any::tests::test_any_column_data_unknown ... ok
[INFO] [stdout] test column::plain::dynamic_variant_tests::variant_read_native_decodes_extended_types ... ok
[INFO] [stdout] test column::tuple::tests::test_tuple3_uint64_string_u16 ... ok
[INFO] [stdout] test column::tuple::tests::test_tuple5_uint64_string_u16_u8_f64 ... ok
[INFO] [stdout] test compression::tests::decode_frame_rejects_compressed_below_header_len ... ok
[INFO] [stdout] test column::plain::tests::test_clickhouse_value_read_write ... ok
[INFO] [stdout] test column::plain::tests::test_int256_roundtrip ... ok
[INFO] [stdout] test compression::tests::decode_frame_rejects_oversized_compressed ... ok
[INFO] [stdout] test column::string::tests::string_column_borrows_source_buffer_no_copy ... ok
[INFO] [stdout] test compression::tests::decode_frame_rejects_oversized_uncompressed ... ok
[INFO] [stdout] test column::plain::tests::test_json_column_rejects_malformed_lengths_without_panicking ... ok
[INFO] [stdout] test column::tuple::tests::test_tuple2_uint64_string ... ok
[INFO] [stdout] test column::plain::tests::test_json_get_string_rejects_bad_offsets ... ok
[INFO] [stdout] test column::plain::tests::test_plain_column_misaligned ... ok
[INFO] [stdout] test column::plain::tests::test_uint256_plain_column_data ... ok
[INFO] [stdout] test compression::tests::test_none_frame_roundtrip ... ok
[INFO] [stdout] test compression::tests::decode_frame_rejects_valid_checksum_declared_over_cap ... ok
[INFO] [stdout] test compression::tests::test_checksum_mismatch_detected ... ok
[INFO] [stdout] test compression::tests::test_header_layout ... ok
[INFO] [stdout] test connection::batch::packet_template_tests::batch_template_matches_dynamic_packet_builder ... ok
[INFO] [stdout] test connection::block_reader::tests::decompressed_block_row_cap_boundary_parses ... ok
[INFO] [stdout] test connection::block_reader::tests::decompressed_array_uint8_mixed_empty_rows_frame_trailing_column ... ok
[INFO] [stdout] test column::plain::tests::test_uint256_roundtrip ... ok
[INFO] [stdout] test connection::block_reader::tests::decompressed_array_all_empty_offsets_zero_skips_no_inner ... ok
[INFO] [stdout] test column::string::tests::test_string_column_data_rowbinary ... ok
[INFO] [stdout] test connection::block_reader::tests::decompressed_array_non_monotonic_offsets_rejected ... ok
[INFO] [stdout] test compression::tests::test_lz4_frame_roundtrip ... ok
[INFO] [stdout] test connection::block_reader::tests::discard_low_cardinality_rejects_oversized_key_count ... ok
[INFO] [stdout] test connection::block_reader::tests::decompressed_block_row_count_u64_max_is_protocol_error ... ok
[INFO] [stdout] test connection::block_reader::tests::decompressed_dynamic_flattened_frames_trailing_column ... ok
[INFO] [stdout] test connection::block_reader::tests::discard_string_value_length_u64_max_is_rejected ... ok
[INFO] [stdout] test connection::block_reader::tests::consecutive_multiframe_packets_each_parse ... ok
[INFO] [stdout] test connection::block_reader::tests::decompressed_aggregate_function_is_rejected ... ok
[INFO] [stdout] test connection::block_reader::tests::decompressed_array_string_with_empty_string_elements ... ok
[INFO] [stdout] test connection::block_reader::tests::decompressed_block_column_count_u64_max_is_protocol_error ... ok
[INFO] [stdout] test connection::block_reader::tests::decompressed_json_unsupported_version_is_error ... ok
[INFO] [stdout] test connection::block_reader::tests::decompressed_block_row_count_cap_plus_one_is_protocol_error ... ok
[INFO] [stdout] test connection::block_reader::tests::decompressed_json_version_prefix_consumed_and_stripped ... ok
[INFO] [stdout] test connection::block_reader::tests::decompressed_map_offsets_then_keys_and_values ... ok
[INFO] [stdout] test connection::block_reader::tests::decompressed_lowcardinality_materializes ... ok
[INFO] [stdout] test connection::block_reader::tests::decompressed_variant_subcolumns_frame_trailing_column ... ok
[INFO] [stdout] test connection::block_reader::tests::discard_decompressed_block_rejects_oversized_dimensions ... ok
[INFO] [stdout] test connection::block_reader::tests::discard_decompressed_block_uses_same_array_framing ... ok
[INFO] [stdout] test connection::block_reader::tests::fixed_width_cap_plus_one_is_rejected_before_allocation ... ok
[INFO] [stdout] test connection::block_reader::tests::skip_col_typed_date32_advances_four_bytes_per_row ... ok
[INFO] [stdout] test connection::block_reader::tests::non_compressed_prefix_still_falls_back_to_plain ... ok
[INFO] [stdout] test connection::block_reader::tests::oversized_compressed_frame_rejected_before_body_read ... ok
[INFO] [stdout] test connection::block_reader::tests::two_frame_compressed_packet_parses_completely_lz4 ... ok
[INFO] [stdout] test connection::block_reader::tests::three_frame_packet_with_string_column_splits_mid_value ... ok
[INFO] [stdout] test connection::block_reader::tests::valid_compressed_frame_still_decodes ... ok
[INFO] [stdout] test connection::block_reader::tests::two_frame_compressed_packet_parses_completely ... ok
[INFO] [stdout] test connection::block_reader::tests::materialized_low_cardinality_index_buffer_cap_is_enforced ... ok
[INFO] [stdout] test connection::block_reader::tests::materialized_variant_compact_rows_claim_is_rejected ... ok
[INFO] [stdout] test connection::block_reader::tests::parse_decompressed_block_keeps_columns_after_date32_in_sync ... ok
[INFO] [stdout] test connection::block_reader::tests::streamed_block_body_row_count_cap_plus_one_is_protocol_error ... ok
[INFO] [stdout] test connection::block_reader::tests::streamed_block_column_count_u64_max_is_protocol_error ... ok
[INFO] [stdout] test connection::io::offset_read_tests::read_offsets_column_reads_all_and_finds_max ... ok
[INFO] [stdout] test connection::io::offset_read_tests::read_offsets_column_rejects_decreasing_offset ... ok
[INFO] [stdout] test connection::io::offset_read_tests::read_offsets_column_rejects_oversized_offset_buffer ... ok
[INFO] [stdout] test connection::io::string_column_limit_tests::string_column_multi_byte_varint_lengths_parse ... ok
[INFO] [stdout] test connection::io::part_uuid_limit_tests::part_uuids_within_cap_parse ... ok
[INFO] [stdout] test connection::io::string_column_limit_tests::string_column_values_still_parse ... ok
[INFO] [stdout] test connection::io::timeout_tests::deadline_near_returns_remaining ... ok
[INFO] [stdout] test connection::io::offset_read_tests::read_offsets_column_rejects_huge_last_offset_before_inner_read ... ok
[INFO] [stdout] test connection::io::timeout_tests::deadline_far_returns_recv_timeout ... ok
[INFO] [stdout] test connection::io::string_column_limit_tests::string_column_truncated_body_is_unexpected_eof ... ok
[INFO] [stdout] test connection::io::part_uuid_limit_tests::part_uuid_count_cap_plus_one_is_protocol_error ... ok
[INFO] [stdout] test connection::io::string_column_limit_tests::string_value_length_2_pow_40_is_rejected_before_read ... ok
[INFO] [stdout] test connection::io::part_uuid_limit_tests::part_uuid_count_u64_max_is_protocol_error ... ok
[INFO] [stdout] test connection::raw_block_reader::byte_limit_tests::raw_array_offset_2_pow_60_is_rejected_before_inner_read ... ok
[INFO] [stdout] test connection::raw_block_reader::byte_limit_tests::raw_column_budget_rejects_cumulative_claims ... ok
[INFO] [stdout] test connection::raw_block_reader::byte_limit_tests::raw_array_offset_decrease_is_rejected ... ok
[INFO] [stdout] test connection::io::string_column_limit_tests::string_column_does_not_read_past_the_column ... ok
[INFO] [stdout] test connection::raw_block_reader::byte_limit_tests::raw_fixed_string_cap_plus_one_is_rejected_before_allocation ... ok
[INFO] [stdout] test connection::raw_block_reader::byte_limit_tests::raw_low_cardinality_index_count_u64_max_is_rejected ... ok
[INFO] [stdout] test connection::raw_block_reader::byte_limit_tests::raw_low_cardinality_index_mismatch_is_rejected ... ok
[INFO] [stdout] test connection::io::varint_read_tests::read_varint_async_rejects_tenth_byte_overflow ... ok
[INFO] [stdout] test connection::query_packet::tests::cached_template_packet_matches_freshly_built ... ok
[INFO] [stdout] test connection::query_packet::tests::cached_template_reusable_conditions ... ok
[INFO] [stdout] test connection::raw_block_reader::byte_limit_tests::raw_fixed_width_cap_plus_one_is_rejected_before_allocation ... ok
[INFO] [stdout] test connection::raw_block_reader::byte_limit_tests::raw_map_offset_2_pow_60_is_rejected ... ok
[INFO] [stdout] test connection::io::timeout_tests::deadline_expired_returns_none ... ok
[INFO] [stdout] test connection::raw_block_reader::byte_limit_tests::raw_string_value_length_u64_max_is_rejected_before_read ... ok
[INFO] [stdout] test connection::raw_block_reader::count_limit_tests::dynamic_state_v1_type_count_u64_max_is_protocol_error ... ok
[INFO] [stdout] test connection::raw_block_reader::count_limit_tests::dynamic_state_v2_type_count_cap_plus_one_is_protocol_error ... ok
[INFO] [stdout] test connection::raw_block_reader::byte_limit_tests::raw_variant_compact_rows_claim_is_rejected ... ok
[INFO] [stdout] test connection::raw_block_reader::count_limit_tests::json_state_v0_path_count_cap_plus_one_is_protocol_error ... ok
[INFO] [stdout] test connection::raw_block_reader::byte_limit_tests::raw_variant_compact_rows_equal_to_rows_parse ... ok
[INFO] [stdout] test connection::raw_block_reader::count_limit_tests::json_state_v3_path_count_u64_max_is_protocol_error ... ok
[INFO] [stdout] test connection::io::string_column_limit_tests::string_value_length_u64_max_is_rejected_before_read ... ok
[INFO] [stdout] test connection::raw_block_reader::count_limit_tests::lc_state_key_count_u64_max_is_protocol_error ... ok
[INFO] [stdout] test connection::response_wait::tests::cancel_and_drain_accepts_terminal_exception ... ok
[INFO] [stdout] test connection::raw_block_reader::count_limit_tests::raw_block_column_count_u64_max_is_protocol_error ... ok
[INFO] [stdout] test connection::tcp_tests::blocks_handler_collects_all_blocks_and_preserves_boundaries ... ok
[INFO] [stdout] test connection::response_wait::tests::drain_response_end_of_stream_stays_ok ... ok
[INFO] [stdout] test connection::tcp_tests::blocks_handler_exactly_at_cap_passes ... ok
[INFO] [stdout] test connection::tcp_tests::explicit_json_serialization_setting_is_not_duplicated ... ok
[INFO] [stdout] test connection::response_wait::tests::drain_response_propagates_server_exception ... ok
[INFO] [stdout] test connection::tcp_tests::blocks_handler_reads_lz4_compressed_blocks ... ok
[INFO] [stdout] test connection::tcp_tests::lz4_framed_block_parsed_as_plain_must_fail ... ok
[INFO] [stdout] test connection::tcp_tests::all_rows_handler_charges_decoded_block_payload ... ok
[INFO] [stdout] test connection::tcp_tests::query_packet_defaults_json_to_string_serialization ... ok
[INFO] [stdout] test connection::tcp_tests::first_block_handler_accepts_single_block_and_skips_empty_ones ... ok
[INFO] [stdout] test connection::tcp_tests::query_packet_serializes_server_side_parameters ... ok
[INFO] [stdout] test connection::tcp_tests::blocks_handler_tiny_cap_breaches_on_second_block ... ok
[INFO] [stdout] test connection::tcp_tests::materialized_json_string_serialization_strips_version_prefix ... ok
[INFO] [stdout] test connection::tcp_tests::query_template_matches_dynamic_packet_builder ... ok
[INFO] [stdout] test connection::io::timeout_tests::no_deadline_returns_recv_timeout ... ok
[INFO] [stdout] test connection::tcp_tests::raw_capture_records_json_string_bytes ... ok
[INFO] [stdout] test connection::tcp_tests::first_block_handler_charges_only_the_retained_block ... ok
[INFO] [stdout] test connection::tcp_tests::raw_blocks_handler_budgets_native_payload_bytes ... ok
[INFO] [stdout] test connection::tcp_tests::read_query_blocks_streams_plain_data_blocks ... ok
[INFO] [stdout] test connection::tcp_tests::raw_capture_records_dynamic_variant_bytes ... ok
[INFO] [stdout] test connection::io::offset_read_tests::read_offsets_column_zero_rows_is_empty ... ok
[INFO] [stdout] test connection::tcp_tests::raw_capture_records_json_flattened_bytes ... ok
[INFO] [stdout] test connection::raw_block_reader::count_limit_tests::raw_block_row_count_cap_plus_one_is_protocol_error ... ok
[INFO] [stdout] test connection::tcp_tests::raw_capture_records_json_v3_flattened_bytes ... ok
[INFO] [stdout] test connection::tcp_tests::raw_capture_records_json_v3_headers_before_bodies ... ok
[INFO] [stdout] test connection::io::exception_chain_depth_tests::read_exception_rejects_cap_plus_one_chain ... ok
[INFO] [stdout] test connection::tcp_tests::raw_capture_records_variant_basic_and_compact_bytes ... ok
[INFO] [stdout] test connection::tcp_tests::read_query_blocks_streams_compressed_data_blocks ... ok
[INFO] [stdout] test connection::tcp_tests::test_next_query_id_format ... ok
[INFO] [stdout] test connection::tcp_tests::test_client_builder_with_settings ... ok
[INFO] [stdout] test connection::tcp_tests::stream_wrapper_propagates_eof ... ok
[INFO] [stdout] test connection::tcp_tests::test_error_is_retryable_io ... ok
[INFO] [stdout] test connection::tcp_tests::test_build_query_packet_with_empty_query ... ok
[INFO] [stdout] test connection::tcp_tests::test_query_kind_detection_create ... ok
[INFO] [stdout] test connection::tcp_tests::stream_wrapper_serves_bytes_across_tiny_reads ... ok
[INFO] [stdout] test connection::tcp_tests::test_build_query_packet_template_returns_valid_structure ... ok
[INFO] [stdout] test connection::tcp_tests::test_client_builder_send_retries_minimum_one ... ok
[INFO] [stdout] test connection::tcp_tests::stream_wrapper_read_exact_spans_refills ... ok
[INFO] [stdout] test connection::tcp_tests::streaming_reader_is_not_budgeted_while_blocks_would_breach ... ok
[INFO] [stdout] test cursor::tests::lc_materialization_string_roundtrip_stays_correct ... ok
[INFO] [stdout] test cursor::tests::cursor_yields_block_rows_in_order ... ok
[INFO] [stdout] test cursor::tests::lc_materialization_rejects_partial_dictionary_entry ... ok
[INFO] [stdout] test cursor::tests::lc_materialization_date32_uses_four_signed_bytes_per_key ... ok
[INFO] [stdout] test cursor::tests::test_encode_varint_small ... ok
[INFO] [stdout] test cursor::tests::lc_materialization_rejects_out_of_bounds_index ... ok
[INFO] [stdout] test cursor::tests::lc_materialization_rejects_truncated_index_data ... ok
[INFO] [stdout] test cursor::tests::lc_materialization_rejects_truncated_string_dictionary ... ok
[INFO] [stdout] test cursor::tests::lc_materialization_fixed_string_zero_width_is_empty ... ok
[INFO] [stdout] test cursor::tests::lc_materialization_rejects_huge_row_count_without_panicking ... ok
[INFO] [stdout] test cursor::tests::test_cancel_flag_manual ... ok
[INFO] [stdout] test cursor::tests::test_materialize_lc_fixed_width ... ok
[INFO] [stdout] test cursor::tests::test_read_lc_idx_out_of_bounds ... ok
[INFO] [stdout] test cursor::tests::test_read_lc_idx_widths ... ok
[INFO] [stdout] test cursor::tests::test_read_varint_bytes_multi ... ok
[INFO] [stdout] test cursor::tests::test_read_varint_bytes_rejects_overflow ... ok
[INFO] [stdout] test limits::byte_limit_tests::block_bytes_accumulate_to_cap ... ok
[INFO] [stdout] test cursor::tests::test_read_varint_bytes_tiny ... ok
[INFO] [stdout] test error::tests::pool_timeout_display ... ok
[INFO] [stdout] test cursor::tests::test_row_cursor_cancel_on_drop ... ok
[INFO] [stdout] test error::tests::broken_connection_includes_timeouts ... ok
[INFO] [stdout] test error::tests::response_budget_exceeded_reports_limit_and_decoded_total ... ok
[INFO] [stdout] test error::tests::response_too_large_is_not_retried_and_names_the_limit ... ok
[INFO] [stdout] test error::tests::protocol_errors_are_not_retried ... ok
[INFO] [stdout] test error::tests::pool_timeout_is_retryable_but_not_timeout ... ok
[INFO] [stdout] test error::tests::pool_timeout_is_pool_timeout_only ... ok
[INFO] [stdout] test limits::byte_limit_tests::block_bytes_cap_plus_one_is_rejected ... ok
[INFO] [stdout] test connection::tcp_tests::test_error_is_not_retryable ... ok
[INFO] [stdout] test limits::byte_limit_tests::block_bytes_overflow_is_rejected ... ok
[INFO] [stdout] test limits::byte_limit_tests::column_len_boundary_passes_and_cap_plus_one_is_rejected ... ok
[INFO] [stdout] test limits::byte_limit_tests::column_bytes_accumulate_to_cap ... ok
[INFO] [stdout] test limits::byte_limit_tests::monotonic_offset_rejects_huge_value ... ok
[INFO] [stdout] test limits::byte_limit_tests::string_len_boundary_passes ... ok
[INFO] [stdout] test limits::count_tests::cap_plus_one_is_rejected ... ok
[INFO] [stdout] test limits::count_tests::u64_max_is_rejected ... ok
[INFO] [stdout] test limits::byte_limit_tests::column_bytes_cap_plus_one_is_rejected ... ok
[INFO] [stdout] test limits::count_tests::zero_and_small_counts_pass ... ok
[INFO] [stdout] test limits::byte_limit_tests::column_bytes_overflow_is_rejected ... ok
[INFO] [stdout] test limits::response_budget_tests::charge_up_to_exactly_the_limit_passes ... ok
[INFO] [stdout] test limits::byte_limit_tests::string_len_u64_max_and_2_pow_40_are_rejected ... ok
[INFO] [stdout] test limits::count_tests::boundary_count_passes ... ok
[INFO] [stdout] test limits::response_budget_tests::charge_past_the_limit_errors_and_reports_total ... ok
[INFO] [stdout] test limits::response_budget_tests::checked_add_overflow_breaches_instead_of_panicking ... ok
[INFO] [stdout] test limits::response_budget_tests::first_block_past_a_tiny_cap_breaches ... ok
[INFO] [stdout] test limits::byte_limit_tests::nested_total_boundary_passes_and_cap_plus_one_is_rejected ... ok
[INFO] [stdout] test limits::response_budget_tests::reset_restarts_the_running_total ... ok
[INFO] [stdout] test limits::byte_limit_tests::nested_total_u64_max_is_rejected ... ok
[INFO] [stdout] test limits::byte_limit_tests::string_len_cap_plus_one_is_rejected ... ok
[INFO] [stdout] test metrics::tests::test_metrics_increment ... ok
[INFO] [stdout] test metrics::tests::test_metrics_format ... ok
[INFO] [stdout] test pool::tests::guard_drop_discards_marked_in_flight_connection ... ok
[INFO] [stdout] test pool::tests::quota_key_default_empty_and_setter_stores ... ok
[INFO] [stdout] test limits::byte_limit_tests::column_len_multiplication_overflow_is_rejected ... ok
[INFO] [stdout] test limits::response_budget_tests::default_limit_is_256_mib ... ok
[INFO] [stdout] test pool::tests::test_acquire_timeout_defaults_none ... ok
[INFO] [stdout] test limits::byte_limit_tests::monotonic_offset_accepts_non_decreasing_and_rejects_decrease ... ok
[INFO] [stdout] test metrics::tests::test_query_metric_guard_success_and_error ... ok
[INFO] [stdout] test pool::tests::can_raw_cancel_only_for_plain_non_chunked_send ... ok
[INFO] [stdout] test limits::response_budget_tests::zero_budget_accepts_only_empty_payloads ... ok
[INFO] [stdout] test pool::tests::test_chunked_recv_rejects_oversized_chunk_header ... ok
[INFO] [stdout] test pool::tests::finish_response_clears_mark_and_keeps_terminal_connections ... ok
[INFO] [stdout] test pool::tests::test_chunked_recv_still_reads_small_chunk ... ok
[INFO] [stdout] test pool::tests::test_ping_idle_threshold_default_and_setter ... ok
[INFO] [stdout] test pool::tests::test_circuit_breaker_failure_counting ... ok
[INFO] [stdout] test pool::tests::test_pool_new_multiple_addresses ... ok
[INFO] [stdout] test pool::tests::test_connect_timeout_zero_rejected_as_config ... ok
[INFO] [stdout] test pool::tests::test_dead_addr_pruning_expired ... ok
[INFO] [stdout] test pool::tests::test_set_connect_timeout ... ok
[INFO] [stdout] test pool::tests::test_set_send_timeout ... ok
[INFO] [stdout] test pool::tests::test_set_acquire_timeout ... ok
[INFO] [stdout] test pool::tests::test_pool_new_with_size ... ok
[INFO] [stdout] test pool::tests::test_pool_size_minimum_one ... ok
[INFO] [stdout] test pool::tests::test_pool_slot_count ... ok
[INFO] [stdout] test protocol::handshake::password_rule_limit_tests::hello_rules_within_cap_parse ... ok
[INFO] [stdout] test protocol::handshake::password_rule_limit_tests::hello_rule_count_cap_plus_one_is_protocol_error ... ok
[INFO] [stdout] test pool::tests::test_set_credentials ... ok
[INFO] [stdout] test pool::tests::test_set_hostname_and_initial_refresh_time ... ok
[INFO] [stdout] test protocol::handshake::password_rule_limit_tests::hello_rule_count_u64_max_is_protocol_error ... ok
[INFO] [stdout] test pool::tests::should_liveness_ping_only_after_idle_threshold ... ok
[INFO] [stdout] test connection::io::string_column_limit_tests::string_column_value_larger_than_window_streams_direct ... ok
[INFO] [stdout] test connection::io::exception_chain_depth_tests::read_exception_accepts_exactly_cap_chain ... ok
[INFO] [stdout] test protocol::handshake::tests::ssh_auth_user_adds_clickhouse_marker ... ok
[INFO] [stdout] test protocol::handshake::tests::ssh_signature_message_matches_clickhouse_order ... ok
[INFO] [stdout] test protocol::parameters::tests::serializes_query_parameters_with_custom_flag_and_terminator ... ok
[INFO] [stdout] test protocol::parameters::tests::quoted_string_matches_clickhouse_cpp_shape ... ok
[INFO] [stdout] test protocol::part_uuid::tests::ignored_part_uuids_packet_matches_clickhouse_layout ... ok
[INFO] [stdout] test protocol::table_status::tests::tables_status_response_reads_readonly_gate ... ok
[INFO] [stdout] test protocol::type_parser::tests::test_decimal_types ... ok
[INFO] [stdout] test protocol::table_status::tests::tables_status_request_matches_clickhouse_layout ... ok
[INFO] [stdout] test protocol::type_parser::tests::test_deeply_nested ... ok
[INFO] [stdout] test protocol::type_parser::tests::test_malformed_nested_type_is_err ... ok
[INFO] [stdout] test protocol::type_parser::tests::test_nested_types ... ok
[INFO] [stdout] test protocol::type_parser::tests::test_simple_types ... ok
[INFO] [stdout] test pool::tests::test_acquire_timeout_returns_pool_timeout_when_slot_contended ... ok
[INFO] [stdout] test protocol::wire::tests::test_parse_varint_max_prefix_nine_bytes ... ok
[INFO] [stdout] test protocol::wire::tests::test_parse_varint_truncated_is_err ... ok
[INFO] [stdout] test protocol::wire::tests::test_parse_varint_ten_byte_boundaries ... ok
[INFO] [stdout] test protocol::type_parser::tests::test_parse_enum_labels_non_enum_returns_none ... ok
[INFO] [stdout] test protocol::wire::tests::test_string_roundtrip ... ok
[INFO] [stdout] test protocol::wire::tests::test_varint_roundtrip ... ok
[INFO] [stdout] test query::tests::test_query_builder_bind_chaining ... ok
[INFO] [stdout] test protocol::wire::tests::test_read_varint_overflow_is_err ... ok
[INFO] [stdout] test protocol::type_parser::tests::test_parse_enum_labels_basic ... ok
[INFO] [stdout] test protocol::type_parser::tests::test_parse_enum_labels_single ... ok
[INFO] [stdout] test row::tests::named_order::read_all_named_row_missing_column_falls_back_to_from_row ... ok
[INFO] [stdout] test query_id::tests::sync_and_async_share_one_counter_sequence ... ok
[INFO] [stdout] test protocol::type_parser::tests::test_deeply_nested_type_is_capped ... ok
[INFO] [stdout] test query_id::tests::batch_prefix_stays_distinct ... ok
[INFO] [stdout] test row::tests::named_order::read_all_named_row_matching_order_uses_fast_path ... ok
[INFO] [stdout] test protocol::type_parser::tests::test_fixed_width ... ok
[INFO] [stdout] test row::tests::read_all_mixed_tuple_falls_back ... ok
[INFO] [stdout] test row::tests::named_order::read_all_named_row_reordered_columns_are_not_swapped ... ok
[INFO] [stdout] test row::tests::named_order::read_all_tuple_stays_positional ... ok
[INFO] [stdout] test row::tests::read_all_plain_empty ... ok
[INFO] [stdout] test protocol::handshake::password_rule_limit_tests::hello_exception_chain_cap_plus_one_is_protocol_error ... ok
[INFO] [stdout] test sync::chunked::tests::chunked_reader_still_reads_small_chunk ... ok
[INFO] [stdout] test sync::client::tests::chunked_reader_removes_native_chunk_markers ... ok
[INFO] [stdout] test row::tests::read_all_plain_tuple ... ok
[INFO] [stdout] test sync::chunked::tests::chunk_header_writer_refuses_oversized_packet ... ok
[INFO] [stdout] test sync::client::tests::client_config_budget_reaches_enforcement ... ok
[INFO] [stdout] test sync::client::tests::query_packet_settings_overlay_does_not_mutate_state ... ok
[INFO] [stdout] test sync::client::tests::query_packet_overlay_preserves_params_and_framing ... ok
[INFO] [stdout] test sync::client::tests::query_stream_refills_and_parses_nested_exception_chain ... ok
[INFO] [stdout] test sync::client::tests::query_packet_settings_overlay_merges_with_precedence ... ok
[INFO] [stdout] test sync::chunked::tests::chunked_reader_rejects_oversized_chunk_header ... ok
[INFO] [stdout] test sync::client::tests::query_packet_empty_overlay_equals_fast_path ... ok
[INFO] [stdout] test sync::client::tests::chunked_negotiation_matches_clickhouse_cpp_rules ... ok
[INFO] [stdout] test query_id::tests::interleaved_sync_and_async_ids_are_unique ... ok
[INFO] [stdout] test sync::client::tests::query_stream_chunked_refill_rejects_oversized_chunk ... ok
[INFO] [stdout] test sync::client::tests::read_response_blocks_surfaces_server_exception ... ok
[INFO] [stdout] test sync::client::tests::read_response_block_views_are_not_budgeted ... ok
[INFO] [stdout] test sync::client::tests::read_response_blocks_end_of_stream_is_ok_and_unknown_packet_is_err ... ok
[INFO] [stdout] test sync::client::tests::read_exception_packet_distinguishes_malformed_body ... ok
[INFO] [stdout] test sync::client::tests::read_response_blocks_exactly_at_cap_passes ... ok
[INFO] [stdout] test sync::client::tests::read_response_blocks_tiny_cap_breaches_naming_the_limit ... ok
[INFO] [stdout] test sync::client::tests::total_row_count_errors_instead_of_overflowing ... ok
[INFO] [stdout] test sync::column::array::tests::test_array_column_uint64 ... ok
[INFO] [stdout] test sync::column::fixed_string::tests::test_fixed_string_read ... ok
[INFO] [stdout] test sync::column::fixed_string::tests::test_fixed_string_zeros_padded ... ok
[INFO] [stdout] test sync::client::tests::query_stream_truncated_exception_terminates_as_protocol_error ... ok
[INFO] [stdout] test sync::column::array::tests::test_array_column_empty ... ok
[INFO] [stdout] test sync::column::array::tests::test_array_column_single_row ... ok
[INFO] [stdout] test sync::column::geo::tests::test_multipolygon_column ... ok
[INFO] [stdout] test sync::column::fixed_string::tests::test_fixed_string_empty ... ok
[INFO] [stdout] test sync::column::geo::tests::test_polygon_column ... ok
[INFO] [stdout] test sync::client::tests::read_exception_packet_parses_chain_into_server_error ... ok
[INFO] [stdout] test sync::column::geo::tests::test_point_column ... ok
[INFO] [stdout] test sync::column::geo::tests::test_point_read_write ... ok
[INFO] [stdout] test sync::column::plain::dynamic_variant_tests::dynamic_v3_uses_variable_width_discriminators_and_null_slot ... ok
[INFO] [stdout] test protocol::handshake::password_rule_limit_tests::hello_exception_chain_exactly_cap_is_authentication_error ... ok
[INFO] [stdout] test sync::column::plain::dynamic_variant_tests::variant_read_native_decodes_extended_types ... ok
[INFO] [stdout] test sync::column::geo::tests::test_ring_column ... ok
[INFO] [stdout] test sync::column::plain::tests::read_from_bytes_rejects_len_beyond_backing_bytes ... ok
[INFO] [stdout] test sync::column::map::tests::test_map_empty ... ok
[INFO] [stdout] test sync::column::nullable::tests::test_nullable_all_nulls ... ok
[INFO] [stdout] test sync::column::nullable::tests::test_nullable_uint64_read ... ok
[INFO] [stdout] test sync::column::plain::tests::test_clickhouse_value_read_write ... ok
[INFO] [stdout] test sync::column::plain::tests::test_int256_roundtrip ... ok
[INFO] [stdout] test sync::column::plain::tests::test_json_column_rejects_malformed_lengths_without_panicking ... ok
[INFO] [stdout] test sync::column::plain::tests::test_plain_column_data_oob ... ok
[INFO] [stdout] test sync::column::plain::tests::test_uint256_roundtrip ... ok
[INFO] [stdout] test sync::column::plain::tests::test_plain_column_aligned ... ok
[INFO] [stdout] test sync::column::string::tests::test_string_column_data_rowbinary ... ok
[INFO] [stdout] test sync::column::string::tests::string_column_borrows_source_buffer_no_copy ... ok
[INFO] [stdout] test sync::column::tuple::tests::test_tuple2_uint64_string ... ok
[INFO] [stdout] test sync::column::tuple::tests::test_tuple3_uint64_string_u16 ... ok
[INFO] [stdout] test sync::column::map::tests::test_map_string_uint64 ... ok
[INFO] [stdout] test sync::compression::tests::decode_frame_rejects_compressed_below_header_len ... ok
[INFO] [stdout] test sync::compression::tests::decode_frame_rejects_oversized_compressed ... ok
[INFO] [stdout] test sync::column::plain::tests::test_json_get_string_rejects_bad_offsets ... ok
[INFO] [stdout] test sync::column::plain::tests::test_uint256_plain_column_data ... ok
[INFO] [stdout] test sync::compression::tests::decompressing_reader_clean_eof_between_frames ... ok
[INFO] [stdout] test sync::column::plain::tests::test_plain_column_misaligned ... ok
[INFO] [stdout] test sync::column::tuple::tests::test_tuple5_uint64_string_u16_u8_f64 ... ok
[INFO] [stdout] test sync::compression::tests::decompressing_reader_concatenates_three_frames ... ok
[INFO] [stdout] test sync::compression::tests::decompressing_reader_falls_back_to_plain ... ok
[INFO] [stdout] test sync::compression::tests::decompressing_reader_rejects_oversized_frame ... ok
[INFO] [stdout] test sync::error::tests::config_display_is_distinct_from_protocol ... ok
[INFO] [stdout] test sync::compression::tests::test_lz4_frame_roundtrip ... ok
[INFO] [stdout] test sync::compression::tests::decompressing_reader_concatenates_two_frames ... ok
[INFO] [stdout] test sync::compression::tests::decompressing_reader_concatenates_two_frames_lz4 ... ok
[INFO] [stdout] test sync::compression::tests::test_checksum_mismatch_detected ... ok
[INFO] [stdout] test sync::error::tests::response_budget_exceeded_reports_limit_and_decoded_total ... ok
[INFO] [stdout] test sync::error::tests::response_too_large_display_names_limit_and_remedies ... ok
[INFO] [stdout] test sync::error::tests::server_error_display_includes_code_name_and_message ... ok
[INFO] [stdout] test sync::error::tests::timeout_display_and_predicate ... ok
[INFO] [stdout] test sync::compression::tests::test_header_layout ... ok
[INFO] [stdout] test sync::compression::tests::test_none_frame_roundtrip ... ok
[INFO] [stdout] test sync::protocol::handshake::password_rule_limit_tests::hello_rule_count_u64_max_is_protocol_error ... ok
[INFO] [stdout] test sync::protocol::parameters::tests::serializes_query_parameters_with_custom_flag_and_terminator ... ok
[INFO] [stdout] test connection::tcp_tests::first_block_handler_errors_on_second_non_empty_block ... ok
[INFO] [stdout] test sync::protocol::parameters::tests::quoted_string_matches_clickhouse_cpp_shape ... ok
[INFO] [stdout] test sync::protocol::handshake::password_rule_limit_tests::hello_rule_count_cap_plus_one_is_protocol_error ... ok
[INFO] [stdout] test sync::protocol::handshake::tests::ssh_signature_message_matches_clickhouse_order ... ok
[INFO] [stdout] test sync::protocol::handshake::password_rule_limit_tests::hello_rules_within_cap_parse ... ok
[INFO] [stdout] test sync::protocol::handshake::password_rule_limit_tests::hello_exception_chain_cap_plus_one_is_protocol_error ... ok
[INFO] [stdout] test sync::compression::tests::decode_frame_rejects_oversized_uncompressed ... ok
[INFO] [stdout] test sync::protocol::handshake::tests::ssh_auth_user_adds_clickhouse_marker ... ok
[INFO] [stdout] test sync::protocol::part_uuid::tests::ignored_part_uuids_packet_matches_clickhouse_layout ... ok
[INFO] [stdout] test sync::protocol::response::byte_limit_tests::discard_array_offset_2_pow_60_is_rejected ... ok
[INFO] [stdout] test query_id::tests::concurrent_sync_and_async_ids_are_unique ... ok
[INFO] [stdout] test sync::protocol::response::byte_limit_tests::from_buffer_string_value_length_u64_max_is_rejected ... ok
[INFO] [stdout] test sync::protocol::handshake::password_rule_limit_tests::hello_exception_chain_exactly_cap_is_authentication_error ... ok
[INFO] [stdout] test sync::protocol::response::byte_limit_tests::fixed_width_cap_plus_one_is_rejected_before_allocation ... ok
[INFO] [stdout] test sync::protocol::response::byte_limit_tests::discard_string_value_length_u64_max_is_rejected ... ok
[INFO] [stdout] test sync::protocol::response::byte_limit_tests::low_cardinality_materialization_cap_is_enforced_before_allocating ... ok
[INFO] [stdout] test sync::protocol::response::byte_limit_tests::streamed_map_offset_decrease_is_rejected ... ok
[INFO] [stdout] test sync::protocol::response::byte_limit_tests::variant_compact_rows_claim_is_rejected ... ok
[INFO] [stdout] test sync::protocol::response::byte_limit_tests::streamed_string_value_length_u64_max_is_rejected_before_read ... ok
[INFO] [stdout] test sync::protocol::response::byte_limit_tests::variant_compact_rows_equal_to_rows_parse ... ok
[INFO] [stdout] test sync::protocol::response::count_limit_tests::dynamic_state_v1_type_count_u64_max_is_protocol_error ... ok
[INFO] [stdout] test sync::protocol::response::count_limit_tests::discard_block_body_column_count_u64_max_is_protocol_error ... ok
[INFO] [stdout] test sync::protocol::response::count_limit_tests::parse_block_body_row_cap_boundary_parses ... ok
[INFO] [stdout] test sync::protocol::response::byte_limit_tests::raw_low_cardinality_index_mismatch_is_rejected ... ok
[INFO] [stdout] test sync::protocol::response::count_limit_tests::low_cardinality_key_count_u64_max_is_protocol_error ... ok
[INFO] [stdout] test sync::protocol::response::byte_limit_tests::raw_low_cardinality_index_count_u64_max_is_rejected ... ok
[INFO] [stdout] test sync::protocol::response::count_limit_tests::json_state_v0_path_count_cap_plus_one_is_protocol_error ... ok
[INFO] [stdout] test sync::protocol::response::count_limit_tests::read_block_column_count_u64_max_is_protocol_error ... ok
[INFO] [stdout] test sync::protocol::response::tests::buffered_dynamic_flattened_frames_trailing_column ... ok
[INFO] [stdout] test sync::protocol::response::tests::buffered_array_all_empty_offsets_zero_skips_no_inner ... ok
[INFO] [stdout] test sync::protocol::response::byte_limit_tests::streamed_array_offset_2_pow_60_is_rejected_before_inner_read ... ok
[INFO] [stdout] test sync::protocol::response::tests::buffered_json_version_prefix_consumed_and_stripped ... ok
[INFO] [stdout] test sync::protocol::response::tests::buffered_array_uint8_mixed_empty_rows_frame_trailing_column ... ok
[INFO] [stdout] test sync::protocol::response::count_limit_tests::parse_block_body_column_count_u64_max_is_protocol_error ... ok
[INFO] [stdout] test sync::protocol::response::tests::buffered_nested_json_is_rejected_before_slicing ... ok
[INFO] [stdout] test sync::protocol::response::tests::buffered_zero_row_block_with_lowcardinality_column_parses ... ok
[INFO] [stdout] test sync::protocol::response::tests::buffered_map_offsets_then_keys_and_values ... ok
[INFO] [stdout] test sync::protocol::response::tests::materializes_low_cardinality_string_like_clickhouse_cpp ... ok
[INFO] [stdout] test sync::protocol::response::tests::parses_progress_before_data_without_desync ... ok
[INFO] [stdout] test sync::protocol::response::count_limit_tests::json_state_v3_path_count_u64_max_is_protocol_error ... ok
[INFO] [stdout] test sync::protocol::response::count_limit_tests::parse_block_body_row_count_cap_plus_one_is_protocol_error ... ok
[INFO] [stdout] test sync::protocol::response::tests::buffered_variant_subcolumns_frame_trailing_column ... ok
[INFO] [stdout] test sync::protocol::response::byte_limit_tests::from_buffer_array_offset_2_pow_60_is_rejected ... ok
[INFO] [stdout] test sync::protocol::response::byte_limit_tests::view_path_string_value_length_2_pow_40_is_rejected ... ok
[INFO] [stdout] test sync::protocol::response::byte_limit_tests::streamed_json_string_length_u64_max_is_rejected ... ok
[INFO] [stdout] test sync::protocol::response::tests::parses_progress_for_revision_54464_without_desync ... ok
[INFO] [stdout] test sync::protocol::response::count_limit_tests::read_block_view_row_count_cap_plus_one_is_protocol_error ... ok
[INFO] [stdout] test sync::protocol::response::tests::skips_part_uuids_and_timezone_update_without_desync ... ok
[INFO] [stdout] test sync::protocol::response::tests::read_varint_into_rejects_overlong_and_tenth_byte_overflow ... ok
[INFO] [stdout] test sync::protocol::response::tests::skips_profile_info_and_profile_events_without_desync ... ok
[INFO] [stdout] test sync::protocol::table_status::tests::tables_status_request_matches_clickhouse_layout ... ok
[INFO] [stdout] test sync::protocol::response::count_limit_tests::read_block_within_caps_still_parses ... ok
[INFO] [stdout] test sync::protocol::response_packets::tests::exception_packet_lossily_decodes_non_utf8_text ... ok
[INFO] [stdout] test sync::protocol::response_packets::tests::exception_packet_yields_structured_server_error ... ok
[INFO] [stdout] test sync::protocol::type_parser::tests::test_decimal_types ... ok
[INFO] [stdout] test sync::protocol::type_parser::tests::test_deeply_nested ... ok
[INFO] [stdout] test sync::protocol::type_parser::tests::test_fixed_width ... ok
[INFO] [stdout] test sync::protocol::type_parser::tests::test_malformed_nested_type_is_err ... ok
[INFO] [stdout] test sync::protocol::type_parser::tests::test_parse_enum_labels_basic ... ok
[INFO] [stdout] test sync::protocol::type_parser::tests::test_parse_enum_labels_non_enum_returns_none ... ok
[INFO] [stdout] test sync::protocol::type_parser::tests::test_simple_types ... ok
[INFO] [stdout] test sync::protocol::wire::tests::test_parse_varint_max_prefix_nine_bytes ... ok
[INFO] [stdout] test sync::protocol::type_parser::tests::test_nested_types ... ok
[INFO] [stdout] test sync::protocol::type_parser::tests::test_parse_enum_labels_single ... ok
[INFO] [stdout] test sync::protocol::wire::tests::test_parse_varint_ten_byte_boundaries ... ok
[INFO] [stdout] test sync::protocol::wire::tests::test_read_varint_overflow_is_err ... ok
[INFO] [stdout] test sync::protocol::response_packets::tests::exception_chain_exactly_cap_depth_parses ... ok
[INFO] [stdout] test sync::protocol::wire::tests::test_varint_roundtrip ... ok
[INFO] [stdout] test sync::query_packet::tests::automatic_defaults_suppressed_only_when_overridden ... ok
[INFO] [stdout] test sync::protocol::wire::tests::test_string_roundtrip ... ok
[INFO] [stdout] test sync::query_packet::tests::overlay_serialization_does_not_mutate_inputs ... ok
[INFO] [stdout] test sync::schema::tests::quotes_identifier_paths ... ok
[INFO] [stdout] test sync::protocol::response_packets::tests::nested_exception_chain_reports_root_and_full_chain ... ok
[INFO] [stdout] test sync::query_packet::tests::empty_overlay_matches_template_serialization ... ok
[INFO] [stdout] test sync::protocol::response_packets::tests::part_uuid_count_cap_plus_one_is_protocol_error ... ok
[INFO] [stdout] test sync::query_packet::tests::overlay_merges_base_and_overlay_with_precedence ... ok
[INFO] [stdout] test sync::protocol::table_status::tests::tables_status_response_reads_readonly_gate ... ok
[INFO] [stdout] test sync::protocol::response_packets::tests::truncated_exception_packet_is_a_protocol_error ... ok
[INFO] [stdout] test sync::protocol::wire::tests::test_parse_varint_truncated_is_err ... ok
[INFO] [stdout] test sync::schema::tests::validates_insert_block_subset_by_name_and_type ... ok
[INFO] [stdout] test sync::protocol::response_packets::tests::exception_chain_cap_plus_one_is_protocol_error ... ok
[INFO] [stdout] test sync::protocol::response_packets::tests::part_uuid_count_u64_max_is_protocol_error ... ok
[INFO] [stdout] test sync::protocol::type_parser::tests::test_deeply_nested_type_is_capped ... ok
[INFO] [stdout] test sync::protocol::response_packets::tests::parse_exception_chain_direct_cap_boundary ... ok
[INFO] [stdout] test sync::client::tests::query_stream_compacts_consumed_prefix ... ok
[INFO] [stdout] test pool::tests::test_connect_timeout_failover_keeps_io_error_identity ... ok
[INFO] [stdout] test pool::tests::test_connect_timeout_bounds_silent_server ... ok
[INFO] [stdout] test connection::tcp_tests::stream_wrapper_handles_trickled_writes ... ok
[INFO] [stdout] 
[INFO] [stdout] test result: ok. 448 passed; 0 failed; 0 ignored; 0 measured; 0 filtered out; finished in 0.38s
[INFO] [stdout] 
[INFO] [stderr]      Running tests/batch_comp_test.rs (/opt/rustwide/target/debug/build/st-clickhouse-lib/34fbfa7d7ee886b7/out/batch_comp_test-34fbfa7d7ee886b7)
[INFO] [stdout] 
[INFO] [stdout] running 1 test
[INFO] [stdout] test test_batch_bare_lz4 ... FAILED
[INFO] [stdout] 
[INFO] [stdout] failures:
[INFO] [stdout] 
[INFO] [stdout] ---- test_batch_bare_lz4 stdout ----
[INFO] [stdout] connecting...
[INFO] [stdout] 
[INFO] [stdout] thread 'test_batch_bare_lz4' (2794) panicked at tests/common/mod.rs:25:14:
[INFO] [stdout] test operation failed: Io(Os { code: 111, kind: ConnectionRefused, message: "Connection refused" })
[INFO] [stdout] stack backtrace:
[INFO] [stdout]    0:     0x5c51b669b4e1 - std[617be2ca0a6fd877]::backtrace_rs::backtrace::libunwind::trace
[INFO] [stdout]                                at /rustc/e3feeb59cd1bdd011a2bfcc0747b55125d9b8527/library/std/src/../../backtrace/src/backtrace/libunwind.rs:117:9
[INFO] [stdout]    1:     0x5c51b669b4e1 - std[617be2ca0a6fd877]::backtrace_rs::backtrace::trace_unsynchronized::<std[617be2ca0a6fd877]::sys::backtrace::_print_fmt::{closure#1}>
[INFO] [stdout]                                at /rustc/e3feeb59cd1bdd011a2bfcc0747b55125d9b8527/library/std/src/../../backtrace/src/backtrace/mod.rs:66:14
[INFO] [stdout]    2:     0x5c51b669b4e1 - std[617be2ca0a6fd877]::sys::backtrace::_print_fmt
[INFO] [stdout]                                at /rustc/e3feeb59cd1bdd011a2bfcc0747b55125d9b8527/library/std/src/sys/backtrace.rs:74:9
[INFO] [stdout]    3:     0x5c51b669b4e1 - <<std[617be2ca0a6fd877]::sys::backtrace::BacktraceLock>::print::DisplayBacktrace as core[a373ad73a504971]::fmt::Display>::fmt
[INFO] [stdout]                                at /rustc/e3feeb59cd1bdd011a2bfcc0747b55125d9b8527/library/std/src/sys/backtrace.rs:44:26
[INFO] [stdout]    4:     0x5c51b66b0c8a - <core[a373ad73a504971]::fmt::rt::Argument>::fmt
[INFO] [stdout]                                at /rustc/e3feeb59cd1bdd011a2bfcc0747b55125d9b8527/library/core/src/fmt/rt.rs:152:76
[INFO] [stdout]    5:     0x5c51b66b0c8a - core[a373ad73a504971]::fmt::write
[INFO] [stdout]    6:     0x5c51b669fccc - core[a373ad73a504971]::io::write::default_write_fmt::<alloc[2e1b2a31b91974c5]::vec::Vec<u8>>
[INFO] [stdout]                                at /rustc/e3feeb59cd1bdd011a2bfcc0747b55125d9b8527/library/core/src/io/write.rs:402:11
[INFO] [stdout]    7:     0x5c51b669fccc - <alloc[2e1b2a31b91974c5]::vec::Vec<u8> as core[a373ad73a504971]::io::write::Write>::write_fmt
[INFO] [stdout]                                at /rustc/e3feeb59cd1bdd011a2bfcc0747b55125d9b8527/library/core/src/io/write.rs:335:13
[INFO] [stdout]    8:     0x5c51b6676a66 - <std[617be2ca0a6fd877]::sys::backtrace::BacktraceLock>::print
[INFO] [stdout]                                at /rustc/e3feeb59cd1bdd011a2bfcc0747b55125d9b8527/library/std/src/sys/backtrace.rs:47:9
[INFO] [stdout]    9:     0x5c51b6676a66 - std[617be2ca0a6fd877]::panicking::default_hook::{closure#0}
[INFO] [stdout]                                at /rustc/e3feeb59cd1bdd011a2bfcc0747b55125d9b8527/library/std/src/panicking.rs:289:27
[INFO] [stdout]   10:     0x5c51b66934f9 - std[617be2ca0a6fd877]::panicking::default_hook
[INFO] [stdout]                                at /rustc/e3feeb59cd1bdd011a2bfcc0747b55125d9b8527/library/std/src/panicking.rs:313:9
[INFO] [stderr] error: test failed, to rerun pass `--test batch_comp_test`
[INFO] [stdout]   11:     0x5c51b64452f0 - <alloc[2e1b2a31b91974c5]::boxed::Box<dyn for<'a, 'b> core[a373ad73a504971]::ops::function::Fn<(&'a std[617be2ca0a6fd877]::panic::PanicHookInfo<'b>,), Output = ()> + core[a373ad73a504971]::marker::Sync + core[a373ad73a504971]::marker::Send> as core[a373ad73a504971]::ops::function::Fn<(&std[617be2ca0a6fd877]::panic::PanicHookInfo,)>>::call
[INFO] [stdout]                                at /rustc/e3feeb59cd1bdd011a2bfcc0747b55125d9b8527/library/alloc/src/boxed.rs:2328:9
[INFO] [stdout]   12:     0x5c51b64452f0 - test[aada8e7e76ba119b]::test_main_inner::{closure#0}
[INFO] [stdout]                                at /rustc/e3feeb59cd1bdd011a2bfcc0747b55125d9b8527/library/test/src/lib.rs:137:21
[INFO] [stdout]   13:     0x5c51b6693822 - <alloc[2e1b2a31b91974c5]::boxed::Box<dyn for<'a, 'b> core[a373ad73a504971]::ops::function::Fn<(&'a std[617be2ca0a6fd877]::panic::PanicHookInfo<'b>,), Output = ()> + core[a373ad73a504971]::marker::Sync + core[a373ad73a504971]::marker::Send> as core[a373ad73a504971]::ops::function::Fn<(&std[617be2ca0a6fd877]::panic::PanicHookInfo,)>>::call
[INFO] [stdout]                                at /rustc/e3feeb59cd1bdd011a2bfcc0747b55125d9b8527/library/alloc/src/boxed.rs:2328:9
[INFO] [stdout]   14:     0x5c51b6693822 - std[617be2ca0a6fd877]::panicking::panic_with_hook
[INFO] [stdout]                                at /rustc/e3feeb59cd1bdd011a2bfcc0747b55125d9b8527/library/std/src/panicking.rs:819:13
[INFO] [stdout]   15:     0x5c51b6676b12 - std[617be2ca0a6fd877]::panicking::panic_handler::{closure#0}
[INFO] [stdout]                                at /rustc/e3feeb59cd1bdd011a2bfcc0747b55125d9b8527/library/std/src/panicking.rs:685:13
[INFO] [stdout]   16:     0x5c51b666f779 - std[617be2ca0a6fd877]::sys::backtrace::__rust_end_short_backtrace::<std[617be2ca0a6fd877]::panicking::panic_handler::{closure#0}, !>
[INFO] [stdout]                                at /rustc/e3feeb59cd1bdd011a2bfcc0747b55125d9b8527/library/std/src/sys/backtrace.rs:182:18
[INFO] [stdout]   17:     0x5c51b667790d - __rustc[ea4f61d10b84890b]::rust_begin_unwind
[INFO] [stdout]                                at /rustc/e3feeb59cd1bdd011a2bfcc0747b55125d9b8527/library/std/src/panicking.rs:676:5
[INFO] [stdout]   18:     0x5c51b66b14ac - core[a373ad73a504971]::panicking::panic_fmt
[INFO] [stdout]                                at /rustc/e3feeb59cd1bdd011a2bfcc0747b55125d9b8527/library/core/src/panicking.rs:80:14
[INFO] [stdout]   19:     0x5c51b66b1202 - core[a373ad73a504971]::result::unwrap_failed
[INFO] [stdout]                                at /rustc/e3feeb59cd1bdd011a2bfcc0747b55125d9b8527/library/core/src/result.rs:1870:5
[INFO] [stdout]   20:     0x5c51b640a031 - <core[a373ad73a504971]::result::Result<st_clickhouse[c049a01fb44d84fb]::connection::tcp::Client, st_clickhouse[c049a01fb44d84fb]::error::Error>>::expect
[INFO] [stdout]                                at /rustc/e3feeb59cd1bdd011a2bfcc0747b55125d9b8527/library/core/src/result.rs:1184:23
[INFO] [stdout]   21:     0x5c51b642002e - batch_comp_test[6bc9fadb9067b88c]::common::connect_client::{closure#0}
[INFO] [stdout]                                at /opt/rustwide/workdir/tests/common/mod.rs:25:14
[INFO] [stdout]   22:     0x5c51b6427648 - batch_comp_test[6bc9fadb9067b88c]::test_batch_bare_lz4::{closure#0}
[INFO] [stdout]                                at /opt/rustwide/workdir/tests/batch_comp_test.rs:7:43
[INFO] [stdout]   23:     0x5c51b6411042 - <core[a373ad73a504971]::pin::Pin<&mut dyn core[a373ad73a504971]::future::future::Future<Output = ()>> as core[a373ad73a504971]::future::future::Future>::poll
[INFO] [stdout]                                at /rustc/e3feeb59cd1bdd011a2bfcc0747b55125d9b8527/library/core/src/future/future.rs:133:9
[INFO] [stdout]   24:     0x5c51b64110bd - <core[a373ad73a504971]::pin::Pin<&mut core[a373ad73a504971]::pin::Pin<&mut dyn core[a373ad73a504971]::future::future::Future<Output = ()>>> as core[a373ad73a504971]::future::future::Future>::poll
[INFO] [stdout]                                at /rustc/e3feeb59cd1bdd011a2bfcc0747b55125d9b8527/library/core/src/future/future.rs:133:9
[INFO] [stdout]   25:     0x5c51b64253dd - <tokio[8119bbb6c5cb2102]::runtime::scheduler::current_thread::CoreGuard>::block_on::<core[a373ad73a504971]::pin::Pin<&mut core[a373ad73a504971]::pin::Pin<&mut dyn core[a373ad73a504971]::future::future::Future<Output = ()>>>>::{closure#0}::{closure#0}::{closure#0}
[INFO] [stdout]                                at /opt/rustwide/cargo-home/registry/src/index.crates.io-1949cf8c6b5b557f/tokio-1.52.3/src/runtime/scheduler/current_thread/mod.rs:778:70
[INFO] [stdout]   26:     0x5c51b6425305 - tokio[8119bbb6c5cb2102]::task::coop::with_budget::<core[a373ad73a504971]::task::poll::Poll<()>, <tokio[8119bbb6c5cb2102]::runtime::scheduler::current_thread::CoreGuard>::block_on<core[a373ad73a504971]::pin::Pin<&mut core[a373ad73a504971]::pin::Pin<&mut dyn core[a373ad73a504971]::future::future::Future<Output = ()>>>>::{closure#0}::{closure#0}::{closure#0}>
[INFO] [stdout]                                at /opt/rustwide/cargo-home/registry/src/index.crates.io-1949cf8c6b5b557f/tokio-1.52.3/src/task/coop/mod.rs:167:5
[INFO] [stdout]   27:     0x5c51b6425305 - tokio[8119bbb6c5cb2102]::task::coop::budget::<core[a373ad73a504971]::task::poll::Poll<()>, <tokio[8119bbb6c5cb2102]::runtime::scheduler::current_thread::CoreGuard>::block_on<core[a373ad73a504971]::pin::Pin<&mut core[a373ad73a504971]::pin::Pin<&mut dyn core[a373ad73a504971]::future::future::Future<Output = ()>>>>::{closure#0}::{closure#0}::{closure#0}>
[INFO] [stdout]                                at /opt/rustwide/cargo-home/registry/src/index.crates.io-1949cf8c6b5b557f/tokio-1.52.3/src/task/coop/mod.rs:133:5
[INFO] [stdout]   28:     0x5c51b6425305 - <tokio[8119bbb6c5cb2102]::runtime::scheduler::current_thread::CoreGuard>::block_on::<core[a373ad73a504971]::pin::Pin<&mut core[a373ad73a504971]::pin::Pin<&mut dyn core[a373ad73a504971]::future::future::Future<Output = ()>>>>::{closure#0}::{closure#0}
[INFO] [stdout]                                at /opt/rustwide/cargo-home/registry/src/index.crates.io-1949cf8c6b5b557f/tokio-1.52.3/src/runtime/scheduler/current_thread/mod.rs:778:25
[INFO] [stdout]   29:     0x5c51b6421672 - <tokio[8119bbb6c5cb2102]::runtime::scheduler::current_thread::Context>::enter::<core[a373ad73a504971]::task::poll::Poll<()>, <tokio[8119bbb6c5cb2102]::runtime::scheduler::current_thread::CoreGuard>::block_on<core[a373ad73a504971]::pin::Pin<&mut core[a373ad73a504971]::pin::Pin<&mut dyn core[a373ad73a504971]::future::future::Future<Output = ()>>>>::{closure#0}::{closure#0}>
[INFO] [stdout]                                at /opt/rustwide/cargo-home/registry/src/index.crates.io-1949cf8c6b5b557f/tokio-1.52.3/src/runtime/scheduler/current_thread/mod.rs:451:19
[INFO] [stdout]   30:     0x5c51b64247bd - <tokio[8119bbb6c5cb2102]::runtime::scheduler::current_thread::CoreGuard>::block_on::<core[a373ad73a504971]::pin::Pin<&mut core[a373ad73a504971]::pin::Pin<&mut dyn core[a373ad73a504971]::future::future::Future<Output = ()>>>>::{closure#0}
[INFO] [stdout]                                at /opt/rustwide/cargo-home/registry/src/index.crates.io-1949cf8c6b5b557f/tokio-1.52.3/src/runtime/scheduler/current_thread/mod.rs:777:44
[INFO] [stdout]   31:     0x5c51b6423a64 - <tokio[8119bbb6c5cb2102]::runtime::scheduler::current_thread::CoreGuard>::enter::<<tokio[8119bbb6c5cb2102]::runtime::scheduler::current_thread::CoreGuard>::block_on<core[a373ad73a504971]::pin::Pin<&mut core[a373ad73a504971]::pin::Pin<&mut dyn core[a373ad73a504971]::future::future::Future<Output = ()>>>>::{closure#0}, core[a373ad73a504971]::option::Option<()>>::{closure#0}
[INFO] [stdout]                                at /opt/rustwide/cargo-home/registry/src/index.crates.io-1949cf8c6b5b557f/tokio-1.52.3/src/runtime/scheduler/current_thread/mod.rs:865:68
[INFO] [stdout]   32:     0x5c51b641d28b - <tokio[8119bbb6c5cb2102]::runtime::context::scoped::Scoped<tokio[8119bbb6c5cb2102]::runtime::scheduler::Context>>::set::<<tokio[8119bbb6c5cb2102]::runtime::scheduler::current_thread::CoreGuard>::enter<<tokio[8119bbb6c5cb2102]::runtime::scheduler::current_thread::CoreGuard>::block_on<core[a373ad73a504971]::pin::Pin<&mut core[a373ad73a504971]::pin::Pin<&mut dyn core[a373ad73a504971]::future::future::Future<Output = ()>>>>::{closure#0}, core[a373ad73a504971]::option::Option<()>>::{closure#0}, (alloc[2e1b2a31b91974c5]::boxed::Box<tokio[8119bbb6c5cb2102]::runtime::scheduler::current_thread::Core>, core[a373ad73a504971]::option::Option<()>)>
[INFO] [stdout]                                at /opt/rustwide/cargo-home/registry/src/index.crates.io-1949cf8c6b5b557f/tokio-1.52.3/src/runtime/context/scoped.rs:40:9
[INFO] [stdout]   33:     0x5c51b641eb29 - tokio[8119bbb6c5cb2102]::runtime::context::set_scheduler::<(alloc[2e1b2a31b91974c5]::boxed::Box<tokio[8119bbb6c5cb2102]::runtime::scheduler::current_thread::Core>, core[a373ad73a504971]::option::Option<()>), <tokio[8119bbb6c5cb2102]::runtime::scheduler::current_thread::CoreGuard>::enter<<tokio[8119bbb6c5cb2102]::runtime::scheduler::current_thread::CoreGuard>::block_on<core[a373ad73a504971]::pin::Pin<&mut core[a373ad73a504971]::pin::Pin<&mut dyn core[a373ad73a504971]::future::future::Future<Output = ()>>>>::{closure#0}, core[a373ad73a504971]::option::Option<()>>::{closure#0}>::{closure#0}
[INFO] [stdout]                                at /opt/rustwide/cargo-home/registry/src/index.crates.io-1949cf8c6b5b557f/tokio-1.52.3/src/runtime/context.rs:181:38
[INFO] [stdout]   34:     0x5c51b6401e6f - <std[617be2ca0a6fd877]::thread::local::LocalKey<tokio[8119bbb6c5cb2102]::runtime::context::Context>>::try_with::<tokio[8119bbb6c5cb2102]::runtime::context::set_scheduler<(alloc[2e1b2a31b91974c5]::boxed::Box<tokio[8119bbb6c5cb2102]::runtime::scheduler::current_thread::Core>, core[a373ad73a504971]::option::Option<()>), <tokio[8119bbb6c5cb2102]::runtime::scheduler::current_thread::CoreGuard>::enter<<tokio[8119bbb6c5cb2102]::runtime::scheduler::current_thread::CoreGuard>::block_on<core[a373ad73a504971]::pin::Pin<&mut core[a373ad73a504971]::pin::Pin<&mut dyn core[a373ad73a504971]::future::future::Future<Output = ()>>>>::{closure#0}, core[a373ad73a504971]::option::Option<()>>::{closure#0}>::{closure#0}, (alloc[2e1b2a31b91974c5]::boxed::Box<tokio[8119bbb6c5cb2102]::runtime::scheduler::current_thread::Core>, core[a373ad73a504971]::option::Option<()>)>
[INFO] [stdout]                                at /rustc/e3feeb59cd1bdd011a2bfcc0747b55125d9b8527/library/std/src/thread/local.rs:463:12
[INFO] [stdout]   35:     0x5c51b6401a1e - <std[617be2ca0a6fd877]::thread::local::LocalKey<tokio[8119bbb6c5cb2102]::runtime::context::Context>>::with::<tokio[8119bbb6c5cb2102]::runtime::context::set_scheduler<(alloc[2e1b2a31b91974c5]::boxed::Box<tokio[8119bbb6c5cb2102]::runtime::scheduler::current_thread::Core>, core[a373ad73a504971]::option::Option<()>), <tokio[8119bbb6c5cb2102]::runtime::scheduler::current_thread::CoreGuard>::enter<<tokio[8119bbb6c5cb2102]::runtime::scheduler::current_thread::CoreGuard>::block_on<core[a373ad73a504971]::pin::Pin<&mut core[a373ad73a504971]::pin::Pin<&mut dyn core[a373ad73a504971]::future::future::Future<Output = ()>>>>::{closure#0}, core[a373ad73a504971]::option::Option<()>>::{closure#0}>::{closure#0}, (alloc[2e1b2a31b91974c5]::boxed::Box<tokio[8119bbb6c5cb2102]::runtime::scheduler::current_thread::Core>, core[a373ad73a504971]::option::Option<()>)>
[INFO] [stdout]                                at /rustc/e3feeb59cd1bdd011a2bfcc0747b55125d9b8527/library/std/src/thread/local.rs:427:20
[INFO] [stdout]   36:     0x5c51b641dc9d - tokio[8119bbb6c5cb2102]::runtime::context::set_scheduler::<(alloc[2e1b2a31b91974c5]::boxed::Box<tokio[8119bbb6c5cb2102]::runtime::scheduler::current_thread::Core>, core[a373ad73a504971]::option::Option<()>), <tokio[8119bbb6c5cb2102]::runtime::scheduler::current_thread::CoreGuard>::enter<<tokio[8119bbb6c5cb2102]::runtime::scheduler::current_thread::CoreGuard>::block_on<core[a373ad73a504971]::pin::Pin<&mut core[a373ad73a504971]::pin::Pin<&mut dyn core[a373ad73a504971]::future::future::Future<Output = ()>>>>::{closure#0}, core[a373ad73a504971]::option::Option<()>>::{closure#0}>
[INFO] [stdout]                                at /opt/rustwide/cargo-home/registry/src/index.crates.io-1949cf8c6b5b557f/tokio-1.52.3/src/runtime/context.rs:181:17
[INFO] [stdout]   37:     0x5c51b6422c90 - <tokio[8119bbb6c5cb2102]::runtime::scheduler::current_thread::CoreGuard>::enter::<<tokio[8119bbb6c5cb2102]::runtime::scheduler::current_thread::CoreGuard>::block_on<core[a373ad73a504971]::pin::Pin<&mut core[a373ad73a504971]::pin::Pin<&mut dyn core[a373ad73a504971]::future::future::Future<Output = ()>>>>::{closure#0}, core[a373ad73a504971]::option::Option<()>>
[INFO] [stdout]                                at /opt/rustwide/cargo-home/registry/src/index.crates.io-1949cf8c6b5b557f/tokio-1.52.3/src/runtime/scheduler/current_thread/mod.rs:865:27
[INFO] [stdout]   38:     0x5c51b6422f86 - <tokio[8119bbb6c5cb2102]::runtime::scheduler::current_thread::CoreGuard>::block_on::<core[a373ad73a504971]::pin::Pin<&mut core[a373ad73a504971]::pin::Pin<&mut dyn core[a373ad73a504971]::future::future::Future<Output = ()>>>>
[INFO] [stdout]                                at /opt/rustwide/cargo-home/registry/src/index.crates.io-1949cf8c6b5b557f/tokio-1.52.3/src/runtime/scheduler/current_thread/mod.rs:765:24
[INFO] [stdout]   39:     0x5c51b6423670 - <tokio[8119bbb6c5cb2102]::runtime::scheduler::current_thread::CurrentThread>::block_on::<core[a373ad73a504971]::pin::Pin<&mut dyn core[a373ad73a504971]::future::future::Future<Output = ()>>>::{closure#0}
[INFO] [stdout]                                at /opt/rustwide/cargo-home/registry/src/index.crates.io-1949cf8c6b5b557f/tokio-1.52.3/src/runtime/scheduler/current_thread/mod.rs:205:33
[INFO] [stdout]   40:     0x5c51b6417df8 - tokio[8119bbb6c5cb2102]::runtime::context::runtime::enter_runtime::<<tokio[8119bbb6c5cb2102]::runtime::scheduler::current_thread::CurrentThread>::block_on<core[a373ad73a504971]::pin::Pin<&mut dyn core[a373ad73a504971]::future::future::Future<Output = ()>>>::{closure#0}, ()>
[INFO] [stdout]                                at /opt/rustwide/cargo-home/registry/src/index.crates.io-1949cf8c6b5b557f/tokio-1.52.3/src/runtime/context/runtime.rs:65:16
[INFO] [stdout]   41:     0x5c51b64211d4 - <tokio[8119bbb6c5cb2102]::runtime::scheduler::current_thread::CurrentThread>::block_on::<core[a373ad73a504971]::pin::Pin<&mut dyn core[a373ad73a504971]::future::future::Future<Output = ()>>>
[INFO] [stdout]                                at /opt/rustwide/cargo-home/registry/src/index.crates.io-1949cf8c6b5b557f/tokio-1.52.3/src/runtime/scheduler/current_thread/mod.rs:193:9
[INFO] [stdout]   42:     0x5c51b640174f - <tokio[8119bbb6c5cb2102]::runtime::runtime::Runtime>::block_on_inner::<core[a373ad73a504971]::pin::Pin<&mut dyn core[a373ad73a504971]::future::future::Future<Output = ()>>>
[INFO] [stdout]                                at /opt/rustwide/cargo-home/registry/src/index.crates.io-1949cf8c6b5b557f/tokio-1.52.3/src/runtime/runtime.rs:371:52
[INFO] [stdout]   43:     0x5c51b640189b - <tokio[8119bbb6c5cb2102]::runtime::runtime::Runtime>::block_on::<core[a373ad73a504971]::pin::Pin<&mut dyn core[a373ad73a504971]::future::future::Future<Output = ()>>>
[INFO] [stdout]                                at /opt/rustwide/cargo-home/registry/src/index.crates.io-1949cf8c6b5b557f/tokio-1.52.3/src/runtime/runtime.rs:345:18
[INFO] [stdout]   44:     0x5c51b642de0e - batch_comp_test[6bc9fadb9067b88c]::test_batch_bare_lz4
[INFO] [stdout]                                at /opt/rustwide/workdir/tests/batch_comp_test.rs:16:19
[INFO] [stdout]   45:     0x5c51b6427427 - batch_comp_test[6bc9fadb9067b88c]::test_batch_bare_lz4::{closure#0}
[INFO] [stdout]                                at /opt/rustwide/workdir/tests/batch_comp_test.rs:5:31
[INFO] [stdout]   46:     0x5c51b63c4696 - <batch_comp_test[6bc9fadb9067b88c]::test_batch_bare_lz4::{closure#0} as core[a373ad73a504971]::ops::function::FnOnce<()>>::call_once
[INFO] [stdout]                                at /rustc/e3feeb59cd1bdd011a2bfcc0747b55125d9b8527/library/core/src/ops/function.rs:250:5
[INFO] [stdout]   47:     0x5c51b643873b - <fn() -> core[a373ad73a504971]::result::Result<(), alloc[2e1b2a31b91974c5]::string::String> as core[a373ad73a504971]::ops::function::FnOnce<()>>::call_once
[INFO] [stdout]                                at /rustc/e3feeb59cd1bdd011a2bfcc0747b55125d9b8527/library/core/src/ops/function.rs:250:5
[INFO] [stdout]   48:     0x5c51b643873b - test[aada8e7e76ba119b]::__rust_begin_short_backtrace::<core[a373ad73a504971]::result::Result<(), alloc[2e1b2a31b91974c5]::string::String>, fn() -> core[a373ad73a504971]::result::Result<(), alloc[2e1b2a31b91974c5]::string::String>>
[INFO] [stdout]                                at /rustc/e3feeb59cd1bdd011a2bfcc0747b55125d9b8527/library/test/src/lib.rs:701:18
[INFO] [stdout]   49:     0x5c51b6445915 - test[aada8e7e76ba119b]::run_test_in_process::{closure#0}
[INFO] [stdout]                                at /rustc/e3feeb59cd1bdd011a2bfcc0747b55125d9b8527/library/test/src/lib.rs:724:74
[INFO] [stdout]   50:     0x5c51b6445915 - <core[a373ad73a504971]::panic::unwind_safe::AssertUnwindSafe<test[aada8e7e76ba119b]::run_test_in_process::{closure#0}> as core[a373ad73a504971]::ops::function::FnOnce<()>>::call_once
[INFO] [stdout]                                at /rustc/e3feeb59cd1bdd011a2bfcc0747b55125d9b8527/library/core/src/panic/unwind_safe.rs:275:9
[INFO] [stdout]   51:     0x5c51b6445915 - std[617be2ca0a6fd877]::panicking::catch_unwind::do_call::<core[a373ad73a504971]::panic::unwind_safe::AssertUnwindSafe<test[aada8e7e76ba119b]::run_test_in_process::{closure#0}>, core[a373ad73a504971]::result::Result<(), alloc[2e1b2a31b91974c5]::string::String>>
[INFO] [stdout]                                at /rustc/e3feeb59cd1bdd011a2bfcc0747b55125d9b8527/library/std/src/panicking.rs:573:43
[INFO] [stdout]   52:     0x5c51b6445915 - std[617be2ca0a6fd877]::panicking::catch_unwind::<core[a373ad73a504971]::result::Result<(), alloc[2e1b2a31b91974c5]::string::String>, core[a373ad73a504971]::panic::unwind_safe::AssertUnwindSafe<test[aada8e7e76ba119b]::run_test_in_process::{closure#0}>>
[INFO] [stdout]                                at /rustc/e3feeb59cd1bdd011a2bfcc0747b55125d9b8527/library/std/src/panicking.rs:541:19
[INFO] [stdout]   53:     0x5c51b6445915 - std[617be2ca0a6fd877]::panic::catch_unwind::<core[a373ad73a504971]::panic::unwind_safe::AssertUnwindSafe<test[aada8e7e76ba119b]::run_test_in_process::{closure#0}>, core[a373ad73a504971]::result::Result<(), alloc[2e1b2a31b91974c5]::string::String>>
[INFO] [stdout]                                at /rustc/e3feeb59cd1bdd011a2bfcc0747b55125d9b8527/library/std/src/panic.rs:359:14
[INFO] [stdout]   54:     0x5c51b6445915 - test[aada8e7e76ba119b]::run_test_in_process
[INFO] [stdout]                                at /rustc/e3feeb59cd1bdd011a2bfcc0747b55125d9b8527/library/test/src/lib.rs:724:27
[INFO] [stdout]   55:     0x5c51b6445915 - test[aada8e7e76ba119b]::run_test::{closure#0}
[INFO] [stdout]                                at /rustc/e3feeb59cd1bdd011a2bfcc0747b55125d9b8527/library/test/src/lib.rs:645:43
[INFO] [stdout]   56:     0x5c51b643f204 - test[aada8e7e76ba119b]::run_test::{closure#1}
[INFO] [stdout]                                at /rustc/e3feeb59cd1bdd011a2bfcc0747b55125d9b8527/library/test/src/lib.rs:675:41
[INFO] [stdout]   57:     0x5c51b643f204 - std[617be2ca0a6fd877]::sys::backtrace::__rust_begin_short_backtrace::<test[aada8e7e76ba119b]::run_test::{closure#1}, ()>
[INFO] [stdout]                                at /rustc/e3feeb59cd1bdd011a2bfcc0747b55125d9b8527/library/std/src/sys/backtrace.rs:166:18
[INFO] [stdout]   58:     0x5c51b64489a2 - std[617be2ca0a6fd877]::thread::lifecycle::spawn_unchecked::<test[aada8e7e76ba119b]::run_test::{closure#1}, ()>::{closure#1}::{closure#0}
[INFO] [stdout]                                at /rustc/e3feeb59cd1bdd011a2bfcc0747b55125d9b8527/library/std/src/thread/lifecycle.rs:70:13
[INFO] [stdout]   59:     0x5c51b64489a2 - <core[a373ad73a504971]::panic::unwind_safe::AssertUnwindSafe<std[617be2ca0a6fd877]::thread::lifecycle::spawn_unchecked<test[aada8e7e76ba119b]::run_test::{closure#1}, ()>::{closure#1}::{closure#0}> as core[a373ad73a504971]::ops::function::FnOnce<()>>::call_once
[INFO] [stdout]                                at /rustc/e3feeb59cd1bdd011a2bfcc0747b55125d9b8527/library/core/src/panic/unwind_safe.rs:275:9
[INFO] [stdout]   60:     0x5c51b64489a2 - std[617be2ca0a6fd877]::panicking::catch_unwind::do_call::<core[a373ad73a504971]::panic::unwind_safe::AssertUnwindSafe<std[617be2ca0a6fd877]::thread::lifecycle::spawn_unchecked<test[aada8e7e76ba119b]::run_test::{closure#1}, ()>::{closure#1}::{closure#0}>, ()>
[INFO] [stdout]                                at /rustc/e3feeb59cd1bdd011a2bfcc0747b55125d9b8527/library/std/src/panicking.rs:573:43
[INFO] [stdout]   61:     0x5c51b64489a2 - std[617be2ca0a6fd877]::panicking::catch_unwind::<(), core[a373ad73a504971]::panic::unwind_safe::AssertUnwindSafe<std[617be2ca0a6fd877]::thread::lifecycle::spawn_unchecked<test[aada8e7e76ba119b]::run_test::{closure#1}, ()>::{closure#1}::{closure#0}>>
[INFO] [stdout]                                at /rustc/e3feeb59cd1bdd011a2bfcc0747b55125d9b8527/library/std/src/panicking.rs:541:19
[INFO] [stdout]   62:     0x5c51b64489a2 - std[617be2ca0a6fd877]::panic::catch_unwind::<core[a373ad73a504971]::panic::unwind_safe::AssertUnwindSafe<std[617be2ca0a6fd877]::thread::lifecycle::spawn_unchecked<test[aada8e7e76ba119b]::run_test::{closure#1}, ()>::{closure#1}::{closure#0}>, ()>
[INFO] [stdout]                                at /rustc/e3feeb59cd1bdd011a2bfcc0747b55125d9b8527/library/std/src/panic.rs:359:14
[INFO] [stdout]   63:     0x5c51b64489a2 - std[617be2ca0a6fd877]::thread::lifecycle::spawn_unchecked::<test[aada8e7e76ba119b]::run_test::{closure#1}, ()>::{closure#1}
[INFO] [stdout]                                at /rustc/e3feeb59cd1bdd011a2bfcc0747b55125d9b8527/library/std/src/thread/lifecycle.rs:68:26
[INFO] [stdout]   64:     0x5c51b64489a2 - <std[617be2ca0a6fd877]::thread::lifecycle::spawn_unchecked<test[aada8e7e76ba119b]::run_test::{closure#1}, ()>::{closure#1} as core[a373ad73a504971]::ops::function::FnOnce<()>>::call_once::{shim:vtable#0}
[INFO] [stdout]                                at /rustc/e3feeb59cd1bdd011a2bfcc0747b55125d9b8527/library/core/src/ops/function.rs:250:5
[INFO] [stdout]   65:     0x5c51b669a98f - <alloc[2e1b2a31b91974c5]::boxed::Box<dyn core[a373ad73a504971]::ops::function::FnOnce<(), Output = ()> + core[a373ad73a504971]::marker::Send> as core[a373ad73a504971]::ops::function::FnOnce<()>>::call_once
[INFO] [stdout]                                at /rustc/e3feeb59cd1bdd011a2bfcc0747b55125d9b8527/library/alloc/src/boxed.rs:2314:9
[INFO] [stdout]   66:     0x5c51b669a98f - <std[617be2ca0a6fd877]::sys::thread::unix::Thread>::new::thread_start
[INFO] [stdout]                                at /rustc/e3feeb59cd1bdd011a2bfcc0747b55125d9b8527/library/std/src/sys/thread/unix.rs:127:17
[INFO] [stdout]   67:     0x79ec2d460dfa - <unknown>
[INFO] [stdout]   68:     0x79ec2d4f43d4 - clone
[INFO] [stdout]   69:                0x0 - <unknown>
[INFO] [stdout] 
[INFO] [stdout] 
[INFO] [stdout] failures:
[INFO] [stdout]     test_batch_bare_lz4
[INFO] [stdout] 
[INFO] [stdout] test result: FAILED. 0 passed; 1 failed; 0 ignored; 0 measured; 0 filtered out; finished in 0.17s
[INFO] [stdout] 
[INFO] running `Command { std: "docker" "inspect" "ff758f6c7bbdc4c88803f94574adc42865476902c7c1c3d1177248e4955beead", kill_on_drop: false }`
[INFO] running `Command { std: "docker" "rm" "-f" "ff758f6c7bbdc4c88803f94574adc42865476902c7c1c3d1177248e4955beead", kill_on_drop: false }`
[INFO] [stdout] ff758f6c7bbdc4c88803f94574adc42865476902c7c1c3d1177248e4955beead
