[INFO] fetching crate sqlite-fleet 0.5.1...
[INFO] testing sqlite-fleet-0.5.1 against 1.100.0-beta.1 for beta-1.100-2
[INFO] extracting crate sqlite-fleet 0.5.1 into /workspace/builds/worker-2-tc2/source
[INFO] started tweaking crates.io crate sqlite-fleet 0.5.1
[INFO] removed 0 missing tests
[INFO] finished tweaking crates.io crate sqlite-fleet 0.5.1
[INFO] tweaked toml for crates.io crate sqlite-fleet 0.5.1 written to /workspace/builds/worker-2-tc2/source/Cargo.toml
[INFO] validating manifest of crates.io crate sqlite-fleet 0.5.1 on toolchain 1.100.0-beta.1
[INFO] running `Command { std: CARGO_HOME="/workspace/cargo-home" RUSTUP_HOME="/workspace/rustup-home" "/workspace/cargo-home/bin/cargo" "+1.100.0-beta.1" "metadata" "--manifest-path" "Cargo.toml" "--no-deps", kill_on_drop: false }`
[INFO] crate crates.io crate sqlite-fleet 0.5.1 already has a lockfile, it will not be regenerated
[INFO] running `Command { std: CARGO_HOME="/workspace/cargo-home" RUSTUP_HOME="/workspace/rustup-home" "/workspace/cargo-home/bin/cargo" "+1.100.0-beta.1" "fetch" "--manifest-path" "Cargo.toml", kill_on_drop: false }`
[INFO] running `Command { std: "docker" "create" "-v" "/var/lib/crater-agent-workspace/builds/worker-2-tc2/source:/opt/rustwide/workdir:ro,Z" "-v" "/var/lib/crater-agent-workspace/builds/worker-2-tc2/target:/opt/rustwide/target:rw,Z" "-v" "/var/lib/crater-agent-workspace/cargo-home:/opt/rustwide/cargo-home:ro,Z" "-v" "/var/lib/crater-agent-workspace/rustup-home:/opt/rustwide/rustup-home:ro,Z" "-m" "1610612736" "--network" "none" "ghcr.io/rust-lang/crates-build-env/linux@sha256:3111399a4047eeb3a02b7a90e478d715f38a8c6669b5c4b49d30a17385265909" "sleep" "infinity", kill_on_drop: false }`
[INFO] [stdout] d494f8676e93f5378b83244b04ec8a37bd5e34895f7ce1a351945c62f30ecad9
[INFO] running `Command { std: "docker" "start" "d494f8676e93f5378b83244b04ec8a37bd5e34895f7ce1a351945c62f30ecad9", kill_on_drop: false }`
[INFO] running `Command { std: "docker" "inspect" "d494f8676e93f5378b83244b04ec8a37bd5e34895f7ce1a351945c62f30ecad9", kill_on_drop: false }`
[INFO] running `Command { std: "docker" "exec" "-e" "SOURCE_DIR=/opt/rustwide/workdir" "-e" "CARGO_HOME=/opt/rustwide/cargo-home" "-e" "RUSTUP_HOME=/opt/rustwide/rustup-home" "-e" "CARGO_TARGET_DIR=/opt/rustwide/target" "-w" "/opt/rustwide/workdir" "--user" "0:0" "d494f8676e93f5378b83244b04ec8a37bd5e34895f7ce1a351945c62f30ecad9" "/opt/rustwide/cargo-home/bin/cargo" "+1.100.0-beta.1" "metadata" "--no-deps" "--format-version=1", kill_on_drop: false }`
[INFO] running `Command { std: "docker" "inspect" "d494f8676e93f5378b83244b04ec8a37bd5e34895f7ce1a351945c62f30ecad9", kill_on_drop: false }`
[INFO] running `Command { std: "docker" "exec" "-e" "SOURCE_DIR=/opt/rustwide/workdir" "-e" "CARGO_HOME=/opt/rustwide/cargo-home" "-e" "RUSTUP_HOME=/opt/rustwide/rustup-home" "-e" "CARGO_TARGET_DIR=/opt/rustwide/target" "-e" "CARGO_INCREMENTAL=0" "-e" "RUST_BACKTRACE=full" "-e" "RUSTFLAGS=--cap-lints=warn" "-e" "RUSTDOCFLAGS=--cap-lints=warn" "-w" "/opt/rustwide/workdir" "--user" "0:0" "d494f8676e93f5378b83244b04ec8a37bd5e34895f7ce1a351945c62f30ecad9" "/opt/rustwide/cargo-home/bin/cargo" "+1.100.0-beta.1" "build" "--frozen" "--message-format=json", kill_on_drop: false }`
[INFO] [stderr]    Compiling ahash v0.8.12
[INFO] [stderr]    Compiling once_cell v1.21.4
[INFO] [stderr]    Compiling libsqlite3-sys v0.30.1
[INFO] [stderr]    Compiling clap_builder v4.6.0
[INFO] [stderr]    Compiling fallible-iterator v0.3.0
[INFO] [stderr]    Compiling bitflags v2.11.1
[INFO] [stderr]    Compiling smallvec v1.15.1
[INFO] [stderr]    Compiling memchr v2.8.0
[INFO] [stderr]    Compiling serde_derive v1.0.228
[INFO] [stderr]    Compiling clap_derive v4.6.1
[INFO] [stderr]    Compiling fallible-streaming-iterator v0.1.9
[INFO] [stderr]    Compiling getrandom v0.4.2
[INFO] [stderr]    Compiling hashbrown v0.14.5
[INFO] [stderr]    Compiling serde_json v1.0.149
[INFO] [stderr]    Compiling hashlink v0.9.1
[INFO] [stderr]    Compiling clap v4.6.1
[INFO] [stderr]    Compiling serde v1.0.228
[INFO] [stderr]    Compiling serde_spanned v0.6.9
[INFO] [stderr]    Compiling toml_datetime v0.6.11
[INFO] [stderr]    Compiling toml_edit v0.22.27
[INFO] [stderr]    Compiling toml v0.8.23
[INFO] [stderr]    Compiling rusqlite v0.32.1
[INFO] [stderr]    Compiling sqlite-fleet v0.5.1 (/opt/rustwide/workdir)
[INFO] [stderr]     Finished `dev` profile [unoptimized + debuginfo] target(s) in 25.80s
[INFO] running `Command { std: "docker" "inspect" "d494f8676e93f5378b83244b04ec8a37bd5e34895f7ce1a351945c62f30ecad9", kill_on_drop: false }`
[INFO] running `Command { std: "docker" "exec" "-e" "SOURCE_DIR=/opt/rustwide/workdir" "-e" "CARGO_HOME=/opt/rustwide/cargo-home" "-e" "RUSTUP_HOME=/opt/rustwide/rustup-home" "-e" "CARGO_TARGET_DIR=/opt/rustwide/target" "-e" "CARGO_INCREMENTAL=0" "-e" "RUST_BACKTRACE=full" "-e" "RUSTFLAGS=--cap-lints=warn" "-e" "RUSTDOCFLAGS=--cap-lints=warn" "-w" "/opt/rustwide/workdir" "--user" "0:0" "d494f8676e93f5378b83244b04ec8a37bd5e34895f7ce1a351945c62f30ecad9" "/opt/rustwide/cargo-home/bin/cargo" "+1.100.0-beta.1" "test" "--frozen" "--no-run" "--message-format=json", kill_on_drop: false }`
[INFO] [stderr]    Compiling once_cell v1.21.4
[INFO] [stderr]    Compiling predicates-core v1.0.10
[INFO] [stderr]    Compiling rustix v1.1.4
[INFO] [stderr]    Compiling regex-automata v0.4.14
[INFO] [stderr]    Compiling assert_cmd v2.2.1
[INFO] [stderr]    Compiling termtree v0.5.1
[INFO] [stderr]    Compiling wait-timeout v0.2.1
[INFO] [stderr]    Compiling ahash v0.8.12
[INFO] [stderr]    Compiling predicates-tree v1.0.13
[INFO] [stderr]    Compiling predicates v3.1.4
[INFO] [stderr]    Compiling hashbrown v0.14.5
[INFO] [stderr]    Compiling hashlink v0.9.1
[INFO] [stderr]    Compiling bstr v1.12.1
[INFO] [stderr]    Compiling rusqlite v0.32.1
[INFO] [stderr]    Compiling sqlite-fleet v0.5.1 (/opt/rustwide/workdir)
[INFO] [stderr]    Compiling tempfile v3.27.0
[INFO] [stderr]     Finished `test` profile [unoptimized + debuginfo] target(s) in 19.45s
[INFO] running `Command { std: "docker" "inspect" "d494f8676e93f5378b83244b04ec8a37bd5e34895f7ce1a351945c62f30ecad9", kill_on_drop: false }`
[INFO] running `Command { std: "docker" "exec" "-e" "SOURCE_DIR=/opt/rustwide/workdir" "-e" "CARGO_HOME=/opt/rustwide/cargo-home" "-e" "RUSTUP_HOME=/opt/rustwide/rustup-home" "-e" "CARGO_TARGET_DIR=/opt/rustwide/target" "-e" "CARGO_INCREMENTAL=0" "-e" "RUST_BACKTRACE=full" "-e" "RUSTFLAGS=--cap-lints=warn" "-e" "RUSTDOCFLAGS=--cap-lints=warn" "-w" "/opt/rustwide/workdir" "--user" "0:0" "d494f8676e93f5378b83244b04ec8a37bd5e34895f7ce1a351945c62f30ecad9" "/opt/rustwide/cargo-home/bin/cargo" "+1.100.0-beta.1" "test" "--frozen", kill_on_drop: false }`
[INFO] [stderr]     Finished `test` profile [unoptimized + debuginfo] target(s) in 0.17s
[INFO] [stderr]      Running unittests src/lib.rs (/opt/rustwide/target/debug/build/sqlite-fleet/3743e4dfe8d11ceb/out/sqlite_fleet-3743e4dfe8d11ceb)
[INFO] [stdout] 
[INFO] [stdout] running 2 tests
[INFO] [stdout] test path_utils::tests::lexical_normalization_preserves_relative_parent_components ... ok
[INFO] [stdout] test path_utils::tests::lexical_normalization_does_not_escape_above_root ... ok
[INFO] [stdout] 
[INFO] [stdout] test result: ok. 2 passed; 0 failed; 0 ignored; 0 measured; 0 filtered out; finished in 0.01s
[INFO] [stdout] 
[INFO] [stderr]      Running unittests src/main.rs (/opt/rustwide/target/debug/build/sqlite-fleet/3547915bef301c20/out/sqlite_fleet-3547915bef301c20)
[INFO] [stdout] 
[INFO] [stdout] running 145 tests
[INFO] [stdout] test gui::tests::api_create_database_file_rejects_final_symlink ... ok
[INFO] [stdout] test gui::tests::allowed_root_data_warns_for_broad_roots ... ok
[INFO] [stdout] test gui::tests::api_create_migration_file_requires_group_when_groups_are_explicit ... ok
[INFO] [stdout] test gui::tests::api_database_migration_assignments_preserve_matching_selector ... ok
[INFO] [stdout] test gui::tests::api_create_migration_file_rejects_final_symlink ... ok
[INFO] [stdout] test gui::tests::api_db_groups_resolve_relative_path_selectors_for_preview ... ok
[INFO] [stdout] test gui::tests::api_like_paths_do_not_require_api_token ... ok
[INFO] [stdout] test gui::tests::api_namespace_root_requires_valid_token ... ok
[INFO] [stdout] test gui::tests::api_request_requires_valid_token ... ok
[INFO] [stdout] test gui::tests::api_preview_discovery_uses_unsaved_allowed_roots ... ok
[INFO] [stdout] test gui::tests::api_create_migration_file_removes_file_when_migration_validation_fails ... ok
[INFO] [stdout] test gui::tests::api_namespace_child_requires_valid_token_before_not_found ... ok
[INFO] [stdout] test gui::tests::api_path_entries_rejects_outside_or_glob_paths ... ok
[INFO] [stdout] test gui::tests::api_create_migration_file_preserves_suffix_version_filename ... ok
[INFO] [stdout] test gui::tests::api_path_entries_lists_base_relative_entries ... ok
[INFO] [stdout] test gui::tests::api_save_gui_permissions_rejects_duplicate_original_name_retention ... ok
[INFO] [stdout] test gui::tests::api_create_migration_file_adds_filename_to_explicit_group ... ok
[INFO] [stdout] test gui::tests::api_baseline_migrations_respects_existing_database_operation_lock ... ok
[INFO] [stdout] test gui::tests::api_db_groups_preserve_selector_order_for_limit_preview ... ok
[INFO] [stdout] test gui::tests::api_save_gui_permissions_normalizes_retained_name_for_token_check ... ok
[INFO] [stdout] test gui::tests::api_save_gui_permissions_rejects_empty_user_list ... ok
[INFO] [stdout] test gui::tests::api_save_gui_permissions_rejects_token_with_internal_whitespace ... ok
[INFO] [stdout] test gui::tests::api_create_migration_file_for_dir_group_writes_into_group_dir ... ok
[INFO] [stdout] test gui::tests::api_create_migration_file_preserves_implicit_main_group ... ok
[INFO] [stdout] test gui::tests::api_create_migration_file_accepts_absolute_migrations_dir_inside_base ... ok
[INFO] [stdout] test gui::tests::api_save_gui_permissions_rejects_token_matching_retained_hash ... ok
[INFO] [stdout] test gui::tests::api_state_omits_gui_users_in_plain_permission_mode ... ok
[INFO] [stdout] test gui::tests::api_save_database_migration_group_allows_empty_assignment ... ok
[INFO] [stdout] test gui::tests::api_save_existing_migration_group_allows_empty_membership ... ok
[INFO] [stdout] test gui::tests::api_save_empty_migration_group_allows_missing_migrations_dir ... ok
[INFO] [stdout] test gui::tests::compares_api_tokens_without_prefix_acceptance ... ok
[INFO] [stdout] test gui::tests::append_os_suffix_preserves_non_utf8_bytes ... ok
[INFO] [stdout] test gui::tests::csrf_token_is_hex_256_bits ... ok
[INFO] [stdout] test gui::tests::detects_api_namespace_paths ... ok
[INFO] [stdout] test gui::tests::api_save_gui_permissions_updates_user_permission_mode ... ok
[INFO] [stdout] test gui::tests::api_save_gui_permissions_keeps_token_when_user_is_renamed ... ok
[INFO] [stdout] test gui::tests::detects_complete_http_header ... ok
[INFO] [stdout] test gui::tests::api_save_migration_group_preserves_existing_dir ... ok
[INFO] [stdout] test gui::tests::api_save_settings_persists_discovery_and_paths ... ok
[INFO] [stdout] test gui::tests::api_save_settings_persists_allowed_roots ... ok
[INFO] [stdout] test gui::tests::api_save_new_migration_group_branches_from_implicit_main_migrations ... ok
[INFO] [stdout] test gui::tests::gui_host_must_be_loopback ... ok
[INFO] [stdout] test gui::tests::gui_rejects_initial_user_creation_without_setup_token ... ok
[INFO] [stdout] test gui::tests::gui_allows_initial_user_creation_with_setup_token ... ok
[INFO] [stdout] test gui::tests::gui_rejects_null_gui_users_during_initial_setup ... ok
[INFO] [stdout] test gui::tests::api_save_gui_permissions_persists_allow_flags ... ok
[INFO] [stdout] test gui::tests::api_update_migration_file_allows_unapplied_migration ... ok
[INFO] [stdout] test gui::tests::api_update_migration_file_allows_parent_path_with_spaces ... ok
[INFO] [stdout] test gui::tests::gui_post_apis_enforce_allow_flags_server_side ... ok
[INFO] [stdout] test gui::tests::api_baseline_migrations_marks_pending_without_running_sql ... ok
[INFO] [stdout] test gui::tests::gui_migrate_writes_audit_event ... ok
[INFO] [stdout] test gui::tests::api_baseline_migrations_stops_on_first_failure_when_continue_on_error_is_false ... ok
[INFO] [stdout] test gui::tests::baseline_rechecks_pending_after_acquiring_operation_lock ... ok
[INFO] [stdout] test gui::tests::dry_run_database_copy_removes_sqlite_sidecars_after_sql_error ... ok
[INFO] [stdout] test gui::tests::gui_sql_apply_rolls_back_batch_on_error ... ok
[INFO] [stdout] test gui::tests::dry_run_database_copy_is_removed_after_sql_error ... ok
[INFO] [stdout] test gui::tests::html_api_client_validates_json_envelope ... ok
[INFO] [stdout] test gui::tests::html_disables_database_selector_when_no_databases_exist ... ok
[INFO] [stdout] test gui::tests::html_displays_hidden_schema_columns ... ok
[INFO] [stdout] test gui::tests::html_does_not_use_inline_event_handlers ... ok
[INFO] [stdout] test gui::tests::html_displays_schema_object_definitions ... ok
[INFO] [stdout] test gui::tests::gui_sql_apply_writes_success_and_failure_audit_events ... ok
[INFO] [stdout] test gui::tests::gui_sql_rejects_disabling_foreign_keys ... ok
[INFO] [stdout] test gui::tests::html_escapes_dynamic_attribute_values_consistently ... ok
[INFO] [stdout] test gui::tests::html_escapes_dynamic_table_values_consistently ... ok
[INFO] [stdout] test gui::tests::html_includes_help_page_linked_from_sidebar ... ok
[INFO] [stdout] test gui::tests::html_keeps_buttons_disabled_until_all_api_requests_finish ... ok
[INFO] [stdout] test gui::tests::html_includes_contextual_tooltips_for_admin_fields ... ok
[INFO] [stdout] test gui::tests::gui_sql_apply_rejects_transaction_control ... ok
[INFO] [stdout] test gui::tests::gui_sql_rejects_ignoring_check_constraints ... ok
[INFO] [stdout] test gui::tests::gui_backup_creates_backup_and_writes_audit_event ... ok
[INFO] [stdout] test gui::tests::html_script_uses_nonce_placeholder ... ok
[INFO] [stdout] test gui::tests::html_preserves_migrate_completion_message_after_refresh ... ok
[INFO] [stdout] test gui::tests::gui_baseline_writes_report_and_audit_event ... ok
[INFO] [stdout] test gui::tests::html_preserves_sql_completion_message_after_schema_refresh ... ok
[INFO] [stdout] test gui::tests::api_update_migration_file_rejects_applied_migration ... ok
[INFO] [stdout] test gui::tests::html_sql_format_does_not_split_semicolons ... ok
[INFO] [stdout] test gui::tests::http_save_gui_permissions_without_users_requires_initial_user_setup ... ok
[INFO] [stdout] test gui::tests::html_sanitizes_download_sql_file_name ... ok
[INFO] [stdout] test gui::tests::initial_setup_blocks_non_setup_apis ... ok
[INFO] [stdout] test gui::tests::not_found_response_uses_api_envelope_shape ... ok
[INFO] [stdout] test gui::tests::parses_headers_case_insensitively ... ok
[INFO] [stdout] test gui::tests::html_uses_modals_for_database_and_db_group_creation ... ok
[INFO] [stdout] test gui::tests::page_request_does_not_require_api_token ... ok
[INFO] [stdout] test gui::tests::parses_query_parameters_strictly ... ok
[INFO] [stdout] test gui::tests::parses_request_line_strictly ... ok
[INFO] [stdout] test gui::tests::gui_sql_rejects_attach_for_dry_run_and_apply ... ok
[INFO] [stdout] test gui::tests::rejects_bare_lf_in_http_header_lines ... ok
[INFO] [stdout] test gui::tests::html_uses_modal_for_migration_group_creation ... ok
[INFO] [stdout] test gui::tests::parses_required_bool_query_parameter ... ok
[INFO] [stdout] test gui::tests::rejects_duplicate_framing_headers ... ok
[INFO] [stdout] test gui::tests::rejects_implicit_request_body_for_get_page ... ok
[INFO] [stdout] test gui::tests::rejects_duplicate_security_headers ... ok
[INFO] [stdout] test gui::tests::persist_config_does_not_follow_fixed_tmp_symlink ... ok
[INFO] [stdout] test gui::tests::html_uses_sidebar_layout ... ok
[INFO] [stdout] test gui::tests::rejects_malformed_or_duplicate_query_parameters ... ok
[INFO] [stdout] test gui::tests::rejects_missing_or_invalid_bool_query_parameter ... ok
[INFO] [stdout] test gui::tests::rejects_malformed_header_lines ... ok
[INFO] [stdout] test gui::tests::html_supports_english_default_and_japanese_toggle ... ok
[INFO] [stdout] test gui::tests::html_localizes_dynamic_render_labels ... ok
[INFO] [stdout] test gui::tests::rejects_request_body_for_post_api ... ok
[INFO] [stdout] test gui::tests::rejects_unknown_query_parameters ... ok
[INFO] [stdout] test gui::tests::remote_host_header_allows_proxy_hosts_when_enabled ... ok
[INFO] [stdout] test gui::tests::rejects_request_body_for_get_page ... ok
[INFO] [stdout] test gui::tests::gui_sql_apply_allows_create_trigger_body ... ok
[INFO] [stdout] test gui::tests::html_uses_modal_for_migration_file_creation ... ok
[INFO] [stdout] test gui::tests::html_supports_sql_templates_upload_edit_and_download ... ok
[INFO] [stdout] test gui::tests::gui_sql_enforces_foreign_keys_for_apply_and_dry_run ... ok
[INFO] [stdout] test gui::tests::sql_api_requires_json_content_type ... ok
[INFO] [stdout] test gui::tests::sql_api_rejects_body_larger_than_content_length_over_http ... ok
[INFO] [stdout] test gui::tests::gui_sql_rejects_vacuum_into_for_apply_and_dry_run ... ok
[INFO] [stdout] test gui::tests::sql_api_requires_content_length_over_http ... ok
[INFO] [stdout] test gui::tests::sql_json_body_limit_allows_wrapper_overhead ... ok
[INFO] [stdout] test gui::tests::sql_request_rejects_unknown_json_fields ... ok
[INFO] [stdout] test gui::tests::gui_sql_rejects_schema_corruption_pragmas ... ok
[INFO] [stdout] test gui::tests::rejects_non_loopback_host_header ... ok
[INFO] [stdout] test gui::tests::rejects_malformed_request_line ... ok
[INFO] [stdout] test gui::tests::sqlite_database_file_cleanup_handles_non_utf8_file_names ... ok
[INFO] [stdout] test gui::tests::ssh_tunnel_command_brackets_ipv6_remote_host ... ok
[INFO] [stdout] test gui::tests::percent_encoded_path_is_rejected_before_api_routing ... ok
[INFO] [stdout] test gui::tests::ssh_tunnel_command_uses_operator_options ... ok
[INFO] [stdout] test gui::tests::ssh_tunnel_hint_options_reject_unsafe_values ... ok
[INFO] [stdout] test gui::tests::request_rejects_non_loopback_host_header_over_http ... ok
[INFO] [stdout] test gui::tests::validates_api_token ... ok
[INFO] [stdout] test gui::tests::validates_no_query_for_plain_api_endpoints ... ok
[INFO] [stdout] test gui::tests::validates_optional_nonempty_query_parameter ... ok
[INFO] [stdout] test gui::tests::schema_reads_generated_columns_with_table_xinfo ... ok
[INFO] [stdout] test tests::gui_command_accepts_explicit_remote_flag ... ok
[INFO] [stdout] test tests::gui_command_accepts_host_and_port_overrides ... ok
[INFO] [stdout] test tests::gui_command_accepts_ssh_tunnel_hint_options ... ok
[INFO] [stdout] test tests::gui_command_uses_documented_defaults ... ok
[INFO] [stdout] test tests::remote_gui_startup_requires_explicit_flag_and_admin_user ... ok
[INFO] [stdout] test gui::tests::api_baseline_migrations_upgrades_legacy_history_before_inserting_pending ... ok
[INFO] [stdout] test gui::tests::gui_user_tokens_select_effective_permissions ... ok
[INFO] [stdout] test gui::tests::validates_loopback_host_header ... ok
[INFO] [stdout] test gui::tests::ssh_tunnel_command_uses_placeholders_by_default ... ok
[INFO] [stdout] test gui::tests::schema_keeps_user_objects_with_sqlite_like_names ... ok
[INFO] [stdout] test gui::tests::schema_includes_virtual_tables_but_omits_shadow_tables ... ok
[INFO] [stdout] test gui::tests::schema_includes_views_indexes_and_triggers ... ok
[INFO] [stdout] test gui::tests::sql_dry_run_rejects_vacuum_into_but_allows_plain_vacuum ... ok
[INFO] [stdout] test gui::tests::sql_dry_run_supports_transaction_and_vacuum_without_changing_source ... ok
[INFO] [stdout] test gui::tests::sql_dry_run_rejects_attach_and_detach_outside_comments_and_strings ... ok
[INFO] [stdout] test gui::tests::unsafe_pragma_detection_only_checks_statement_start ... ok
[INFO] [stdout] test gui::tests::sql_request_size_limit_counts_utf8_bytes_before_db_lookup ... ok
[INFO] [stderr]      Running tests/cli_exit.rs (/opt/rustwide/target/debug/build/sqlite-fleet/bdfb3ee9e30cd7fb/out/cli_exit-bdfb3ee9e30cd7fb)
[INFO] [stdout] test gui::tests::sql_request_rejects_sql_larger_than_limit_before_db_lookup ... ok
[INFO] [stdout] 
[INFO] [stdout] test result: ok. 145 passed; 0 failed; 0 ignored; 0 measured; 0 filtered out; finished in 0.32s
[INFO] [stdout] 
[INFO] [stdout] 
[INFO] [stdout] running 8 tests
[INFO] [stdout] test global_parallel_override_is_validated ... ok
[INFO] [stdout] test discover_does_not_require_migration_or_report_settings ... ok
[INFO] [stdout] test status_json_stdout_survives_invalid_report_path_config ... ok
[INFO] [stdout] test migrate_failure_takes_precedence_over_report_write_failure ... ok
[INFO] [stdout] test status_json_stdout_survives_report_write_failure ... ok
[INFO] [stdout] test status_json_stdout_survives_invalid_report_format_config ... ok
[INFO] [stdout] test migrate_cli_continue_on_error_overrides_config ... ok
[INFO] [stdout] test operation_failure_takes_precedence_over_report_write_failure ... ok
[INFO] [stdout] 
[INFO] [stdout] test result: ok. 8 passed; 0 failed; 0 ignored; 0 measured; 0 filtered out; finished in 0.17s
[INFO] [stdout] 
[INFO] [stderr]      Running tests/db_path.rs (/opt/rustwide/target/debug/build/sqlite-fleet/8b5b38fa0bff9ff6/out/db_path-8b5b38fa0bff9ff6)
[INFO] [stdout] 
[INFO] [stdout] running 20 tests
[INFO] [stdout] test render_path_template_rejects_ids_with_surrounding_whitespace ... ok
[INFO] [stdout] test query_discovery_source_must_be_regular_file ... ok
[INFO] [stdout] test config_load_canonicalizes_relative_base_dir ... FAILED
[INFO] [stdout] test glob_discovery_rejects_non_file_matches ... ok
[INFO] [stdout] test glob_discovery_rejects_ids_with_surrounding_whitespace ... ok
[INFO] [stdout] test query_discovery_rejects_invalid_path_template_before_opening_source ... ok
[INFO] [stdout] test direct_database_apis_reject_invalid_database_id ... ok
[INFO] [stdout] test database_operation_results_refresh_stale_database_state ... ok
[INFO] [stdout] test render_path_template_rejects_unmatched_closing_brace ... ok
[INFO] [stdout] test render_path_template_requires_id_placeholder ... ok
[INFO] [stdout] test render_path_template_rejects_invalid_split_expression ... ok
[INFO] [stdout] test render_path_template_splits_non_ascii_ids_by_character ... ok
[INFO] [stdout] test migrate_database_selector_rejects_outside_path_without_canonicalizing_it ... ok
[INFO] [stdout] test direct_build_plan_rejects_duplicate_database_paths ... ok
[INFO] [stdout] test database_state_is_not_refreshed_before_base_dir_validation ... ok
[INFO] [stdout] test direct_build_plan_rejects_duplicate_database_set ... ok
[INFO] [stdout] test database_paths_must_be_regular_files ... ok
[INFO] [stdout] test query_discovery_rejects_path_like_ids_when_path_column_is_used ... ok
[INFO] [stdout] test config_load_rejects_invalid_path_template_syntax ... ok
[INFO] [stdout] test query_discovery_rejects_blank_path_template_even_with_path_column ... ok
[INFO] [stdout] 
[INFO] [stdout] failures:
[INFO] [stdout] 
[INFO] [stdout] ---- config_load_canonicalizes_relative_base_dir stdout ----
[INFO] [stdout] 
[INFO] [stdout] thread 'config_load_canonicalizes_relative_base_dir' (1544) panicked at tests/db_path.rs:504:30:
[INFO] [stdout] called `Result::unwrap()` on an `Err` value: Os { code: 30, kind: ReadOnlyFilesystem, message: "Read-only file system" }
[INFO] [stdout] stack backtrace:
[INFO] [stdout]    0:     0x577a5c5bae21 - std[617be2ca0a6fd877]::backtrace_rs::backtrace::libunwind::trace
[INFO] [stdout]                                at /rustc/e3feeb59cd1bdd011a2bfcc0747b55125d9b8527/library/std/src/../../backtrace/src/backtrace/libunwind.rs:117:9
[INFO] [stdout]    1:     0x577a5c5bae21 - std[617be2ca0a6fd877]::backtrace_rs::backtrace::trace_unsynchronized::<std[617be2ca0a6fd877]::sys::backtrace::_print_fmt::{closure#1}>
[INFO] [stdout]                                at /rustc/e3feeb59cd1bdd011a2bfcc0747b55125d9b8527/library/std/src/../../backtrace/src/backtrace/mod.rs:66:14
[INFO] [stdout]    2:     0x577a5c5bae21 - std[617be2ca0a6fd877]::sys::backtrace::_print_fmt
[INFO] [stdout]                                at /rustc/e3feeb59cd1bdd011a2bfcc0747b55125d9b8527/library/std/src/sys/backtrace.rs:74:9
[INFO] [stdout]    3:     0x577a5c5bae21 - <<std[617be2ca0a6fd877]::sys::backtrace::BacktraceLock>::print::DisplayBacktrace as core[a373ad73a504971]::fmt::Display>::fmt
[INFO] [stdout]                                at /rustc/e3feeb59cd1bdd011a2bfcc0747b55125d9b8527/library/std/src/sys/backtrace.rs:44:26
[INFO] [stdout]    4:     0x577a5c5d12fa - <core[a373ad73a504971]::fmt::rt::Argument>::fmt
[INFO] [stdout]                                at /rustc/e3feeb59cd1bdd011a2bfcc0747b55125d9b8527/library/core/src/fmt/rt.rs:152:76
[INFO] [stdout]    5:     0x577a5c5d12fa - core[a373ad73a504971]::fmt::write
[INFO] [stdout]    6:     0x577a5c5bf92c - core[a373ad73a504971]::io::write::default_write_fmt::<alloc[2e1b2a31b91974c5]::vec::Vec<u8>>
[INFO] [stdout]                                at /rustc/e3feeb59cd1bdd011a2bfcc0747b55125d9b8527/library/core/src/io/write.rs:402:11
[INFO] [stdout]    7:     0x577a5c5bf92c - <alloc[2e1b2a31b91974c5]::vec::Vec<u8> as core[a373ad73a504971]::io::write::Write>::write_fmt
[INFO] [stdout]                                at /rustc/e3feeb59cd1bdd011a2bfcc0747b55125d9b8527/library/core/src/io/write.rs:335:13
[INFO] [stdout]    8:     0x577a5c5940d6 - <std[617be2ca0a6fd877]::sys::backtrace::BacktraceLock>::print
[INFO] [stdout]                                at /rustc/e3feeb59cd1bdd011a2bfcc0747b55125d9b8527/library/std/src/sys/backtrace.rs:47:9
[INFO] [stdout]    9:     0x577a5c5940d6 - std[617be2ca0a6fd877]::panicking::default_hook::{closure#0}
[INFO] [stdout]                                at /rustc/e3feeb59cd1bdd011a2bfcc0747b55125d9b8527/library/std/src/panicking.rs:289:27
[INFO] [stdout]   10:     0x577a5c5b20e9 - std[617be2ca0a6fd877]::panicking::default_hook
[INFO] [stdout]                                at /rustc/e3feeb59cd1bdd011a2bfcc0747b55125d9b8527/library/std/src/panicking.rs:313:9
[INFO] [stdout]   11:     0x577a5c1f6b00 - <alloc[2e1b2a31b91974c5]::boxed::Box<dyn for<'a, 'b> core[a373ad73a504971]::ops::function::Fn<(&'a std[617be2ca0a6fd877]::panic::PanicHookInfo<'b>,), Output = ()> + core[a373ad73a504971]::marker::Sync + core[a373ad73a504971]::marker::Send> as core[a373ad73a504971]::ops::function::Fn<(&std[617be2ca0a6fd877]::panic::PanicHookInfo,)>>::call
[INFO] [stdout]                                at /rustc/e3feeb59cd1bdd011a2bfcc0747b55125d9b8527/library/alloc/src/boxed.rs:2328:9
[INFO] [stdout]   12:     0x577a5c1f6b00 - test[aada8e7e76ba119b]::test_main_inner::{closure#0}
[INFO] [stdout]                                at /rustc/e3feeb59cd1bdd011a2bfcc0747b55125d9b8527/library/test/src/lib.rs:137:21
[INFO] [stdout]   13:     0x577a5c5b2412 - <alloc[2e1b2a31b91974c5]::boxed::Box<dyn for<'a, 'b> core[a373ad73a504971]::ops::function::Fn<(&'a std[617be2ca0a6fd877]::panic::PanicHookInfo<'b>,), Output = ()> + core[a373ad73a504971]::marker::Sync + core[a373ad73a504971]::marker::Send> as core[a373ad73a504971]::ops::function::Fn<(&std[617be2ca0a6fd877]::panic::PanicHookInfo,)>>::call
[INFO] [stdout]                                at /rustc/e3feeb59cd1bdd011a2bfcc0747b55125d9b8527/library/alloc/src/boxed.rs:2328:9
[INFO] [stdout]   14:     0x577a5c5b2412 - std[617be2ca0a6fd877]::panicking::panic_with_hook
[INFO] [stdout]                                at /rustc/e3feeb59cd1bdd011a2bfcc0747b55125d9b8527/library/std/src/panicking.rs:819:13
[INFO] [stdout]   15:     0x577a5c594182 - std[617be2ca0a6fd877]::panicking::panic_handler::{closure#0}
[INFO] [stdout]                                at /rustc/e3feeb59cd1bdd011a2bfcc0747b55125d9b8527/library/std/src/panicking.rs:685:13
[INFO] [stdout]   16:     0x577a5c58c589 - std[617be2ca0a6fd877]::sys::backtrace::__rust_end_short_backtrace::<std[617be2ca0a6fd877]::panicking::panic_handler::{closure#0}, !>
[INFO] [stdout]                                at /rustc/e3feeb59cd1bdd011a2bfcc0747b55125d9b8527/library/std/src/sys/backtrace.rs:182:18
[INFO] [stdout]   17:     0x577a5c594e9d - __rustc[ea4f61d10b84890b]::rust_begin_unwind
[INFO] [stdout]                                at /rustc/e3feeb59cd1bdd011a2bfcc0747b55125d9b8527/library/std/src/panicking.rs:676:5
[INFO] [stdout]   18:     0x577a5c5d1b1c - core[a373ad73a504971]::panicking::panic_fmt
[INFO] [stdout]                                at /rustc/e3feeb59cd1bdd011a2bfcc0747b55125d9b8527/library/core/src/panicking.rs:80:14
[INFO] [stdout]   19:     0x577a5c5d1872 - core[a373ad73a504971]::result::unwrap_failed
[INFO] [stdout]                                at /rustc/e3feeb59cd1bdd011a2bfcc0747b55125d9b8527/library/core/src/result.rs:1870:5
[INFO] [stdout]   20:     0x577a5c1af209 - <core[a373ad73a504971]::result::Result<(), core[a373ad73a504971]::io::error::Error>>::unwrap
[INFO] [stdout]                                at /rustc/e3feeb59cd1bdd011a2bfcc0747b55125d9b8527/library/core/src/result.rs:1232:23
[INFO] [stdout]   21:     0x577a5c1af209 - db_path[73c0f7e4de568d72]::config_load_canonicalizes_relative_base_dir
[INFO] [stdout]                                at /opt/rustwide/workdir/tests/db_path.rs:504:30
[INFO] [stdout]   22:     0x577a5c1ac337 - db_path[73c0f7e4de568d72]::config_load_canonicalizes_relative_base_dir::{closure#0}
[INFO] [stdout]                                at /opt/rustwide/workdir/tests/db_path.rs:498:49
[INFO] [stdout]   23:     0x577a5c1cda46 - <db_path[73c0f7e4de568d72]::config_load_canonicalizes_relative_base_dir::{closure#0} as core[a373ad73a504971]::ops::function::FnOnce<()>>::call_once
[INFO] [stdout]                                at /rustc/e3feeb59cd1bdd011a2bfcc0747b55125d9b8527/library/core/src/ops/function.rs:250:5
[INFO] [stdout]   24:     0x577a5c1e9f4b - <fn() -> core[a373ad73a504971]::result::Result<(), alloc[2e1b2a31b91974c5]::string::String> as core[a373ad73a504971]::ops::function::FnOnce<()>>::call_once
[INFO] [stdout]                                at /rustc/e3feeb59cd1bdd011a2bfcc0747b55125d9b8527/library/core/src/ops/function.rs:250:5
[INFO] [stdout]   25:     0x577a5c1e9f4b - test[aada8e7e76ba119b]::__rust_begin_short_backtrace::<core[a373ad73a504971]::result::Result<(), alloc[2e1b2a31b91974c5]::string::String>, fn() -> core[a373ad73a504971]::result::Result<(), alloc[2e1b2a31b91974c5]::string::String>>
[INFO] [stdout]                                at /rustc/e3feeb59cd1bdd011a2bfcc0747b55125d9b8527/library/test/src/lib.rs:701:18
[INFO] [stdout]   26:     0x577a5c1f7125 - test[aada8e7e76ba119b]::run_test_in_process::{closure#0}
[INFO] [stdout]                                at /rustc/e3feeb59cd1bdd011a2bfcc0747b55125d9b8527/library/test/src/lib.rs:724:74
[INFO] [stdout]   27:     0x577a5c1f7125 - <core[a373ad73a504971]::panic::unwind_safe::AssertUnwindSafe<test[aada8e7e76ba119b]::run_test_in_process::{closure#0}> as core[a373ad73a504971]::ops::function::FnOnce<()>>::call_once
[INFO] [stdout]                                at /rustc/e3feeb59cd1bdd011a2bfcc0747b55125d9b8527/library/core/src/panic/unwind_safe.rs:275:9
[INFO] [stdout]   28:     0x577a5c1f7125 - std[617be2ca0a6fd877]::panicking::catch_unwind::do_call::<core[a373ad73a504971]::panic::unwind_safe::AssertUnwindSafe<test[aada8e7e76ba119b]::run_test_in_process::{closure#0}>, core[a373ad73a504971]::result::Result<(), alloc[2e1b2a31b91974c5]::string::String>>
[INFO] [stdout]                                at /rustc/e3feeb59cd1bdd011a2bfcc0747b55125d9b8527/library/std/src/panicking.rs:573:43
[INFO] [stdout]   29:     0x577a5c1f7125 - std[617be2ca0a6fd877]::panicking::catch_unwind::<core[a373ad73a504971]::result::Result<(), alloc[2e1b2a31b91974c5]::string::String>, core[a373ad73a504971]::panic::unwind_safe::AssertUnwindSafe<test[aada8e7e76ba119b]::run_test_in_process::{closure#0}>>
[INFO] [stdout]                                at /rustc/e3feeb59cd1bdd011a2bfcc0747b55125d9b8527/library/std/src/panicking.rs:541:19
[INFO] [stdout]   30:     0x577a5c1f7125 - std[617be2ca0a6fd877]::panic::catch_unwind::<core[a373ad73a504971]::panic::unwind_safe::AssertUnwindSafe<test[aada8e7e76ba119b]::run_test_in_process::{closure#0}>, core[a373ad73a504971]::result::Result<(), alloc[2e1b2a31b91974c5]::string::String>>
[INFO] [stdout]                                at /rustc/e3feeb59cd1bdd011a2bfcc0747b55125d9b8527/library/std/src/panic.rs:359:14
[INFO] [stdout]   31:     0x577a5c1f7125 - test[aada8e7e76ba119b]::run_test_in_process
[INFO] [stdout]                                at /rustc/e3feeb59cd1bdd011a2bfcc0747b55125d9b8527/library/test/src/lib.rs:724:27
[INFO] [stdout]   32:     0x577a5c1f7125 - test[aada8e7e76ba119b]::run_test::{closure#0}
[INFO] [stdout]                                at /rustc/e3feeb59cd1bdd011a2bfcc0747b55125d9b8527/library/test/src/lib.rs:645:43
[INFO] [stdout]   33:     0x577a5c1f0a14 - test[aada8e7e76ba119b]::run_test::{closure#1}
[INFO] [stdout]                                at /rustc/e3feeb59cd1bdd011a2bfcc0747b55125d9b8527/library/test/src/lib.rs:675:41
[INFO] [stdout]   34:     0x577a5c1f0a14 - std[617be2ca0a6fd877]::sys::backtrace::__rust_begin_short_backtrace::<test[aada8e7e76ba119b]::run_test::{closure#1}, ()>
[INFO] [stdout]                                at /rustc/e3feeb59cd1bdd011a2bfcc0747b55125d9b8527/library/std/src/sys/backtrace.rs:166:18
[INFO] [stdout]   35:     0x577a5c1fa1b2 - std[617be2ca0a6fd877]::thread::lifecycle::spawn_unchecked::<test[aada8e7e76ba119b]::run_test::{closure#1}, ()>::{closure#1}::{closure#0}
[INFO] [stdout]                                at /rustc/e3feeb59cd1bdd011a2bfcc0747b55125d9b8527/library/std/src/thread/lifecycle.rs:70:13
[INFO] [stdout]   36:     0x577a5c1fa1b2 - <core[a373ad73a504971]::panic::unwind_safe::AssertUnwindSafe<std[617be2ca0a6fd877]::thread::lifecycle::spawn_unchecked<test[aada8e7e76ba119b]::run_test::{closure#1}, ()>::{closure#1}::{closure#0}> as core[a373ad73a504971]::ops::function::FnOnce<()>>::call_once
[INFO] [stdout]                                at /rustc/e3feeb59cd1bdd011a2bfcc0747b55125d9b8527/library/core/src/panic/unwind_safe.rs:275:9
[INFO] [stdout]   37:     0x577a5c1fa1b2 - std[617be2ca0a6fd877]::panicking::catch_unwind::do_call::<core[a373ad73a504971]::panic::unwind_safe::AssertUnwindSafe<std[617be2ca0a6fd877]::thread::lifecycle::spawn_unchecked<test[aada8e7e76ba119b]::run_test::{closure#1}, ()>::{closure#1}::{closure#0}>, ()>
[INFO] [stdout]                                at /rustc/e3feeb59cd1bdd011a2bfcc0747b55125d9b8527/library/std/src/panicking.rs:573:43
[INFO] [stdout]   38:     0x577a5c1fa1b2 - std[617be2ca0a6fd877]::panicking::catch_unwind::<(), core[a373ad73a504971]::panic::unwind_safe::AssertUnwindSafe<std[617be2ca0a6fd877]::thread::lifecycle::spawn_unchecked<test[aada8e7e76ba119b]::run_test::{closure#1}, ()>::{closure#1}::{closure#0}>>
[INFO] [stdout]                                at /rustc/e3feeb59cd1bdd011a2bfcc0747b55125d9b8527/library/std/src/panicking.rs:541:19
[INFO] [stdout]   39:     0x577a5c1fa1b2 - std[617be2ca0a6fd877]::panic::catch_unwind::<core[a373ad73a504971]::panic::unwind_safe::AssertUnwindSafe<std[617be2ca0a6fd877]::thread::lifecycle::spawn_unchecked<test[aada8e7e76ba119b]::run_test::{closure#1}, ()>::{closure#1}::{closure#0}>, ()>
[INFO] [stdout]                                at /rustc/e3feeb59cd1bdd011a2bfcc0747b55125d9b8527/library/std/src/panic.rs:359:14
[INFO] [stdout]   40:     0x577a5c1fa1b2 - std[617be2ca0a6fd877]::thread::lifecycle::spawn_unchecked::<test[aada8e7e76ba119b]::run_test::{closure#1}, ()>::{closure#1}
[INFO] [stdout]                                at /rustc/e3feeb59cd1bdd011a2bfcc0747b55125d9b8527/library/std/src/thread/lifecycle.rs:68:26
[INFO] [stdout]   41:     0x577a5c1fa1b2 - <std[617be2ca0a6fd877]::thread::lifecycle::spawn_unchecked<test[aada8e7e76ba119b]::run_test::{closure#1}, ()>::{closure#1} as core[a373ad73a504971]::ops::function::FnOnce<()>>::call_once::{shim:vtable#0}
[INFO] [stdout]                                at /rustc/e3feeb59cd1bdd011a2bfcc0747b55125d9b8527/library/core/src/ops/function.rs:250:5
[INFO] [stdout]   42:     0x577a5c5ba12f - <alloc[2e1b2a31b91974c5]::boxed::Box<dyn core[a373ad73a504971]::ops::function::FnOnce<(), Output = ()> + core[a373ad73a504971]::marker::Send> as core[a373ad73a504971]::ops::function::FnOnce<()>>::call_once
[INFO] [stdout]                                at /rustc/e3feeb59cd1bdd011a2bfcc0747b55125d9b8527/library/alloc/src/boxed.rs:2314:9
[INFO] [stdout]   43:     0x577a5c5ba12f - <std[617be2ca0a6fd877]::sys::thread::unix::Thread>::new::thread_start
[INFO] [stdout]                                at /rustc/e3feeb59cd1bdd011a2bfcc0747b55125d9b8527/library/std/src/sys/thread/unix.rs:127:17
[INFO] [stdout]   44:     0x727a2590cdfa - <unknown>
[INFO] [stdout]   45:     0x727a259a03d4 - clone
[INFO] [stdout]   46:                0x0 - <unknown>
[INFO] [stdout] 
[INFO] [stdout] 
[INFO] [stdout] failures:
[INFO] [stdout]     config_load_canonicalizes_relative_base_dir
[INFO] [stdout] 
[INFO] [stdout] test result: FAILED. 19 passed; 1 failed; 0 ignored; 0 measured; 0 filtered out; finished in 0.12s
[INFO] [stdout] 
[INFO] [stderr] error: test failed, to rerun pass `--test db_path`
[INFO] running `Command { std: "docker" "inspect" "d494f8676e93f5378b83244b04ec8a37bd5e34895f7ce1a351945c62f30ecad9", kill_on_drop: false }`
[INFO] running `Command { std: "docker" "rm" "-f" "d494f8676e93f5378b83244b04ec8a37bd5e34895f7ce1a351945c62f30ecad9", kill_on_drop: false }`
[INFO] [stdout] d494f8676e93f5378b83244b04ec8a37bd5e34895f7ce1a351945c62f30ecad9
