[INFO] fetching crate spud_rs 0.8.2...
[INFO] testing spud_rs-0.8.2 against 1.100.0-beta.1 for beta-1.100-2
[INFO] extracting crate spud_rs 0.8.2 into /workspace/builds/worker-6-tc2/source
[INFO] started tweaking crates.io crate spud_rs 0.8.2
[INFO] finished tweaking crates.io crate spud_rs 0.8.2
[INFO] tweaked toml for crates.io crate spud_rs 0.8.2 written to /workspace/builds/worker-6-tc2/source/Cargo.toml
[INFO] validating manifest of crates.io crate spud_rs 0.8.2 on toolchain 1.100.0-beta.1
[INFO] running `Command { std: CARGO_HOME="/workspace/cargo-home" RUSTUP_HOME="/workspace/rustup-home" "/workspace/cargo-home/bin/cargo" "+1.100.0-beta.1" "metadata" "--manifest-path" "Cargo.toml" "--no-deps", kill_on_drop: false }`
[INFO] crate crates.io crate spud_rs 0.8.2 already has a lockfile, it will not be regenerated
[INFO] running `Command { std: CARGO_HOME="/workspace/cargo-home" RUSTUP_HOME="/workspace/rustup-home" "/workspace/cargo-home/bin/cargo" "+1.100.0-beta.1" "fetch" "--manifest-path" "Cargo.toml", kill_on_drop: false }`
[INFO] [stderr]     Blocking waiting for file lock on package cache
[INFO] running `Command { std: "docker" "create" "-v" "/var/lib/crater-agent-workspace/builds/worker-6-tc2/source:/opt/rustwide/workdir:ro,Z" "-v" "/var/lib/crater-agent-workspace/builds/worker-6-tc2/target:/opt/rustwide/target:rw,Z" "-v" "/var/lib/crater-agent-workspace/cargo-home:/opt/rustwide/cargo-home:ro,Z" "-v" "/var/lib/crater-agent-workspace/rustup-home:/opt/rustwide/rustup-home:ro,Z" "-m" "1610612736" "--network" "none" "ghcr.io/rust-lang/crates-build-env/linux@sha256:3111399a4047eeb3a02b7a90e478d715f38a8c6669b5c4b49d30a17385265909" "sleep" "infinity", kill_on_drop: false }`
[INFO] [stdout] f179dac5fbc4a0c278d5d992953cbb1ad6346dc34b0ef0c933b77e0b58685f14
[INFO] running `Command { std: "docker" "start" "f179dac5fbc4a0c278d5d992953cbb1ad6346dc34b0ef0c933b77e0b58685f14", kill_on_drop: false }`
[INFO] running `Command { std: "docker" "inspect" "f179dac5fbc4a0c278d5d992953cbb1ad6346dc34b0ef0c933b77e0b58685f14", kill_on_drop: false }`
[INFO] running `Command { std: "docker" "exec" "-e" "SOURCE_DIR=/opt/rustwide/workdir" "-e" "CARGO_HOME=/opt/rustwide/cargo-home" "-e" "RUSTUP_HOME=/opt/rustwide/rustup-home" "-e" "CARGO_TARGET_DIR=/opt/rustwide/target" "-w" "/opt/rustwide/workdir" "--user" "0:0" "f179dac5fbc4a0c278d5d992953cbb1ad6346dc34b0ef0c933b77e0b58685f14" "/opt/rustwide/cargo-home/bin/cargo" "+1.100.0-beta.1" "metadata" "--no-deps" "--format-version=1", kill_on_drop: false }`
[INFO] running `Command { std: "docker" "inspect" "f179dac5fbc4a0c278d5d992953cbb1ad6346dc34b0ef0c933b77e0b58685f14", kill_on_drop: false }`
[INFO] running `Command { std: "docker" "exec" "-e" "SOURCE_DIR=/opt/rustwide/workdir" "-e" "CARGO_HOME=/opt/rustwide/cargo-home" "-e" "RUSTUP_HOME=/opt/rustwide/rustup-home" "-e" "CARGO_TARGET_DIR=/opt/rustwide/target" "-e" "CARGO_INCREMENTAL=0" "-e" "RUST_BACKTRACE=full" "-e" "RUSTFLAGS=--cap-lints=warn" "-e" "RUSTDOCFLAGS=--cap-lints=warn" "-w" "/opt/rustwide/workdir" "--user" "0:0" "f179dac5fbc4a0c278d5d992953cbb1ad6346dc34b0ef0c933b77e0b58685f14" "/opt/rustwide/cargo-home/bin/cargo" "+1.100.0-beta.1" "build" "--frozen" "--message-format=json", kill_on_drop: false }`
[INFO] [stderr]    Compiling num-traits v0.2.19
[INFO] [stderr]    Compiling serde v1.0.219
[INFO] [stderr]    Compiling libc v0.2.174
[INFO] [stderr]    Compiling getrandom v0.3.3
[INFO] [stderr]    Compiling serde_json v1.0.141
[INFO] [stderr]    Compiling rust_decimal v1.37.2
[INFO] [stderr]    Compiling memchr v2.7.5
[INFO] [stderr]    Compiling arrayvec v0.7.6
[INFO] [stderr]    Compiling hashbrown v0.15.4
[INFO] [stderr]    Compiling cfg-if v1.0.1
[INFO] [stderr]    Compiling iana-time-zone v0.1.63
[INFO] [stderr]    Compiling bs58 v0.5.1
[INFO] [stderr]    Compiling chrono v0.4.41
[INFO] [stderr]    Compiling indexmap v2.10.0
[INFO] [stderr]    Compiling spud_rs v0.8.2 (/opt/rustwide/workdir)
[INFO] [stderr]     Finished `dev` profile [unoptimized + debuginfo] target(s) in 9.19s
[INFO] running `Command { std: "docker" "inspect" "f179dac5fbc4a0c278d5d992953cbb1ad6346dc34b0ef0c933b77e0b58685f14", kill_on_drop: false }`
[INFO] running `Command { std: "docker" "exec" "-e" "SOURCE_DIR=/opt/rustwide/workdir" "-e" "CARGO_HOME=/opt/rustwide/cargo-home" "-e" "RUSTUP_HOME=/opt/rustwide/rustup-home" "-e" "CARGO_TARGET_DIR=/opt/rustwide/target" "-e" "CARGO_INCREMENTAL=0" "-e" "RUST_BACKTRACE=full" "-e" "RUSTFLAGS=--cap-lints=warn" "-e" "RUSTDOCFLAGS=--cap-lints=warn" "-w" "/opt/rustwide/workdir" "--user" "0:0" "f179dac5fbc4a0c278d5d992953cbb1ad6346dc34b0ef0c933b77e0b58685f14" "/opt/rustwide/cargo-home/bin/cargo" "+1.100.0-beta.1" "test" "--frozen" "--no-run" "--message-format=json", kill_on_drop: false }`
[INFO] [stderr]    Compiling proc-macro2 v1.0.95
[INFO] [stderr]    Compiling unicode-ident v1.0.18
[INFO] [stderr]    Compiling bytes v1.10.1
[INFO] [stderr]    Compiling quote v1.0.40
[INFO] [stderr]    Compiling syn v2.0.104
[INFO] [stderr]    Compiling tokio-macros v2.5.0
[INFO] [stderr]    Compiling tokio v1.46.1
[INFO] [stderr]    Compiling spud_rs v0.8.2 (/opt/rustwide/workdir)
[INFO] [stderr]     Finished `test` profile [unoptimized + debuginfo] target(s) in 11.95s
[INFO] running `Command { std: "docker" "inspect" "f179dac5fbc4a0c278d5d992953cbb1ad6346dc34b0ef0c933b77e0b58685f14", kill_on_drop: false }`
[INFO] running `Command { std: "docker" "exec" "-e" "SOURCE_DIR=/opt/rustwide/workdir" "-e" "CARGO_HOME=/opt/rustwide/cargo-home" "-e" "RUSTUP_HOME=/opt/rustwide/rustup-home" "-e" "CARGO_TARGET_DIR=/opt/rustwide/target" "-e" "CARGO_INCREMENTAL=0" "-e" "RUST_BACKTRACE=full" "-e" "RUSTFLAGS=--cap-lints=warn" "-e" "RUSTDOCFLAGS=--cap-lints=warn" "-w" "/opt/rustwide/workdir" "--user" "0:0" "f179dac5fbc4a0c278d5d992953cbb1ad6346dc34b0ef0c933b77e0b58685f14" "/opt/rustwide/cargo-home/bin/cargo" "+1.100.0-beta.1" "test" "--frozen", kill_on_drop: false }`
[INFO] [stderr]     Finished `test` profile [unoptimized + debuginfo] target(s) in 0.08s
[INFO] [stderr]      Running unittests src/lib.rs (/opt/rustwide/target/debug/build/spud_rs/a99f76f2545790ee/out/spud_rs-a99f76f2545790ee)
[INFO] [stdout] 
[INFO] [stdout] running 29 tests
[INFO] [stdout] test functions::add_value_len::tests::test_add_value_length_u16 ... ok
[INFO] [stdout] test functions::check_path::tests::test_check_path_invalid ... ok
[INFO] [stdout] test functions::sync::initialise_header_sync::tests::test_initialise_header ... ok
[INFO] [stdout] test functions::add_value_len::tests::test_add_value_length_u64 ... ok
[INFO] [stdout] test spud_builder::sync::tests::test_spud_builder_object_array_slice ... ok
[INFO] [stdout] test spud_builder::sync::tests::test_spud_builder_new ... ok
[INFO] [stdout] test functions::add_value_len::tests::test_add_value_length_u8 ... ok
[INFO] [stdout] test spud_builder::sync::tests::test_spud_builder_object_binary_blob ... ok
[INFO] [stdout] test spud_builder::sync::tests::test_spud_builder_object_array_vec_slice ... ok
[INFO] [stdout] test spud_builder::sync::tests::test_spud_builder_object_empty ... ok
[INFO] [stdout] test spud_builder::sync::tests::test_spud_builder_object_null ... ok
[INFO] [stdout] test spud_builder::sync::tests::test_spud_builder_object_f32 ... ok
[INFO] [stdout] test spud_builder::sync::tests::test_spud_builder_object_string ... ok
[INFO] [stdout] test functions::add_value_len::tests::test_add_value_length_u32 ... ok
[INFO] [stdout] test spud_builder::sync::tests::test_spud_builder_object_u64 ... ok
[INFO] [stdout] test spud_builder::sync::tests::test_spud_builder_object_time ... ok
[INFO] [stdout] test spud_builder::sync::tests::test_spud_builder_object_u8 ... ok
[INFO] [stdout] test spud_builder::sync::tests::test_spud_builder_object_datetime ... ok
[INFO] [stdout] test spud_builder::sync::tests::test_spud_builder_object_u128 ... ok
[INFO] [stdout] test spud_builder::sync::tests::test_spud_builder_object_u32 ... ok
[INFO] [stdout] test spud_builder::sync::tests::test_spud_builder_object_decimal ... ok
[INFO] [stdout] test spud_builder::sync::tests::test_spud_builder_object_f64 ... ok
[INFO] [stdout] test spud_builder::sync::tests::test_spud_builder_object_u16 ... ok
[INFO] [stdout] test spud_builder::sync::tests::test_spud_builder_object_array_vec ... ok
[INFO] [stdout] test functions::sync::generate_u8_id_sync::tests::test_generate_u8_id_success ... ok
[INFO] [stdout] test functions::check_path::tests::test_check_path_valid ... ok
[INFO] [stdout] test spud_builder::sync::tests::test_debug_spud_builder ... ok
[INFO] [stdout] test spud_builder::sync::tests::test_spud_builder_object_bool ... ok
[INFO] [stderr]    Doc-tests spud_rs
[INFO] [stdout] test spud_builder::sync::tests::test_spud_builder_object_date ... ok
[INFO] [stdout] 
[INFO] [stdout] test result: ok. 29 passed; 0 failed; 0 ignored; 0 measured; 0 filtered out; finished in 0.01s
[INFO] [stdout] 
[INFO] [stdout] 
[INFO] [stdout] running 5 tests
[INFO] [stdout] test src/spud_builder/sync/builder.rs - spud_builder::sync::builder::SpudBuilderSync::new (line 45) ... ok
[INFO] [stdout] test src/spud_builder/sync/object.rs - spud_builder::sync::object::SpudObjectSync::add_value (line 59) ... FAILED
[INFO] [stdout] test src/spud_builder/sync/builder.rs - spud_builder::sync::builder::SpudBuilderSync::encode (line 125) ... ok
[INFO] [stdout] test src/spud_builder/sync/builder.rs - spud_builder::sync::builder::SpudBuilderSync (line 24) ... ok
[INFO] [stdout] test src/spud_builder/sync/builder.rs - spud_builder::sync::builder::SpudBuilderSync::object (line 76) ... ok
[INFO] [stdout] 
[INFO] [stdout] failures:
[INFO] [stdout] 
[INFO] [stdout] ---- src/spud_builder/sync/object.rs - spud_builder::sync::object::SpudObjectSync::add_value (line 59) stdout ----
[INFO] [stdout] error[E0432]: unresolved import `spud_rs::SpudBuilder`
[INFO] [stdout]   --> src/spud_builder/sync/object.rs:61:15
[INFO] [stdout]    |
[INFO] [stdout] 61 | use spud_rs::{SpudBuilder, SpudObjectSync, types::SpudString};
[INFO] [stdout]    |               ^^^^^^^^^^^ no `SpudBuilder` in the root
[INFO] [stdout]    |
[INFO] [stdout] help: a similar name exists in the module
[INFO] [stdout]    |
[INFO] [stdout] 61 - use spud_rs::{SpudBuilder, SpudObjectSync, types::SpudString};
[INFO] [stdout] 61 + use spud_rs::{spud_builder, SpudObjectSync, types::SpudString};
[INFO] [stdout]    |
[INFO] [stdout] 
[INFO] [stdout] error: aborting due to 1 previous error
[INFO] [stdout] 
[INFO] [stdout] For more information about this error, try `rustc --explain E0432`.
[INFO] [stdout] Couldn't compile the test.
[INFO] [stdout] 
[INFO] [stdout] failures:
[INFO] [stdout]     src/spud_builder/sync/object.rs - spud_builder::sync::object::SpudObjectSync::add_value (line 59)
[INFO] [stdout] 
[INFO] [stdout] test result: FAILED. 4 passed; 1 failed; 0 ignored; 0 measured; 0 filtered out; finished in 0.66s
[INFO] [stdout] 
[INFO] [stdout] all doctests ran in 0.72s; merged doctests compilation took 0.06s
[INFO] [stderr] error: doctest failed, to rerun pass `--doc`
[INFO] running `Command { std: "docker" "inspect" "f179dac5fbc4a0c278d5d992953cbb1ad6346dc34b0ef0c933b77e0b58685f14", kill_on_drop: false }`
[INFO] running `Command { std: "docker" "rm" "-f" "f179dac5fbc4a0c278d5d992953cbb1ad6346dc34b0ef0c933b77e0b58685f14", kill_on_drop: false }`
[INFO] [stdout] f179dac5fbc4a0c278d5d992953cbb1ad6346dc34b0ef0c933b77e0b58685f14
