[INFO] fetching crate spine-rs 0.1.0+spec-1.0.0...
[INFO] testing spine-rs-0.1.0+spec-1.0.0 against 1.100.0-beta.1 for beta-1.100-2
[INFO] extracting crate spine-rs 0.1.0+spec-1.0.0 into /workspace/builds/worker-0-tc2/source
[INFO] started tweaking crates.io crate spine-rs 0.1.0+spec-1.0.0
[INFO] finished tweaking crates.io crate spine-rs 0.1.0+spec-1.0.0
[INFO] tweaked toml for crates.io crate spine-rs 0.1.0+spec-1.0.0 written to /workspace/builds/worker-0-tc2/source/Cargo.toml
[INFO] validating manifest of crates.io crate spine-rs 0.1.0+spec-1.0.0 on toolchain 1.100.0-beta.1
[INFO] running `Command { std: CARGO_HOME="/workspace/cargo-home" RUSTUP_HOME="/workspace/rustup-home" "/workspace/cargo-home/bin/cargo" "+1.100.0-beta.1" "metadata" "--manifest-path" "Cargo.toml" "--no-deps", kill_on_drop: false }`
[INFO] crate crates.io crate spine-rs 0.1.0+spec-1.0.0 already has a lockfile, it will not be regenerated
[INFO] running `Command { std: CARGO_HOME="/workspace/cargo-home" RUSTUP_HOME="/workspace/rustup-home" "/workspace/cargo-home/bin/cargo" "+1.100.0-beta.1" "fetch" "--manifest-path" "Cargo.toml", kill_on_drop: false }`
[INFO] running `Command { std: "docker" "create" "-v" "/var/lib/crater-agent-workspace/builds/worker-0-tc2/source:/opt/rustwide/workdir:ro,Z" "-v" "/var/lib/crater-agent-workspace/builds/worker-0-tc2/target:/opt/rustwide/target:rw,Z" "-v" "/var/lib/crater-agent-workspace/cargo-home:/opt/rustwide/cargo-home:ro,Z" "-v" "/var/lib/crater-agent-workspace/rustup-home:/opt/rustwide/rustup-home:ro,Z" "-m" "1610612736" "--network" "none" "ghcr.io/rust-lang/crates-build-env/linux@sha256:3111399a4047eeb3a02b7a90e478d715f38a8c6669b5c4b49d30a17385265909" "sleep" "infinity", kill_on_drop: false }`
[INFO] [stdout] d8153d9facf95316ffdce44534d892444fc07d256de3a13127b8683d29ee0d70
[INFO] running `Command { std: "docker" "start" "d8153d9facf95316ffdce44534d892444fc07d256de3a13127b8683d29ee0d70", kill_on_drop: false }`
[INFO] running `Command { std: "docker" "inspect" "d8153d9facf95316ffdce44534d892444fc07d256de3a13127b8683d29ee0d70", kill_on_drop: false }`
[INFO] running `Command { std: "docker" "exec" "-e" "SOURCE_DIR=/opt/rustwide/workdir" "-e" "CARGO_HOME=/opt/rustwide/cargo-home" "-e" "RUSTUP_HOME=/opt/rustwide/rustup-home" "-e" "CARGO_TARGET_DIR=/opt/rustwide/target" "-w" "/opt/rustwide/workdir" "--user" "0:0" "d8153d9facf95316ffdce44534d892444fc07d256de3a13127b8683d29ee0d70" "/opt/rustwide/cargo-home/bin/cargo" "+1.100.0-beta.1" "metadata" "--no-deps" "--format-version=1", kill_on_drop: false }`
[INFO] running `Command { std: "docker" "inspect" "d8153d9facf95316ffdce44534d892444fc07d256de3a13127b8683d29ee0d70", kill_on_drop: false }`
[INFO] running `Command { std: "docker" "exec" "-e" "SOURCE_DIR=/opt/rustwide/workdir" "-e" "CARGO_HOME=/opt/rustwide/cargo-home" "-e" "RUSTUP_HOME=/opt/rustwide/rustup-home" "-e" "CARGO_TARGET_DIR=/opt/rustwide/target" "-e" "CARGO_INCREMENTAL=0" "-e" "RUST_BACKTRACE=full" "-e" "RUSTFLAGS=--cap-lints=warn" "-e" "RUSTDOCFLAGS=--cap-lints=warn" "-w" "/opt/rustwide/workdir" "--user" "0:0" "d8153d9facf95316ffdce44534d892444fc07d256de3a13127b8683d29ee0d70" "/opt/rustwide/cargo-home/bin/cargo" "+1.100.0-beta.1" "build" "--frozen" "--message-format=json", kill_on_drop: false }`
[INFO] [stderr]    Compiling farben-core v0.14.0
[INFO] [stderr]    Compiling unicode-width v0.2.2
[INFO] [stderr]    Compiling farben v0.20.0
[INFO] [stderr]    Compiling spine-rs v0.1.0+spec-1.0.0 (/opt/rustwide/workdir)
[INFO] [stderr]     Finished `dev` profile [unoptimized + debuginfo] target(s) in 1.00s
[INFO] running `Command { std: "docker" "inspect" "d8153d9facf95316ffdce44534d892444fc07d256de3a13127b8683d29ee0d70", kill_on_drop: false }`
[INFO] running `Command { std: "docker" "exec" "-e" "SOURCE_DIR=/opt/rustwide/workdir" "-e" "CARGO_HOME=/opt/rustwide/cargo-home" "-e" "RUSTUP_HOME=/opt/rustwide/rustup-home" "-e" "CARGO_TARGET_DIR=/opt/rustwide/target" "-e" "CARGO_INCREMENTAL=0" "-e" "RUST_BACKTRACE=full" "-e" "RUSTFLAGS=--cap-lints=warn" "-e" "RUSTDOCFLAGS=--cap-lints=warn" "-w" "/opt/rustwide/workdir" "--user" "0:0" "d8153d9facf95316ffdce44534d892444fc07d256de3a13127b8683d29ee0d70" "/opt/rustwide/cargo-home/bin/cargo" "+1.100.0-beta.1" "test" "--frozen" "--no-run" "--message-format=json", kill_on_drop: false }`
[INFO] [stderr]    Compiling spine-rs v0.1.0+spec-1.0.0 (/opt/rustwide/workdir)
[INFO] [stderr]     Finished `test` profile [unoptimized + debuginfo] target(s) in 1.37s
[INFO] running `Command { std: "docker" "inspect" "d8153d9facf95316ffdce44534d892444fc07d256de3a13127b8683d29ee0d70", kill_on_drop: false }`
[INFO] running `Command { std: "docker" "exec" "-e" "SOURCE_DIR=/opt/rustwide/workdir" "-e" "CARGO_HOME=/opt/rustwide/cargo-home" "-e" "RUSTUP_HOME=/opt/rustwide/rustup-home" "-e" "CARGO_TARGET_DIR=/opt/rustwide/target" "-e" "CARGO_INCREMENTAL=0" "-e" "RUST_BACKTRACE=full" "-e" "RUSTFLAGS=--cap-lints=warn" "-e" "RUSTDOCFLAGS=--cap-lints=warn" "-w" "/opt/rustwide/workdir" "--user" "0:0" "d8153d9facf95316ffdce44534d892444fc07d256de3a13127b8683d29ee0d70" "/opt/rustwide/cargo-home/bin/cargo" "+1.100.0-beta.1" "test" "--frozen", kill_on_drop: false }`
[INFO] [stderr]     Finished `test` profile [unoptimized + debuginfo] target(s) in 0.03s
[INFO] [stderr]      Running unittests src/lib.rs (/opt/rustwide/target/debug/build/spine-rs/d5a076ce5a7d7c57/out/spine_rs-d5a076ce5a7d7c57)
[INFO] [stdout] 
[INFO] [stdout] running 168 tests
[INFO] [stdout] test tests::test_append_creates_array ... ok
[INFO] [stdout] test tests::test_append_dotted_path_type_conflict ... ok
[INFO] [stdout] test tests::test_array_empty_dash_produces_null ... ok
[INFO] [stdout] test tests::test_array_numbers ... ok
[INFO] [stdout] test tests::test_array_objects ... ok
[INFO] [stdout] test tests::test_append_tilde_with_path_only_no_newline ... ok
[INFO] [stdout] test tests::test_append_preserves_order ... ok
[INFO] [stdout] test tests::test_array_object_with_sub_array ... ok
[INFO] [stdout] test tests::test_append_type_conflict ... ok
[INFO] [stdout] test tests::test_array_empty_elements ... ok
[INFO] [stdout] test tests::test_array_objects_with_multiple_fields ... ok
[INFO] [stdout] test tests::test_array_plain_strings ... ok
[INFO] [stdout] test tests::test_array_with_negative_number_element ... ok
[INFO] [stdout] test tests::test_bare_slash_at_key_position_is_error ... ok
[INFO] [stdout] test tests::test_bare_value_negative_number ... ok
[INFO] [stdout] test tests::test_bare_value_number ... ok
[INFO] [stdout] test tests::test_bad_escape_sequence_is_lex_error ... ok
[INFO] [stdout] test tests::test_bare_value_equals_whitespace_only ... ok
[INFO] [stdout] test tests::test_array_and_object_mixed_depth ... ok
[INFO] [stdout] test tests::test_bare_value_after_dash_in_array ... ok
[INFO] [stdout] test tests::test_bare_value_comment_terminates ... ok
[INFO] [stdout] test tests::test_bare_value_empty_after_equals ... ok
[INFO] [stdout] test tests::test_bare_value_number_like_text ... ok
[INFO] [stdout] test tests::test_bare_value_string ... ok
[INFO] [stdout] test tests::test_bare_value_url ... ok
[INFO] [stdout] test tests::test_bare_value_zero ... ok
[INFO] [stdout] test tests::test_block_comment_between_statements ... ok
[INFO] [stdout] test tests::test_blank_lines_ignored ... ok
[INFO] [stdout] test tests::test_block_comment_multi_line ... ok
[INFO] [stdout] test tests::test_bool_and_null_in_array_as_value ... ok
[INFO] [stdout] test tests::test_block_comment_start_inside_quoted_string_is_literal ... ok
[INFO] [stdout] test tests::test_bool_as_bare_value ... ok
[INFO] [stdout] test tests::test_bool_in_value_position ... ok
[INFO] [stdout] test tests::test_carriage_return_in_bare_value ... ok
[INFO] [stdout] test tests::test_dash_followed_by_negative_number ... ok
[INFO] [stdout] test tests::test_carriage_return_in_quoted_string ... ok
[INFO] [stdout] test tests::test_deeply_nested_object ... ok
[INFO] [stdout] test tests::test_blank_lines_within_array_block ... ok
[INFO] [stdout] test tests::test_deeply_nested_block_comments ... ok
[INFO] [stdout] test tests::test_dotted_append ... ok
[INFO] [stdout] test tests::test_dotted_path_and_implicit_object_mixed ... ok
[INFO] [stdout] test tests::test_dotted_duplicate_at_depth_fires_error ... ok
[INFO] [stdout] test tests::test_dotted_path_incomplete_dot_is_error ... ok
[INFO] [stdout] test tests::test_dotted_path_creates_nested_objects ... ok
[INFO] [stdout] test tests::test_duplicate_key_object_merge ... ok
[INFO] [stdout] test tests::test_duplicate_key_deep_in_object ... ok
[INFO] [stdout] test tests::test_empty_block_comment ... ok
[INFO] [stdout] test tests::test_bare_value_decimal ... ok
[INFO] [stdout] test tests::test_bare_value_timestamp ... ok
[INFO] [stdout] test tests::test_bare_value_duration ... ok
[INFO] [stdout] test tests::test_dotted_append_auto_creates_path ... ok
[INFO] [stdout] test tests::test_duplicate_key_error_includes_locations ... ok
[INFO] [stdout] test tests::test_empty_quoted_string ... ok
[INFO] [stdout] test tests::test_error_accumulation ... ok
[INFO] [stdout] test tests::test_escape_hex_byte_ff ... ok
[INFO] [stdout] test tests::test_escape_hex_byte_lowercase ... ok
[INFO] [stdout] test tests::test_duplicate_key_error ... ok
[INFO] [stdout] test tests::test_errors_include_source_location ... ok
[INFO] [stdout] test tests::test_escape_backslash ... ok
[INFO] [stdout] test tests::test_error_accumulation_lexer_and_parser ... ok
[INFO] [stdout] test tests::test_escape_carriage_return ... ok
[INFO] [stdout] test tests::test_empty_tagged_string ... ok
[INFO] [stdout] test tests::test_escape_hex_byte ... ok
[INFO] [stdout] test tests::test_append_to_array_block ... ok
[INFO] [stdout] test tests::test_append_multiple ... ok
[INFO] [stdout] test tests::test_array_dash_at_eof_produces_null ... ok
[INFO] [stdout] test tests::test_escape_null ... ok
[INFO] [stdout] test tests::test_dotted_path_multiple_levels ... ok
[INFO] [stdout] test tests::test_append_tilde_only_at_eof ... ok
[INFO] [stdout] test tests::test_append_tilde_at_eof_no_children ... ok
[INFO] [stdout] test tests::test_empty_document ... ok
[INFO] [stdout] test tests::test_escape_quote ... ok
[INFO] [stdout] test tests::test_escape_sequence_in_multi_line_string ... ok
[INFO] [stdout] test tests::test_escape_unicode_4digit ... ok
[INFO] [stdout] test tests::test_escape_hex_one_digit_is_error ... ok
[INFO] [stdout] test tests::test_escape_hex_byte_zero ... ok
[INFO] [stdout] test tests::test_escape_hex_three_digits_ok ... ok
[INFO] [stdout] test tests::test_escape_hex_invalid_digit_is_error ... ok
[INFO] [stdout] test tests::test_escape_newline ... ok
[INFO] [stdout] test tests::test_escape_unicode_braced_empty_is_error ... ok
[INFO] [stdout] test tests::test_escape_unicode_braced_max ... ok
[INFO] [stdout] test tests::test_identifier_single_letter ... ok
[INFO] [stdout] test tests::test_identifier_with_hyphens ... ok
[INFO] [stdout] test tests::test_escape_tab ... ok
[INFO] [stdout] test tests::test_invalid_number_hex_is_string ... ok
[INFO] [stdout] test tests::test_escape_unicode_surrogate_is_error ... ok
[INFO] [stdout] test tests::test_key_value_unusual_chars_in_value ... ok
[INFO] [stdout] test tests::test_escape_unicode_braced_multi_digit ... ok
[INFO] [stdout] test tests::test_escape_unicode_4digit_emoji ... ok
[INFO] [stdout] test tests::test_escape_unicode_braced ... ok
[INFO] [stdout] test tests::test_escape_unicode_out_of_range_is_error ... ok
[INFO] [stdout] test tests::test_implicit_object ... ok
[INFO] [stdout] test tests::test_identifier_with_digits ... ok
[INFO] [stdout] test tests::test_invalid_number_scientific_notation_is_string ... ok
[INFO] [stdout] test tests::test_identifier_with_underscore_start ... ok
[INFO] [stdout] test tests::test_leading_dot_in_bare_value ... ok
[INFO] [stdout] test tests::test_leading_whitespace_before_pipe_equivalent_to_no_whitespace ... ok
[INFO] [stdout] test tests::test_escape_unicode_braced_surrogate_is_error ... ok
[INFO] [stdout] test tests::test_invalid_number_underscore_is_string ... ok
[INFO] [stdout] test tests::test_final_newline_optional_blank_lines ... ok
[INFO] [stdout] test tests::test_line_comment ... ok
[INFO] [stdout] test tests::test_line_comment_at_eof ... ok
[INFO] [stdout] test tests::test_multiline_string_empty ... ok
[INFO] [stdout] test tests::test_multiline_string_empty_lines ... ok
[INFO] [stdout] test tests::test_leading_whitespace_before_pipes ... ok
[INFO] [stdout] test tests::test_multiline_string_with_special_chars ... ok
[INFO] [stdout] test tests::test_multiline_string_unterminated ... ok
[INFO] [stdout] test tests::test_multiline_string_at_deeper_depth ... ok
[INFO] [stdout] test tests::test_multiple_key_values ... ok
[INFO] [stdout] test tests::test_multiple_pipes_on_one_line_indent_deeply ... ok
[INFO] [stdout] test tests::test_non_ascii_in_quoted_string_preserved ... ok
[INFO] [stdout] test tests::test_number_like_string_is_str_not_number ... ok
[INFO] [stdout] test tests::test_non_ascii_in_bare_value_preserved ... ok
[INFO] [stdout] test tests::test_multiline_string_preserves_whitespace ... ok
[INFO] [stdout] test tests::test_multiline_string_basic ... ok
[INFO] [stdout] test tests::test_number_decimal ... ok
[INFO] [stdout] test tests::test_no_final_newline ... ok
[INFO] [stdout] test tests::test_object_order_preserved ... ok
[INFO] [stdout] test tests::test_number_positive ... ok
[INFO] [stdout] test tests::test_nested_block_comments ... ok
[INFO] [stdout] test tests::test_null_as_value ... ok
[INFO] [stdout] test tests::test_multiline_string_closing_at_higher_depth ... ok
[INFO] [stdout] test tests::test_multiline_string_closing_at_shallower_depth_is_content ... ok
[INFO] [stdout] test tests::test_number_in_array ... ok
[INFO] [stdout] test tests::test_number_negative ... ok
[INFO] [stdout] test tests::test_number_negative_decimal ... ok
[INFO] [stdout] test tests::test_line_comment_between_statements ... ok
[INFO] [stdout] test tests::test_object_with_siblings ... ok
[INFO] [stdout] test tests::test_only_comments ... ok
[INFO] [stdout] test tests::test_number_zero ... ok
[INFO] [stdout] test tests::test_key_value_all_types ... ok
[INFO] [stdout] test tests::test_only_whitespace_and_newlines ... ok
[INFO] [stdout] test tests::test_plus_in_bare_value_should_be_valid ... ok
[INFO] [stdout] test tests::test_sibling_objects ... ok
[INFO] [stdout] test tests::test_tagged_literal_invalid_escape_is_error ... ok
[INFO] [stdout] test tests::test_tagged_literal_empty_content ... ok
[INFO] [stdout] test tests::test_tagged_literal_simple ... ok
[INFO] [stdout] test tests::test_tagged_literal_dotted ... ok
[INFO] [stdout] test tests::test_tagged_literal_with_escape_sequences ... ok
[INFO] [stdout] test tests::test_quoted_string_simple ... ok
[INFO] [stdout] test tests::test_type_conflict_at_depth ... ok
[INFO] [stdout] test tests::test_unexpected_character_error_includes_location ... ok
[INFO] [stdout] test tests::test_type_conflict_object_vs_scalar ... ok
[INFO] [stdout] test tests::test_quoted_string_preserves_leading_trailing_whitespace ... ok
[INFO] [stdout] test tests::test_underscore_sole_identifier ... ok
[INFO] [stdout] test tests::test_simple_key_value ... ok
[INFO] [stdout] test tests::test_slash_in_bare_value_after_equals ... ok
[INFO] [stdout] test tests::test_quoted_string_with_spaces ... ok
[INFO] [stdout] test tests::test_unicode_identifier_as_key ... ok
[INFO] [stdout] test tests::test_unicode_identifier_with_digits_and_hyphens ... ok
[INFO] [stdout] test tests::test_unterminated_block_comment_error_includes_location ... ok
[INFO] [stdout] test tests::test_tagged_value_in_array ... ok
[INFO] [stdout] test tests::test_unexpected_token_after_ident_is_error ... ok
[INFO] [stdout] test tests::test_type_conflict_scalar_vs_object ... ok
[INFO] [stdout] test tests::test_unterminated_block_comment ... ok
[INFO] [stdout] test tests::test_unknown_with_spine_errors ... ok
[INFO] [stdout] test tests::test_unicode_escape_non_hex_in_braces_is_error ... ok
[INFO] [stdout] test tests::test_unterminated_multiline_string_error_includes_location ... ok
[INFO] [stdout] test tests::test_whitespace_significant_inside_values ... ok
[INFO] [stdout] test tests::test_tabs_as_whitespace ... ok
[INFO] [stdout] test tests::test_tagged_literal_deeply_nested_tag ... ok
[INFO] [stdout] test tests::test_root_order_preserved ... ok
[INFO] [stdout] test tests::test_tagged_literal_content ... ok
[INFO] [stdout] test tests::test_unknown_character ... ok
[INFO] [stdout] test tests::test_syntax_error_includes_location ... ok
[INFO] [stdout] test tests::test_unterminated_string ... ok
[INFO] [stdout] test tests::test_unterminated_string_error_includes_location ... ok
[INFO] [stdout] test tests::test_from_file ... FAILED
[INFO] [stdout] 
[INFO] [stdout] failures:
[INFO] [stdout] 
[INFO] [stdout] ---- tests::test_from_file stdout ----
[INFO] [stdout] 
[INFO] [stdout] thread 'tests::test_from_file' (264) panicked at src/tests.rs:1615:40:
[INFO] [stdout] called `Result::unwrap()` on an `Err` value: Os { code: 2, kind: NotFound, message: "No such file or directory" }
[INFO] [stdout] stack backtrace:
[INFO] [stdout]    0:     0x62a46e584f41 - std[617be2ca0a6fd877]::backtrace_rs::backtrace::libunwind::trace
[INFO] [stdout]                                at /rustc/e3feeb59cd1bdd011a2bfcc0747b55125d9b8527/library/std/src/../../backtrace/src/backtrace/libunwind.rs:117:9
[INFO] [stdout]    1:     0x62a46e584f41 - std[617be2ca0a6fd877]::backtrace_rs::backtrace::trace_unsynchronized::<std[617be2ca0a6fd877]::sys::backtrace::_print_fmt::{closure#1}>
[INFO] [stdout]                                at /rustc/e3feeb59cd1bdd011a2bfcc0747b55125d9b8527/library/std/src/../../backtrace/src/backtrace/mod.rs:66:14
[INFO] [stdout]    2:     0x62a46e584f41 - std[617be2ca0a6fd877]::sys::backtrace::_print_fmt
[INFO] [stdout]                                at /rustc/e3feeb59cd1bdd011a2bfcc0747b55125d9b8527/library/std/src/sys/backtrace.rs:74:9
[INFO] [stdout]    3:     0x62a46e584f41 - <<std[617be2ca0a6fd877]::sys::backtrace::BacktraceLock>::print::DisplayBacktrace as core[a373ad73a504971]::fmt::Display>::fmt
[INFO] [stdout]                                at /rustc/e3feeb59cd1bdd011a2bfcc0747b55125d9b8527/library/std/src/sys/backtrace.rs:44:26
[INFO] [stdout]    4:     0x62a46e599e1a - <core[a373ad73a504971]::fmt::rt::Argument>::fmt
[INFO] [stdout]                                at /rustc/e3feeb59cd1bdd011a2bfcc0747b55125d9b8527/library/core/src/fmt/rt.rs:152:76
[INFO] [stdout]    5:     0x62a46e599e1a - core[a373ad73a504971]::fmt::write
[INFO] [stdout]    6:     0x62a46e58915c - core[a373ad73a504971]::io::write::default_write_fmt::<alloc[2e1b2a31b91974c5]::vec::Vec<u8>>
[INFO] [stdout]                                at /rustc/e3feeb59cd1bdd011a2bfcc0747b55125d9b8527/library/core/src/io/write.rs:402:11
[INFO] [stdout]    7:     0x62a46e58915c - <alloc[2e1b2a31b91974c5]::vec::Vec<u8> as core[a373ad73a504971]::io::write::Write>::write_fmt
[INFO] [stdout]                                at /rustc/e3feeb59cd1bdd011a2bfcc0747b55125d9b8527/library/core/src/io/write.rs:335:13
[INFO] [stdout]    8:     0x62a46e561046 - <std[617be2ca0a6fd877]::sys::backtrace::BacktraceLock>::print
[INFO] [stdout]                                at /rustc/e3feeb59cd1bdd011a2bfcc0747b55125d9b8527/library/std/src/sys/backtrace.rs:47:9
[INFO] [stdout]    9:     0x62a46e561046 - std[617be2ca0a6fd877]::panicking::default_hook::{closure#0}
[INFO] [stdout]                                at /rustc/e3feeb59cd1bdd011a2bfcc0747b55125d9b8527/library/std/src/panicking.rs:289:27
[INFO] [stdout]   10:     0x62a46e57d279 - std[617be2ca0a6fd877]::panicking::default_hook
[INFO] [stdout]                                at /rustc/e3feeb59cd1bdd011a2bfcc0747b55125d9b8527/library/std/src/panicking.rs:313:9
[INFO] [stdout]   11:     0x62a46e4f1ff0 - <alloc[2e1b2a31b91974c5]::boxed::Box<dyn for<'a, 'b> core[a373ad73a504971]::ops::function::Fn<(&'a std[617be2ca0a6fd877]::panic::PanicHookInfo<'b>,), Output = ()> + core[a373ad73a504971]::marker::Sync + core[a373ad73a504971]::marker::Send> as core[a373ad73a504971]::ops::function::Fn<(&std[617be2ca0a6fd877]::panic::PanicHookInfo,)>>::call
[INFO] [stdout]                                at /rustc/e3feeb59cd1bdd011a2bfcc0747b55125d9b8527/library/alloc/src/boxed.rs:2328:9
[INFO] [stdout]   12:     0x62a46e4f1ff0 - test[aada8e7e76ba119b]::test_main_inner::{closure#0}
[INFO] [stdout]                                at /rustc/e3feeb59cd1bdd011a2bfcc0747b55125d9b8527/library/test/src/lib.rs:137:21
[INFO] [stdout]   13:     0x62a46e57d432 - <alloc[2e1b2a31b91974c5]::boxed::Box<dyn for<'a, 'b> core[a373ad73a504971]::ops::function::Fn<(&'a std[617be2ca0a6fd877]::panic::PanicHookInfo<'b>,), Output = ()> + core[a373ad73a504971]::marker::Sync + core[a373ad73a504971]::marker::Send> as core[a373ad73a504971]::ops::function::Fn<(&std[617be2ca0a6fd877]::panic::PanicHookInfo,)>>::call
[INFO] [stdout]                                at /rustc/e3feeb59cd1bdd011a2bfcc0747b55125d9b8527/library/alloc/src/boxed.rs:2328:9
[INFO] [stdout]   14:     0x62a46e57d432 - std[617be2ca0a6fd877]::panicking::panic_with_hook
[INFO] [stdout]                                at /rustc/e3feeb59cd1bdd011a2bfcc0747b55125d9b8527/library/std/src/panicking.rs:819:13
[INFO] [stdout]   15:     0x62a46e5610f2 - std[617be2ca0a6fd877]::panicking::panic_handler::{closure#0}
[INFO] [stdout]                                at /rustc/e3feeb59cd1bdd011a2bfcc0747b55125d9b8527/library/std/src/panicking.rs:685:13
[INFO] [stdout]   16:     0x62a46e559c79 - std[617be2ca0a6fd877]::sys::backtrace::__rust_end_short_backtrace::<std[617be2ca0a6fd877]::panicking::panic_handler::{closure#0}, !>
[INFO] [stdout]                                at /rustc/e3feeb59cd1bdd011a2bfcc0747b55125d9b8527/library/std/src/sys/backtrace.rs:182:18
[INFO] [stdout]   17:     0x62a46e561cfd - __rustc[ea4f61d10b84890b]::rust_begin_unwind
[INFO] [stdout]                                at /rustc/e3feeb59cd1bdd011a2bfcc0747b55125d9b8527/library/std/src/panicking.rs:676:5
[INFO] [stdout]   18:     0x62a46e59a61c - core[a373ad73a504971]::panicking::panic_fmt
[INFO] [stdout]                                at /rustc/e3feeb59cd1bdd011a2bfcc0747b55125d9b8527/library/core/src/panicking.rs:80:14
[INFO] [stdout]   19:     0x62a46e59a392 - core[a373ad73a504971]::result::unwrap_failed
[INFO] [stdout]                                at /rustc/e3feeb59cd1bdd011a2bfcc0747b55125d9b8527/library/core/src/result.rs:1870:5
[INFO] [stdout]   20:     0x62a46e4a122c - <core[a373ad73a504971]::result::Result<alloc[2e1b2a31b91974c5]::string::String, core[a373ad73a504971]::io::error::Error>>::unwrap
[INFO] [stdout]                                at /rustc/e3feeb59cd1bdd011a2bfcc0747b55125d9b8527/library/core/src/result.rs:1232:23
[INFO] [stdout]   21:     0x62a46e4a122c - spine_rs[60da7a42ee4a20b5]::tests::test_from_file
[INFO] [stdout]                                at /opt/rustwide/workdir/src/tests.rs:1615:40
[INFO] [stdout]   22:     0x62a46e49dd37 - spine_rs[60da7a42ee4a20b5]::tests::test_from_file::{closure#0}
[INFO] [stdout]                                at /opt/rustwide/workdir/src/tests.rs:1613:20
[INFO] [stdout]   23:     0x62a46e4d8ac6 - <spine_rs[60da7a42ee4a20b5]::tests::test_from_file::{closure#0} as core[a373ad73a504971]::ops::function::FnOnce<()>>::call_once
[INFO] [stdout]                                at /rustc/e3feeb59cd1bdd011a2bfcc0747b55125d9b8527/library/core/src/ops/function.rs:250:5
[INFO] [stdout]   24:     0x62a46e4e543b - <fn() -> core[a373ad73a504971]::result::Result<(), alloc[2e1b2a31b91974c5]::string::String> as core[a373ad73a504971]::ops::function::FnOnce<()>>::call_once
[INFO] [stdout]                                at /rustc/e3feeb59cd1bdd011a2bfcc0747b55125d9b8527/library/core/src/ops/function.rs:250:5
[INFO] [stdout]   25:     0x62a46e4e543b - test[aada8e7e76ba119b]::__rust_begin_short_backtrace::<core[a373ad73a504971]::result::Result<(), alloc[2e1b2a31b91974c5]::string::String>, fn() -> core[a373ad73a504971]::result::Result<(), alloc[2e1b2a31b91974c5]::string::String>>
[INFO] [stdout]                                at /rustc/e3feeb59cd1bdd011a2bfcc0747b55125d9b8527/library/test/src/lib.rs:701:18
[INFO] [stdout]   26:     0x62a46e4f2615 - test[aada8e7e76ba119b]::run_test_in_process::{closure#0}
[INFO] [stdout]                                at /rustc/e3feeb59cd1bdd011a2bfcc0747b55125d9b8527/library/test/src/lib.rs:724:74
[INFO] [stdout]   27:     0x62a46e4f2615 - <core[a373ad73a504971]::panic::unwind_safe::AssertUnwindSafe<test[aada8e7e76ba119b]::run_test_in_process::{closure#0}> as core[a373ad73a504971]::ops::function::FnOnce<()>>::call_once
[INFO] [stdout]                                at /rustc/e3feeb59cd1bdd011a2bfcc0747b55125d9b8527/library/core/src/panic/unwind_safe.rs:275:9
[INFO] [stdout]   28:     0x62a46e4f2615 - std[617be2ca0a6fd877]::panicking::catch_unwind::do_call::<core[a373ad73a504971]::panic::unwind_safe::AssertUnwindSafe<test[aada8e7e76ba119b]::run_test_in_process::{closure#0}>, core[a373ad73a504971]::result::Result<(), alloc[2e1b2a31b91974c5]::string::String>>
[INFO] [stdout]                                at /rustc/e3feeb59cd1bdd011a2bfcc0747b55125d9b8527/library/std/src/panicking.rs:573:43
[INFO] [stdout]   29:     0x62a46e4f2615 - std[617be2ca0a6fd877]::panicking::catch_unwind::<core[a373ad73a504971]::result::Result<(), alloc[2e1b2a31b91974c5]::string::String>, core[a373ad73a504971]::panic::unwind_safe::AssertUnwindSafe<test[aada8e7e76ba119b]::run_test_in_process::{closure#0}>>
[INFO] [stdout]                                at /rustc/e3feeb59cd1bdd011a2bfcc0747b55125d9b8527/library/std/src/panicking.rs:541:19
[INFO] [stdout]   30:     0x62a46e4f2615 - std[617be2ca0a6fd877]::panic::catch_unwind::<core[a373ad73a504971]::panic::unwind_safe::AssertUnwindSafe<test[aada8e7e76ba119b]::run_test_in_process::{closure#0}>, core[a373ad73a504971]::result::Result<(), alloc[2e1b2a31b91974c5]::string::String>>
[INFO] [stdout]                                at /rustc/e3feeb59cd1bdd011a2bfcc0747b55125d9b8527/library/std/src/panic.rs:359:14
[INFO] [stdout]   31:     0x62a46e4f2615 - test[aada8e7e76ba119b]::run_test_in_process
[INFO] [stdout]                                at /rustc/e3feeb59cd1bdd011a2bfcc0747b55125d9b8527/library/test/src/lib.rs:724:27
[INFO] [stdout]   32:     0x62a46e4f2615 - test[aada8e7e76ba119b]::run_test::{closure#0}
[INFO] [stdout]                                at /rustc/e3feeb59cd1bdd011a2bfcc0747b55125d9b8527/library/test/src/lib.rs:645:43
[INFO] [stdout]   33:     0x62a46e4ebf04 - test[aada8e7e76ba119b]::run_test::{closure#1}
[INFO] [stdout]                                at /rustc/e3feeb59cd1bdd011a2bfcc0747b55125d9b8527/library/test/src/lib.rs:675:41
[INFO] [stdout]   34:     0x62a46e4ebf04 - std[617be2ca0a6fd877]::sys::backtrace::__rust_begin_short_backtrace::<test[aada8e7e76ba119b]::run_test::{closure#1}, ()>
[INFO] [stdout]                                at /rustc/e3feeb59cd1bdd011a2bfcc0747b55125d9b8527/library/std/src/sys/backtrace.rs:166:18
[INFO] [stdout]   35:     0x62a46e4f56a2 - std[617be2ca0a6fd877]::thread::lifecycle::spawn_unchecked::<test[aada8e7e76ba119b]::run_test::{closure#1}, ()>::{closure#1}::{closure#0}
[INFO] [stdout]                                at /rustc/e3feeb59cd1bdd011a2bfcc0747b55125d9b8527/library/std/src/thread/lifecycle.rs:70:13
[INFO] [stdout]   36:     0x62a46e4f56a2 - <core[a373ad73a504971]::panic::unwind_safe::AssertUnwindSafe<std[617be2ca0a6fd877]::thread::lifecycle::spawn_unchecked<test[aada8e7e76ba119b]::run_test::{closure#1}, ()>::{closure#1}::{closure#0}> as core[a373ad73a504971]::ops::function::FnOnce<()>>::call_once
[INFO] [stdout]                                at /rustc/e3feeb59cd1bdd011a2bfcc0747b55125d9b8527/library/core/src/panic/unwind_safe.rs:275:9
[INFO] [stdout]   37:     0x62a46e4f56a2 - std[617be2ca0a6fd877]::panicking::catch_unwind::do_call::<core[a373ad73a504971]::panic::unwind_safe::AssertUnwindSafe<std[617be2ca0a6fd877]::thread::lifecycle::spawn_unchecked<test[aada8e7e76ba119b]::run_test::{closure#1}, ()>::{closure#1}::{closure#0}>, ()>
[INFO] [stdout]                                at /rustc/e3feeb59cd1bdd011a2bfcc0747b55125d9b8527/library/std/src/panicking.rs:573:43
[INFO] [stdout]   38:     0x62a46e4f56a2 - std[617be2ca0a6fd877]::panicking::catch_unwind::<(), core[a373ad73a504971]::panic::unwind_safe::AssertUnwindSafe<std[617be2ca0a6fd877]::thread::lifecycle::spawn_unchecked<test[aada8e7e76ba119b]::run_test::{closure#1}, ()>::{closure#1}::{closure#0}>>
[INFO] [stdout]                                at /rustc/e3feeb59cd1bdd011a2bfcc0747b55125d9b8527/library/std/src/panicking.rs:541:19
[INFO] [stdout]   39:     0x62a46e4f56a2 - std[617be2ca0a6fd877]::panic::catch_unwind::<core[a373ad73a504971]::panic::unwind_safe::AssertUnwindSafe<std[617be2ca0a6fd877]::thread::lifecycle::spawn_unchecked<test[aada8e7e76ba119b]::run_test::{closure#1}, ()>::{closure#1}::{closure#0}>, ()>
[INFO] [stdout]                                at /rustc/e3feeb59cd1bdd011a2bfcc0747b55125d9b8527/library/std/src/panic.rs:359:14
[INFO] [stdout]   40:     0x62a46e4f56a2 - std[617be2ca0a6fd877]::thread::lifecycle::spawn_unchecked::<test[aada8e7e76ba119b]::run_test::{closure#1}, ()>::{closure#1}
[INFO] [stdout]                                at /rustc/e3feeb59cd1bdd011a2bfcc0747b55125d9b8527/library/std/src/thread/lifecycle.rs:68:26
[INFO] [stdout]   41:     0x62a46e4f56a2 - <std[617be2ca0a6fd877]::thread::lifecycle::spawn_unchecked<test[aada8e7e76ba119b]::run_test::{closure#1}, ()>::{closure#1} as core[a373ad73a504971]::ops::function::FnOnce<()>>::call_once::{shim:vtable#0}
[INFO] [stdout]                                at /rustc/e3feeb59cd1bdd011a2bfcc0747b55125d9b8527/library/core/src/ops/function.rs:250:5
[INFO] [stdout]   42:     0x62a46e58443f - <alloc[2e1b2a31b91974c5]::boxed::Box<dyn core[a373ad73a504971]::ops::function::FnOnce<(), Output = ()> + core[a373ad73a504971]::marker::Send> as core[a373ad73a504971]::ops::function::FnOnce<()>>::call_once
[INFO] [stdout]                                at /rustc/e3feeb59cd1bdd011a2bfcc0747b55125d9b8527/library/alloc/src/boxed.rs:2314:9
[INFO] [stdout]   43:     0x62a46e58443f - <std[617be2ca0a6fd877]::sys::thread::unix::Thread>::new::thread_start
[INFO] [stdout]                                at /rustc/e3feeb59cd1bdd011a2bfcc0747b55125d9b8527/library/std/src/sys/thread/unix.rs:127:17
[INFO] [stdout]   44:     0x7ad8b2899dfa - <unknown>
[INFO] [stdout]   45:     0x7ad8b292d3d4 - clone
[INFO] [stdout]   46:                0x0 - <unknown>
[INFO] [stdout] 
[INFO] [stdout] 
[INFO] [stdout] failures:
[INFO] [stdout]     tests::test_from_file
[INFO] [stdout] 
[INFO] [stdout] test result: FAILED. 167 passed; 1 failed; 0 ignored; 0 measured; 0 filtered out; finished in 0.08s
[INFO] [stdout] 
[INFO] [stderr] error: test failed, to rerun pass `--lib`
[INFO] running `Command { std: "docker" "inspect" "d8153d9facf95316ffdce44534d892444fc07d256de3a13127b8683d29ee0d70", kill_on_drop: false }`
[INFO] running `Command { std: "docker" "rm" "-f" "d8153d9facf95316ffdce44534d892444fc07d256de3a13127b8683d29ee0d70", kill_on_drop: false }`
[INFO] [stdout] d8153d9facf95316ffdce44534d892444fc07d256de3a13127b8683d29ee0d70
