[INFO] fetching crate spillover 0.2.0...
[INFO] testing spillover-0.2.0 against 1.100.0-beta.1 for beta-1.100-2
[INFO] extracting crate spillover 0.2.0 into /workspace/builds/worker-1-tc2/source
[INFO] started tweaking crates.io crate spillover 0.2.0
[INFO] removed 0 missing examples
[INFO] finished tweaking crates.io crate spillover 0.2.0
[INFO] tweaked toml for crates.io crate spillover 0.2.0 written to /workspace/builds/worker-1-tc2/source/Cargo.toml
[INFO] validating manifest of crates.io crate spillover 0.2.0 on toolchain 1.100.0-beta.1
[INFO] running `Command { std: CARGO_HOME="/workspace/cargo-home" RUSTUP_HOME="/workspace/rustup-home" "/workspace/cargo-home/bin/cargo" "+1.100.0-beta.1" "metadata" "--manifest-path" "Cargo.toml" "--no-deps", kill_on_drop: false }`
[INFO] crate crates.io crate spillover 0.2.0 already has a lockfile, it will not be regenerated
[INFO] running `Command { std: CARGO_HOME="/workspace/cargo-home" RUSTUP_HOME="/workspace/rustup-home" "/workspace/cargo-home/bin/cargo" "+1.100.0-beta.1" "fetch" "--manifest-path" "Cargo.toml", kill_on_drop: false }`
[INFO] running `Command { std: "docker" "create" "-v" "/var/lib/crater-agent-workspace/builds/worker-1-tc2/source:/opt/rustwide/workdir:ro,Z" "-v" "/var/lib/crater-agent-workspace/builds/worker-1-tc2/target:/opt/rustwide/target:rw,Z" "-v" "/var/lib/crater-agent-workspace/cargo-home:/opt/rustwide/cargo-home:ro,Z" "-v" "/var/lib/crater-agent-workspace/rustup-home:/opt/rustwide/rustup-home:ro,Z" "-m" "1610612736" "--network" "none" "ghcr.io/rust-lang/crates-build-env/linux@sha256:3111399a4047eeb3a02b7a90e478d715f38a8c6669b5c4b49d30a17385265909" "sleep" "infinity", kill_on_drop: false }`
[INFO] [stdout] 18d93cd441d37269fa1739ad40eec40177d09d4b1da355e9ba1046570f9bae77
[INFO] running `Command { std: "docker" "start" "18d93cd441d37269fa1739ad40eec40177d09d4b1da355e9ba1046570f9bae77", kill_on_drop: false }`
[INFO] running `Command { std: "docker" "inspect" "18d93cd441d37269fa1739ad40eec40177d09d4b1da355e9ba1046570f9bae77", kill_on_drop: false }`
[INFO] running `Command { std: "docker" "exec" "-e" "SOURCE_DIR=/opt/rustwide/workdir" "-e" "CARGO_HOME=/opt/rustwide/cargo-home" "-e" "RUSTUP_HOME=/opt/rustwide/rustup-home" "-e" "CARGO_TARGET_DIR=/opt/rustwide/target" "-w" "/opt/rustwide/workdir" "--user" "0:0" "18d93cd441d37269fa1739ad40eec40177d09d4b1da355e9ba1046570f9bae77" "/opt/rustwide/cargo-home/bin/cargo" "+1.100.0-beta.1" "metadata" "--no-deps" "--format-version=1", kill_on_drop: false }`
[INFO] running `Command { std: "docker" "inspect" "18d93cd441d37269fa1739ad40eec40177d09d4b1da355e9ba1046570f9bae77", kill_on_drop: false }`
[INFO] running `Command { std: "docker" "exec" "-e" "SOURCE_DIR=/opt/rustwide/workdir" "-e" "CARGO_HOME=/opt/rustwide/cargo-home" "-e" "RUSTUP_HOME=/opt/rustwide/rustup-home" "-e" "CARGO_TARGET_DIR=/opt/rustwide/target" "-e" "CARGO_INCREMENTAL=0" "-e" "RUST_BACKTRACE=full" "-e" "RUSTFLAGS=--cap-lints=warn" "-e" "RUSTDOCFLAGS=--cap-lints=warn" "-w" "/opt/rustwide/workdir" "--user" "0:0" "18d93cd441d37269fa1739ad40eec40177d09d4b1da355e9ba1046570f9bae77" "/opt/rustwide/cargo-home/bin/cargo" "+1.100.0-beta.1" "build" "--frozen" "--message-format=json", kill_on_drop: false }`
[INFO] [stderr]    Compiling smallvec v1.15.1
[INFO] [stderr]    Compiling collection_literals v1.0.3
[INFO] [stderr]    Compiling interpolator v0.5.0
[INFO] [stderr]    Compiling libc v0.2.183
[INFO] [stderr]    Compiling derive-where v1.6.1
[INFO] [stderr]    Compiling once_cell v1.21.4
[INFO] [stderr]    Compiling proc-macro-utils v0.10.0
[INFO] [stderr]    Compiling quote-use-macros v0.8.4
[INFO] [stderr]    Compiling manyhow-macros v0.11.4
[INFO] [stderr]    Compiling getrandom v0.4.2
[INFO] [stderr]    Compiling manyhow v0.11.4
[INFO] [stderr]    Compiling quote-use v0.8.4
[INFO] [stderr]    Compiling tempfile v3.27.0
[INFO] [stderr]    Compiling attribute-derive-macro v0.10.5
[INFO] [stderr]    Compiling attribute-derive v0.10.5
[INFO] [stderr]    Compiling get-size-derive2 v0.7.4
[INFO] [stderr]    Compiling get-size2 v0.7.4
[INFO] [stderr]    Compiling spillover v0.2.0 (/opt/rustwide/workdir)
[INFO] [stderr]     Finished `dev` profile [unoptimized + debuginfo] target(s) in 8.75s
[INFO] [stderr] warning: the following packages contain code that will be rejected by a future version of Rust: attribute-derive-macro v0.10.5
[INFO] [stderr] note: to see what the problems were, use the option `--future-incompat-report`, or run `cargo report future-incompatibilities --id 3`
[INFO] running `Command { std: "docker" "inspect" "18d93cd441d37269fa1739ad40eec40177d09d4b1da355e9ba1046570f9bae77", kill_on_drop: false }`
[INFO] running `Command { std: "docker" "exec" "-e" "SOURCE_DIR=/opt/rustwide/workdir" "-e" "CARGO_HOME=/opt/rustwide/cargo-home" "-e" "RUSTUP_HOME=/opt/rustwide/rustup-home" "-e" "CARGO_TARGET_DIR=/opt/rustwide/target" "-e" "CARGO_INCREMENTAL=0" "-e" "RUST_BACKTRACE=full" "-e" "RUSTFLAGS=--cap-lints=warn" "-e" "RUSTDOCFLAGS=--cap-lints=warn" "-w" "/opt/rustwide/workdir" "--user" "0:0" "18d93cd441d37269fa1739ad40eec40177d09d4b1da355e9ba1046570f9bae77" "/opt/rustwide/cargo-home/bin/cargo" "+1.100.0-beta.1" "test" "--frozen" "--no-run" "--message-format=json", kill_on_drop: false }`
[INFO] [stderr]    Compiling zerocopy v0.8.47
[INFO] [stderr]    Compiling tempfile v3.27.0
[INFO] [stderr]    Compiling rusty-fork v0.3.1
[INFO] [stderr]    Compiling spillover v0.2.0 (/opt/rustwide/workdir)
[INFO] [stderr]    Compiling ppv-lite86 v0.2.21
[INFO] [stderr]    Compiling rand_chacha v0.9.0
[INFO] [stderr]    Compiling proptest v1.10.0
[INFO] [stderr]     Finished `test` profile [unoptimized + debuginfo] target(s) in 18.10s
[INFO] [stderr] warning: the following packages contain code that will be rejected by a future version of Rust: attribute-derive-macro v0.10.5
[INFO] [stderr] note: to see what the problems were, use the option `--future-incompat-report`, or run `cargo report future-incompatibilities --id 3`
[INFO] running `Command { std: "docker" "inspect" "18d93cd441d37269fa1739ad40eec40177d09d4b1da355e9ba1046570f9bae77", kill_on_drop: false }`
[INFO] running `Command { std: "docker" "exec" "-e" "SOURCE_DIR=/opt/rustwide/workdir" "-e" "CARGO_HOME=/opt/rustwide/cargo-home" "-e" "RUSTUP_HOME=/opt/rustwide/rustup-home" "-e" "CARGO_TARGET_DIR=/opt/rustwide/target" "-e" "CARGO_INCREMENTAL=0" "-e" "RUST_BACKTRACE=full" "-e" "RUSTFLAGS=--cap-lints=warn" "-e" "RUSTDOCFLAGS=--cap-lints=warn" "-w" "/opt/rustwide/workdir" "--user" "0:0" "18d93cd441d37269fa1739ad40eec40177d09d4b1da355e9ba1046570f9bae77" "/opt/rustwide/cargo-home/bin/cargo" "+1.100.0-beta.1" "test" "--frozen", kill_on_drop: false }`
[INFO] [stderr]     Finished `test` profile [unoptimized + debuginfo] target(s) in 0.09s
[INFO] [stderr] warning: the following packages contain code that will be rejected by a future version of Rust: attribute-derive-macro v0.10.5
[INFO] [stderr] note: to see what the problems were, use the option `--future-incompat-report`, or run `cargo report future-incompatibilities --id 3`
[INFO] [stderr]      Running unittests src/lib.rs (/opt/rustwide/target/debug/build/spillover/4a147c129754ce12/out/spillover-4a147c129754ce12)
[INFO] [stdout] 
[INFO] [stdout] running 90 tests
[INFO] [stdout] test chunk::tests::sequential_sorts_integers ... ok
[INFO] [stdout] test chunk::tests::sequential_sorts_reverse ... ok
[INFO] [stdout] test chunk::tests::sequential_sorts_single_element ... ok
[INFO] [stdout] test chunk::tests::sequential_sorts_strings_by_length ... ok
[INFO] [stdout] test chunk::tests::sequential_sorts_empty_slice ... ok
[INFO] [stdout] test codec::tests::codec_read_empty_returns_none ... ok
[INFO] [stdout] test chunk::tests::sequential_is_send_and_sync ... ok
[INFO] [stdout] test chunk::tests::sequential_sorts_with_custom_comparator ... ok
[INFO] [stdout] test chunk::tests::sequential_sorts_already_sorted ... ok
[INFO] [stdout] test compare::tests::compare_via_is_send_and_sync ... ok
[INFO] [stdout] test compare::tests::compare_via_vec_u8_as_byte_slice ... ok
[INFO] [stdout] test codec::tests::codec_read_truncated_returns_error ... ok
[INFO] [stdout] test codec::tests::codec_round_trips_multiple_items ... ok
[INFO] [stdout] test compare::tests::compare_via_string_as_str ... ok
[INFO] [stdout] test compare::tests::convenience_methods_work_with_reverse ... ok
[INFO] [stdout] test codec::tests::codec_round_trips_single_item ... ok
[INFO] [stdout] test compare::tests::le_lt_ge_gt_eq_convenience_methods ... ok
[INFO] [stdout] test compare::tests::min_max_return_correct_references ... ok
[INFO] [stdout] test compare::tests::natural_is_send_and_sync ... ok
[INFO] [stdout] test compare::tests::compare_via_default ... ok
[INFO] [stdout] test compare::tests::natural_orders_byte_slices ... ok
[INFO] [stdout] test compare::tests::natural_orders_integers ... ok
[INFO] [stdout] test compare::tests::natural_orders_strings ... ok
[INFO] [stdout] test compare::tests::reverse_is_send_and_sync ... ok
[INFO] [stdout] test compare::tests::reverse_with_compare_via ... ok
[INFO] [stdout] test compare::tests::reverse_flips_ordering ... ok
[INFO] [stdout] test compare::tests::with_ord_in_btree_map ... ok
[INFO] [stdout] test compare::tests::with_ord_display_shows_inner_value ... ok
[INFO] [stdout] test compare::tests::with_ord_from_ord_type ... ok
[INFO] [stdout] test compare::tests::with_ord_in_binary_heap ... ok
[INFO] [stdout] test dedup::tests::adjacent_dedup_all_same_yields_one ... ok
[INFO] [stdout] test compare::tests::with_ord_into_inner ... ok
[INFO] [stdout] test compare::tests::with_ord_zst_comparator_is_zero_overhead ... ok
[INFO] [stdout] test dedup::tests::adjacent_dedup_custom_predicate ... ok
[INFO] [stdout] test dedup::tests::adjacent_dedup_empty_stream ... ok
[INFO] [stdout] test dedup::tests::adjacent_dedup_keeps_all_when_no_duplicates ... ok
[INFO] [stdout] test dedup::tests::adjacent_dedup_single_item ... ok
[INFO] [stdout] test dedup::tests::adjacent_dedup_non_adjacent_duplicates_kept ... ok
[INFO] [stdout] test dedup::tests::identity_passes_through ... ok
[INFO] [stdout] test dedup::tests::identity_passes_through_errors ... ok
[INFO] [stdout] test dedup::tests::adjacent_dedup_error_propagates_and_fuses ... ok
[INFO] [stdout] test compare::tests::with_ord_custom_comparator ... ok
[INFO] [stdout] test compare::tests::reverse_composes ... ok
[INFO] [stdout] test compare::tests::with_ord_debug_shows_inner_value ... ok
[INFO] [stdout] test dedup::tests::adjacent_dedup_removes_consecutive_duplicates ... ok
[INFO] [stdout] test error::tests::error_source_chains_for_io ... ok
[INFO] [stdout] test error::tests::truncated_run_displays_correctly ... ok
[INFO] [stdout] test key::tests::borrowed_sort_key_returns_reference ... ok
[INFO] [stdout] test error::tests::error_is_send_and_sync ... ok
[INFO] [stdout] test error::tests::io_error_converts_via_from ... ok
[INFO] [stdout] test key::tests::item_cmp_can_sort_a_slice ... ok
[INFO] [stdout] test key::tests::owned_adapter_works_with_closures_that_compute ... ok
[INFO] [stdout] test merge::tests::custom_temp_dir_works ... ok
[INFO] [stdout] test merge::tests::bounded_fan_in_triggers_intermediate_spill ... ok
[INFO] [stdout] test key::tests::item_cmp_orders_by_extracted_key ... ok
[INFO] [stdout] test key::tests::item_cmp_with_borrowed_key ... ok
[INFO] [stdout] test key::tests::owned_adapter_extracts_key ... ok
[INFO] [stdout] test merge::tests::keyed_merge_falls_back_to_full_record_order_when_keys_tie ... ok
[INFO] [stdout] test merge::tests::merge_config_default_has_sensible_values ... ok
[INFO] [stdout] test merge::tests::merge_different_sized_runs ... ok
[INFO] [stdout] test merge::tests::merge_empty_run_list ... ok
[INFO] [stdout] test merge::tests::merge_many_runs_with_small_fan_in ... ok
[INFO] [stdout] test merge::tests::nonexistent_temp_dir_returns_io_error ... ok
[INFO] [stdout] test merge::tests::merge_single_empty_run ... ok
[INFO] [stdout] test merge::tests::merge_two_interleaved_runs ... ok
[INFO] [stdout] test merge::tests::merge_three_runs ... ok
[INFO] [stdout] test merge::tests::merge_preserves_duplicates_across_runs ... ok
[INFO] [stdout] test dedup::tests::proptests::adjacent_dedup_never_emits_consecutive_equal_items ... ok
[INFO] [stdout] test merge::tests::spill_sorted_accepts_write_side_items_that_differ_from_read_items ... ok
[INFO] [stdout] test merge::tests::spill_sorted_with_keys_accepts_write_side_items_that_differ_from_read_items ... ok
[INFO] [stdout] test merge::tests::spill_and_merge_single_run ... ok
[INFO] [stdout] test sorter::tests::sort_all_in_memory_no_spill ... ok
[INFO] [stdout] test sorter::tests::sort_already_sorted ... ok
[INFO] [stdout] test sorter::tests::sort_empty_input ... ok
[INFO] [stdout] test dedup::tests::proptests::adjacent_dedup_output_is_subset_of_input ... ok
[INFO] [stdout] test sorter::tests::sort_reverse_input ... ok
[INFO] [stdout] test sorter::tests::sort_single_item ... ok
[INFO] [stdout] test sorter::tests::sort_preserves_duplicates ... ok
[INFO] [stdout] test sorter::tests::sort_with_byte_budget ... ok
[INFO] [stdout] test sorter::tests::sort_with_reverse_comparator ... ok
[INFO] [stdout] test sorter::tests::sort_with_spilling ... ok
[INFO] [stdout] test sorter::tests::sorted_items_stops_on_visitor_error ... ok
[INFO] [stdout] test sorter::tests::sort_with_dedup ... ok
[INFO] [stdout] test sorter::tests::sorted_items_visits_items_in_order ... ok
[INFO] [stdout] test dedup::tests::proptests::adjacent_dedup_preserves_all_unique_values_from_sorted_input ... ok
[INFO] [stdout] test merge::tests::proptests::merge_preserves_total_entry_count ... ok
[INFO] [stdout] test merge::tests::proptests::merged_output_is_always_sorted ... ok
[INFO] [stdout] test merge::tests::proptests::merge_output_matches_reference_sort ... ok
[INFO] [stdout] test sorter::tests::proptests::output_preserves_all_items ... ok
[INFO] [stdout] test sorter::tests::proptests::output_is_always_sorted ... ok
[INFO] [stdout] 
[INFO] [stdout] test result: ok. 90 passed; 0 failed; 0 ignored; 0 measured; 0 filtered out; finished in 2.09s
[INFO] [stdout] 
[INFO] [stderr]    Doc-tests spillover
[INFO] [stdout] 
[INFO] [stdout] running 14 tests
[INFO] [stdout] test src/chunk.rs - chunk::ChunkSorter (line 35) ... ok
[INFO] [stdout] test src/compare.rs - compare::Natural (line 80) ... ok
[INFO] [stdout] test src/chunk.rs - chunk::Sequential (line 60) ... ok
[INFO] [stdout] test src/compare.rs - compare::Compare (line 26) ... ok
[INFO] [stdout] test src/dedup.rs - dedup::Identity (line 29) ... ok
[INFO] [stdout] test src/compare.rs - compare::CompareVia (line 125) ... ok
[INFO] [stdout] test src/compare.rs - compare::WithOrd (line 179) ... ok
[INFO] [stdout] test src/sorter.rs - sorter::Sorted (line 386) ... ignored
[INFO] [stdout] test src/compare.rs - compare::Reverse (line 99) ... ok
[INFO] [stdout] test src/dedup.rs - dedup::AdjacentDedup (line 60) ... ok
[INFO] [stdout] test src/error.rs - error::SpilloverError (line 24) ... ok
[INFO] [stdout] test src/key.rs - key::SortKey (line 46) ... ok
[INFO] [stdout] test src/key.rs - key::Owned (line 120) ... ok
[INFO] [stdout] test src/compare.rs - compare::WithOrd (line 188) ... FAILED
[INFO] [stdout] 
[INFO] [stdout] failures:
[INFO] [stdout] 
[INFO] [stdout] ---- src/compare.rs - compare::WithOrd (line 188) stdout ----
[INFO] [stdout] Test executable failed (exit status: 101).
[INFO] [stdout] 
[INFO] [stdout] stderr:
[INFO] [stdout] 
[INFO] [stdout] thread 'main' (714) panicked at /tmp/rustdoctestzQygTI/doctest_bundle_2024.rs:95:1:
[INFO] [stdout] assertion failed: a < b
[INFO] [stdout] stack backtrace:
[INFO] [stdout]    0:     0x577f7afe31b1 - std[617be2ca0a6fd877]::backtrace_rs::backtrace::libunwind::trace
[INFO] [stdout]                                at /rustc/e3feeb59cd1bdd011a2bfcc0747b55125d9b8527/library/std/src/../../backtrace/src/backtrace/libunwind.rs:117:9
[INFO] [stdout]    1:     0x577f7afe31b1 - std[617be2ca0a6fd877]::backtrace_rs::backtrace::trace_unsynchronized::<std[617be2ca0a6fd877]::sys::backtrace::_print_fmt::{closure#1}>
[INFO] [stdout]                                at /rustc/e3feeb59cd1bdd011a2bfcc0747b55125d9b8527/library/std/src/../../backtrace/src/backtrace/mod.rs:66:14
[INFO] [stdout]    2:     0x577f7afe31b1 - std[617be2ca0a6fd877]::sys::backtrace::_print_fmt
[INFO] [stdout]                                at /rustc/e3feeb59cd1bdd011a2bfcc0747b55125d9b8527/library/std/src/sys/backtrace.rs:74:9
[INFO] [stdout]    3:     0x577f7afe31b1 - <<std[617be2ca0a6fd877]::sys::backtrace::BacktraceLock>::print::DisplayBacktrace as core[a373ad73a504971]::fmt::Display>::fmt
[INFO] [stdout]                                at /rustc/e3feeb59cd1bdd011a2bfcc0747b55125d9b8527/library/std/src/sys/backtrace.rs:44:26
[INFO] [stdout]    4:     0x577f7aff721a - <core[a373ad73a504971]::fmt::rt::Argument>::fmt
[INFO] [stdout]                                at /rustc/e3feeb59cd1bdd011a2bfcc0747b55125d9b8527/library/core/src/fmt/rt.rs:152:76
[INFO] [stdout]    5:     0x577f7aff721a - core[a373ad73a504971]::fmt::write
[INFO] [stdout]    6:     0x577f7afe81dc - core[a373ad73a504971]::io::write::default_write_fmt::<std[617be2ca0a6fd877]::sys::stdio::unix::Stderr>
[INFO] [stdout]                                at /rustc/e3feeb59cd1bdd011a2bfcc0747b55125d9b8527/library/core/src/io/write.rs:402:11
[INFO] [stdout]    7:     0x577f7afe81dc - <std[617be2ca0a6fd877]::sys::stdio::unix::Stderr as core[a373ad73a504971]::io::write::Write>::write_fmt
[INFO] [stdout]                                at /rustc/e3feeb59cd1bdd011a2bfcc0747b55125d9b8527/library/core/src/io/write.rs:335:13
[INFO] [stdout]    8:     0x577f7afbf276 - <std[617be2ca0a6fd877]::sys::backtrace::BacktraceLock>::print
[INFO] [stdout]                                at /rustc/e3feeb59cd1bdd011a2bfcc0747b55125d9b8527/library/std/src/sys/backtrace.rs:47:9
[INFO] [stdout]    9:     0x577f7afbf276 - std[617be2ca0a6fd877]::panicking::default_hook::{closure#0}
[INFO] [stdout]                                at /rustc/e3feeb59cd1bdd011a2bfcc0747b55125d9b8527/library/std/src/panicking.rs:289:27
[INFO] [stdout]   10:     0x577f7afdb6f1 - std[617be2ca0a6fd877]::panicking::default_hook
[INFO] [stdout]                                at /rustc/e3feeb59cd1bdd011a2bfcc0747b55125d9b8527/library/std/src/panicking.rs:316:9
[INFO] [stdout]   11:     0x577f7afdb8ab - std[617be2ca0a6fd877]::panicking::panic_with_hook
[INFO] [stdout]                                at /rustc/e3feeb59cd1bdd011a2bfcc0747b55125d9b8527/library/std/src/panicking.rs:811:13
[INFO] [stdout]   12:     0x577f7afbf354 - std[617be2ca0a6fd877]::panicking::panic_handler::{closure#0}
[INFO] [stdout]                                at /rustc/e3feeb59cd1bdd011a2bfcc0747b55125d9b8527/library/std/src/panicking.rs:678:13
[INFO] [stdout]   13:     0x577f7afb7f89 - std[617be2ca0a6fd877]::sys::backtrace::__rust_end_short_backtrace::<std[617be2ca0a6fd877]::panicking::panic_handler::{closure#0}, !>
[INFO] [stdout]                                at /rustc/e3feeb59cd1bdd011a2bfcc0747b55125d9b8527/library/std/src/sys/backtrace.rs:182:18
[INFO] [stdout]   14:     0x577f7afc00ad - __rustc[ea4f61d10b84890b]::rust_begin_unwind
[INFO] [stdout]                                at /rustc/e3feeb59cd1bdd011a2bfcc0747b55125d9b8527/library/std/src/panicking.rs:676:5
[INFO] [stdout]   15:     0x577f7aff79ec - core[a373ad73a504971]::panicking::panic_fmt
[INFO] [stdout]                                at /rustc/e3feeb59cd1bdd011a2bfcc0747b55125d9b8527/library/core/src/panicking.rs:80:14
[INFO] [stdout]   16:     0x577f7aff79b2 - core[a373ad73a504971]::panicking::panic
[INFO] [stdout]                                at /rustc/e3feeb59cd1bdd011a2bfcc0747b55125d9b8527/library/core/src/panicking.rs:150:5
[INFO] [stderr] error: doctest failed, to rerun pass `--doc`
[INFO] [stdout]   17:     0x577f7af65e69 - doctest_bundle_2024[8cc95805e96201d2]::__doctest_7::main
[INFO] [stdout]   18:     0x577f7af65e76 - doctest_bundle_2024[8cc95805e96201d2]::__doctest_7::__main_fn
[INFO] [stdout]   19:     0x577f7af5b041 - doctest_runner_2024[a5234fb354d81c5]::__doctest_7::TEST::{closure#0}
[INFO] [stdout]   20:     0x577f7af5e9d6 - <doctest_runner_2024[a5234fb354d81c5]::__doctest_7::TEST::{closure#0} as core[a373ad73a504971]::ops::function::FnOnce<()>>::call_once
[INFO] [stdout]   21:     0x577f7af5b79e - doctest_runner_2024[a5234fb354d81c5]::main
[INFO] [stdout]   22:     0x577f7af5e883 - <fn() -> std[617be2ca0a6fd877]::process::ExitCode as core[a373ad73a504971]::ops::function::FnOnce<()>>::call_once
[INFO] [stdout]   23:     0x577f7af5a5d6 - std[617be2ca0a6fd877]::sys::backtrace::__rust_begin_short_backtrace::<fn() -> std[617be2ca0a6fd877]::process::ExitCode, std[617be2ca0a6fd877]::process::ExitCode>
[INFO] [stdout]   24:     0x577f7af5aad9 - std[617be2ca0a6fd877]::rt::lang_start::<std[617be2ca0a6fd877]::process::ExitCode>::{closure#0}
[INFO] [stdout]   25:     0x577f7afda728 - <&dyn core[a373ad73a504971]::ops::function::Fn<(), Output = i32> + core[a373ad73a504971]::marker::Sync + core[a373ad73a504971]::panic::unwind_safe::RefUnwindSafe as core[a373ad73a504971]::ops::function::FnOnce<()>>::call_once
[INFO] [stdout]                                at /rustc/e3feeb59cd1bdd011a2bfcc0747b55125d9b8527/library/core/src/ops/function.rs:287:21
[INFO] [stdout]   26:     0x577f7afda728 - std[617be2ca0a6fd877]::panicking::catch_unwind::do_call::<&dyn core[a373ad73a504971]::ops::function::Fn<(), Output = i32> + core[a373ad73a504971]::marker::Sync + core[a373ad73a504971]::panic::unwind_safe::RefUnwindSafe, i32>
[INFO] [stdout]                                at /rustc/e3feeb59cd1bdd011a2bfcc0747b55125d9b8527/library/std/src/panicking.rs:573:43
[INFO] [stdout]   27:     0x577f7afda728 - std[617be2ca0a6fd877]::panicking::catch_unwind::<i32, &dyn core[a373ad73a504971]::ops::function::Fn<(), Output = i32> + core[a373ad73a504971]::marker::Sync + core[a373ad73a504971]::panic::unwind_safe::RefUnwindSafe>
[INFO] [stdout]                                at /rustc/e3feeb59cd1bdd011a2bfcc0747b55125d9b8527/library/std/src/panicking.rs:541:19
[INFO] [stdout]   28:     0x577f7afda728 - std[617be2ca0a6fd877]::panic::catch_unwind::<&dyn core[a373ad73a504971]::ops::function::Fn<(), Output = i32> + core[a373ad73a504971]::marker::Sync + core[a373ad73a504971]::panic::unwind_safe::RefUnwindSafe, i32>
[INFO] [stdout]                                at /rustc/e3feeb59cd1bdd011a2bfcc0747b55125d9b8527/library/std/src/panic.rs:359:14
[INFO] [stdout]   29:     0x577f7afda728 - std[617be2ca0a6fd877]::rt::lang_start_internal::{closure#0}
[INFO] [stdout]                                at /rustc/e3feeb59cd1bdd011a2bfcc0747b55125d9b8527/library/std/src/rt.rs:175:24
[INFO] [stdout]   30:     0x577f7afda728 - std[617be2ca0a6fd877]::panicking::catch_unwind::do_call::<std[617be2ca0a6fd877]::rt::lang_start_internal::{closure#0}, isize>
[INFO] [stdout]                                at /rustc/e3feeb59cd1bdd011a2bfcc0747b55125d9b8527/library/std/src/panicking.rs:573:43
[INFO] [stdout]   31:     0x577f7afda728 - std[617be2ca0a6fd877]::panicking::catch_unwind::<isize, std[617be2ca0a6fd877]::rt::lang_start_internal::{closure#0}>
[INFO] [stdout]                                at /rustc/e3feeb59cd1bdd011a2bfcc0747b55125d9b8527/library/std/src/panicking.rs:541:19
[INFO] [stdout]   32:     0x577f7afda728 - std[617be2ca0a6fd877]::panic::catch_unwind::<std[617be2ca0a6fd877]::rt::lang_start_internal::{closure#0}, isize>
[INFO] [stdout]                                at /rustc/e3feeb59cd1bdd011a2bfcc0747b55125d9b8527/library/std/src/panic.rs:359:14
[INFO] [stdout]   33:     0x577f7afda728 - std[617be2ca0a6fd877]::rt::lang_start_internal
[INFO] [stdout]                                at /rustc/e3feeb59cd1bdd011a2bfcc0747b55125d9b8527/library/std/src/rt.rs:171:5
[INFO] [stdout]   34:     0x577f7af59cc1 - std[617be2ca0a6fd877]::rt::lang_start::<std[617be2ca0a6fd877]::process::ExitCode>
[INFO] [stdout]   35:     0x577f7af5eba5 - main
[INFO] [stdout]   36:     0x76d3523ba601 - <unknown>
[INFO] [stdout]   37:     0x76d3523ba718 - __libc_start_main
[INFO] [stdout]   38:     0x577f7af58dc5 - _start
[INFO] [stdout]   39:                0x0 - <unknown>
[INFO] [stdout] 
[INFO] [stdout] 
[INFO] [stdout] 
[INFO] [stdout] failures:
[INFO] [stdout]     src/compare.rs - compare::WithOrd (line 188)
[INFO] [stdout] 
[INFO] [stdout] test result: FAILED. 12 passed; 1 failed; 1 ignored; 0 measured; 0 filtered out; finished in 0.03s
[INFO] [stdout] 
[INFO] [stdout] all doctests ran in 0.60s; merged doctests compilation took 0.56s
[INFO] running `Command { std: "docker" "inspect" "18d93cd441d37269fa1739ad40eec40177d09d4b1da355e9ba1046570f9bae77", kill_on_drop: false }`
[INFO] running `Command { std: "docker" "rm" "-f" "18d93cd441d37269fa1739ad40eec40177d09d4b1da355e9ba1046570f9bae77", kill_on_drop: false }`
[INFO] [stdout] 18d93cd441d37269fa1739ad40eec40177d09d4b1da355e9ba1046570f9bae77
