[INFO] fetching crate solrcopy 0.9.2...
[INFO] testing solrcopy-0.9.2 against 1.100.0-beta.1 for beta-1.100-2
[INFO] extracting crate solrcopy 0.9.2 into /workspace/builds/worker-0-tc2/source
[INFO] started tweaking crates.io crate solrcopy 0.9.2
[INFO] finished tweaking crates.io crate solrcopy 0.9.2
[INFO] tweaked toml for crates.io crate solrcopy 0.9.2 written to /workspace/builds/worker-0-tc2/source/Cargo.toml
[INFO] validating manifest of crates.io crate solrcopy 0.9.2 on toolchain 1.100.0-beta.1
[INFO] running `Command { std: CARGO_HOME="/workspace/cargo-home" RUSTUP_HOME="/workspace/rustup-home" "/workspace/cargo-home/bin/cargo" "+1.100.0-beta.1" "metadata" "--manifest-path" "Cargo.toml" "--no-deps", kill_on_drop: false }`
[INFO] crate crates.io crate solrcopy 0.9.2 already has a lockfile, it will not be regenerated
[INFO] running `Command { std: CARGO_HOME="/workspace/cargo-home" RUSTUP_HOME="/workspace/rustup-home" "/workspace/cargo-home/bin/cargo" "+1.100.0-beta.1" "fetch" "--manifest-path" "Cargo.toml", kill_on_drop: false }`
[INFO] [stderr] warning: `package.homepage` is redundant with `package.repository`
[INFO] [stderr]   --> Cargo.toml:92:12
[INFO] [stderr]    |
[INFO] [stderr] 92 | homepage = "https://github.com/juarezr/solrcopy"
[INFO] [stderr]    |            ^^^^^^^^^^^^^^^^^^^^^^^^^^^^^^^^^^^^^
[INFO] [stderr] ...
[INFO] [stderr] 97 | repository = "https://github.com/juarezr/solrcopy"
[INFO] [stderr]    |              -------------------------------------
[INFO] [stderr]    |
[INFO] [stderr]    = note: `cargo::redundant_homepage` is set to `warn` by default
[INFO] [stderr] help: consider removing `package.homepage`
[INFO] [stderr] warning: `solrcopy` (manifest) generated 1 warning
[INFO] running `Command { std: "docker" "create" "-v" "/var/lib/crater-agent-workspace/builds/worker-0-tc2/source:/opt/rustwide/workdir:ro,Z" "-v" "/var/lib/crater-agent-workspace/builds/worker-0-tc2/target:/opt/rustwide/target:rw,Z" "-v" "/var/lib/crater-agent-workspace/cargo-home:/opt/rustwide/cargo-home:ro,Z" "-v" "/var/lib/crater-agent-workspace/rustup-home:/opt/rustwide/rustup-home:ro,Z" "-m" "1610612736" "--network" "none" "ghcr.io/rust-lang/crates-build-env/linux@sha256:3111399a4047eeb3a02b7a90e478d715f38a8c6669b5c4b49d30a17385265909" "sleep" "infinity", kill_on_drop: false }`
[INFO] [stdout] 989c899a355cb7f7ff4bda0f7458954267386dc1eab1fce7bcfa40f9117aa9f4
[INFO] running `Command { std: "docker" "start" "989c899a355cb7f7ff4bda0f7458954267386dc1eab1fce7bcfa40f9117aa9f4", kill_on_drop: false }`
[INFO] running `Command { std: "docker" "inspect" "989c899a355cb7f7ff4bda0f7458954267386dc1eab1fce7bcfa40f9117aa9f4", kill_on_drop: false }`
[INFO] running `Command { std: "docker" "exec" "-e" "SOURCE_DIR=/opt/rustwide/workdir" "-e" "CARGO_HOME=/opt/rustwide/cargo-home" "-e" "RUSTUP_HOME=/opt/rustwide/rustup-home" "-e" "CARGO_TARGET_DIR=/opt/rustwide/target" "-w" "/opt/rustwide/workdir" "--user" "0:0" "989c899a355cb7f7ff4bda0f7458954267386dc1eab1fce7bcfa40f9117aa9f4" "/opt/rustwide/cargo-home/bin/cargo" "+1.100.0-beta.1" "metadata" "--no-deps" "--format-version=1", kill_on_drop: false }`
[INFO] running `Command { std: "docker" "inspect" "989c899a355cb7f7ff4bda0f7458954267386dc1eab1fce7bcfa40f9117aa9f4", kill_on_drop: false }`
[INFO] running `Command { std: "docker" "exec" "-e" "SOURCE_DIR=/opt/rustwide/workdir" "-e" "CARGO_HOME=/opt/rustwide/cargo-home" "-e" "RUSTUP_HOME=/opt/rustwide/rustup-home" "-e" "CARGO_TARGET_DIR=/opt/rustwide/target" "-e" "CARGO_INCREMENTAL=0" "-e" "RUST_BACKTRACE=full" "-e" "RUSTFLAGS=--cap-lints=warn" "-e" "RUSTDOCFLAGS=--cap-lints=warn" "-w" "/opt/rustwide/workdir" "--user" "0:0" "989c899a355cb7f7ff4bda0f7458954267386dc1eab1fce7bcfa40f9117aa9f4" "/opt/rustwide/cargo-home/bin/cargo" "+1.100.0-beta.1" "build" "--frozen" "--message-format=json", kill_on_drop: false }`
[INFO] [stderr] warning: `package.homepage` is redundant with `package.repository`
[INFO] [stderr]   --> Cargo.toml:92:12
[INFO] [stderr]    |
[INFO] [stderr] 92 | homepage = "https://github.com/juarezr/solrcopy"
[INFO] [stderr]    |            ^^^^^^^^^^^^^^^^^^^^^^^^^^^^^^^^^^^^^
[INFO] [stderr] ...
[INFO] [stderr] 97 | repository = "https://github.com/juarezr/solrcopy"
[INFO] [stderr]    |              -------------------------------------
[INFO] [stderr]    |
[INFO] [stderr]    = note: `cargo::redundant_homepage` is set to `warn` by default
[INFO] [stderr] help: consider removing `package.homepage`
[INFO] [stderr] warning: `solrcopy` (manifest) generated 1 warning
[INFO] [stderr]    Compiling proc-macro2 v1.0.106
[INFO] [stderr]    Compiling unicode-ident v1.0.24
[INFO] [stderr]    Compiling quote v1.0.45
[INFO] [stderr]    Compiling version_check v0.9.5
[INFO] [stderr]    Compiling libc v0.2.183
[INFO] [stderr]    Compiling cfg-if v1.0.4
[INFO] [stderr]    Compiling typenum v1.19.0
[INFO] [stderr]    Compiling stable_deref_trait v1.2.1
[INFO] [stderr]    Compiling shlex v1.3.0
[INFO] [stderr]    Compiling find-msvc-tools v0.1.9
[INFO] [stderr]    Compiling litemap v0.8.1
[INFO] [stderr]    Compiling generic-array v0.14.7
[INFO] [stderr]    Compiling writeable v0.6.2
[INFO] [stderr]    Compiling itoa v1.0.18
[INFO] [stderr]    Compiling subtle v2.6.1
[INFO] [stderr]    Compiling icu_properties_data v2.1.2
[INFO] [stderr]    Compiling icu_normalizer_data v2.1.1
[INFO] [stderr]    Compiling powerfmt v0.2.0
[INFO] [stderr]    Compiling pkg-config v0.3.32
[INFO] [stderr]    Compiling time-core v0.1.8
[INFO] [stderr]    Compiling num-conv v0.2.1
[INFO] [stderr]    Compiling log v0.4.29
[INFO] [stderr]    Compiling deranged v0.5.8
[INFO] [stderr]    Compiling time-macros v0.2.27
[INFO] [stderr]    Compiling zeroize v1.8.2
[INFO] [stderr]    Compiling crc32fast v1.5.0
[INFO] [stderr]    Compiling smallvec v1.15.1
[INFO] [stderr]    Compiling num_threads v0.1.7
[INFO] [stderr]    Compiling jobserver v0.1.34
[INFO] [stderr]    Compiling utf8parse v0.2.2
[INFO] [stderr]    Compiling anstyle-parse v1.0.0
[INFO] [stderr]    Compiling syn v2.0.117
[INFO] [stderr]    Compiling colorchoice v1.0.5
[INFO] [stderr]    Compiling is_terminal_polyfill v1.70.2
[INFO] [stderr]    Compiling cc v1.2.57
[INFO] [stderr]    Compiling simd-adler32 v0.3.8
[INFO] [stderr]    Compiling percent-encoding v2.3.2
[INFO] [stderr]    Compiling cpufeatures v0.2.17
[INFO] [stderr]    Compiling memchr v2.8.0
[INFO] [stderr]    Compiling anstyle v1.0.14
[INFO] [stderr]    Compiling anstyle-query v1.1.5
[INFO] [stderr]    Compiling anstream v1.0.0
[INFO] [stderr]    Compiling crypto-common v0.1.7
[INFO] [stderr]    Compiling block-buffer v0.10.4
[INFO] [stderr]    Compiling rustls-pki-types v1.14.0
[INFO] [stderr]    Compiling cookie v0.18.1
[INFO] [stderr]    Compiling digest v0.10.7
[INFO] [stderr]    Compiling time v0.3.47
[INFO] [stderr]    Compiling getrandom v0.2.17
[INFO] [stderr]    Compiling adler2 v2.0.1
[INFO] [stderr]    Compiling untrusted v0.9.0
[INFO] [stderr]    Compiling cfg_aliases v0.2.1
[INFO] [stderr]    Compiling zstd-safe v7.2.4
[INFO] [stderr]    Compiling utf8_iter v1.0.4
[INFO] [stderr]    Compiling httparse v1.10.1
[INFO] [stderr]    Compiling strsim v0.11.1
[INFO] [stderr]    Compiling heck v0.5.0
[INFO] [stderr]    Compiling equivalent v1.0.2
[INFO] [stderr]    Compiling clap_lex v1.1.0
[INFO] [stderr]    Compiling autocfg v1.5.0
[INFO] [stderr]    Compiling hashbrown v0.16.1
[INFO] [stderr]    Compiling clap_builder v4.6.0
[INFO] [stderr]    Compiling nix v0.31.2
[INFO] [stderr]    Compiling miniz_oxide v0.8.9
[INFO] [stderr]    Compiling num-traits v0.2.19
[INFO] [stderr]    Compiling inout v0.1.4
[INFO] [stderr]    Compiling form_urlencoded v1.2.2
[INFO] [stderr]    Compiling litrs v1.0.0
[INFO] [stderr]    Compiling bytes v1.11.1
[INFO] [stderr]    Compiling zstd-sys v2.0.16+zstd.1.5.7
[INFO] [stderr]    Compiling ring v0.17.14
[INFO] [stderr]    Compiling indexmap v2.13.0
[INFO] [stderr]    Compiling getrandom v0.4.2
[INFO] [stderr]    Compiling portable-atomic v1.13.1
[INFO] [stderr]    Compiling zlib-rs v0.6.3
[INFO] [stderr]    Compiling rustls v0.23.37
[INFO] [stderr]    Compiling zmij v1.0.21
[INFO] [stderr]    Compiling crossbeam-utils v0.8.21
[INFO] [stderr]    Compiling serde_core v1.0.228
[INFO] [stderr]    Compiling alloc-no-stdlib v2.0.4
[INFO] [stderr]    Compiling alloc-stdlib v0.2.2
[INFO] [stderr]    Compiling http v1.4.0
[INFO] [stderr]    Compiling document-features v0.2.12
[INFO] [stderr]    Compiling cipher v0.4.4
[INFO] [stderr]    Compiling hmac v0.12.1
[INFO] [stderr]    Compiling sha2 v0.10.9
[INFO] [stderr]    Compiling aho-corasick v1.1.4
[INFO] [stderr]    Compiling serde_json v1.0.149
[INFO] [stderr]    Compiling once_cell v1.21.4
[INFO] [stderr]    Compiling base64 v0.22.1
[INFO] [stderr]    Compiling synstructure v0.13.2
[INFO] [stderr]    Compiling bitflags v2.11.0
[INFO] [stderr]    Compiling bumpalo v3.20.2
[INFO] [stderr]    Compiling byteorder v1.5.0
[INFO] [stderr]    Compiling libbz2-rs-sys v0.2.2
[INFO] [stderr]    Compiling regex-syntax v0.8.10
[INFO] [stderr]    Compiling unicode-width v0.2.2
[INFO] [stderr]    Compiling zerofrom-derive v0.1.6
[INFO] [stderr]    Compiling yoke-derive v0.8.1
[INFO] [stderr]    Compiling zerovec-derive v0.11.2
[INFO] [stderr]    Compiling displaydoc v0.2.5
[INFO] [stderr]    Compiling clap_derive v4.6.0
[INFO] [stderr]    Compiling zerofrom v0.1.6
[INFO] [stderr]    Compiling rustls-webpki v0.103.10
[INFO] [stderr]    Compiling flate2 v1.1.9
[INFO] [stderr]    Compiling yoke v0.8.1
[INFO] [stderr]    Compiling zerotrie v0.2.3
[INFO] [stderr]    Compiling regex-automata v0.4.14
[INFO] [stderr]    Compiling zerovec v0.11.5
[INFO] [stderr]    Compiling console v0.16.3
[INFO] [stderr]    Compiling bzip2 v0.6.1
[INFO] [stderr]    Compiling tinystr v0.8.2
[INFO] [stderr]    Compiling potential_utf v0.1.4
[INFO] [stderr]    Compiling icu_locale_core v2.1.1
[INFO] [stderr]    Compiling icu_collections v2.1.1
[INFO] [stderr]    Compiling socks v0.3.4
[INFO] [stderr]    Compiling zopfli v0.8.3
[INFO] [stderr]    Compiling clap v4.6.0
[INFO] [stderr]    Compiling ureq-proto v0.5.3
[INFO] [stderr]    Compiling lzma-rust2 v0.16.2
[INFO] [stderr]    Compiling pbkdf2 v0.12.2
[INFO] [stderr]    Compiling aes v0.8.4
[INFO] [stderr]    Compiling icu_provider v2.1.1
[INFO] [stderr]    Compiling icu_properties v2.1.2
[INFO] [stderr]    Compiling icu_normalizer v2.1.1
[INFO] [stderr]    Compiling brotli-decompressor v5.0.0
[INFO] [stderr]    Compiling idna_adapter v1.2.1
[INFO] [stderr]    Compiling idna v1.1.0
[INFO] [stderr]    Compiling sha1 v0.10.6
[INFO] [stderr]    Compiling webpki-roots v1.0.6
[INFO] [stderr]    Compiling encoding_rs v0.8.35
[INFO] [stderr]    Compiling typed-path v0.12.3
[INFO] [stderr]    Compiling url v2.5.8
[INFO] [stderr]    Compiling unit-prefix v0.5.2
[INFO] [stderr]    Compiling constant_time_eq v0.4.2
[INFO] [stderr]    Compiling ppmd-rust v1.4.0
[INFO] [stderr]    Compiling roff v1.1.0
[INFO] [stderr]    Compiling iana-time-zone v0.1.65
[INFO] [stderr]    Compiling cookie_store v0.22.1
[INFO] [stderr]    Compiling termcolor v1.4.1
[INFO] [stderr]    Compiling deflate64 v0.1.12
[INFO] [stderr]    Compiling utf8-zero v0.8.1
[INFO] [stderr]    Compiling simplelog v0.12.2
[INFO] [stderr]    Compiling chrono v0.4.44
[INFO] [stderr]    Compiling zstd v0.13.3
[INFO] [stderr]    Compiling ureq v3.2.1
[INFO] [stderr]    Compiling zip v8.4.0
[INFO] [stderr]    Compiling clap_mangen v0.2.33
[INFO] [stderr]    Compiling indicatif v0.18.4
[INFO] [stderr]    Compiling crossbeam-channel v0.5.15
[INFO] [stderr]    Compiling regex v1.12.3
[INFO] [stderr]    Compiling ctrlc v3.5.2
[INFO] [stderr]    Compiling clap_complete v4.6.0
[INFO] [stderr]    Compiling dotenvy v0.15.7
[INFO] [stderr]    Compiling lazy_static v1.5.0
[INFO] [stderr]    Compiling glob v0.3.3
[INFO] [stderr]    Compiling solrcopy v0.9.2 (/opt/rustwide/workdir)
[INFO] [stderr]     Finished `dev` profile [unoptimized + debuginfo] target(s) in 2m 08s
[INFO] [stderr] warning: the following packages contain code that will be rejected by a future version of Rust: nix v0.31.2
[INFO] [stderr] note: to see what the problems were, use the option `--future-incompat-report`, or run `cargo report future-incompatibilities --id 1`
[INFO] running `Command { std: "docker" "inspect" "989c899a355cb7f7ff4bda0f7458954267386dc1eab1fce7bcfa40f9117aa9f4", kill_on_drop: false }`
[INFO] running `Command { std: "docker" "exec" "-e" "SOURCE_DIR=/opt/rustwide/workdir" "-e" "CARGO_HOME=/opt/rustwide/cargo-home" "-e" "RUSTUP_HOME=/opt/rustwide/rustup-home" "-e" "CARGO_TARGET_DIR=/opt/rustwide/target" "-e" "CARGO_INCREMENTAL=0" "-e" "RUST_BACKTRACE=full" "-e" "RUSTFLAGS=--cap-lints=warn" "-e" "RUSTDOCFLAGS=--cap-lints=warn" "-w" "/opt/rustwide/workdir" "--user" "0:0" "989c899a355cb7f7ff4bda0f7458954267386dc1eab1fce7bcfa40f9117aa9f4" "/opt/rustwide/cargo-home/bin/cargo" "+1.100.0-beta.1" "test" "--frozen" "--no-run" "--message-format=json", kill_on_drop: false }`
[INFO] [stderr] warning: `package.homepage` is redundant with `package.repository`
[INFO] [stderr]   --> Cargo.toml:92:12
[INFO] [stderr]    |
[INFO] [stderr] 92 | homepage = "https://github.com/juarezr/solrcopy"
[INFO] [stderr]    |            ^^^^^^^^^^^^^^^^^^^^^^^^^^^^^^^^^^^^^
[INFO] [stderr] ...
[INFO] [stderr] 97 | repository = "https://github.com/juarezr/solrcopy"
[INFO] [stderr]    |              -------------------------------------
[INFO] [stderr]    |
[INFO] [stderr]    = note: `cargo::redundant_homepage` is set to `warn` by default
[INFO] [stderr] help: consider removing `package.homepage`
[INFO] [stderr] warning: `solrcopy` (manifest) generated 1 warning
[INFO] [stderr]    Compiling diff v0.1.13
[INFO] [stderr]    Compiling yansi v1.0.1
[INFO] [stderr]    Compiling pretty_assertions v1.4.1
[INFO] [stderr]    Compiling solrcopy v0.9.2 (/opt/rustwide/workdir)
[INFO] [stderr]     Finished `test` profile [unoptimized + debuginfo] target(s) in 5.04s
[INFO] [stderr] warning: the following packages contain code that will be rejected by a future version of Rust: nix v0.31.2
[INFO] [stderr] note: to see what the problems were, use the option `--future-incompat-report`, or run `cargo report future-incompatibilities --id 1`
[INFO] running `Command { std: "docker" "inspect" "989c899a355cb7f7ff4bda0f7458954267386dc1eab1fce7bcfa40f9117aa9f4", kill_on_drop: false }`
[INFO] running `Command { std: "docker" "exec" "-e" "SOURCE_DIR=/opt/rustwide/workdir" "-e" "CARGO_HOME=/opt/rustwide/cargo-home" "-e" "RUSTUP_HOME=/opt/rustwide/rustup-home" "-e" "CARGO_TARGET_DIR=/opt/rustwide/target" "-e" "CARGO_INCREMENTAL=0" "-e" "RUST_BACKTRACE=full" "-e" "RUSTFLAGS=--cap-lints=warn" "-e" "RUSTDOCFLAGS=--cap-lints=warn" "-w" "/opt/rustwide/workdir" "--user" "0:0" "989c899a355cb7f7ff4bda0f7458954267386dc1eab1fce7bcfa40f9117aa9f4" "/opt/rustwide/cargo-home/bin/cargo" "+1.100.0-beta.1" "test" "--frozen", kill_on_drop: false }`
[INFO] [stderr] warning: `package.homepage` is redundant with `package.repository`
[INFO] [stderr]   --> Cargo.toml:92:12
[INFO] [stderr]    |
[INFO] [stderr] 92 | homepage = "https://github.com/juarezr/solrcopy"
[INFO] [stderr]    |            ^^^^^^^^^^^^^^^^^^^^^^^^^^^^^^^^^^^^^
[INFO] [stderr] ...
[INFO] [stderr] 97 | repository = "https://github.com/juarezr/solrcopy"
[INFO] [stderr]    |              -------------------------------------
[INFO] [stderr]    |
[INFO] [stderr]    = note: `cargo::redundant_homepage` is set to `warn` by default
[INFO] [stderr] help: consider removing `package.homepage`
[INFO] [stderr] warning: `solrcopy` (manifest) generated 1 warning
[INFO] [stderr]     Finished `test` profile [unoptimized + debuginfo] target(s) in 0.27s
[INFO] [stderr] warning: the following packages contain code that will be rejected by a future version of Rust: nix v0.31.2
[INFO] [stderr] note: to see what the problems were, use the option `--future-incompat-report`, or run `cargo report future-incompatibilities --id 1`
[INFO] [stderr]      Running unittests src/main.rs (/opt/rustwide/target/debug/build/solrcopy/981b4eb76d4169b5/out/solrcopy-981b4eb76d4169b5)
[INFO] [stdout] 
[INFO] [stdout] running 78 tests
[INFO] [stdout] test args::tests::check_params_commit ... ok
[INFO] [stdout] test args::tests::check_params_delete ... ok
[INFO] [stdout] test args::tests::check_params_get_help ... ok
[INFO] [stdout] test args::tests::check_params_version ... ok
[INFO] [stdout] test args::tests::check_params_generate ... ok
[INFO] [stdout] test args::tests::check_params_help ... ok
[INFO] [stdout] test args::tests::check_parse_quantity ... ok
[INFO] [stdout] test args::tests::check_params_put_help ... ok
[INFO] [stdout] test args::tests::check_params_restore ... ok
[INFO] [stdout] test args::tests::check_parse_millis ... ok
[INFO] [stdout] test fails::tests::check_throw_and_raise ... ok
[INFO] [stdout] test fetch::tests::check_query_docs ... ok
[INFO] [stdout] test fetch::tests::check_schema_num_found ... ok
[INFO] [stdout] test fetch::tests::check_schema_fields ... ok
[INFO] [stdout] test helpers::test_integer_helpers::check_to_i64_from_i64 ... ok
[INFO] [stdout] test helpers::test_integer_helpers::check_to_i64_from_u64 ... ok
[INFO] [stdout] test helpers::test_integer_helpers::check_to_i64_from_usize ... ok
[INFO] [stdout] test helpers::test_integer_helpers::check_to_isize_from_i64 ... ok
[INFO] [stdout] test helpers::test_integer_helpers::check_to_i64_from_isize ... ok
[INFO] [stdout] test helpers::test_integer_helpers::check_to_isize_from_isize ... ok
[INFO] [stdout] test helpers::test_integer_helpers::check_to_isize_from_u64 ... ok
[INFO] [stdout] test helpers::test_integer_helpers::check_to_isize_from_usize ... ok
[INFO] [stdout] test helpers::test_integer_helpers::check_to_u64_from_i64 ... ok
[INFO] [stdout] test helpers::test_integer_helpers::check_to_u64_from_isize ... ok
[INFO] [stdout] test helpers::test_integer_helpers::check_to_u64_from_u64 ... ok
[INFO] [stdout] test helpers::test_integer_helpers::check_to_u64_from_usize ... ok
[INFO] [stdout] test helpers::test_integer_helpers::check_to_usize_from_i64 ... ok
[INFO] [stdout] test helpers::test_integer_helpers::check_to_usize_from_isize ... ok
[INFO] [stdout] test helpers::test_integer_helpers::check_to_usize_from_usize ... ok
[INFO] [stdout] test helpers::test_integer_helpers::check_to_usize_from_u64 ... ok
[INFO] [stdout] test helpers::test_regex_helpers::check_get_as_str ... ok
[INFO] [stdout] test helpers::test_regex_helpers::check_get_as_str_or_empty ... ok
[INFO] [stdout] test helpers::test_regex_helpers::check_get_as_str_or ... ok
[INFO] [stdout] test helpers::test_regex_helpers::check_get_group_values ... ok
[INFO] [stdout] test helpers::test_regex_helpers::check_get_groups ... ok
[INFO] [stdout] test helpers::test_regex_helpers::check_get_match_values_multiple ... ok
[INFO] [stdout] test args::tests::check_params_backup ... ok
[INFO] [stdout] test helpers::test_regex_helpers::check_get_match_values_single ... ok
[INFO] [stdout] test helpers::test_string_helpers::check_append ... ok
[INFO] [stdout] test helpers::test_string_helpers::check_contains_any ... ok
[INFO] [stdout] test helpers::test_regex_helpers::check_get_matches ... ok
[INFO] [stdout] test helpers::test_string_helpers::check_ends_with_any ... ok
[INFO] [stdout] test helpers::test_string_helpers::check_append_all ... ok
[INFO] [stdout] test helpers::test_string_helpers::check_find_text_between ... ok
[INFO] [stdout] test helpers::test_string_helpers::check_find_text_from ... ok
[INFO] [stdout] test helpers::test_string_helpers::check_pad_0_left ... ok
[INFO] [stdout] test helpers::test_string_helpers::check_pad_left ... ok
[INFO] [stdout] test helpers::test_string_helpers::check_pad_left_with ... ok
[INFO] [stdout] test helpers::test_string_helpers::check_pad_with ... ok
[INFO] [stdout] test helpers::test_string_helpers::check_pad ... ok
[INFO] [stdout] test helpers::test_string_helpers::check_remove_whitespace ... ok
[INFO] [stdout] test helpers::test_string_helpers::check_starts_with_any ... ok
[INFO] [stdout] test helpers::test_string_helpers::check_pad_0 ... ok
[INFO] [stdout] test helpers::test_string_helpers::check_with_prefix ... ok
[INFO] [stdout] test helpers::test_string_helpers::check_with_suffix ... ok
[INFO] [stdout] test helpers::test_utility_helpers::check_env_value ... ok
[INFO] [stdout] test helpers::test_utility_helpers::check_print_env_vars ... ok
[INFO] [stdout] test helpers::test_utility_helpers::check_env_var ... ok
[INFO] [stdout] test helpers::test_utility_helpers::check_get_filename ... ok
[INFO] [stdout] test helpers::test_utility_helpers::check_replace_solr_date ... ok
[INFO] [stdout] test helpers::test_utility_helpers::check_solr_query ... ok
[INFO] [stdout] test restore::tests::check_restore_iterator ... ok
[INFO] [stdout] test restore::tests::check_restore_pattern ... ok
[INFO] [stdout] test steps::tests::check_iterator_for_params_get ... ok
[INFO] [stdout] test steps::tests::check_iterator_for_slices_datetime ... ok
[INFO] [stdout] test steps::tests::check_iterator_for_slices_u64 ... ok
[INFO] [stdout] test testsolr::testsolr::check_exec_commit ... ok
[INFO] [stdout] test testsolr::testsolr::check_exec_create ... ok
[INFO] [stdout] test testsolr::testsolr::check_exec_generate ... ok
[INFO] [stdout] test testsolr::testsolr::check_exec_info ... ok
[INFO] [stdout] test args::tests::check_parse_commit_unknown - should panic ... ok
[INFO] [stdout] test args::tests::check_parse_restore_unknown - should panic ... ok
[INFO] [stdout] test args::tests::check_parse_backup_unknown - should panic ... ok
[INFO] [stdout] test args::tests::check_parse_unknown - should panic ... ok
[INFO] [stdout] test testsolr::testsolr::check_exec_solrcopy_with_solr_running ... FAILED
[INFO] [stdout] test args::tests::check_parse_delete_unknown - should panic ... ok
[INFO] [stdout] test helpers::test_utility_helpers::check_wait ... ok
[INFO] [stdout] test helpers::test_utility_helpers::check_wait_by ... ok
[INFO] [stdout] 
[INFO] [stdout] failures:
[INFO] [stdout] 
[INFO] [stdout] ---- testsolr::testsolr::check_exec_solrcopy_with_solr_running stdout ----
[INFO] [stdout] 
[INFO] [stdout] thread 'testsolr::testsolr::check_exec_solrcopy_with_solr_running' (2547) panicked at src/testsolr.rs:23:9:
[INFO] [stdout] assertion `left == right` failed
[INFO] [stdout]   left: Err("Missing folder of the backuped archive files: \"target\"")
[INFO] [stdout]  right: Ok(())
[INFO] [stdout] stack backtrace:
[INFO] [stdout]    0:     0x63c64bd1b461 - std[617be2ca0a6fd877]::backtrace_rs::backtrace::libunwind::trace
[INFO] [stdout]                                at /rustc/e3feeb59cd1bdd011a2bfcc0747b55125d9b8527/library/std/src/../../backtrace/src/backtrace/libunwind.rs:117:9
[INFO] [stdout]    1:     0x63c64bd1b461 - std[617be2ca0a6fd877]::backtrace_rs::backtrace::trace_unsynchronized::<std[617be2ca0a6fd877]::sys::backtrace::_print_fmt::{closure#1}>
[INFO] [stdout]                                at /rustc/e3feeb59cd1bdd011a2bfcc0747b55125d9b8527/library/std/src/../../backtrace/src/backtrace/mod.rs:66:14
[INFO] [stdout]    2:     0x63c64bd1b461 - std[617be2ca0a6fd877]::sys::backtrace::_print_fmt
[INFO] [stdout]                                at /rustc/e3feeb59cd1bdd011a2bfcc0747b55125d9b8527/library/std/src/sys/backtrace.rs:74:9
[INFO] [stdout]    3:     0x63c64bd1b461 - <<std[617be2ca0a6fd877]::sys::backtrace::BacktraceLock>::print::DisplayBacktrace as core[a373ad73a504971]::fmt::Display>::fmt
[INFO] [stdout]                                at /rustc/e3feeb59cd1bdd011a2bfcc0747b55125d9b8527/library/std/src/sys/backtrace.rs:44:26
[INFO] [stdout]    4:     0x63c64bd31fda - <core[a373ad73a504971]::fmt::rt::Argument>::fmt
[INFO] [stdout]                                at /rustc/e3feeb59cd1bdd011a2bfcc0747b55125d9b8527/library/core/src/fmt/rt.rs:152:76
[INFO] [stdout]    5:     0x63c64bd31fda - core[a373ad73a504971]::fmt::write
[INFO] [stdout]    6:     0x63c64bd207cc - core[a373ad73a504971]::io::write::default_write_fmt::<alloc[2e1b2a31b91974c5]::vec::Vec<u8>>
[INFO] [stdout]                                at /rustc/e3feeb59cd1bdd011a2bfcc0747b55125d9b8527/library/core/src/io/write.rs:402:11
[INFO] [stdout]    7:     0x63c64bd207cc - <alloc[2e1b2a31b91974c5]::vec::Vec<u8> as core[a373ad73a504971]::io::write::Write>::write_fmt
[INFO] [stdout]                                at /rustc/e3feeb59cd1bdd011a2bfcc0747b55125d9b8527/library/core/src/io/write.rs:335:13
[INFO] [stdout]    8:     0x63c64bcf61b6 - <std[617be2ca0a6fd877]::sys::backtrace::BacktraceLock>::print
[INFO] [stdout]                                at /rustc/e3feeb59cd1bdd011a2bfcc0747b55125d9b8527/library/std/src/sys/backtrace.rs:47:9
[INFO] [stdout]    9:     0x63c64bcf61b6 - std[617be2ca0a6fd877]::panicking::default_hook::{closure#0}
[INFO] [stdout]                                at /rustc/e3feeb59cd1bdd011a2bfcc0747b55125d9b8527/library/std/src/panicking.rs:289:27
[INFO] [stdout]   10:     0x63c64bd12e49 - std[617be2ca0a6fd877]::panicking::default_hook
[INFO] [stdout]                                at /rustc/e3feeb59cd1bdd011a2bfcc0747b55125d9b8527/library/std/src/panicking.rs:313:9
[INFO] [stdout]   11:     0x63c64b896590 - <alloc[2e1b2a31b91974c5]::boxed::Box<dyn for<'a, 'b> core[a373ad73a504971]::ops::function::Fn<(&'a std[617be2ca0a6fd877]::panic::PanicHookInfo<'b>,), Output = ()> + core[a373ad73a504971]::marker::Sync + core[a373ad73a504971]::marker::Send> as core[a373ad73a504971]::ops::function::Fn<(&std[617be2ca0a6fd877]::panic::PanicHookInfo,)>>::call
[INFO] [stdout]                                at /rustc/e3feeb59cd1bdd011a2bfcc0747b55125d9b8527/library/alloc/src/boxed.rs:2328:9
[INFO] [stdout]   12:     0x63c64b896590 - test[aada8e7e76ba119b]::test_main_inner::{closure#0}
[INFO] [stdout]                                at /rustc/e3feeb59cd1bdd011a2bfcc0747b55125d9b8527/library/test/src/lib.rs:137:21
[INFO] [stdout]   13:     0x63c64bd13002 - <alloc[2e1b2a31b91974c5]::boxed::Box<dyn for<'a, 'b> core[a373ad73a504971]::ops::function::Fn<(&'a std[617be2ca0a6fd877]::panic::PanicHookInfo<'b>,), Output = ()> + core[a373ad73a504971]::marker::Sync + core[a373ad73a504971]::marker::Send> as core[a373ad73a504971]::ops::function::Fn<(&std[617be2ca0a6fd877]::panic::PanicHookInfo,)>>::call
[INFO] [stdout]                                at /rustc/e3feeb59cd1bdd011a2bfcc0747b55125d9b8527/library/alloc/src/boxed.rs:2328:9
[INFO] [stdout]   14:     0x63c64bd13002 - std[617be2ca0a6fd877]::panicking::panic_with_hook
[INFO] [stdout]                                at /rustc/e3feeb59cd1bdd011a2bfcc0747b55125d9b8527/library/std/src/panicking.rs:819:13
[INFO] [stdout]   15:     0x63c64bcf6262 - std[617be2ca0a6fd877]::panicking::panic_handler::{closure#0}
[INFO] [stdout]                                at /rustc/e3feeb59cd1bdd011a2bfcc0747b55125d9b8527/library/std/src/panicking.rs:685:13
[INFO] [stdout]   16:     0x63c64bceec69 - std[617be2ca0a6fd877]::sys::backtrace::__rust_end_short_backtrace::<std[617be2ca0a6fd877]::panicking::panic_handler::{closure#0}, !>
[INFO] [stdout]                                at /rustc/e3feeb59cd1bdd011a2bfcc0747b55125d9b8527/library/std/src/sys/backtrace.rs:182:18
[INFO] [stdout]   17:     0x63c64bcf6e6d - __rustc[ea4f61d10b84890b]::rust_begin_unwind
[INFO] [stdout]                                at /rustc/e3feeb59cd1bdd011a2bfcc0747b55125d9b8527/library/std/src/panicking.rs:676:5
[INFO] [stdout]   18:     0x63c64bd328ac - core[a373ad73a504971]::panicking::panic_fmt
[INFO] [stdout]                                at /rustc/e3feeb59cd1bdd011a2bfcc0747b55125d9b8527/library/core/src/panicking.rs:80:14
[INFO] [stdout]   19:     0x63c64bd32713 - core[a373ad73a504971]::panicking::assert_failed_inner
[INFO] [stdout]                                at /rustc/e3feeb59cd1bdd011a2bfcc0747b55125d9b8527/library/core/src/panicking.rs:452:17
[INFO] [stdout]   20:     0x63c64b8247b2 - core[a373ad73a504971]::panicking::assert_failed::<core[a373ad73a504971]::result::Result<(), alloc[2e1b2a31b91974c5]::string::String>, core[a373ad73a504971]::result::Result<(), alloc[2e1b2a31b91974c5]::string::String>>
[INFO] [stdout]                                at /rustc/e3feeb59cd1bdd011a2bfcc0747b55125d9b8527/library/core/src/panicking.rs:407:5
[INFO] [stdout]   21:     0x63c64b871928 - solrcopy[9e7f7236bc58e893]::testsolr::testsolr::execute_command_for
[INFO] [stdout]                                at /opt/rustwide/workdir/src/testsolr.rs:23:9
[INFO] [stdout]   22:     0x63c64b8719bf - solrcopy[9e7f7236bc58e893]::testsolr::testsolr::test_command_line_args_for
[INFO] [stdout]                                at /opt/rustwide/workdir/src/testsolr.rs:17:9
[INFO] [stdout]   23:     0x63c64b871098 - solrcopy[9e7f7236bc58e893]::testsolr::testsolr::check_exec_backup
[INFO] [stdout]                                at /opt/rustwide/workdir/src/testsolr.rs:75:9
[INFO] [stdout]   24:     0x63c64b872262 - solrcopy[9e7f7236bc58e893]::testsolr::testsolr::check_exec_solrcopy_with_solr_running
[INFO] [stdout]                                at /opt/rustwide/workdir/src/testsolr.rs:103:9
[INFO] [stdout]   25:     0x63c64b86f7b7 - solrcopy[9e7f7236bc58e893]::testsolr::testsolr::check_exec_solrcopy_with_solr_running::{closure#0}
[INFO] [stdout]                                at /opt/rustwide/workdir/src/testsolr.rs:97:47
[INFO] [stdout]   26:     0x63c64b82ab96 - <solrcopy[9e7f7236bc58e893]::testsolr::testsolr::check_exec_solrcopy_with_solr_running::{closure#0} as core[a373ad73a504971]::ops::function::FnOnce<()>>::call_once
[INFO] [stdout]                                at /rustc/e3feeb59cd1bdd011a2bfcc0747b55125d9b8527/library/core/src/ops/function.rs:250:5
[INFO] [stdout]   27:     0x63c64b8899db - <fn() -> core[a373ad73a504971]::result::Result<(), alloc[2e1b2a31b91974c5]::string::String> as core[a373ad73a504971]::ops::function::FnOnce<()>>::call_once
[INFO] [stdout]                                at /rustc/e3feeb59cd1bdd011a2bfcc0747b55125d9b8527/library/core/src/ops/function.rs:250:5
[INFO] [stdout]   28:     0x63c64b8899db - test[aada8e7e76ba119b]::__rust_begin_short_backtrace::<core[a373ad73a504971]::result::Result<(), alloc[2e1b2a31b91974c5]::string::String>, fn() -> core[a373ad73a504971]::result::Result<(), alloc[2e1b2a31b91974c5]::string::String>>
[INFO] [stdout]                                at /rustc/e3feeb59cd1bdd011a2bfcc0747b55125d9b8527/library/test/src/lib.rs:701:18
[INFO] [stdout]   29:     0x63c64b896bb5 - test[aada8e7e76ba119b]::run_test_in_process::{closure#0}
[INFO] [stdout]                                at /rustc/e3feeb59cd1bdd011a2bfcc0747b55125d9b8527/library/test/src/lib.rs:724:74
[INFO] [stdout]   30:     0x63c64b896bb5 - <core[a373ad73a504971]::panic::unwind_safe::AssertUnwindSafe<test[aada8e7e76ba119b]::run_test_in_process::{closure#0}> as core[a373ad73a504971]::ops::function::FnOnce<()>>::call_once
[INFO] [stdout]                                at /rustc/e3feeb59cd1bdd011a2bfcc0747b55125d9b8527/library/core/src/panic/unwind_safe.rs:275:9
[INFO] [stdout]   31:     0x63c64b896bb5 - std[617be2ca0a6fd877]::panicking::catch_unwind::do_call::<core[a373ad73a504971]::panic::unwind_safe::AssertUnwindSafe<test[aada8e7e76ba119b]::run_test_in_process::{closure#0}>, core[a373ad73a504971]::result::Result<(), alloc[2e1b2a31b91974c5]::string::String>>
[INFO] [stdout]                                at /rustc/e3feeb59cd1bdd011a2bfcc0747b55125d9b8527/library/std/src/panicking.rs:573:43
[INFO] [stdout]   32:     0x63c64b896bb5 - std[617be2ca0a6fd877]::panicking::catch_unwind::<core[a373ad73a504971]::result::Result<(), alloc[2e1b2a31b91974c5]::string::String>, core[a373ad73a504971]::panic::unwind_safe::AssertUnwindSafe<test[aada8e7e76ba119b]::run_test_in_process::{closure#0}>>
[INFO] [stdout]                                at /rustc/e3feeb59cd1bdd011a2bfcc0747b55125d9b8527/library/std/src/panicking.rs:541:19
[INFO] [stdout]   33:     0x63c64b896bb5 - std[617be2ca0a6fd877]::panic::catch_unwind::<core[a373ad73a504971]::panic::unwind_safe::AssertUnwindSafe<test[aada8e7e76ba119b]::run_test_in_process::{closure#0}>, core[a373ad73a504971]::result::Result<(), alloc[2e1b2a31b91974c5]::string::String>>
[INFO] [stdout]                                at /rustc/e3feeb59cd1bdd011a2bfcc0747b55125d9b8527/library/std/src/panic.rs:359:14
[INFO] [stdout]   34:     0x63c64b896bb5 - test[aada8e7e76ba119b]::run_test_in_process
[INFO] [stdout]                                at /rustc/e3feeb59cd1bdd011a2bfcc0747b55125d9b8527/library/test/src/lib.rs:724:27
[INFO] [stdout]   35:     0x63c64b896bb5 - test[aada8e7e76ba119b]::run_test::{closure#0}
[INFO] [stdout]                                at /rustc/e3feeb59cd1bdd011a2bfcc0747b55125d9b8527/library/test/src/lib.rs:645:43
[INFO] [stdout]   36:     0x63c64b8904a4 - test[aada8e7e76ba119b]::run_test::{closure#1}
[INFO] [stdout]                                at /rustc/e3feeb59cd1bdd011a2bfcc0747b55125d9b8527/library/test/src/lib.rs:675:41
[INFO] [stdout]   37:     0x63c64b8904a4 - std[617be2ca0a6fd877]::sys::backtrace::__rust_begin_short_backtrace::<test[aada8e7e76ba119b]::run_test::{closure#1}, ()>
[INFO] [stdout]                                at /rustc/e3feeb59cd1bdd011a2bfcc0747b55125d9b8527/library/std/src/sys/backtrace.rs:166:18
[INFO] [stdout]   38:     0x63c64b899c42 - std[617be2ca0a6fd877]::thread::lifecycle::spawn_unchecked::<test[aada8e7e76ba119b]::run_test::{closure#1}, ()>::{closure#1}::{closure#0}
[INFO] [stdout]                                at /rustc/e3feeb59cd1bdd011a2bfcc0747b55125d9b8527/library/std/src/thread/lifecycle.rs:70:13
[INFO] [stdout]   39:     0x63c64b899c42 - <core[a373ad73a504971]::panic::unwind_safe::AssertUnwindSafe<std[617be2ca0a6fd877]::thread::lifecycle::spawn_unchecked<test[aada8e7e76ba119b]::run_test::{closure#1}, ()>::{closure#1}::{closure#0}> as core[a373ad73a504971]::ops::function::FnOnce<()>>::call_once
[INFO] [stdout]                                at /rustc/e3feeb59cd1bdd011a2bfcc0747b55125d9b8527/library/core/src/panic/unwind_safe.rs:275:9
[INFO] [stdout]   40:     0x63c64b899c42 - std[617be2ca0a6fd877]::panicking::catch_unwind::do_call::<core[a373ad73a504971]::panic::unwind_safe::AssertUnwindSafe<std[617be2ca0a6fd877]::thread::lifecycle::spawn_unchecked<test[aada8e7e76ba119b]::run_test::{closure#1}, ()>::{closure#1}::{closure#0}>, ()>
[INFO] [stdout]                                at /rustc/e3feeb59cd1bdd011a2bfcc0747b55125d9b8527/library/std/src/panicking.rs:573:43
[INFO] [stdout]   41:     0x63c64b899c42 - std[617be2ca0a6fd877]::panicking::catch_unwind::<(), core[a373ad73a504971]::panic::unwind_safe::AssertUnwindSafe<std[617be2ca0a6fd877]::thread::lifecycle::spawn_unchecked<test[aada8e7e76ba119b]::run_test::{closure#1}, ()>::{closure#1}::{closure#0}>>
[INFO] [stdout]                                at /rustc/e3feeb59cd1bdd011a2bfcc0747b55125d9b8527/library/std/src/panicking.rs:541:19
[INFO] [stdout]   42:     0x63c64b899c42 - std[617be2ca0a6fd877]::panic::catch_unwind::<core[a373ad73a504971]::panic::unwind_safe::AssertUnwindSafe<std[617be2ca0a6fd877]::thread::lifecycle::spawn_unchecked<test[aada8e7e76ba119b]::run_test::{closure#1}, ()>::{closure#1}::{closure#0}>, ()>
[INFO] [stdout]                                at /rustc/e3feeb59cd1bdd011a2bfcc0747b55125d9b8527/library/std/src/panic.rs:359:14
[INFO] [stdout]   43:     0x63c64b899c42 - std[617be2ca0a6fd877]::thread::lifecycle::spawn_unchecked::<test[aada8e7e76ba119b]::run_test::{closure#1}, ()>::{closure#1}
[INFO] [stdout]                                at /rustc/e3feeb59cd1bdd011a2bfcc0747b55125d9b8527/library/std/src/thread/lifecycle.rs:68:26
[INFO] [stdout]   44:     0x63c64b899c42 - <std[617be2ca0a6fd877]::thread::lifecycle::spawn_unchecked<test[aada8e7e76ba119b]::run_test::{closure#1}, ()>::{closure#1} as core[a373ad73a504971]::ops::function::FnOnce<()>>::call_once::{shim:vtable#0}
[INFO] [stdout]                                at /rustc/e3feeb59cd1bdd011a2bfcc0747b55125d9b8527/library/core/src/ops/function.rs:250:5
[INFO] [stdout]   45:     0x63c64bd1a64f - <alloc[2e1b2a31b91974c5]::boxed::Box<dyn core[a373ad73a504971]::ops::function::FnOnce<(), Output = ()> + core[a373ad73a504971]::marker::Send> as core[a373ad73a504971]::ops::function::FnOnce<()>>::call_once
[INFO] [stdout]                                at /rustc/e3feeb59cd1bdd011a2bfcc0747b55125d9b8527/library/alloc/src/boxed.rs:2314:9
[INFO] [stdout]   46:     0x63c64bd1a64f - <std[617be2ca0a6fd877]::sys::thread::unix::Thread>::new::thread_start
[INFO] [stdout]                                at /rustc/e3feeb59cd1bdd011a2bfcc0747b55125d9b8527/library/std/src/sys/thread/unix.rs:127:17
[INFO] [stdout]   47:     0x79190a4cadfa - <unknown>
[INFO] [stdout]   48:     0x79190a55e3d4 - clone
[INFO] [stdout]   49:                0x0 - <unknown>
[INFO] [stdout] 
[INFO] [stdout] 
[INFO] [stdout] failures:
[INFO] [stdout]     testsolr::testsolr::check_exec_solrcopy_with_solr_running
[INFO] [stdout] 
[INFO] [stdout] test result: FAILED. 77 passed; 1 failed; 0 ignored; 0 measured; 0 filtered out; finished in 1.14s
[INFO] [stdout] 
[INFO] [stderr] error: test failed, to rerun pass `--bin solrcopy`
[INFO] running `Command { std: "docker" "inspect" "989c899a355cb7f7ff4bda0f7458954267386dc1eab1fce7bcfa40f9117aa9f4", kill_on_drop: false }`
[INFO] running `Command { std: "docker" "rm" "-f" "989c899a355cb7f7ff4bda0f7458954267386dc1eab1fce7bcfa40f9117aa9f4", kill_on_drop: false }`
[INFO] [stdout] 989c899a355cb7f7ff4bda0f7458954267386dc1eab1fce7bcfa40f9117aa9f4
