[INFO] fetching crate solana-bls-signatures 4.0.0...
[INFO] testing solana-bls-signatures-4.0.0 against 1.99.0-beta.8 for beta-1.100-2
[INFO] extracting crate solana-bls-signatures 4.0.0 into /workspace/builds/worker-3-tc1/source
[INFO] started tweaking crates.io crate solana-bls-signatures 4.0.0
[INFO] removed 0 missing tests
[INFO] finished tweaking crates.io crate solana-bls-signatures 4.0.0
[INFO] tweaked toml for crates.io crate solana-bls-signatures 4.0.0 written to /workspace/builds/worker-3-tc1/source/Cargo.toml
[INFO] validating manifest of crates.io crate solana-bls-signatures 4.0.0 on toolchain 1.99.0-beta.8
[INFO] running `Command { std: CARGO_HOME="/workspace/cargo-home" RUSTUP_HOME="/workspace/rustup-home" "/workspace/cargo-home/bin/cargo" "+1.99.0-beta.8" "metadata" "--manifest-path" "Cargo.toml" "--no-deps", kill_on_drop: false }`
[INFO] crate crates.io crate solana-bls-signatures 4.0.0 already has a lockfile, it will not be regenerated
[INFO] running `Command { std: CARGO_HOME="/workspace/cargo-home" RUSTUP_HOME="/workspace/rustup-home" "/workspace/cargo-home/bin/cargo" "+1.99.0-beta.8" "fetch" "--manifest-path" "Cargo.toml", kill_on_drop: false }`
[INFO] [stderr]     Updating crates.io index
[INFO] [stderr]  Downloading crates ...
[INFO] [stderr]   Downloaded solana-transaction-error v4.0.0
[INFO] [stderr]   Downloaded solana-address v2.7.0
[INFO] [stderr]   Downloaded solana-instruction-error v3.0.0
[INFO] [stderr]   Downloaded solana-signature v3.5.2
[INFO] [stderr]   Downloaded solana-pubkey v4.3.0
[INFO] [stderr]   Downloaded solana-frozen-abi-macro v3.6.0
[INFO] [stderr]   Downloaded pairing v0.23.0
[INFO] [stderr]   Downloaded bitmaps v3.2.1
[INFO] [stderr]   Downloaded solana-frozen-abi v3.8.0
[INFO] [stderr]   Downloaded imbl v7.0.1
[INFO] [stderr]   Downloaded imbl-sized-chunks v0.1.3
[INFO] [stderr]   Downloaded blstrs v0.7.1
[INFO] running `Command { std: "docker" "create" "-v" "/var/lib/crater-agent-workspace/builds/worker-3-tc1/source:/opt/rustwide/workdir:ro,Z" "-v" "/var/lib/crater-agent-workspace/builds/worker-3-tc1/target:/opt/rustwide/target:rw,Z" "-v" "/var/lib/crater-agent-workspace/cargo-home:/opt/rustwide/cargo-home:ro,Z" "-v" "/var/lib/crater-agent-workspace/rustup-home:/opt/rustwide/rustup-home:ro,Z" "-m" "1610612736" "--network" "none" "ghcr.io/rust-lang/crates-build-env/linux@sha256:3111399a4047eeb3a02b7a90e478d715f38a8c6669b5c4b49d30a17385265909" "sleep" "infinity", kill_on_drop: false }`
[INFO] [stdout] bb42e256d5963d3c671e8c2d963b51c9b7d8a72c102ec9c802517de368215dac
[INFO] running `Command { std: "docker" "start" "bb42e256d5963d3c671e8c2d963b51c9b7d8a72c102ec9c802517de368215dac", kill_on_drop: false }`
[INFO] running `Command { std: "docker" "inspect" "bb42e256d5963d3c671e8c2d963b51c9b7d8a72c102ec9c802517de368215dac", kill_on_drop: false }`
[INFO] running `Command { std: "docker" "exec" "-e" "SOURCE_DIR=/opt/rustwide/workdir" "-e" "CARGO_HOME=/opt/rustwide/cargo-home" "-e" "RUSTUP_HOME=/opt/rustwide/rustup-home" "-e" "CARGO_TARGET_DIR=/opt/rustwide/target" "-w" "/opt/rustwide/workdir" "--user" "0:0" "bb42e256d5963d3c671e8c2d963b51c9b7d8a72c102ec9c802517de368215dac" "/opt/rustwide/cargo-home/bin/cargo" "+1.99.0-beta.8" "metadata" "--no-deps" "--format-version=1", kill_on_drop: false }`
[INFO] running `Command { std: "docker" "inspect" "bb42e256d5963d3c671e8c2d963b51c9b7d8a72c102ec9c802517de368215dac", kill_on_drop: false }`
[INFO] running `Command { std: "docker" "exec" "-e" "SOURCE_DIR=/opt/rustwide/workdir" "-e" "CARGO_HOME=/opt/rustwide/cargo-home" "-e" "RUSTUP_HOME=/opt/rustwide/rustup-home" "-e" "CARGO_TARGET_DIR=/opt/rustwide/target" "-e" "CARGO_INCREMENTAL=0" "-e" "RUST_BACKTRACE=full" "-e" "RUSTFLAGS=--cap-lints=warn" "-e" "RUSTDOCFLAGS=--cap-lints=warn" "-w" "/opt/rustwide/workdir" "--user" "0:0" "bb42e256d5963d3c671e8c2d963b51c9b7d8a72c102ec9c802517de368215dac" "/opt/rustwide/cargo-home/bin/cargo" "+1.99.0-beta.8" "build" "--frozen" "--message-format=json", kill_on_drop: false }`
[INFO] [stderr]    Compiling radium v0.7.0
[INFO] [stderr]    Compiling funty v2.0.0
[INFO] [stderr]    Compiling num_cpus v1.17.0
[INFO] [stderr]    Compiling thiserror v2.0.19
[INFO] [stderr]    Compiling byte-slice-cast v1.2.3
[INFO] [stderr]    Compiling wyz v0.5.1
[INFO] [stderr]    Compiling memchr v2.8.3
[INFO] [stderr]    Compiling syn v3.0.3
[INFO] [stderr]    Compiling syn v2.0.119
[INFO] [stderr]    Compiling blst v0.3.17
[INFO] [stderr]    Compiling rand_xorshift v0.3.0
[INFO] [stderr]    Compiling rand v0.8.7
[INFO] [stderr]    Compiling bitvec v1.1.1
[INFO] [stderr]    Compiling threadpool v1.8.1
[INFO] [stderr]    Compiling serde_json v1.0.151
[INFO] [stderr]    Compiling serde_derive v1.0.229
[INFO] [stderr]    Compiling thiserror-impl v2.0.19
[INFO] [stderr]    Compiling ff v0.13.1
[INFO] [stderr]    Compiling group v0.13.0
[INFO] [stderr]    Compiling pairing v0.23.0
[INFO] [stderr]    Compiling zeroize_derive v1.5.0
[INFO] [stderr]    Compiling serde v1.0.229
[INFO] [stderr]    Compiling zeroize v1.9.0
[INFO] [stderr]    Compiling blstrs v0.7.1
[INFO] [stderr]    Compiling solana-bls-signatures v4.0.0 (/opt/rustwide/workdir)
[INFO] [stderr]     Finished `dev` profile [unoptimized + debuginfo] target(s) in 15.72s
[INFO] running `Command { std: "docker" "inspect" "bb42e256d5963d3c671e8c2d963b51c9b7d8a72c102ec9c802517de368215dac", kill_on_drop: false }`
[INFO] running `Command { std: "docker" "exec" "-e" "SOURCE_DIR=/opt/rustwide/workdir" "-e" "CARGO_HOME=/opt/rustwide/cargo-home" "-e" "RUSTUP_HOME=/opt/rustwide/rustup-home" "-e" "CARGO_TARGET_DIR=/opt/rustwide/target" "-e" "CARGO_INCREMENTAL=0" "-e" "RUST_BACKTRACE=full" "-e" "RUSTFLAGS=--cap-lints=warn" "-e" "RUSTDOCFLAGS=--cap-lints=warn" "-w" "/opt/rustwide/workdir" "--user" "0:0" "bb42e256d5963d3c671e8c2d963b51c9b7d8a72c102ec9c802517de368215dac" "/opt/rustwide/cargo-home/bin/cargo" "+1.99.0-beta.8" "test" "--frozen" "--no-run" "--message-format=json", kill_on_drop: false }`
[INFO] [stderr]    Compiling zerocopy v0.8.55
[INFO] [stderr]    Compiling zerocopy-derive v0.8.55
[INFO] [stderr]    Compiling subtle v2.6.1
[INFO] [stderr]    Compiling hybrid-array v0.4.13
[INFO] [stderr]    Compiling getrandom v0.4.3
[INFO] [stderr]    Compiling five8_core v1.0.0
[INFO] [stderr]    Compiling crossbeam-utils v0.8.22
[INFO] [stderr]    Compiling generic-array v0.14.9
[INFO] [stderr]    Compiling rand_core v0.10.1
[INFO] [stderr]    Compiling serde v1.0.229
[INFO] [stderr]    Compiling solana-sanitize v3.0.1
[INFO] [stderr]    Compiling solana-program-error v3.0.1
[INFO] [stderr]    Compiling solana-ed25519 v0.2.4
[INFO] [stderr]    Compiling signature v2.2.0
[INFO] [stderr]    Compiling crossbeam-deque v0.8.7
[INFO] [stderr]    Compiling cpufeatures v0.3.0
[INFO] [stderr]    Compiling five8 v1.0.0
[INFO] [stderr]    Compiling num-traits v0.2.19
[INFO] [stderr]    Compiling five8_const v1.0.0
[INFO] [stderr]    Compiling ed25519 v2.2.3
[INFO] [stderr]    Compiling getrandom v0.3.4
[INFO] [stderr]    Compiling curve25519-dalek-derive v0.1.1
[INFO] [stderr]    Compiling either v1.17.0
[INFO] [stderr]    Compiling serde_json v1.0.151
[INFO] [stderr]    Compiling ff v0.13.1
[INFO] [stderr]    Compiling solana-instruction-error v3.0.0
[INFO] [stderr]    Compiling solana-address v2.7.0
[INFO] [stderr]    Compiling rustix v1.1.4
[INFO] [stderr]    Compiling regex-automata v0.4.16
[INFO] [stderr]    Compiling rand v0.10.2
[INFO] [stderr]    Compiling solana-transaction-error v4.0.0
[INFO] [stderr]    Compiling clap_builder v4.6.2
[INFO] [stderr]    Compiling rand_core v0.9.5
[INFO] [stderr]    Compiling block-buffer v0.12.1
[INFO] [stderr]    Compiling crypto-common v0.2.2
[INFO] [stderr]    Compiling solana-pubkey v4.3.0
[INFO] [stderr]    Compiling itertools v0.10.5
[INFO] [stderr]    Compiling linux-raw-sys v0.12.1
[INFO] [stderr]    Compiling bitflags v2.13.1
[INFO] [stderr]    Compiling is-terminal v0.4.17
[INFO] [stderr]    Compiling fastrand v2.5.0
[INFO] [stderr]    Compiling crossbeam-epoch v0.9.20
[INFO] [stderr]    Compiling bincode v1.3.3
[INFO] [stderr]    Compiling block-buffer v0.10.4
[INFO] [stderr]    Compiling crypto-common v0.1.6
[INFO] [stderr]    Compiling digest v0.11.3
[INFO] [stderr]    Compiling sha2 v0.11.0
[INFO] [stderr]    Compiling digest v0.10.7
[INFO] [stderr]    Compiling hmac v0.12.1
[INFO] [stderr]    Compiling sha2 v0.10.9
[INFO] [stderr]    Compiling pbkdf2 v0.11.0
[INFO] [stderr]    Compiling rayon-core v1.13.0
[INFO] [stderr]    Compiling tinytemplate v1.2.1
[INFO] [stderr]    Compiling solana-seed-phrase v3.0.0
[INFO] [stderr]    Compiling plotters v0.3.7
[INFO] [stderr]    Compiling rayon v1.12.0
[INFO] [stderr]    Compiling tempfile v3.27.0
[INFO] [stderr]    Compiling criterion-plot v0.5.0
[INFO] [stderr]    Compiling regex v1.13.1
[INFO] [stderr]    Compiling clap v4.6.4
[INFO] [stderr]    Compiling solana-signature v3.5.2
[INFO] [stderr]    Compiling solana-signer v4.0.0
[INFO] [stderr]    Compiling ppv-lite86 v0.2.21
[INFO] [stderr]    Compiling half v2.7.1
[INFO] [stderr]    Compiling ciborium-ll v0.2.2
[INFO] [stderr]    Compiling rand_chacha v0.3.1
[INFO] [stderr]    Compiling rand_chacha v0.9.0
[INFO] [stderr]    Compiling ciborium v0.2.2
[INFO] [stderr]    Compiling rand v0.9.5
[INFO] [stderr]    Compiling rand v0.8.7
[INFO] [stderr]    Compiling criterion v0.5.1
[INFO] [stderr]    Compiling solana-keypair v4.0.0
[INFO] [stderr]    Compiling group v0.13.0
[INFO] [stderr]    Compiling pairing v0.23.0
[INFO] [stderr]    Compiling blstrs v0.7.1
[INFO] [stderr]    Compiling solana-bls-signatures v4.0.0 (/opt/rustwide/workdir)
[INFO] [stderr]     Finished `test` profile [unoptimized + debuginfo] target(s) in 32.05s
[INFO] running `Command { std: "docker" "inspect" "bb42e256d5963d3c671e8c2d963b51c9b7d8a72c102ec9c802517de368215dac", kill_on_drop: false }`
[INFO] running `Command { std: "docker" "exec" "-e" "SOURCE_DIR=/opt/rustwide/workdir" "-e" "CARGO_HOME=/opt/rustwide/cargo-home" "-e" "RUSTUP_HOME=/opt/rustwide/rustup-home" "-e" "CARGO_TARGET_DIR=/opt/rustwide/target" "-e" "CARGO_INCREMENTAL=0" "-e" "RUST_BACKTRACE=full" "-e" "RUSTFLAGS=--cap-lints=warn" "-e" "RUSTDOCFLAGS=--cap-lints=warn" "-w" "/opt/rustwide/workdir" "--user" "0:0" "bb42e256d5963d3c671e8c2d963b51c9b7d8a72c102ec9c802517de368215dac" "/opt/rustwide/cargo-home/bin/cargo" "+1.99.0-beta.8" "test" "--frozen", kill_on_drop: false }`
[INFO] [stderr]     Finished `test` profile [unoptimized + debuginfo] target(s) in 0.21s
[INFO] [stderr]      Running unittests src/lib.rs (/opt/rustwide/target/debug/deps/solana_bls_signatures-8669248e24601e6c)
[INFO] [stdout] 
[INFO] [stdout] running 45 tests
[INFO] [stdout] test keypair::tests::test_keypair_zeroizing_bytes_match_secret_bytes ... ok
[INFO] [stdout] test keypair::tests::test_keygen_derive_short_ikm ... ok
[INFO] [stdout] test pubkey::tests::pubkey_from_str ... ok
[INFO] [stdout] test pubkey::tests::test_identity_pubkey_deserialization_fails ... ok
[INFO] [stdout] test keypair::tests::test_keygen_derive ... ok
[INFO] [stdout] test scalar::tests::test_arithmetic_by_reference ... ok
[INFO] [stdout] test keypair::tests::test_keypair_file_deprecated ... ok
[INFO] [stdout] test pubkey::tests::test_pubkey_aggregate_dyn ... ok
[INFO] [stdout] test scalar::tests::test_arithmetic ... ok
[INFO] [stdout] test pubkey::tests::test_pubkey_mixed_addition_consistency ... ok
[INFO] [stdout] test scalar::tests::test_bytes_roundtrip ... ok
[INFO] [stdout] test proof_of_possession::tests::test_custom_payload_pop_is_bound_to_pubkey ... ok
[INFO] [stdout] test proof_of_possession::tests::test_verify_proof_of_possession_with_raw_bytes ... ok
[INFO] [stdout] test proof_of_possession::tests::proof_of_possession_from_str ... ok
[INFO] [stdout] test pubkey::tests::test_invalid_length_pubkeys ... ok
[INFO] [stdout] test proof_of_possession::tests::test_identity_pop_behavior ... ok
[INFO] [stdout] test scalar::tests::test_from_bytes_le_rejects_non_canonical ... ok
[INFO] [stdout] test scalar::tests::test_random_is_random ... ok
[INFO] [stdout] test scalar::tests::test_sum_and_product ... ok
[INFO] [stdout] test secret_bytes::tests::test_secret_string_debug_hides_contents ... ok
[INFO] [stdout] test scalar::tests::test_constants_and_from_u64 ... ok
[INFO] [stdout] test secret_bytes::tests::test_secret_bytes_fill_in_place ... ok
[INFO] [stdout] test scalar::tests::test_default_is_zero ... ok
[INFO] [stdout] test signature::tests::signature_from_str ... ok
[INFO] [stdout] test signature::tests::test_aggregate_pubkeys_sum_to_identity ... ok
[INFO] [stdout] test signature::tests::test_signature_unchecked_sanity ... ok
[INFO] [stdout] test pubkey::aggregate::tests::test_deprecated_aggregate_with_scalars_matches_weights ... ok
[INFO] [stdout] test signature::tests::test_signature_aggregate ... ok
[INFO] [stdout] test signature::tests::test_signature_mixed_addition_consistency ... ok
[INFO] [stdout] test keypair::tests::test_keypair_file ... ok
[INFO] [stdout] test signature::aggregate::tests::test_deprecated_aggregate_with_scalars_matches_weights ... ok
[INFO] [stdout] test secret_bytes::tests::test_secret_bytes_debug_hides_contents ... ok
[INFO] [stdout] test proof_of_possession::tests::test_proof_of_possession_with_custom_payload ... ok
[INFO] [stdout] test signature::tests::test_signature_verification_prepared_hashed_message ... ok
[INFO] [stdout] test signature::tests::test_identity_points_behavior ... ok
[INFO] [stdout] test signature::tests::test_verify_signature_with_raw_bytes ... ok
[INFO] [stdout] test signature::tests::test_verify_distinct_prepared_identical_messages ... ok
[INFO] [stdout] test signature::tests::test_verify_aggregate_dyn ... ok
[INFO] [stdout] test proof_of_possession::tests::test_proof_of_possession ... ok
[INFO] [stdout] test signature::tests::test_verify_aggregate ... ok
[INFO] [stdout] test signature::tests::test_signature_verification ... ok
[INFO] [stdout] test pubkey::tests::test_pubkey_verify_proof_of_possession ... ok
[INFO] [stdout] test signature::tests::test_verify_distinct_subset_identical_messages ... ok
[INFO] [stdout] test pubkey::tests::test_pubkey_verify_signature ... ok
[INFO] [stdout] test signature::tests::test_verify_distinct ... ok
[INFO] [stdout] 
[INFO] [stdout] test result: ok. 45 passed; 0 failed; 0 ignored; 0 measured; 0 filtered out; finished in 0.22s
[INFO] [stdout] 
[INFO] [stderr]      Running tests/allocation_regression.rs (/opt/rustwide/target/debug/deps/allocation_regression-f5548cb66aab61c7)
[INFO] [stdout] allocation regression v1; 100 operations per row; 3 passes
[INFO] [stdout] parallel feature enabled: false
[INFO] [stdout] raw/pre_hashed/prepared use affine keys and affine signatures.
[INFO] [stdout] raw_compressed also decodes the compressed signature each time.
[INFO] [stdout] Counts include destruction of temporaries within each operation.
[INFO] [stdout] aggregate rows include aggregation of two affine keys and signatures.
[INFO] [stdout] 
[INFO] [stdout] pass 1
[INFO] [stdout] operation                                alloc/op     bytes/op realloc/op    free/op
[INFO] [stdout] control/empty                                0.00         0.00       0.00       0.00
[INFO] [stdout] control/box64                                1.00        64.00       0.00       1.00
[INFO] [stdout] hash_message                                 0.00         0.00       0.00       0.00
[INFO] [stdout] prepare/from_hashed                          1.00     19584.00       0.00       1.00
[INFO] [stdout] prepare/from_raw                             1.00     19584.00       0.00       1.00
[INFO] [stdout] verify/raw/valid                             0.00         0.00       0.00       0.00
[INFO] [stdout] verify/pre_hashed/valid                      0.00         0.00       0.00       0.00
[INFO] [stdout] verify/prepared/valid                        0.00         0.00       0.00       0.00
[INFO] [stdout] verify/raw_compressed/valid                  0.00         0.00       0.00       0.00
[INFO] [stdout] verify/raw/wrong_message                     0.00         0.00       0.00       0.00
[INFO] [stdout] verify/pre_hashed/wrong_message              0.00         0.00       0.00       0.00
[INFO] [stdout] verify/prepared/wrong_message                0.00         0.00       0.00       0.00
[INFO] [stdout] verify/raw_compressed/wrong_message          0.00         0.00       0.00       0.00
[INFO] [stdout] aggregate/raw/valid                          0.00         0.00       0.00       0.00
[INFO] [stdout] aggregate/pre_hashed/valid                   0.00         0.00       0.00       0.00
[INFO] [stdout] aggregate/prepared/valid                     0.00         0.00       0.00       0.00
[INFO] [stdout] aggregate/raw/wrong_message                  0.00         0.00       0.00       0.00
[INFO] [stdout] aggregate/pre_hashed/wrong_message           0.00         0.00       0.00       0.00
[INFO] [stdout] aggregate/prepared/wrong_message             0.00         0.00       0.00       0.00
[INFO] [stdout] 
[INFO] [stdout] pass 2
[INFO] [stdout] operation                                alloc/op     bytes/op realloc/op    free/op
[INFO] [stdout] control/empty                                0.00         0.00       0.00       0.00
[INFO] [stdout] control/box64                                1.00        64.00       0.00       1.00
[INFO] [stdout] hash_message                                 0.00         0.00       0.00       0.00
[INFO] [stdout] prepare/from_hashed                          1.00     19584.00       0.00       1.00
[INFO] [stdout] prepare/from_raw                             1.00     19584.00       0.00       1.00
[INFO] [stdout] verify/raw/valid                             0.00         0.00       0.00       0.00
[INFO] [stdout] verify/pre_hashed/valid                      0.00         0.00       0.00       0.00
[INFO] [stdout] verify/prepared/valid                        0.00         0.00       0.00       0.00
[INFO] [stdout] verify/raw_compressed/valid                  0.00         0.00       0.00       0.00
[INFO] [stdout] verify/raw/wrong_message                     0.00         0.00       0.00       0.00
[INFO] [stdout] verify/pre_hashed/wrong_message              0.00         0.00       0.00       0.00
[INFO] [stdout] verify/prepared/wrong_message                0.00         0.00       0.00       0.00
[INFO] [stdout] verify/raw_compressed/wrong_message          0.00         0.00       0.00       0.00
[INFO] [stdout] aggregate/raw/valid                          0.00         0.00       0.00       0.00
[INFO] [stdout] aggregate/pre_hashed/valid                   0.00         0.00       0.00       0.00
[INFO] [stdout] aggregate/prepared/valid                     0.00         0.00       0.00       0.00
[INFO] [stdout] aggregate/raw/wrong_message                  0.00         0.00       0.00       0.00
[INFO] [stdout] aggregate/pre_hashed/wrong_message           0.00         0.00       0.00       0.00
[INFO] [stdout] aggregate/prepared/wrong_message             0.00         0.00       0.00       0.00
[INFO] [stdout] 
[INFO] [stdout] pass 3
[INFO] [stdout] operation                                alloc/op     bytes/op realloc/op    free/op
[INFO] [stdout] control/empty                                0.00         0.00       0.00       0.00
[INFO] [stdout] control/box64                                1.00        64.00       0.00       1.00
[INFO] [stdout] hash_message                                 0.00         0.00       0.00       0.00
[INFO] [stdout] prepare/from_hashed                          1.00     19584.00       0.00       1.00
[INFO] [stdout] prepare/from_raw                             1.00     19584.00       0.00       1.00
[INFO] [stdout] verify/raw/valid                             0.00         0.00       0.00       0.00
[INFO] [stdout] verify/pre_hashed/valid                      0.00         0.00       0.00       0.00
[INFO] [stdout] verify/prepared/valid                        0.00         0.00       0.00       0.00
[INFO] [stdout] verify/raw_compressed/valid                  0.00         0.00       0.00       0.00
[INFO] [stdout] verify/raw/wrong_message                     0.00         0.00       0.00       0.00
[INFO] [stdout] verify/pre_hashed/wrong_message              0.00         0.00       0.00       0.00
[INFO] [stdout] verify/prepared/wrong_message                0.00         0.00       0.00       0.00
[INFO] [stdout] verify/raw_compressed/wrong_message          0.00         0.00       0.00       0.00
[INFO] [stdout] aggregate/raw/valid                          0.00         0.00       0.00       0.00
[INFO] [stdout] aggregate/pre_hashed/valid                   0.00         0.00       0.00       0.00
[INFO] [stdout] aggregate/prepared/valid                     0.00         0.00       0.00       0.00
[INFO] [stdout] aggregate/raw/wrong_message                  0.00         0.00       0.00       0.00
[INFO] [stdout] aggregate/pre_hashed/wrong_message           0.00         0.00       0.00       0.00
[INFO] [stderr]      Running tests/ethereum_vectors.rs (/opt/rustwide/target/debug/deps/ethereum_vectors-29e4b17934dfeece)
[INFO] [stdout] aggregate/prepared/wrong_message             0.00         0.00       0.00       0.00
[INFO] [stdout] 
[INFO] [stdout] Allocation budgets and verification outcomes passed.
[INFO] [stdout] 
[INFO] [stdout] running 8 tests
[INFO] [stderr] Traceback (most recent call last):
[INFO] [stderr]   File "/usr/lib/python3.14/urllib/request.py", line 1321, in do_open
[INFO] [stderr]     h.request(req.get_method(), req.selector, req.data, headers,
[INFO] [stderr]     ~~~~~~~~~^^^^^^^^^^^^^^^^^^^^^^^^^^^^^^^^^^^^^^^^^^^^^^^^^^^
[INFO] [stderr]               encode_chunked=req.has_header('Transfer-encoding'))
[INFO] [stderr]               ^^^^^^^^^^^^^^^^^^^^^^^^^^^^^^^^^^^^^^^^^^^^^^^^^^^
[INFO] [stderr]   File "/usr/lib/python3.14/http/client.py", line 1367, in request
[INFO] [stderr]     self._send_request(method, url, body, headers, encode_chunked)
[INFO] [stderr]     ~~~~~~~~~~~~~~~~~~^^^^^^^^^^^^^^^^^^^^^^^^^^^^^^^^^^^^^^^^^^^^
[INFO] [stderr]   File "/usr/lib/python3.14/http/client.py", line 1413, in _send_request
[INFO] [stderr]     self.endheaders(body, encode_chunked=encode_chunked)
[INFO] [stderr]     ~~~~~~~~~~~~~~~^^^^^^^^^^^^^^^^^^^^^^^^^^^^^^^^^^^^^
[INFO] [stderr]   File "/usr/lib/python3.14/http/client.py", line 1362, in endheaders
[INFO] [stderr]     self._send_output(message_body, encode_chunked=encode_chunked)
[INFO] [stderr]     ~~~~~~~~~~~~~~~~~^^^^^^^^^^^^^^^^^^^^^^^^^^^^^^^^^^^^^^^^^^^^^
[INFO] [stderr]   File "/usr/lib/python3.14/http/client.py", line 1122, in _send_output
[INFO] [stderr]     self.send(msg)
[INFO] [stderr]     ~~~~~~~~~^^^^^
[INFO] [stderr]   File "/usr/lib/python3.14/http/client.py", line 1066, in send
[INFO] [stderr]     self.connect()
[INFO] [stderr]     ~~~~~~~~~~~~^^
[INFO] [stderr]   File "/usr/lib/python3.14/http/client.py", line 1501, in connect
[INFO] [stderr]     super().connect()
[INFO] [stderr]     ~~~~~~~~~~~~~~~^^
[INFO] [stderr]   File "/usr/lib/python3.14/http/client.py", line 1032, in connect
[INFO] [stderr]     self.sock = self._create_connection(
[INFO] [stderr]                 ~~~~~~~~~~~~~~~~~~~~~~~^
[INFO] [stderr]         (self.host,self.port), self.timeout, self.source_address)
[INFO] [stderr]         ^^^^^^^^^^^^^^^^^^^^^^^^^^^^^^^^^^^^^^^^^^^^^^^^^^^^^^^^^
[INFO] [stderr]   File "/usr/lib/python3.14/socket.py", line 846, in create_connection
[INFO] [stderr]     for res in getaddrinfo(host, port, 0, SOCK_STREAM):
[INFO] [stderr]                ~~~~~~~~~~~^^^^^^^^^^^^^^^^^^^^^^^^^^^^
[INFO] [stderr]   File "/usr/lib/python3.14/socket.py", line 983, in getaddrinfo
[INFO] [stderr]     for res in _socket.getaddrinfo(host, port, family, type, proto, flags):
[INFO] [stderr]                ~~~~~~~~~~~~~~~~~~~^^^^^^^^^^^^^^^^^^^^^^^^^^^^^^^^^^^^^^^^
[INFO] [stderr] socket.gaierror: [Errno -3] Temporary failure in name resolution
[INFO] [stderr] 
[INFO] [stderr] During handling of the above exception, another exception occurred:
[INFO] [stderr] 
[INFO] [stderr] Traceback (most recent call last):
[INFO] [stderr]   File "/opt/rustwide/workdir/tests/fetch_ethereum_vectors.py", line 117, in <module>
[INFO] [stderr]     main()
[INFO] [stderr]     ~~~~^^
[INFO] [stderr]   File "/opt/rustwide/workdir/tests/fetch_ethereum_vectors.py", line 103, in main
[INFO] [stderr]     archive_bytes = load_archive_bytes(output_dir)
[INFO] [stderr]   File "/opt/rustwide/workdir/tests/fetch_ethereum_vectors.py", line 75, in load_archive_bytes
[INFO] [stderr]     return urllib.request.urlopen(ARCHIVE_URL).read()
[INFO] [stderr]            ~~~~~~~~~~~~~~~~~~~~~~^^^^^^^^^^^^^
[INFO] [stderr]   File "/usr/lib/python3.14/urllib/request.py", line 187, in urlopen
[INFO] [stderr]     return opener.open(url, data, timeout)
[INFO] [stderr]            ~~~~~~~~~~~^^^^^^^^^^^^^^^^^^^^
[INFO] [stderr]   File "/usr/lib/python3.14/urllib/request.py", line 487, in open
[INFO] [stderr]     response = self._open(req, data)
[INFO] [stderr]   File "/usr/lib/python3.14/urllib/request.py", line 504, in _open
[INFO] [stderr]     result = self._call_chain(self.handle_open, protocol, protocol +
[INFO] [stderr]                               '_open', req)
[INFO] [stderr]   File "/usr/lib/python3.14/urllib/request.py", line 464, in _call_chain
[INFO] [stderr]     result = func(*args)
[INFO] [stderr]   File "/usr/lib/python3.14/urllib/request.py", line 1369, in https_open
[INFO] [stderr]     return self.do_open(http.client.HTTPSConnection, req,
[INFO] [stderr]            ~~~~~~~~~~~~^^^^^^^^^^^^^^^^^^^^^^^^^^^^^^^^^^
[INFO] [stderr]                         context=self._context)
[INFO] [stderr]                         ^^^^^^^^^^^^^^^^^^^^^^
[INFO] [stderr]   File "/usr/lib/python3.14/urllib/request.py", line 1324, in do_open
[INFO] [stderr]     raise URLError(err)
[INFO] [stderr] urllib.error.URLError: <urlopen error [Errno -3] Temporary failure in name resolution>
[INFO] [stdout] test ethereum_aggregate_verify_vectors ... FAILED
[INFO] [stderr] Traceback (most recent call last):
[INFO] [stderr]   File "/usr/lib/python3.14/urllib/request.py", line 1321, in do_open
[INFO] [stderr]     h.request(req.get_method(), req.selector, req.data, headers,
[INFO] [stderr]     ~~~~~~~~~^^^^^^^^^^^^^^^^^^^^^^^^^^^^^^^^^^^^^^^^^^^^^^^^^^^
[INFO] [stderr]               encode_chunked=req.has_header('Transfer-encoding'))
[INFO] [stderr]               ^^^^^^^^^^^^^^^^^^^^^^^^^^^^^^^^^^^^^^^^^^^^^^^^^^^
[INFO] [stderr]   File "/usr/lib/python3.14/http/client.py", line 1367, in request
[INFO] [stderr]     self._send_request(method, url, body, headers, encode_chunked)
[INFO] [stderr]     ~~~~~~~~~~~~~~~~~~^^^^^^^^^^^^^^^^^^^^^^^^^^^^^^^^^^^^^^^^^^^^
[INFO] [stderr]   File "/usr/lib/python3.14/http/client.py", line 1413, in _send_request
[INFO] [stderr]     self.endheaders(body, encode_chunked=encode_chunked)
[INFO] [stderr]     ~~~~~~~~~~~~~~~^^^^^^^^^^^^^^^^^^^^^^^^^^^^^^^^^^^^^
[INFO] [stderr]   File "/usr/lib/python3.14/http/client.py", line 1362, in endheaders
[INFO] [stderr]     self._send_output(message_body, encode_chunked=encode_chunked)
[INFO] [stderr]     ~~~~~~~~~~~~~~~~~^^^^^^^^^^^^^^^^^^^^^^^^^^^^^^^^^^^^^^^^^^^^^
[INFO] [stderr]   File "/usr/lib/python3.14/http/client.py", line 1122, in _send_output
[INFO] [stderr]     self.send(msg)
[INFO] [stderr]     ~~~~~~~~~^^^^^
[INFO] [stderr]   File "/usr/lib/python3.14/http/client.py", line 1066, in send
[INFO] [stderr]     self.connect()
[INFO] [stderr]     ~~~~~~~~~~~~^^
[INFO] [stderr]   File "/usr/lib/python3.14/http/client.py", line 1501, in connect
[INFO] [stderr]     super().connect()
[INFO] [stderr]     ~~~~~~~~~~~~~~~^^
[INFO] [stderr]   File "/usr/lib/python3.14/http/client.py", line 1032, in connect
[INFO] [stderr]     self.sock = self._create_connection(
[INFO] [stderr]                 ~~~~~~~~~~~~~~~~~~~~~~~^
[INFO] [stderr]         (self.host,self.port), self.timeout, self.source_address)
[INFO] [stderr]         ^^^^^^^^^^^^^^^^^^^^^^^^^^^^^^^^^^^^^^^^^^^^^^^^^^^^^^^^^
[INFO] [stderr]   File "/usr/lib/python3.14/socket.py", line 846, in create_connection
[INFO] [stderr]     for res in getaddrinfo(host, port, 0, SOCK_STREAM):
[INFO] [stderr]                ~~~~~~~~~~~^^^^^^^^^^^^^^^^^^^^^^^^^^^^
[INFO] [stderr]   File "/usr/lib/python3.14/socket.py", line 983, in getaddrinfo
[INFO] [stderr]     for res in _socket.getaddrinfo(host, port, family, type, proto, flags):
[INFO] [stderr]                ~~~~~~~~~~~~~~~~~~~^^^^^^^^^^^^^^^^^^^^^^^^^^^^^^^^^^^^^^^^
[INFO] [stderr] socket.gaierror: [Errno -3] Temporary failure in name resolution
[INFO] [stderr] 
[INFO] [stderr] During handling of the above exception, another exception occurred:
[INFO] [stderr] 
[INFO] [stderr] Traceback (most recent call last):
[INFO] [stderr]   File "/opt/rustwide/workdir/tests/fetch_ethereum_vectors.py", line 117, in <module>
[INFO] [stderr]     main()
[INFO] [stderr]     ~~~~^^
[INFO] [stderr]   File "/opt/rustwide/workdir/tests/fetch_ethereum_vectors.py", line 103, in main
[INFO] [stderr]     archive_bytes = load_archive_bytes(output_dir)
[INFO] [stderr]   File "/opt/rustwide/workdir/tests/fetch_ethereum_vectors.py", line 75, in load_archive_bytes
[INFO] [stderr]     return urllib.request.urlopen(ARCHIVE_URL).read()
[INFO] [stderr]            ~~~~~~~~~~~~~~~~~~~~~~^^^^^^^^^^^^^
[INFO] [stderr]   File "/usr/lib/python3.14/urllib/request.py", line 187, in urlopen
[INFO] [stderr]     return opener.open(url, data, timeout)
[INFO] [stderr]            ~~~~~~~~~~~^^^^^^^^^^^^^^^^^^^^
[INFO] [stderr]   File "/usr/lib/python3.14/urllib/request.py", line 487, in open
[INFO] [stderr]     response = self._open(req, data)
[INFO] [stderr]   File "/usr/lib/python3.14/urllib/request.py", line 504, in _open
[INFO] [stderr]     result = self._call_chain(self.handle_open, protocol, protocol +
[INFO] [stderr]                               '_open', req)
[INFO] [stderr]   File "/usr/lib/python3.14/urllib/request.py", line 464, in _call_chain
[INFO] [stderr]     result = func(*args)
[INFO] [stderr]   File "/usr/lib/python3.14/urllib/request.py", line 1369, in https_open
[INFO] [stderr]     return self.do_open(http.client.HTTPSConnection, req,
[INFO] [stderr]            ~~~~~~~~~~~~^^^^^^^^^^^^^^^^^^^^^^^^^^^^^^^^^^
[INFO] [stderr]                         context=self._context)
[INFO] [stderr]                         ^^^^^^^^^^^^^^^^^^^^^^
[INFO] [stderr]   File "/usr/lib/python3.14/urllib/request.py", line 1324, in do_open
[INFO] [stderr]     raise URLError(err)
[INFO] [stderr] urllib.error.URLError: <urlopen error [Errno -3] Temporary failure in name resolution>
[INFO] [stdout] test ethereum_g1_deserialization_vectors ... FAILED
[INFO] [stderr] Traceback (most recent call last):
[INFO] [stderr]   File "/usr/lib/python3.14/urllib/request.py", line 1321, in do_open
[INFO] [stderr]     h.request(req.get_method(), req.selector, req.data, headers,
[INFO] [stderr]     ~~~~~~~~~^^^^^^^^^^^^^^^^^^^^^^^^^^^^^^^^^^^^^^^^^^^^^^^^^^^
[INFO] [stderr]               encode_chunked=req.has_header('Transfer-encoding'))
[INFO] [stderr]               ^^^^^^^^^^^^^^^^^^^^^^^^^^^^^^^^^^^^^^^^^^^^^^^^^^^
[INFO] [stderr]   File "/usr/lib/python3.14/http/client.py", line 1367, in request
[INFO] [stderr]     self._send_request(method, url, body, headers, encode_chunked)
[INFO] [stderr]     ~~~~~~~~~~~~~~~~~~^^^^^^^^^^^^^^^^^^^^^^^^^^^^^^^^^^^^^^^^^^^^
[INFO] [stderr]   File "/usr/lib/python3.14/http/client.py", line 1413, in _send_request
[INFO] [stderr]     self.endheaders(body, encode_chunked=encode_chunked)
[INFO] [stderr]     ~~~~~~~~~~~~~~~^^^^^^^^^^^^^^^^^^^^^^^^^^^^^^^^^^^^^
[INFO] [stderr]   File "/usr/lib/python3.14/http/client.py", line 1362, in endheaders
[INFO] [stderr]     self._send_output(message_body, encode_chunked=encode_chunked)
[INFO] [stderr]     ~~~~~~~~~~~~~~~~~^^^^^^^^^^^^^^^^^^^^^^^^^^^^^^^^^^^^^^^^^^^^^
[INFO] [stderr]   File "/usr/lib/python3.14/http/client.py", line 1122, in _send_output
[INFO] [stderr]     self.send(msg)
[INFO] [stderr]     ~~~~~~~~~^^^^^
[INFO] [stderr]   File "/usr/lib/python3.14/http/client.py", line 1066, in send
[INFO] [stderr]     self.connect()
[INFO] [stderr]     ~~~~~~~~~~~~^^
[INFO] [stderr]   File "/usr/lib/python3.14/http/client.py", line 1501, in connect
[INFO] [stderr]     super().connect()
[INFO] [stderr]     ~~~~~~~~~~~~~~~^^
[INFO] [stderr]   File "/usr/lib/python3.14/http/client.py", line 1032, in connect
[INFO] [stderr]     self.sock = self._create_connection(
[INFO] [stderr]                 ~~~~~~~~~~~~~~~~~~~~~~~^
[INFO] [stderr]         (self.host,self.port), self.timeout, self.source_address)
[INFO] [stderr]         ^^^^^^^^^^^^^^^^^^^^^^^^^^^^^^^^^^^^^^^^^^^^^^^^^^^^^^^^^
[INFO] [stderr]   File "/usr/lib/python3.14/socket.py", line 846, in create_connection
[INFO] [stderr]     for res in getaddrinfo(host, port, 0, SOCK_STREAM):
[INFO] [stderr]                ~~~~~~~~~~~^^^^^^^^^^^^^^^^^^^^^^^^^^^^
[INFO] [stderr]   File "/usr/lib/python3.14/socket.py", line 983, in getaddrinfo
[INFO] [stderr]     for res in _socket.getaddrinfo(host, port, family, type, proto, flags):
[INFO] [stderr]                ~~~~~~~~~~~~~~~~~~~^^^^^^^^^^^^^^^^^^^^^^^^^^^^^^^^^^^^^^^^
[INFO] [stderr] socket.gaierror: [Errno -3] Temporary failure in name resolution
[INFO] [stderr] 
[INFO] [stderr] During handling of the above exception, another exception occurred:
[INFO] [stderr] 
[INFO] [stderr] Traceback (most recent call last):
[INFO] [stderr]   File "/opt/rustwide/workdir/tests/fetch_ethereum_vectors.py", line 117, in <module>
[INFO] [stderr]     main()
[INFO] [stderr]     ~~~~^^
[INFO] [stderr]   File "/opt/rustwide/workdir/tests/fetch_ethereum_vectors.py", line 103, in main
[INFO] [stderr]     archive_bytes = load_archive_bytes(output_dir)
[INFO] [stderr]   File "/opt/rustwide/workdir/tests/fetch_ethereum_vectors.py", line 75, in load_archive_bytes
[INFO] [stderr]     return urllib.request.urlopen(ARCHIVE_URL).read()
[INFO] [stderr]            ~~~~~~~~~~~~~~~~~~~~~~^^^^^^^^^^^^^
[INFO] [stderr]   File "/usr/lib/python3.14/urllib/request.py", line 187, in urlopen
[INFO] [stderr]     return opener.open(url, data, timeout)
[INFO] [stderr]            ~~~~~~~~~~~^^^^^^^^^^^^^^^^^^^^
[INFO] [stderr]   File "/usr/lib/python3.14/urllib/request.py", line 487, in open
[INFO] [stderr]     response = self._open(req, data)
[INFO] [stderr]   File "/usr/lib/python3.14/urllib/request.py", line 504, in _open
[INFO] [stderr]     result = self._call_chain(self.handle_open, protocol, protocol +
[INFO] [stderr]                               '_open', req)
[INFO] [stderr]   File "/usr/lib/python3.14/urllib/request.py", line 464, in _call_chain
[INFO] [stderr]     result = func(*args)
[INFO] [stderr]   File "/usr/lib/python3.14/urllib/request.py", line 1369, in https_open
[INFO] [stderr]     return self.do_open(http.client.HTTPSConnection, req,
[INFO] [stderr]            ~~~~~~~~~~~~^^^^^^^^^^^^^^^^^^^^^^^^^^^^^^^^^^
[INFO] [stderr]                         context=self._context)
[INFO] [stderr]                         ^^^^^^^^^^^^^^^^^^^^^^
[INFO] [stderr]   File "/usr/lib/python3.14/urllib/request.py", line 1324, in do_open
[INFO] [stderr]     raise URLError(err)
[INFO] [stderr] urllib.error.URLError: <urlopen error [Errno -3] Temporary failure in name resolution>
[INFO] [stdout] test ethereum_sign_vectors ... FAILED
[INFO] [stderr] Traceback (most recent call last):
[INFO] [stderr]   File "/usr/lib/python3.14/urllib/request.py", line 1321, in do_open
[INFO] [stderr]     h.request(req.get_method(), req.selector, req.data, headers,
[INFO] [stderr]     ~~~~~~~~~^^^^^^^^^^^^^^^^^^^^^^^^^^^^^^^^^^^^^^^^^^^^^^^^^^^
[INFO] [stderr]               encode_chunked=req.has_header('Transfer-encoding'))
[INFO] [stderr]               ^^^^^^^^^^^^^^^^^^^^^^^^^^^^^^^^^^^^^^^^^^^^^^^^^^^
[INFO] [stderr]   File "/usr/lib/python3.14/http/client.py", line 1367, in request
[INFO] [stderr]     self._send_request(method, url, body, headers, encode_chunked)
[INFO] [stderr]     ~~~~~~~~~~~~~~~~~~^^^^^^^^^^^^^^^^^^^^^^^^^^^^^^^^^^^^^^^^^^^^
[INFO] [stderr]   File "/usr/lib/python3.14/http/client.py", line 1413, in _send_request
[INFO] [stderr]     self.endheaders(body, encode_chunked=encode_chunked)
[INFO] [stderr]     ~~~~~~~~~~~~~~~^^^^^^^^^^^^^^^^^^^^^^^^^^^^^^^^^^^^^
[INFO] [stderr]   File "/usr/lib/python3.14/http/client.py", line 1362, in endheaders
[INFO] [stderr]     self._send_output(message_body, encode_chunked=encode_chunked)
[INFO] [stderr]     ~~~~~~~~~~~~~~~~~^^^^^^^^^^^^^^^^^^^^^^^^^^^^^^^^^^^^^^^^^^^^^
[INFO] [stderr]   File "/usr/lib/python3.14/http/client.py", line 1122, in _send_output
[INFO] [stderr]     self.send(msg)
[INFO] [stderr]     ~~~~~~~~~^^^^^
[INFO] [stderr]   File "/usr/lib/python3.14/http/client.py", line 1066, in send
[INFO] [stderr]     self.connect()
[INFO] [stderr]     ~~~~~~~~~~~~^^
[INFO] [stderr]   File "/usr/lib/python3.14/http/client.py", line 1501, in connect
[INFO] [stderr]     super().connect()
[INFO] [stderr]     ~~~~~~~~~~~~~~~^^
[INFO] [stderr]   File "/usr/lib/python3.14/http/client.py", line 1032, in connect
[INFO] [stderr]     self.sock = self._create_connection(
[INFO] [stderr]                 ~~~~~~~~~~~~~~~~~~~~~~~^
[INFO] [stderr]         (self.host,self.port), self.timeout, self.source_address)
[INFO] [stderr]         ^^^^^^^^^^^^^^^^^^^^^^^^^^^^^^^^^^^^^^^^^^^^^^^^^^^^^^^^^
[INFO] [stderr]   File "/usr/lib/python3.14/socket.py", line 846, in create_connection
[INFO] [stderr]     for res in getaddrinfo(host, port, 0, SOCK_STREAM):
[INFO] [stderr]                ~~~~~~~~~~~^^^^^^^^^^^^^^^^^^^^^^^^^^^^
[INFO] [stderr]   File "/usr/lib/python3.14/socket.py", line 983, in getaddrinfo
[INFO] [stderr]     for res in _socket.getaddrinfo(host, port, family, type, proto, flags):
[INFO] [stderr]                ~~~~~~~~~~~~~~~~~~~^^^^^^^^^^^^^^^^^^^^^^^^^^^^^^^^^^^^^^^^
[INFO] [stderr] socket.gaierror: [Errno -3] Temporary failure in name resolution
[INFO] [stderr] 
[INFO] [stderr] During handling of the above exception, another exception occurred:
[INFO] [stderr] 
[INFO] [stderr] Traceback (most recent call last):
[INFO] [stderr]   File "/opt/rustwide/workdir/tests/fetch_ethereum_vectors.py", line 117, in <module>
[INFO] [stderr]     main()
[INFO] [stderr]     ~~~~^^
[INFO] [stderr]   File "/opt/rustwide/workdir/tests/fetch_ethereum_vectors.py", line 103, in main
[INFO] [stderr]     archive_bytes = load_archive_bytes(output_dir)
[INFO] [stderr]   File "/opt/rustwide/workdir/tests/fetch_ethereum_vectors.py", line 75, in load_archive_bytes
[INFO] [stderr]     return urllib.request.urlopen(ARCHIVE_URL).read()
[INFO] [stderr]            ~~~~~~~~~~~~~~~~~~~~~~^^^^^^^^^^^^^
[INFO] [stderr]   File "/usr/lib/python3.14/urllib/request.py", line 187, in urlopen
[INFO] [stderr]     return opener.open(url, data, timeout)
[INFO] [stderr]            ~~~~~~~~~~~^^^^^^^^^^^^^^^^^^^^
[INFO] [stderr]   File "/usr/lib/python3.14/urllib/request.py", line 487, in open
[INFO] [stderr]     response = self._open(req, data)
[INFO] [stderr]   File "/usr/lib/python3.14/urllib/request.py", line 504, in _open
[INFO] [stderr]     result = self._call_chain(self.handle_open, protocol, protocol +
[INFO] [stderr]                               '_open', req)
[INFO] [stderr]   File "/usr/lib/python3.14/urllib/request.py", line 464, in _call_chain
[INFO] [stderr]     result = func(*args)
[INFO] [stderr]   File "/usr/lib/python3.14/urllib/request.py", line 1369, in https_open
[INFO] [stderr]     return self.do_open(http.client.HTTPSConnection, req,
[INFO] [stderr]            ~~~~~~~~~~~~^^^^^^^^^^^^^^^^^^^^^^^^^^^^^^^^^^
[INFO] [stderr]                         context=self._context)
[INFO] [stderr]                         ^^^^^^^^^^^^^^^^^^^^^^
[INFO] [stderr]   File "/usr/lib/python3.14/urllib/request.py", line 1324, in do_open
[INFO] [stderr]     raise URLError(err)
[INFO] [stderr] urllib.error.URLError: <urlopen error [Errno -3] Temporary failure in name resolution>
[INFO] [stdout] test ethereum_aggregate_screening_compatibility_vectors ... FAILED
[INFO] [stderr] Traceback (most recent call last):
[INFO] [stderr]   File "/usr/lib/python3.14/urllib/request.py", line 1321, in do_open
[INFO] [stderr]     h.request(req.get_method(), req.selector, req.data, headers,
[INFO] [stderr]     ~~~~~~~~~^^^^^^^^^^^^^^^^^^^^^^^^^^^^^^^^^^^^^^^^^^^^^^^^^^^
[INFO] [stderr]               encode_chunked=req.has_header('Transfer-encoding'))
[INFO] [stderr]               ^^^^^^^^^^^^^^^^^^^^^^^^^^^^^^^^^^^^^^^^^^^^^^^^^^^
[INFO] [stderr]   File "/usr/lib/python3.14/http/client.py", line 1367, in request
[INFO] [stderr]     self._send_request(method, url, body, headers, encode_chunked)
[INFO] [stderr]     ~~~~~~~~~~~~~~~~~~^^^^^^^^^^^^^^^^^^^^^^^^^^^^^^^^^^^^^^^^^^^^
[INFO] [stderr]   File "/usr/lib/python3.14/http/client.py", line 1413, in _send_request
[INFO] [stderr]     self.endheaders(body, encode_chunked=encode_chunked)
[INFO] [stderr]     ~~~~~~~~~~~~~~~^^^^^^^^^^^^^^^^^^^^^^^^^^^^^^^^^^^^^
[INFO] [stderr]   File "/usr/lib/python3.14/http/client.py", line 1362, in endheaders
[INFO] [stderr]     self._send_output(message_body, encode_chunked=encode_chunked)
[INFO] [stderr]     ~~~~~~~~~~~~~~~~~^^^^^^^^^^^^^^^^^^^^^^^^^^^^^^^^^^^^^^^^^^^^^
[INFO] [stderr]   File "/usr/lib/python3.14/http/client.py", line 1122, in _send_output
[INFO] [stderr]     self.send(msg)
[INFO] [stderr]     ~~~~~~~~~^^^^^
[INFO] [stderr]   File "/usr/lib/python3.14/http/client.py", line 1066, in send
[INFO] [stderr]     self.connect()
[INFO] [stderr]     ~~~~~~~~~~~~^^
[INFO] [stderr]   File "/usr/lib/python3.14/http/client.py", line 1501, in connect
[INFO] [stderr]     super().connect()
[INFO] [stderr]     ~~~~~~~~~~~~~~~^^
[INFO] [stderr]   File "/usr/lib/python3.14/http/client.py", line 1032, in connect
[INFO] [stderr]     self.sock = self._create_connection(
[INFO] [stderr]                 ~~~~~~~~~~~~~~~~~~~~~~~^
[INFO] [stderr]         (self.host,self.port), self.timeout, self.source_address)
[INFO] [stderr]         ^^^^^^^^^^^^^^^^^^^^^^^^^^^^^^^^^^^^^^^^^^^^^^^^^^^^^^^^^
[INFO] [stderr]   File "/usr/lib/python3.14/socket.py", line 846, in create_connection
[INFO] [stderr]     for res in getaddrinfo(host, port, 0, SOCK_STREAM):
[INFO] [stderr]                ~~~~~~~~~~~^^^^^^^^^^^^^^^^^^^^^^^^^^^^
[INFO] [stderr]   File "/usr/lib/python3.14/socket.py", line 983, in getaddrinfo
[INFO] [stderr]     for res in _socket.getaddrinfo(host, port, family, type, proto, flags):
[INFO] [stderr]                ~~~~~~~~~~~~~~~~~~~^^^^^^^^^^^^^^^^^^^^^^^^^^^^^^^^^^^^^^^^
[INFO] [stderr] socket.gaierror: [Errno -3] Temporary failure in name resolution
[INFO] [stderr] 
[INFO] [stderr] During handling of the above exception, another exception occurred:
[INFO] [stderr] 
[INFO] [stderr] Traceback (most recent call last):
[INFO] [stderr]   File "/opt/rustwide/workdir/tests/fetch_ethereum_vectors.py", line 117, in <module>
[INFO] [stderr]     main()
[INFO] [stderr]     ~~~~^^
[INFO] [stderr]   File "/opt/rustwide/workdir/tests/fetch_ethereum_vectors.py", line 103, in main
[INFO] [stderr]     archive_bytes = load_archive_bytes(output_dir)
[INFO] [stderr]   File "/opt/rustwide/workdir/tests/fetch_ethereum_vectors.py", line 75, in load_archive_bytes
[INFO] [stderr]     return urllib.request.urlopen(ARCHIVE_URL).read()
[INFO] [stderr]            ~~~~~~~~~~~~~~~~~~~~~~^^^^^^^^^^^^^
[INFO] [stderr]   File "/usr/lib/python3.14/urllib/request.py", line 187, in urlopen
[INFO] [stderr]     return opener.open(url, data, timeout)
[INFO] [stderr]            ~~~~~~~~~~~^^^^^^^^^^^^^^^^^^^^
[INFO] [stderr]   File "/usr/lib/python3.14/urllib/request.py", line 487, in open
[INFO] [stderr]     response = self._open(req, data)
[INFO] [stderr]   File "/usr/lib/python3.14/urllib/request.py", line 504, in _open
[INFO] [stderr]     result = self._call_chain(self.handle_open, protocol, protocol +
[INFO] [stderr]                               '_open', req)
[INFO] [stderr]   File "/usr/lib/python3.14/urllib/request.py", line 464, in _call_chain
[INFO] [stderr]     result = func(*args)
[INFO] [stderr]   File "/usr/lib/python3.14/urllib/request.py", line 1369, in https_open
[INFO] [stderr]     return self.do_open(http.client.HTTPSConnection, req,
[INFO] [stderr]            ~~~~~~~~~~~~^^^^^^^^^^^^^^^^^^^^^^^^^^^^^^^^^^
[INFO] [stderr]                         context=self._context)
[INFO] [stderr]                         ^^^^^^^^^^^^^^^^^^^^^^
[INFO] [stderr]   File "/usr/lib/python3.14/urllib/request.py", line 1324, in do_open
[INFO] [stderr]     raise URLError(err)
[INFO] [stderr] urllib.error.URLError: <urlopen error [Errno -3] Temporary failure in name resolution>
[INFO] [stdout] test ethereum_fast_aggregate_verify_vectors ... FAILED
[INFO] [stderr] Traceback (most recent call last):
[INFO] [stderr]   File "/usr/lib/python3.14/urllib/request.py", line 1321, in do_open
[INFO] [stderr]     h.request(req.get_method(), req.selector, req.data, headers,
[INFO] [stderr]     ~~~~~~~~~^^^^^^^^^^^^^^^^^^^^^^^^^^^^^^^^^^^^^^^^^^^^^^^^^^^
[INFO] [stderr]               encode_chunked=req.has_header('Transfer-encoding'))
[INFO] [stderr]               ^^^^^^^^^^^^^^^^^^^^^^^^^^^^^^^^^^^^^^^^^^^^^^^^^^^
[INFO] [stderr]   File "/usr/lib/python3.14/http/client.py", line 1367, in request
[INFO] [stderr]     self._send_request(method, url, body, headers, encode_chunked)
[INFO] [stderr]     ~~~~~~~~~~~~~~~~~~^^^^^^^^^^^^^^^^^^^^^^^^^^^^^^^^^^^^^^^^^^^^
[INFO] [stderr]   File "/usr/lib/python3.14/http/client.py", line 1413, in _send_request
[INFO] [stderr]     self.endheaders(body, encode_chunked=encode_chunked)
[INFO] [stderr]     ~~~~~~~~~~~~~~~^^^^^^^^^^^^^^^^^^^^^^^^^^^^^^^^^^^^^
[INFO] [stderr]   File "/usr/lib/python3.14/http/client.py", line 1362, in endheaders
[INFO] [stderr]     self._send_output(message_body, encode_chunked=encode_chunked)
[INFO] [stderr]     ~~~~~~~~~~~~~~~~~^^^^^^^^^^^^^^^^^^^^^^^^^^^^^^^^^^^^^^^^^^^^^
[INFO] [stderr]   File "/usr/lib/python3.14/http/client.py", line 1122, in _send_output
[INFO] [stderr]     self.send(msg)
[INFO] [stderr]     ~~~~~~~~~^^^^^
[INFO] [stderr]   File "/usr/lib/python3.14/http/client.py", line 1066, in send
[INFO] [stderr]     self.connect()
[INFO] [stderr]     ~~~~~~~~~~~~^^
[INFO] [stderr]   File "/usr/lib/python3.14/http/client.py", line 1501, in connect
[INFO] [stderr]     super().connect()
[INFO] [stderr]     ~~~~~~~~~~~~~~~^^
[INFO] [stderr]   File "/usr/lib/python3.14/http/client.py", line 1032, in connect
[INFO] [stderr]     self.sock = self._create_connection(
[INFO] [stderr]                 ~~~~~~~~~~~~~~~~~~~~~~~^
[INFO] [stderr]         (self.host,self.port), self.timeout, self.source_address)
[INFO] [stderr]         ^^^^^^^^^^^^^^^^^^^^^^^^^^^^^^^^^^^^^^^^^^^^^^^^^^^^^^^^^
[INFO] [stderr]   File "/usr/lib/python3.14/socket.py", line 846, in create_connection
[INFO] [stderr]     for res in getaddrinfo(host, port, 0, SOCK_STREAM):
[INFO] [stderr]                ~~~~~~~~~~~^^^^^^^^^^^^^^^^^^^^^^^^^^^^
[INFO] [stderr]   File "/usr/lib/python3.14/socket.py", line 983, in getaddrinfo
[INFO] [stderr]     for res in _socket.getaddrinfo(host, port, family, type, proto, flags):
[INFO] [stderr]                ~~~~~~~~~~~~~~~~~~~^^^^^^^^^^^^^^^^^^^^^^^^^^^^^^^^^^^^^^^^
[INFO] [stderr] socket.gaierror: [Errno -3] Temporary failure in name resolution
[INFO] [stderr] 
[INFO] [stderr] During handling of the above exception, another exception occurred:
[INFO] [stderr] 
[INFO] [stderr] Traceback (most recent call last):
[INFO] [stderr]   File "/opt/rustwide/workdir/tests/fetch_ethereum_vectors.py", line 117, in <module>
[INFO] [stderr]     main()
[INFO] [stderr]     ~~~~^^
[INFO] [stderr]   File "/opt/rustwide/workdir/tests/fetch_ethereum_vectors.py", line 103, in main
[INFO] [stderr]     archive_bytes = load_archive_bytes(output_dir)
[INFO] [stderr]   File "/opt/rustwide/workdir/tests/fetch_ethereum_vectors.py", line 75, in load_archive_bytes
[INFO] [stderr]     return urllib.request.urlopen(ARCHIVE_URL).read()
[INFO] [stderr]            ~~~~~~~~~~~~~~~~~~~~~~^^^^^^^^^^^^^
[INFO] [stderr]   File "/usr/lib/python3.14/urllib/request.py", line 187, in urlopen
[INFO] [stderr]     return opener.open(url, data, timeout)
[INFO] [stderr]            ~~~~~~~~~~~^^^^^^^^^^^^^^^^^^^^
[INFO] [stderr]   File "/usr/lib/python3.14/urllib/request.py", line 487, in open
[INFO] [stderr]     response = self._open(req, data)
[INFO] [stderr]   File "/usr/lib/python3.14/urllib/request.py", line 504, in _open
[INFO] [stderr]     result = self._call_chain(self.handle_open, protocol, protocol +
[INFO] [stderr]                               '_open', req)
[INFO] [stderr]   File "/usr/lib/python3.14/urllib/request.py", line 464, in _call_chain
[INFO] [stderr]     result = func(*args)
[INFO] [stderr]   File "/usr/lib/python3.14/urllib/request.py", line 1369, in https_open
[INFO] [stderr]     return self.do_open(http.client.HTTPSConnection, req,
[INFO] [stderr]            ~~~~~~~~~~~~^^^^^^^^^^^^^^^^^^^^^^^^^^^^^^^^^^
[INFO] [stderr]                         context=self._context)
[INFO] [stderr]                         ^^^^^^^^^^^^^^^^^^^^^^
[INFO] [stderr]   File "/usr/lib/python3.14/urllib/request.py", line 1324, in do_open
[INFO] [stderr]     raise URLError(err)
[INFO] [stderr] urllib.error.URLError: <urlopen error [Errno -3] Temporary failure in name resolution>
[INFO] [stdout] test ethereum_aggregate_vectors ... FAILED
[INFO] [stderr] Traceback (most recent call last):
[INFO] [stderr]   File "/usr/lib/python3.14/urllib/request.py", line 1321, in do_open
[INFO] [stderr]     h.request(req.get_method(), req.selector, req.data, headers,
[INFO] [stderr]     ~~~~~~~~~^^^^^^^^^^^^^^^^^^^^^^^^^^^^^^^^^^^^^^^^^^^^^^^^^^^
[INFO] [stderr]               encode_chunked=req.has_header('Transfer-encoding'))
[INFO] [stderr]               ^^^^^^^^^^^^^^^^^^^^^^^^^^^^^^^^^^^^^^^^^^^^^^^^^^^
[INFO] [stderr]   File "/usr/lib/python3.14/http/client.py", line 1367, in request
[INFO] [stderr]     self._send_request(method, url, body, headers, encode_chunked)
[INFO] [stderr]     ~~~~~~~~~~~~~~~~~~^^^^^^^^^^^^^^^^^^^^^^^^^^^^^^^^^^^^^^^^^^^^
[INFO] [stderr]   File "/usr/lib/python3.14/http/client.py", line 1413, in _send_request
[INFO] [stderr]     self.endheaders(body, encode_chunked=encode_chunked)
[INFO] [stderr]     ~~~~~~~~~~~~~~~^^^^^^^^^^^^^^^^^^^^^^^^^^^^^^^^^^^^^
[INFO] [stderr]   File "/usr/lib/python3.14/http/client.py", line 1362, in endheaders
[INFO] [stderr]     self._send_output(message_body, encode_chunked=encode_chunked)
[INFO] [stderr]     ~~~~~~~~~~~~~~~~~^^^^^^^^^^^^^^^^^^^^^^^^^^^^^^^^^^^^^^^^^^^^^
[INFO] [stderr]   File "/usr/lib/python3.14/http/client.py", line 1122, in _send_output
[INFO] [stderr]     self.send(msg)
[INFO] [stderr]     ~~~~~~~~~^^^^^
[INFO] [stderr]   File "/usr/lib/python3.14/http/client.py", line 1066, in send
[INFO] [stderr]     self.connect()
[INFO] [stderr]     ~~~~~~~~~~~~^^
[INFO] [stderr]   File "/usr/lib/python3.14/http/client.py", line 1501, in connect
[INFO] [stderr]     super().connect()
[INFO] [stderr]     ~~~~~~~~~~~~~~~^^
[INFO] [stderr]   File "/usr/lib/python3.14/http/client.py", line 1032, in connect
[INFO] [stderr]     self.sock = self._create_connection(
[INFO] [stderr]                 ~~~~~~~~~~~~~~~~~~~~~~~^
[INFO] [stderr]         (self.host,self.port), self.timeout, self.source_address)
[INFO] [stderr]         ^^^^^^^^^^^^^^^^^^^^^^^^^^^^^^^^^^^^^^^^^^^^^^^^^^^^^^^^^
[INFO] [stderr]   File "/usr/lib/python3.14/socket.py", line 846, in create_connection
[INFO] [stderr]     for res in getaddrinfo(host, port, 0, SOCK_STREAM):
[INFO] [stderr]                ~~~~~~~~~~~^^^^^^^^^^^^^^^^^^^^^^^^^^^^
[INFO] [stderr]   File "/usr/lib/python3.14/socket.py", line 983, in getaddrinfo
[INFO] [stderr]     for res in _socket.getaddrinfo(host, port, family, type, proto, flags):
[INFO] [stderr]                ~~~~~~~~~~~~~~~~~~~^^^^^^^^^^^^^^^^^^^^^^^^^^^^^^^^^^^^^^^^
[INFO] [stderr] socket.gaierror: [Errno -3] Temporary failure in name resolution
[INFO] [stderr] 
[INFO] [stderr] During handling of the above exception, another exception occurred:
[INFO] [stderr] 
[INFO] [stderr] Traceback (most recent call last):
[INFO] [stderr]   File "/opt/rustwide/workdir/tests/fetch_ethereum_vectors.py", line 117, in <module>
[INFO] [stderr]     main()
[INFO] [stderr]     ~~~~^^
[INFO] [stderr]   File "/opt/rustwide/workdir/tests/fetch_ethereum_vectors.py", line 103, in main
[INFO] [stderr]     archive_bytes = load_archive_bytes(output_dir)
[INFO] [stderr]   File "/opt/rustwide/workdir/tests/fetch_ethereum_vectors.py", line 75, in load_archive_bytes
[INFO] [stderr]     return urllib.request.urlopen(ARCHIVE_URL).read()
[INFO] [stderr]            ~~~~~~~~~~~~~~~~~~~~~~^^^^^^^^^^^^^
[INFO] [stderr]   File "/usr/lib/python3.14/urllib/request.py", line 187, in urlopen
[INFO] [stderr]     return opener.open(url, data, timeout)
[INFO] [stderr]            ~~~~~~~~~~~^^^^^^^^^^^^^^^^^^^^
[INFO] [stderr]   File "/usr/lib/python3.14/urllib/request.py", line 487, in open
[INFO] [stderr]     response = self._open(req, data)
[INFO] [stderr]   File "/usr/lib/python3.14/urllib/request.py", line 504, in _open
[INFO] [stderr]     result = self._call_chain(self.handle_open, protocol, protocol +
[INFO] [stderr]                               '_open', req)
[INFO] [stderr]   File "/usr/lib/python3.14/urllib/request.py", line 464, in _call_chain
[INFO] [stderr]     result = func(*args)
[INFO] [stderr]   File "/usr/lib/python3.14/urllib/request.py", line 1369, in https_open
[INFO] [stderr]     return self.do_open(http.client.HTTPSConnection, req,
[INFO] [stderr]            ~~~~~~~~~~~~^^^^^^^^^^^^^^^^^^^^^^^^^^^^^^^^^^
[INFO] [stderr]                         context=self._context)
[INFO] [stderr]                         ^^^^^^^^^^^^^^^^^^^^^^
[INFO] [stderr]   File "/usr/lib/python3.14/urllib/request.py", line 1324, in do_open
[INFO] [stderr]     raise URLError(err)
[INFO] [stderr] urllib.error.URLError: <urlopen error [Errno -3] Temporary failure in name resolution>
[INFO] [stdout] test ethereum_verify_vectors ... FAILED
[INFO] [stderr] Traceback (most recent call last):
[INFO] [stderr]   File "/usr/lib/python3.14/urllib/request.py", line 1321, in do_open
[INFO] [stderr]     h.request(req.get_method(), req.selector, req.data, headers,
[INFO] [stderr]     ~~~~~~~~~^^^^^^^^^^^^^^^^^^^^^^^^^^^^^^^^^^^^^^^^^^^^^^^^^^^
[INFO] [stderr]               encode_chunked=req.has_header('Transfer-encoding'))
[INFO] [stderr]               ^^^^^^^^^^^^^^^^^^^^^^^^^^^^^^^^^^^^^^^^^^^^^^^^^^^
[INFO] [stderr]   File "/usr/lib/python3.14/http/client.py", line 1367, in request
[INFO] [stderr]     self._send_request(method, url, body, headers, encode_chunked)
[INFO] [stderr]     ~~~~~~~~~~~~~~~~~~^^^^^^^^^^^^^^^^^^^^^^^^^^^^^^^^^^^^^^^^^^^^
[INFO] [stderr]   File "/usr/lib/python3.14/http/client.py", line 1413, in _send_request
[INFO] [stderr]     self.endheaders(body, encode_chunked=encode_chunked)
[INFO] [stderr]     ~~~~~~~~~~~~~~~^^^^^^^^^^^^^^^^^^^^^^^^^^^^^^^^^^^^^
[INFO] [stderr]   File "/usr/lib/python3.14/http/client.py", line 1362, in endheaders
[INFO] [stderr]     self._send_output(message_body, encode_chunked=encode_chunked)
[INFO] [stderr]     ~~~~~~~~~~~~~~~~~^^^^^^^^^^^^^^^^^^^^^^^^^^^^^^^^^^^^^^^^^^^^^
[INFO] [stderr]   File "/usr/lib/python3.14/http/client.py", line 1122, in _send_output
[INFO] [stderr]     self.send(msg)
[INFO] [stderr]     ~~~~~~~~~^^^^^
[INFO] [stderr]   File "/usr/lib/python3.14/http/client.py", line 1066, in send
[INFO] [stderr]     self.connect()
[INFO] [stderr]     ~~~~~~~~~~~~^^
[INFO] [stderr]   File "/usr/lib/python3.14/http/client.py", line 1501, in connect
[INFO] [stderr]     super().connect()
[INFO] [stderr]     ~~~~~~~~~~~~~~~^^
[INFO] [stderr]   File "/usr/lib/python3.14/http/client.py", line 1032, in connect
[INFO] [stderr]     self.sock = self._create_connection(
[INFO] [stderr]                 ~~~~~~~~~~~~~~~~~~~~~~~^
[INFO] [stderr]         (self.host,self.port), self.timeout, self.source_address)
[INFO] [stderr]         ^^^^^^^^^^^^^^^^^^^^^^^^^^^^^^^^^^^^^^^^^^^^^^^^^^^^^^^^^
[INFO] [stderr]   File "/usr/lib/python3.14/socket.py", line 846, in create_connection
[INFO] [stderr]     for res in getaddrinfo(host, port, 0, SOCK_STREAM):
[INFO] [stderr]                ~~~~~~~~~~~^^^^^^^^^^^^^^^^^^^^^^^^^^^^
[INFO] [stderr]   File "/usr/lib/python3.14/socket.py", line 983, in getaddrinfo
[INFO] [stderr]     for res in _socket.getaddrinfo(host, port, family, type, proto, flags):
[INFO] [stderr]                ~~~~~~~~~~~~~~~~~~~^^^^^^^^^^^^^^^^^^^^^^^^^^^^^^^^^^^^^^^^
[INFO] [stderr] socket.gaierror: [Errno -3] Temporary failure in name resolution
[INFO] [stderr] 
[INFO] [stderr] During handling of the above exception, another exception occurred:
[INFO] [stderr] 
[INFO] [stderr] Traceback (most recent call last):
[INFO] [stderr]   File "/opt/rustwide/workdir/tests/fetch_ethereum_vectors.py", line 117, in <module>
[INFO] [stderr]     main()
[INFO] [stderr]     ~~~~^^
[INFO] [stderr]   File "/opt/rustwide/workdir/tests/fetch_ethereum_vectors.py", line 103, in main
[INFO] [stderr]     archive_bytes = load_archive_bytes(output_dir)
[INFO] [stderr]   File "/opt/rustwide/workdir/tests/fetch_ethereum_vectors.py", line 75, in load_archive_bytes
[INFO] [stderr]     return urllib.request.urlopen(ARCHIVE_URL).read()
[INFO] [stderr]            ~~~~~~~~~~~~~~~~~~~~~~^^^^^^^^^^^^^
[INFO] [stderr]   File "/usr/lib/python3.14/urllib/request.py", line 187, in urlopen
[INFO] [stderr]     return opener.open(url, data, timeout)
[INFO] [stderr]            ~~~~~~~~~~~^^^^^^^^^^^^^^^^^^^^
[INFO] [stderr]   File "/usr/lib/python3.14/urllib/request.py", line 487, in open
[INFO] [stderr]     response = self._open(req, data)
[INFO] [stderr]   File "/usr/lib/python3.14/urllib/request.py", line 504, in _open
[INFO] [stderr]     result = self._call_chain(self.handle_open, protocol, protocol +
[INFO] [stderr]                               '_open', req)
[INFO] [stderr]   File "/usr/lib/python3.14/urllib/request.py", line 464, in _call_chain
[INFO] [stderr]     result = func(*args)
[INFO] [stderr]   File "/usr/lib/python3.14/urllib/request.py", line 1369, in https_open
[INFO] [stderr]     return self.do_open(http.client.HTTPSConnection, req,
[INFO] [stderr]            ~~~~~~~~~~~~^^^^^^^^^^^^^^^^^^^^^^^^^^^^^^^^^^
[INFO] [stderr]                         context=self._context)
[INFO] [stderr]                         ^^^^^^^^^^^^^^^^^^^^^^
[INFO] [stderr]   File "/usr/lib/python3.14/urllib/request.py", line 1324, in do_open
[INFO] [stderr]     raise URLError(err)
[INFO] [stderr] urllib.error.URLError: <urlopen error [Errno -3] Temporary failure in name resolution>
[INFO] [stdout] test ethereum_g2_deserialization_vectors ... FAILED
[INFO] [stdout] 
[INFO] [stdout] failures:
[INFO] [stdout] 
[INFO] [stdout] ---- ethereum_aggregate_verify_vectors stdout ----
[INFO] [stdout] 
[INFO] [stdout] thread 'ethereum_aggregate_verify_vectors' (1620) panicked at tests/ethereum_vectors.rs:43:9:
[INFO] [stdout] failed to fetch Ethereum BLS test vectors into /opt/rustwide/target/test-fixtures/ethereum-bls/v0.1.2
[INFO] [stdout] stack backtrace:
[INFO] [stdout]    0:     0x652ada0ea3e1 - std[70759c8f55707aa4]::backtrace_rs::backtrace::libunwind::trace
[INFO] [stdout]                                at /rustc/dfb0accb7f508ae8be965d8629557221c889dd98/library/std/src/../../backtrace/src/backtrace/libunwind.rs:117:9
[INFO] [stdout]    1:     0x652ada0ea3e1 - std[70759c8f55707aa4]::backtrace_rs::backtrace::trace_unsynchronized::<std[70759c8f55707aa4]::sys::backtrace::_print_fmt::{closure#1}>
[INFO] [stdout]                                at /rustc/dfb0accb7f508ae8be965d8629557221c889dd98/library/std/src/../../backtrace/src/backtrace/mod.rs:66:14
[INFO] [stdout]    2:     0x652ada0ea3e1 - std[70759c8f55707aa4]::sys::backtrace::_print_fmt
[INFO] [stdout]                                at /rustc/dfb0accb7f508ae8be965d8629557221c889dd98/library/std/src/sys/backtrace.rs:74:9
[INFO] [stdout]    3:     0x652ada0ea3e1 - <<std[70759c8f55707aa4]::sys::backtrace::BacktraceLock>::print::DisplayBacktrace as core[df12db4294e9bfd3]::fmt::Display>::fmt
[INFO] [stdout]                                at /rustc/dfb0accb7f508ae8be965d8629557221c889dd98/library/std/src/sys/backtrace.rs:44:26
[INFO] [stdout]    4:     0x652ada0ff14a - <core[df12db4294e9bfd3]::fmt::rt::Argument>::fmt
[INFO] [stdout]                                at /rustc/dfb0accb7f508ae8be965d8629557221c889dd98/library/core/src/fmt/rt.rs:152:76
[INFO] [stdout]    5:     0x652ada0ff14a - core[df12db4294e9bfd3]::fmt::write
[INFO] [stdout]    6:     0x652ada0eeb6c - core[df12db4294e9bfd3]::io::write::default_write_fmt::<alloc[2182bb758b4b3781]::vec::Vec<u8>>
[INFO] [stdout]                                at /rustc/dfb0accb7f508ae8be965d8629557221c889dd98/library/core/src/io/write.rs:402:11
[INFO] [stdout]    7:     0x652ada0eeb6c - <alloc[2182bb758b4b3781]::vec::Vec<u8> as core[df12db4294e9bfd3]::io::write::Write>::write_fmt
[INFO] [stdout]                                at /rustc/dfb0accb7f508ae8be965d8629557221c889dd98/library/core/src/io/write.rs:335:13
[INFO] [stdout]    8:     0x652ada0c5a56 - <std[70759c8f55707aa4]::sys::backtrace::BacktraceLock>::print
[INFO] [stdout]                                at /rustc/dfb0accb7f508ae8be965d8629557221c889dd98/library/std/src/sys/backtrace.rs:47:9
[INFO] [stdout]    9:     0x652ada0c5a56 - std[70759c8f55707aa4]::panicking::default_hook::{closure#0}
[INFO] [stdout]                                at /rustc/dfb0accb7f508ae8be965d8629557221c889dd98/library/std/src/panicking.rs:292:27
[INFO] [stdout]   10:     0x652ada0e25f9 - std[70759c8f55707aa4]::panicking::default_hook
[INFO] [stdout]                                at /rustc/dfb0accb7f508ae8be965d8629557221c889dd98/library/std/src/panicking.rs:316:9
[INFO] [stdout]   11:     0x652ada042b60 - <alloc[2182bb758b4b3781]::boxed::Box<dyn for<'a, 'b> core[df12db4294e9bfd3]::ops::function::Fn<(&'a std[70759c8f55707aa4]::panic::PanicHookInfo<'b>,), Output = ()> + core[df12db4294e9bfd3]::marker::Send + core[df12db4294e9bfd3]::marker::Sync> as core[df12db4294e9bfd3]::ops::function::Fn<(&std[70759c8f55707aa4]::panic::PanicHookInfo,)>>::call
[INFO] [stdout]                                at /rustc/dfb0accb7f508ae8be965d8629557221c889dd98/library/alloc/src/boxed.rs:2334:9
[INFO] [stdout]   12:     0x652ada042b60 - test[9d35eded1c95d3be]::test_main_inner::<test[9d35eded1c95d3be]::test_main_static::{closure#0}>::{closure#0}
[INFO] [stdout]                                at /rustc/dfb0accb7f508ae8be965d8629557221c889dd98/library/test/src/lib.rs:155:21
[INFO] [stdout]   13:     0x652ada0e27b2 - <alloc[2182bb758b4b3781]::boxed::Box<dyn for<'a, 'b> core[df12db4294e9bfd3]::ops::function::Fn<(&'a std[70759c8f55707aa4]::panic::PanicHookInfo<'b>,), Output = ()> + core[df12db4294e9bfd3]::marker::Send + core[df12db4294e9bfd3]::marker::Sync> as core[df12db4294e9bfd3]::ops::function::Fn<(&std[70759c8f55707aa4]::panic::PanicHookInfo,)>>::call
[INFO] [stdout]                                at /rustc/dfb0accb7f508ae8be965d8629557221c889dd98/library/alloc/src/boxed.rs:2334:9
[INFO] [stdout]   14:     0x652ada0e27b2 - std[70759c8f55707aa4]::panicking::panic_with_hook
[INFO] [stdout]                                at /rustc/dfb0accb7f508ae8be965d8629557221c889dd98/library/std/src/panicking.rs:823:13
[INFO] [stdout]   15:     0x652ada0c5b02 - std[70759c8f55707aa4]::panicking::panic_handler::{closure#0}
[INFO] [stdout]                                at /rustc/dfb0accb7f508ae8be965d8629557221c889dd98/library/std/src/panicking.rs:688:13
[INFO] [stdout]   16:     0x652ada0be659 - std[70759c8f55707aa4]::sys::backtrace::__rust_end_short_backtrace::<std[70759c8f55707aa4]::panicking::panic_handler::{closure#0}, !>
[INFO] [stdout]                                at /rustc/dfb0accb7f508ae8be965d8629557221c889dd98/library/std/src/sys/backtrace.rs:182:18
[INFO] [stdout]   17:     0x652ada0c66fd - __rustc[8fa7c3cbc660c2b3]::rust_begin_unwind
[INFO] [stdout]                                at /rustc/dfb0accb7f508ae8be965d8629557221c889dd98/library/std/src/panicking.rs:679:5
[INFO] [stdout]   18:     0x652ada0ff8fc - core[df12db4294e9bfd3]::panicking::panic_fmt
[INFO] [stdout]                                at /rustc/dfb0accb7f508ae8be965d8629557221c889dd98/library/core/src/panicking.rs:80:14
[INFO] [stdout]   19:     0x652ada014ce3 - ethereum_vectors[d11b6e8b65c4f2a9]::fixtures_root::{closure#0}
[INFO] [stdout]                                at /opt/rustwide/workdir/tests/ethereum_vectors.rs:43:9
[INFO] [stdout]   20:     0x652ada020178 - <std[70759c8f55707aa4]::sync::once_lock::OnceLock<std[70759c8f55707aa4]::path::PathBuf>>::get_or_init::<ethereum_vectors[d11b6e8b65c4f2a9]::fixtures_root::{closure#0}>::{closure#0}
[INFO] [stdout]                                at /rustc/dfb0accb7f508ae8be965d8629557221c889dd98/library/std/src/sync/once_lock.rs:350:50
[INFO] [stdout]   21:     0x652ada0200a4 - <std[70759c8f55707aa4]::sync::once_lock::OnceLock<std[70759c8f55707aa4]::path::PathBuf>>::initialize::<<std[70759c8f55707aa4]::sync::once_lock::OnceLock<std[70759c8f55707aa4]::path::PathBuf>>::get_or_init<ethereum_vectors[d11b6e8b65c4f2a9]::fixtures_root::{closure#0}>::{closure#0}, !>::{closure#0}
[INFO] [stdout]                                at /rustc/dfb0accb7f508ae8be965d8629557221c889dd98/library/std/src/sync/once_lock.rs:572:19
[INFO] [stdout]   22:     0x652ada028071 - <std[70759c8f55707aa4]::sync::once::Once>::call_once_force::<<std[70759c8f55707aa4]::sync::once_lock::OnceLock<std[70759c8f55707aa4]::path::PathBuf>>::initialize<<std[70759c8f55707aa4]::sync::once_lock::OnceLock<std[70759c8f55707aa4]::path::PathBuf>>::get_or_init<ethereum_vectors[d11b6e8b65c4f2a9]::fixtures_root::{closure#0}>::{closure#0}, !>::{closure#0}>::{closure#0}
[INFO] [stdout]                                at /rustc/dfb0accb7f508ae8be965d8629557221c889dd98/library/std/src/sync/once.rs:226:40
[INFO] [stdout]   23:     0x652ada0cb609 - <std[70759c8f55707aa4]::sys::sync::once::futex::Once>::call
[INFO] [stdout]                                at /rustc/dfb0accb7f508ae8be965d8629557221c889dd98/library/std/src/sys/sync/once/futex.rs:183:21
[INFO] [stdout]   24:     0x652ada023e5a - <std[70759c8f55707aa4]::sync::once::Once>::call_once_force::<<std[70759c8f55707aa4]::sync::once_lock::OnceLock<std[70759c8f55707aa4]::path::PathBuf>>::initialize<<std[70759c8f55707aa4]::sync::once_lock::OnceLock<std[70759c8f55707aa4]::path::PathBuf>>::get_or_init<ethereum_vectors[d11b6e8b65c4f2a9]::fixtures_root::{closure#0}>::{closure#0}, !>::{closure#0}>
[INFO] [stdout]                                at /rustc/dfb0accb7f508ae8be965d8629557221c889dd98/library/std/src/sync/once.rs:226:20
[INFO] [stdout]   25:     0x652ada01c87c - <std[70759c8f55707aa4]::sync::once_lock::OnceLock<std[70759c8f55707aa4]::path::PathBuf>>::initialize::<<std[70759c8f55707aa4]::sync::once_lock::OnceLock<std[70759c8f55707aa4]::path::PathBuf>>::get_or_init<ethereum_vectors[d11b6e8b65c4f2a9]::fixtures_root::{closure#0}>::{closure#0}, !>
[INFO] [stdout]                                at /rustc/dfb0accb7f508ae8be965d8629557221c889dd98/library/std/src/sync/once_lock.rs:571:19
[INFO] [stdout]   26:     0x652ada01c8fd - <std[70759c8f55707aa4]::sync::once_lock::OnceLock<std[70759c8f55707aa4]::path::PathBuf>>::get_or_try_init::<<std[70759c8f55707aa4]::sync::once_lock::OnceLock<std[70759c8f55707aa4]::path::PathBuf>>::get_or_init<ethereum_vectors[d11b6e8b65c4f2a9]::fixtures_root::{closure#0}>::{closure#0}, !>
[INFO] [stdout]                                at /rustc/dfb0accb7f508ae8be965d8629557221c889dd98/library/std/src/sync/once_lock.rs:439:14
[INFO] [stdout]   27:     0x652ada01c89d - <std[70759c8f55707aa4]::sync::once_lock::OnceLock<std[70759c8f55707aa4]::path::PathBuf>>::get_or_init::<ethereum_vectors[d11b6e8b65c4f2a9]::fixtures_root::{closure#0}>
[INFO] [stdout]                                at /rustc/dfb0accb7f508ae8be965d8629557221c889dd98/library/std/src/sync/once_lock.rs:350:20
[INFO] [stdout]   28:     0x652ada0159fd - ethereum_vectors[d11b6e8b65c4f2a9]::fixtures_root
[INFO] [stdout]                                at /opt/rustwide/workdir/tests/ethereum_vectors.rs:22:10
[INFO] [stdout]   29:     0x652ada0159b7 - ethereum_vectors[d11b6e8b65c4f2a9]::fixtures_dir
[INFO] [stdout]                                at /opt/rustwide/workdir/tests/ethereum_vectors.rs:53:5
[INFO] [stdout]   30:     0x652ada015815 - ethereum_vectors[d11b6e8b65c4f2a9]::json_files
[INFO] [stdout]                                at /opt/rustwide/workdir/tests/ethereum_vectors.rs:57:34
[INFO] [stdout]   31:     0x652ada017110 - ethereum_vectors[d11b6e8b65c4f2a9]::ethereum_aggregate_verify_vectors
[INFO] [stdout]                                at /opt/rustwide/workdir/tests/ethereum_vectors.rs:161:17
[INFO] [stdout]   32:     0x652ada014db7 - ethereum_vectors[d11b6e8b65c4f2a9]::ethereum_aggregate_verify_vectors::{closure#0}
[INFO] [stdout]                                at /opt/rustwide/workdir/tests/ethereum_vectors.rs:160:39
[INFO] [stdout]   33:     0x652ada02ab46 - <ethereum_vectors[d11b6e8b65c4f2a9]::ethereum_aggregate_verify_vectors::{closure#0} as core[df12db4294e9bfd3]::ops::function::FnOnce<()>>::call_once
[INFO] [stdout]                                at /rustc/dfb0accb7f508ae8be965d8629557221c889dd98/library/core/src/ops/function.rs:250:5
[INFO] [stdout]   34:     0x652ada035e4b - <fn() -> core[df12db4294e9bfd3]::result::Result<(), alloc[2182bb758b4b3781]::string::String> as core[df12db4294e9bfd3]::ops::function::FnOnce<()>>::call_once
[INFO] [stdout]                                at /rustc/dfb0accb7f508ae8be965d8629557221c889dd98/library/core/src/ops/function.rs:250:5
[INFO] [stdout]   35:     0x652ada035e4b - test[9d35eded1c95d3be]::__rust_begin_short_backtrace::<core[df12db4294e9bfd3]::result::Result<(), alloc[2182bb758b4b3781]::string::String>, fn() -> core[df12db4294e9bfd3]::result::Result<(), alloc[2182bb758b4b3781]::string::String>>
[INFO] [stdout]                                at /rustc/dfb0accb7f508ae8be965d8629557221c889dd98/library/test/src/lib.rs:733:18
[INFO] [stdout]   36:     0x652ada0434b5 - test[9d35eded1c95d3be]::run_test_in_process::{closure#0}
[INFO] [stdout]                                at /rustc/dfb0accb7f508ae8be965d8629557221c889dd98/library/test/src/lib.rs:756:74
[INFO] [stdout]   37:     0x652ada0434b5 - <core[df12db4294e9bfd3]::panic::unwind_safe::AssertUnwindSafe<test[9d35eded1c95d3be]::run_test_in_process::{closure#0}> as core[df12db4294e9bfd3]::ops::function::FnOnce<()>>::call_once
[INFO] [stdout]                                at /rustc/dfb0accb7f508ae8be965d8629557221c889dd98/library/core/src/panic/unwind_safe.rs:275:9
[INFO] [stdout]   38:     0x652ada0434b5 - std[70759c8f55707aa4]::panicking::catch_unwind::do_call::<core[df12db4294e9bfd3]::panic::unwind_safe::AssertUnwindSafe<test[9d35eded1c95d3be]::run_test_in_process::{closure#0}>, core[df12db4294e9bfd3]::result::Result<(), alloc[2182bb758b4b3781]::string::String>>
[INFO] [stdout]                                at /rustc/dfb0accb7f508ae8be965d8629557221c889dd98/library/std/src/panicking.rs:576:43
[INFO] [stdout]   39:     0x652ada0434b5 - std[70759c8f55707aa4]::panicking::catch_unwind::<core[df12db4294e9bfd3]::result::Result<(), alloc[2182bb758b4b3781]::string::String>, core[df12db4294e9bfd3]::panic::unwind_safe::AssertUnwindSafe<test[9d35eded1c95d3be]::run_test_in_process::{closure#0}>>
[INFO] [stdout]                                at /rustc/dfb0accb7f508ae8be965d8629557221c889dd98/library/std/src/panicking.rs:544:19
[INFO] [stdout]   40:     0x652ada0434b5 - std[70759c8f55707aa4]::panic::catch_unwind::<core[df12db4294e9bfd3]::panic::unwind_safe::AssertUnwindSafe<test[9d35eded1c95d3be]::run_test_in_process::{closure#0}>, core[df12db4294e9bfd3]::result::Result<(), alloc[2182bb758b4b3781]::string::String>>
[INFO] [stdout]                                at /rustc/dfb0accb7f508ae8be965d8629557221c889dd98/library/std/src/panic.rs:359:14
[INFO] [stdout]   41:     0x652ada0434b5 - test[9d35eded1c95d3be]::run_test_in_process
[INFO] [stdout]                                at /rustc/dfb0accb7f508ae8be965d8629557221c889dd98/library/test/src/lib.rs:756:27
[INFO] [stdout]   42:     0x652ada0434b5 - test[9d35eded1c95d3be]::run_test::{closure#0}
[INFO] [stdout]                                at /rustc/dfb0accb7f508ae8be965d8629557221c889dd98/library/test/src/lib.rs:677:43
[INFO] [stdout]   43:     0x652ada03cd74 - test[9d35eded1c95d3be]::run_test::{closure#1}
[INFO] [stdout]                                at /rustc/dfb0accb7f508ae8be965d8629557221c889dd98/library/test/src/lib.rs:707:41
[INFO] [stdout]   44:     0x652ada03cd74 - std[70759c8f55707aa4]::sys::backtrace::__rust_begin_short_backtrace::<test[9d35eded1c95d3be]::run_test::{closure#1}, ()>
[INFO] [stdout]                                at /rustc/dfb0accb7f508ae8be965d8629557221c889dd98/library/std/src/sys/backtrace.rs:166:18
[INFO] [stdout]   45:     0x652ada046612 - std[70759c8f55707aa4]::thread::lifecycle::spawn_unchecked::<test[9d35eded1c95d3be]::run_test::{closure#1}, ()>::{closure#1}::{closure#0}
[INFO] [stdout]                                at /rustc/dfb0accb7f508ae8be965d8629557221c889dd98/library/std/src/thread/lifecycle.rs:70:13
[INFO] [stdout]   46:     0x652ada046612 - <core[df12db4294e9bfd3]::panic::unwind_safe::AssertUnwindSafe<std[70759c8f55707aa4]::thread::lifecycle::spawn_unchecked<test[9d35eded1c95d3be]::run_test::{closure#1}, ()>::{closure#1}::{closure#0}> as core[df12db4294e9bfd3]::ops::function::FnOnce<()>>::call_once
[INFO] [stdout]                                at /rustc/dfb0accb7f508ae8be965d8629557221c889dd98/library/core/src/panic/unwind_safe.rs:275:9
[INFO] [stdout]   47:     0x652ada046612 - std[70759c8f55707aa4]::panicking::catch_unwind::do_call::<core[df12db4294e9bfd3]::panic::unwind_safe::AssertUnwindSafe<std[70759c8f55707aa4]::thread::lifecycle::spawn_unchecked<test[9d35eded1c95d3be]::run_test::{closure#1}, ()>::{closure#1}::{closure#0}>, ()>
[INFO] [stdout]                                at /rustc/dfb0accb7f508ae8be965d8629557221c889dd98/library/std/src/panicking.rs:576:43
[INFO] [stdout]   48:     0x652ada046612 - std[70759c8f55707aa4]::panicking::catch_unwind::<(), core[df12db4294e9bfd3]::panic::unwind_safe::AssertUnwindSafe<std[70759c8f55707aa4]::thread::lifecycle::spawn_unchecked<test[9d35eded1c95d3be]::run_test::{closure#1}, ()>::{closure#1}::{closure#0}>>
[INFO] [stdout]                                at /rustc/dfb0accb7f508ae8be965d8629557221c889dd98/library/std/src/panicking.rs:544:19
[INFO] [stdout]   49:     0x652ada046612 - std[70759c8f55707aa4]::panic::catch_unwind::<core[df12db4294e9bfd3]::panic::unwind_safe::AssertUnwindSafe<std[70759c8f55707aa4]::thread::lifecycle::spawn_unchecked<test[9d35eded1c95d3be]::run_test::{closure#1}, ()>::{closure#1}::{closure#0}>, ()>
[INFO] [stdout]                                at /rustc/dfb0accb7f508ae8be965d8629557221c889dd98/library/std/src/panic.rs:359:14
[INFO] [stdout]   50:     0x652ada046612 - std[70759c8f55707aa4]::thread::lifecycle::spawn_unchecked::<test[9d35eded1c95d3be]::run_test::{closure#1}, ()>::{closure#1}
[INFO] [stdout]                                at /rustc/dfb0accb7f508ae8be965d8629557221c889dd98/library/std/src/thread/lifecycle.rs:68:26
[INFO] [stdout]   51:     0x652ada046612 - <std[70759c8f55707aa4]::thread::lifecycle::spawn_unchecked<test[9d35eded1c95d3be]::run_test::{closure#1}, ()>::{closure#1} as core[df12db4294e9bfd3]::ops::function::FnOnce<()>>::call_once::{shim:vtable#0}
[INFO] [stdout]                                at /rustc/dfb0accb7f508ae8be965d8629557221c889dd98/library/core/src/ops/function.rs:250:5
[INFO] [stdout]   52:     0x652ada0e9999 - <alloc[2182bb758b4b3781]::boxed::Box<dyn core[df12db4294e9bfd3]::ops::function::FnOnce<(), Output = ()> + core[df12db4294e9bfd3]::marker::Send> as core[df12db4294e9bfd3]::ops::function::FnOnce<()>>::call_once
[INFO] [stdout]                                at /rustc/dfb0accb7f508ae8be965d8629557221c889dd98/library/alloc/src/boxed.rs:2320:9
[INFO] [stdout]   53:     0x652ada0e9999 - <std[70759c8f55707aa4]::sys::thread::unix::Thread>::new::thread_start
[INFO] [stdout]                                at /rustc/dfb0accb7f508ae8be965d8629557221c889dd98/library/std/src/sys/thread/unix.rs:123:17
[INFO] [stdout]   54:     0x780151c21dfa - <unknown>
[INFO] [stdout]   55:     0x780151cb53d4 - clone
[INFO] [stdout]   56:                0x0 - <unknown>
[INFO] [stdout] 
[INFO] [stdout] ---- ethereum_g1_deserialization_vectors stdout ----
[INFO] [stdout] 
[INFO] [stdout] thread 'ethereum_g1_deserialization_vectors' (1622) panicked at tests/ethereum_vectors.rs:43:9:
[INFO] [stdout] failed to fetch Ethereum BLS test vectors into /opt/rustwide/target/test-fixtures/ethereum-bls/v0.1.2
[INFO] [stdout] stack backtrace:
[INFO] [stdout]    0:     0x652ada0ea3e1 - std[70759c8f55707aa4]::backtrace_rs::backtrace::libunwind::trace
[INFO] [stdout]                                at /rustc/dfb0accb7f508ae8be965d8629557221c889dd98/library/std/src/../../backtrace/src/backtrace/libunwind.rs:117:9
[INFO] [stdout]    1:     0x652ada0ea3e1 - std[70759c8f55707aa4]::backtrace_rs::backtrace::trace_unsynchronized::<std[70759c8f55707aa4]::sys::backtrace::_print_fmt::{closure#1}>
[INFO] [stdout]                                at /rustc/dfb0accb7f508ae8be965d8629557221c889dd98/library/std/src/../../backtrace/src/backtrace/mod.rs:66:14
[INFO] [stdout]    2:     0x652ada0ea3e1 - std[70759c8f55707aa4]::sys::backtrace::_print_fmt
[INFO] [stdout]                                at /rustc/dfb0accb7f508ae8be965d8629557221c889dd98/library/std/src/sys/backtrace.rs:74:9
[INFO] [stdout]    3:     0x652ada0ea3e1 - <<std[70759c8f55707aa4]::sys::backtrace::BacktraceLock>::print::DisplayBacktrace as core[df12db4294e9bfd3]::fmt::Display>::fmt
[INFO] [stdout]                                at /rustc/dfb0accb7f508ae8be965d8629557221c889dd98/library/std/src/sys/backtrace.rs:44:26
[INFO] [stdout]    4:     0x652ada0ff14a - <core[df12db4294e9bfd3]::fmt::rt::Argument>::fmt
[INFO] [stdout]                                at /rustc/dfb0accb7f508ae8be965d8629557221c889dd98/library/core/src/fmt/rt.rs:152:76
[INFO] [stdout]    5:     0x652ada0ff14a - core[df12db4294e9bfd3]::fmt::write
[INFO] [stdout]    6:     0x652ada0eeb6c - core[df12db4294e9bfd3]::io::write::default_write_fmt::<alloc[2182bb758b4b3781]::vec::Vec<u8>>
[INFO] [stdout]                                at /rustc/dfb0accb7f508ae8be965d8629557221c889dd98/library/core/src/io/write.rs:402:11
[INFO] [stdout]    7:     0x652ada0eeb6c - <alloc[2182bb758b4b3781]::vec::Vec<u8> as core[df12db4294e9bfd3]::io::write::Write>::write_fmt
[INFO] [stdout]                                at /rustc/dfb0accb7f508ae8be965d8629557221c889dd98/library/core/src/io/write.rs:335:13
[INFO] [stdout]    8:     0x652ada0c5a56 - <std[70759c8f55707aa4]::sys::backtrace::BacktraceLock>::print
[INFO] [stdout]                                at /rustc/dfb0accb7f508ae8be965d8629557221c889dd98/library/std/src/sys/backtrace.rs:47:9
[INFO] [stdout]    9:     0x652ada0c5a56 - std[70759c8f55707aa4]::panicking::default_hook::{closure#0}
[INFO] [stdout]                                at /rustc/dfb0accb7f508ae8be965d8629557221c889dd98/library/std/src/panicking.rs:292:27
[INFO] [stdout]   10:     0x652ada0e25f9 - std[70759c8f55707aa4]::panicking::default_hook
[INFO] [stdout]                                at /rustc/dfb0accb7f508ae8be965d8629557221c889dd98/library/std/src/panicking.rs:316:9
[INFO] [stdout]   11:     0x652ada042b60 - <alloc[2182bb758b4b3781]::boxed::Box<dyn for<'a, 'b> core[df12db4294e9bfd3]::ops::function::Fn<(&'a std[70759c8f55707aa4]::panic::PanicHookInfo<'b>,), Output = ()> + core[df12db4294e9bfd3]::marker::Send + core[df12db4294e9bfd3]::marker::Sync> as core[df12db4294e9bfd3]::ops::function::Fn<(&std[70759c8f55707aa4]::panic::PanicHookInfo,)>>::call
[INFO] [stdout]                                at /rustc/dfb0accb7f508ae8be965d8629557221c889dd98/library/alloc/src/boxed.rs:2334:9
[INFO] [stdout]   12:     0x652ada042b60 - test[9d35eded1c95d3be]::test_main_inner::<test[9d35eded1c95d3be]::test_main_static::{closure#0}>::{closure#0}
[INFO] [stdout]                                at /rustc/dfb0accb7f508ae8be965d8629557221c889dd98/library/test/src/lib.rs:155:21
[INFO] [stdout]   13:     0x652ada0e27b2 - <alloc[2182bb758b4b3781]::boxed::Box<dyn for<'a, 'b> core[df12db4294e9bfd3]::ops::function::Fn<(&'a std[70759c8f55707aa4]::panic::PanicHookInfo<'b>,), Output = ()> + core[df12db4294e9bfd3]::marker::Send + core[df12db4294e9bfd3]::marker::Sync> as core[df12db4294e9bfd3]::ops::function::Fn<(&std[70759c8f55707aa4]::panic::PanicHookInfo,)>>::call
[INFO] [stdout]                                at /rustc/dfb0accb7f508ae8be965d8629557221c889dd98/library/alloc/src/boxed.rs:2334:9
[INFO] [stdout]   14:     0x652ada0e27b2 - std[70759c8f55707aa4]::panicking::panic_with_hook
[INFO] [stdout]                                at /rustc/dfb0accb7f508ae8be965d8629557221c889dd98/library/std/src/panicking.rs:823:13
[INFO] [stdout]   15:     0x652ada0c5b02 - std[70759c8f55707aa4]::panicking::panic_handler::{closure#0}
[INFO] [stdout]                                at /rustc/dfb0accb7f508ae8be965d8629557221c889dd98/library/std/src/panicking.rs:688:13
[INFO] [stdout]   16:     0x652ada0be659 - std[70759c8f55707aa4]::sys::backtrace::__rust_end_short_backtrace::<std[70759c8f55707aa4]::panicking::panic_handler::{closure#0}, !>
[INFO] [stdout]                                at /rustc/dfb0accb7f508ae8be965d8629557221c889dd98/library/std/src/sys/backtrace.rs:182:18
[INFO] [stdout]   17:     0x652ada0c66fd - __rustc[8fa7c3cbc660c2b3]::rust_begin_unwind
[INFO] [stdout]                                at /rustc/dfb0accb7f508ae8be965d8629557221c889dd98/library/std/src/panicking.rs:679:5
[INFO] [stdout]   18:     0x652ada0ff8fc - core[df12db4294e9bfd3]::panicking::panic_fmt
[INFO] [stdout]                                at /rustc/dfb0accb7f508ae8be965d8629557221c889dd98/library/core/src/panicking.rs:80:14
[INFO] [stdout]   19:     0x652ada014ce3 - ethereum_vectors[d11b6e8b65c4f2a9]::fixtures_root::{closure#0}
[INFO] [stdout]                                at /opt/rustwide/workdir/tests/ethereum_vectors.rs:43:9
[INFO] [stdout]   20:     0x652ada020178 - <std[70759c8f55707aa4]::sync::once_lock::OnceLock<std[70759c8f55707aa4]::path::PathBuf>>::get_or_init::<ethereum_vectors[d11b6e8b65c4f2a9]::fixtures_root::{closure#0}>::{closure#0}
[INFO] [stdout]                                at /rustc/dfb0accb7f508ae8be965d8629557221c889dd98/library/std/src/sync/once_lock.rs:350:50
[INFO] [stdout]   21:     0x652ada0200a4 - <std[70759c8f55707aa4]::sync::once_lock::OnceLock<std[70759c8f55707aa4]::path::PathBuf>>::initialize::<<std[70759c8f55707aa4]::sync::once_lock::OnceLock<std[70759c8f55707aa4]::path::PathBuf>>::get_or_init<ethereum_vectors[d11b6e8b65c4f2a9]::fixtures_root::{closure#0}>::{closure#0}, !>::{closure#0}
[INFO] [stdout]                                at /rustc/dfb0accb7f508ae8be965d8629557221c889dd98/library/std/src/sync/once_lock.rs:572:19
[INFO] [stdout]   22:     0x652ada028071 - <std[70759c8f55707aa4]::sync::once::Once>::call_once_force::<<std[70759c8f55707aa4]::sync::once_lock::OnceLock<std[70759c8f55707aa4]::path::PathBuf>>::initialize<<std[70759c8f55707aa4]::sync::once_lock::OnceLock<std[70759c8f55707aa4]::path::PathBuf>>::get_or_init<ethereum_vectors[d11b6e8b65c4f2a9]::fixtures_root::{closure#0}>::{closure#0}, !>::{closure#0}>::{closure#0}
[INFO] [stdout]                                at /rustc/dfb0accb7f508ae8be965d8629557221c889dd98/library/std/src/sync/once.rs:226:40
[INFO] [stdout]   23:     0x652ada0cb609 - <std[70759c8f55707aa4]::sys::sync::once::futex::Once>::call
[INFO] [stdout]                                at /rustc/dfb0accb7f508ae8be965d8629557221c889dd98/library/std/src/sys/sync/once/futex.rs:183:21
[INFO] [stdout]   24:     0x652ada023e5a - <std[70759c8f55707aa4]::sync::once::Once>::call_once_force::<<std[70759c8f55707aa4]::sync::once_lock::OnceLock<std[70759c8f55707aa4]::path::PathBuf>>::initialize<<std[70759c8f55707aa4]::sync::once_lock::OnceLock<std[70759c8f55707aa4]::path::PathBuf>>::get_or_init<ethereum_vectors[d11b6e8b65c4f2a9]::fixtures_root::{closure#0}>::{closure#0}, !>::{closure#0}>
[INFO] [stdout]                                at /rustc/dfb0accb7f508ae8be965d8629557221c889dd98/library/std/src/sync/once.rs:226:20
[INFO] [stdout]   25:     0x652ada01c87c - <std[70759c8f55707aa4]::sync::once_lock::OnceLock<std[70759c8f55707aa4]::path::PathBuf>>::initialize::<<std[70759c8f55707aa4]::sync::once_lock::OnceLock<std[70759c8f55707aa4]::path::PathBuf>>::get_or_init<ethereum_vectors[d11b6e8b65c4f2a9]::fixtures_root::{closure#0}>::{closure#0}, !>
[INFO] [stdout]                                at /rustc/dfb0accb7f508ae8be965d8629557221c889dd98/library/std/src/sync/once_lock.rs:571:19
[INFO] [stdout]   26:     0x652ada01c8fd - <std[70759c8f55707aa4]::sync::once_lock::OnceLock<std[70759c8f55707aa4]::path::PathBuf>>::get_or_try_init::<<std[70759c8f55707aa4]::sync::once_lock::OnceLock<std[70759c8f55707aa4]::path::PathBuf>>::get_or_init<ethereum_vectors[d11b6e8b65c4f2a9]::fixtures_root::{closure#0}>::{closure#0}, !>
[INFO] [stdout]                                at /rustc/dfb0accb7f508ae8be965d8629557221c889dd98/library/std/src/sync/once_lock.rs:439:14
[INFO] [stdout]   27:     0x652ada01c89d - <std[70759c8f55707aa4]::sync::once_lock::OnceLock<std[70759c8f55707aa4]::path::PathBuf>>::get_or_init::<ethereum_vectors[d11b6e8b65c4f2a9]::fixtures_root::{closure#0}>
[INFO] [stdout]                                at /rustc/dfb0accb7f508ae8be965d8629557221c889dd98/library/std/src/sync/once_lock.rs:350:20
[INFO] [stdout]   28:     0x652ada0159fd - ethereum_vectors[d11b6e8b65c4f2a9]::fixtures_root
[INFO] [stdout]                                at /opt/rustwide/workdir/tests/ethereum_vectors.rs:22:10
[INFO] [stdout]   29:     0x652ada0159b7 - ethereum_vectors[d11b6e8b65c4f2a9]::fixtures_dir
[INFO] [stdout]                                at /opt/rustwide/workdir/tests/ethereum_vectors.rs:53:5
[INFO] [stdout]   30:     0x652ada015815 - ethereum_vectors[d11b6e8b65c4f2a9]::json_files
[INFO] [stdout]                                at /opt/rustwide/workdir/tests/ethereum_vectors.rs:57:34
[INFO] [stdout]   31:     0x652ada0178c0 - ethereum_vectors[d11b6e8b65c4f2a9]::ethereum_g1_deserialization_vectors
[INFO] [stdout]                                at /opt/rustwide/workdir/tests/ethereum_vectors.rs:293:17
[INFO] [stdout]   32:     0x652ada014de7 - ethereum_vectors[d11b6e8b65c4f2a9]::ethereum_g1_deserialization_vectors::{closure#0}
[INFO] [stdout]                                at /opt/rustwide/workdir/tests/ethereum_vectors.rs:292:41
[INFO] [stdout]   33:     0x652ada02ab66 - <ethereum_vectors[d11b6e8b65c4f2a9]::ethereum_g1_deserialization_vectors::{closure#0} as core[df12db4294e9bfd3]::ops::function::FnOnce<()>>::call_once
[INFO] [stdout]                                at /rustc/dfb0accb7f508ae8be965d8629557221c889dd98/library/core/src/ops/function.rs:250:5
[INFO] [stdout]   34:     0x652ada035e4b - <fn() -> core[df12db4294e9bfd3]::result::Result<(), alloc[2182bb758b4b3781]::string::String> as core[df12db4294e9bfd3]::ops::function::FnOnce<()>>::call_once
[INFO] [stdout]                                at /rustc/dfb0accb7f508ae8be965d8629557221c889dd98/library/core/src/ops/function.rs:250:5
[INFO] [stdout]   35:     0x652ada035e4b - test[9d35eded1c95d3be]::__rust_begin_short_backtrace::<core[df12db4294e9bfd3]::result::Result<(), alloc[2182bb758b4b3781]::string::String>, fn() -> core[df12db4294e9bfd3]::result::Result<(), alloc[2182bb758b4b3781]::string::String>>
[INFO] [stdout]                                at /rustc/dfb0accb7f508ae8be965d8629557221c889dd98/library/test/src/lib.rs:733:18
[INFO] [stdout]   36:     0x652ada0434b5 - test[9d35eded1c95d3be]::run_test_in_process::{closure#0}
[INFO] [stdout]                                at /rustc/dfb0accb7f508ae8be965d8629557221c889dd98/library/test/src/lib.rs:756:74
[INFO] [stdout]   37:     0x652ada0434b5 - <core[df12db4294e9bfd3]::panic::unwind_safe::AssertUnwindSafe<test[9d35eded1c95d3be]::run_test_in_process::{closure#0}> as core[df12db4294e9bfd3]::ops::function::FnOnce<()>>::call_once
[INFO] [stdout]                                at /rustc/dfb0accb7f508ae8be965d8629557221c889dd98/library/core/src/panic/unwind_safe.rs:275:9
[INFO] [stdout]   38:     0x652ada0434b5 - std[70759c8f55707aa4]::panicking::catch_unwind::do_call::<core[df12db4294e9bfd3]::panic::unwind_safe::AssertUnwindSafe<test[9d35eded1c95d3be]::run_test_in_process::{closure#0}>, core[df12db4294e9bfd3]::result::Result<(), alloc[2182bb758b4b3781]::string::String>>
[INFO] [stdout]                                at /rustc/dfb0accb7f508ae8be965d8629557221c889dd98/library/std/src/panicking.rs:576:43
[INFO] [stdout]   39:     0x652ada0434b5 - std[70759c8f55707aa4]::panicking::catch_unwind::<core[df12db4294e9bfd3]::result::Result<(), alloc[2182bb758b4b3781]::string::String>, core[df12db4294e9bfd3]::panic::unwind_safe::AssertUnwindSafe<test[9d35eded1c95d3be]::run_test_in_process::{closure#0}>>
[INFO] [stdout]                                at /rustc/dfb0accb7f508ae8be965d8629557221c889dd98/library/std/src/panicking.rs:544:19
[INFO] [stdout]   40:     0x652ada0434b5 - std[70759c8f55707aa4]::panic::catch_unwind::<core[df12db4294e9bfd3]::panic::unwind_safe::AssertUnwindSafe<test[9d35eded1c95d3be]::run_test_in_process::{closure#0}>, core[df12db4294e9bfd3]::result::Result<(), alloc[2182bb758b4b3781]::string::String>>
[INFO] [stdout]                                at /rustc/dfb0accb7f508ae8be965d8629557221c889dd98/library/std/src/panic.rs:359:14
[INFO] [stdout]   41:     0x652ada0434b5 - test[9d35eded1c95d3be]::run_test_in_process
[INFO] [stdout]                                at /rustc/dfb0accb7f508ae8be965d8629557221c889dd98/library/test/src/lib.rs:756:27
[INFO] [stdout]   42:     0x652ada0434b5 - test[9d35eded1c95d3be]::run_test::{closure#0}
[INFO] [stdout]                                at /rustc/dfb0accb7f508ae8be965d8629557221c889dd98/library/test/src/lib.rs:677:43
[INFO] [stdout]   43:     0x652ada03cd74 - test[9d35eded1c95d3be]::run_test::{closure#1}
[INFO] [stdout]                                at /rustc/dfb0accb7f508ae8be965d8629557221c889dd98/library/test/src/lib.rs:707:41
[INFO] [stdout]   44:     0x652ada03cd74 - std[70759c8f55707aa4]::sys::backtrace::__rust_begin_short_backtrace::<test[9d35eded1c95d3be]::run_test::{closure#1}, ()>
[INFO] [stdout]                                at /rustc/dfb0accb7f508ae8be965d8629557221c889dd98/library/std/src/sys/backtrace.rs:166:18
[INFO] [stdout]   45:     0x652ada046612 - std[70759c8f55707aa4]::thread::lifecycle::spawn_unchecked::<test[9d35eded1c95d3be]::run_test::{closure#1}, ()>::{closure#1}::{closure#0}
[INFO] [stdout]                                at /rustc/dfb0accb7f508ae8be965d8629557221c889dd98/library/std/src/thread/lifecycle.rs:70:13
[INFO] [stdout]   46:     0x652ada046612 - <core[df12db4294e9bfd3]::panic::unwind_safe::AssertUnwindSafe<std[70759c8f55707aa4]::thread::lifecycle::spawn_unchecked<test[9d35eded1c95d3be]::run_test::{closure#1}, ()>::{closure#1}::{closure#0}> as core[df12db4294e9bfd3]::ops::function::FnOnce<()>>::call_once
[INFO] [stdout]                                at /rustc/dfb0accb7f508ae8be965d8629557221c889dd98/library/core/src/panic/unwind_safe.rs:275:9
[INFO] [stdout]   47:     0x652ada046612 - std[70759c8f55707aa4]::panicking::catch_unwind::do_call::<core[df12db4294e9bfd3]::panic::unwind_safe::AssertUnwindSafe<std[70759c8f55707aa4]::thread::lifecycle::spawn_unchecked<test[9d35eded1c95d3be]::run_test::{closure#1}, ()>::{closure#1}::{closure#0}>, ()>
[INFO] [stdout]                                at /rustc/dfb0accb7f508ae8be965d8629557221c889dd98/library/std/src/panicking.rs:576:43
[INFO] [stdout]   48:     0x652ada046612 - std[70759c8f55707aa4]::panicking::catch_unwind::<(), core[df12db4294e9bfd3]::panic::unwind_safe::AssertUnwindSafe<std[70759c8f55707aa4]::thread::lifecycle::spawn_unchecked<test[9d35eded1c95d3be]::run_test::{closure#1}, ()>::{closure#1}::{closure#0}>>
[INFO] [stdout]                                at /rustc/dfb0accb7f508ae8be965d8629557221c889dd98/library/std/src/panicking.rs:544:19
[INFO] [stdout]   49:     0x652ada046612 - std[70759c8f55707aa4]::panic::catch_unwind::<core[df12db4294e9bfd3]::panic::unwind_safe::AssertUnwindSafe<std[70759c8f55707aa4]::thread::lifecycle::spawn_unchecked<test[9d35eded1c95d3be]::run_test::{closure#1}, ()>::{closure#1}::{closure#0}>, ()>
[INFO] [stdout]                                at /rustc/dfb0accb7f508ae8be965d8629557221c889dd98/library/std/src/panic.rs:359:14
[INFO] [stdout]   50:     0x652ada046612 - std[70759c8f55707aa4]::thread::lifecycle::spawn_unchecked::<test[9d35eded1c95d3be]::run_test::{closure#1}, ()>::{closure#1}
[INFO] [stdout]                                at /rustc/dfb0accb7f508ae8be965d8629557221c889dd98/library/std/src/thread/lifecycle.rs:68:26
[INFO] [stdout]   51:     0x652ada046612 - <std[70759c8f55707aa4]::thread::lifecycle::spawn_unchecked<test[9d35eded1c95d3be]::run_test::{closure#1}, ()>::{closure#1} as core[df12db4294e9bfd3]::ops::function::FnOnce<()>>::call_once::{shim:vtable#0}
[INFO] [stdout]                                at /rustc/dfb0accb7f508ae8be965d8629557221c889dd98/library/core/src/ops/function.rs:250:5
[INFO] [stdout]   52:     0x652ada0e9999 - <alloc[2182bb758b4b3781]::boxed::Box<dyn core[df12db4294e9bfd3]::ops::function::FnOnce<(), Output = ()> + core[df12db4294e9bfd3]::marker::Send> as core[df12db4294e9bfd3]::ops::function::FnOnce<()>>::call_once
[INFO] [stdout]                                at /rustc/dfb0accb7f508ae8be965d8629557221c889dd98/library/alloc/src/boxed.rs:2320:9
[INFO] [stdout]   53:     0x652ada0e9999 - <std[70759c8f55707aa4]::sys::thread::unix::Thread>::new::thread_start
[INFO] [stdout]                                at /rustc/dfb0accb7f508ae8be965d8629557221c889dd98/library/std/src/sys/thread/unix.rs:123:17
[INFO] [stdout]   54:     0x780151c21dfa - <unknown>
[INFO] [stdout]   55:     0x780151cb53d4 - clone
[INFO] [stdout]   56:                0x0 - <unknown>
[INFO] [stdout] 
[INFO] [stdout] ---- ethereum_sign_vectors stdout ----
[INFO] [stdout] 
[INFO] [stdout] thread 'ethereum_sign_vectors' (1624) panicked at tests/ethereum_vectors.rs:43:9:
[INFO] [stdout] failed to fetch Ethereum BLS test vectors into /opt/rustwide/target/test-fixtures/ethereum-bls/v0.1.2
[INFO] [stdout] stack backtrace:
[INFO] [stdout]    0:     0x652ada0ea3e1 - std[70759c8f55707aa4]::backtrace_rs::backtrace::libunwind::trace
[INFO] [stdout]                                at /rustc/dfb0accb7f508ae8be965d8629557221c889dd98/library/std/src/../../backtrace/src/backtrace/libunwind.rs:117:9
[INFO] [stdout]    1:     0x652ada0ea3e1 - std[70759c8f55707aa4]::backtrace_rs::backtrace::trace_unsynchronized::<std[70759c8f55707aa4]::sys::backtrace::_print_fmt::{closure#1}>
[INFO] [stdout]                                at /rustc/dfb0accb7f508ae8be965d8629557221c889dd98/library/std/src/../../backtrace/src/backtrace/mod.rs:66:14
[INFO] [stdout]    2:     0x652ada0ea3e1 - std[70759c8f55707aa4]::sys::backtrace::_print_fmt
[INFO] [stdout]                                at /rustc/dfb0accb7f508ae8be965d8629557221c889dd98/library/std/src/sys/backtrace.rs:74:9
[INFO] [stdout]    3:     0x652ada0ea3e1 - <<std[70759c8f55707aa4]::sys::backtrace::BacktraceLock>::print::DisplayBacktrace as core[df12db4294e9bfd3]::fmt::Display>::fmt
[INFO] [stdout]                                at /rustc/dfb0accb7f508ae8be965d8629557221c889dd98/library/std/src/sys/backtrace.rs:44:26
[INFO] [stdout]    4:     0x652ada0ff14a - <core[df12db4294e9bfd3]::fmt::rt::Argument>::fmt
[INFO] [stdout]                                at /rustc/dfb0accb7f508ae8be965d8629557221c889dd98/library/core/src/fmt/rt.rs:152:76
[INFO] [stdout]    5:     0x652ada0ff14a - core[df12db4294e9bfd3]::fmt::write
[INFO] [stdout]    6:     0x652ada0eeb6c - core[df12db4294e9bfd3]::io::write::default_write_fmt::<alloc[2182bb758b4b3781]::vec::Vec<u8>>
[INFO] [stdout]                                at /rustc/dfb0accb7f508ae8be965d8629557221c889dd98/library/core/src/io/write.rs:402:11
[INFO] [stdout]    7:     0x652ada0eeb6c - <alloc[2182bb758b4b3781]::vec::Vec<u8> as core[df12db4294e9bfd3]::io::write::Write>::write_fmt
[INFO] [stdout]                                at /rustc/dfb0accb7f508ae8be965d8629557221c889dd98/library/core/src/io/write.rs:335:13
[INFO] [stdout]    8:     0x652ada0c5a56 - <std[70759c8f55707aa4]::sys::backtrace::BacktraceLock>::print
[INFO] [stdout]                                at /rustc/dfb0accb7f508ae8be965d8629557221c889dd98/library/std/src/sys/backtrace.rs:47:9
[INFO] [stdout]    9:     0x652ada0c5a56 - std[70759c8f55707aa4]::panicking::default_hook::{closure#0}
[INFO] [stdout]                                at /rustc/dfb0accb7f508ae8be965d8629557221c889dd98/library/std/src/panicking.rs:292:27
[INFO] [stdout]   10:     0x652ada0e25f9 - std[70759c8f55707aa4]::panicking::default_hook
[INFO] [stdout]                                at /rustc/dfb0accb7f508ae8be965d8629557221c889dd98/library/std/src/panicking.rs:316:9
[INFO] [stdout]   11:     0x652ada042b60 - <alloc[2182bb758b4b3781]::boxed::Box<dyn for<'a, 'b> core[df12db4294e9bfd3]::ops::function::Fn<(&'a std[70759c8f55707aa4]::panic::PanicHookInfo<'b>,), Output = ()> + core[df12db4294e9bfd3]::marker::Send + core[df12db4294e9bfd3]::marker::Sync> as core[df12db4294e9bfd3]::ops::function::Fn<(&std[70759c8f55707aa4]::panic::PanicHookInfo,)>>::call
[INFO] [stdout]                                at /rustc/dfb0accb7f508ae8be965d8629557221c889dd98/library/alloc/src/boxed.rs:2334:9
[INFO] [stdout]   12:     0x652ada042b60 - test[9d35eded1c95d3be]::test_main_inner::<test[9d35eded1c95d3be]::test_main_static::{closure#0}>::{closure#0}
[INFO] [stdout]                                at /rustc/dfb0accb7f508ae8be965d8629557221c889dd98/library/test/src/lib.rs:155:21
[INFO] [stdout]   13:     0x652ada0e27b2 - <alloc[2182bb758b4b3781]::boxed::Box<dyn for<'a, 'b> core[df12db4294e9bfd3]::ops::function::Fn<(&'a std[70759c8f55707aa4]::panic::PanicHookInfo<'b>,), Output = ()> + core[df12db4294e9bfd3]::marker::Send + core[df12db4294e9bfd3]::marker::Sync> as core[df12db4294e9bfd3]::ops::function::Fn<(&std[70759c8f55707aa4]::panic::PanicHookInfo,)>>::call
[INFO] [stdout]                                at /rustc/dfb0accb7f508ae8be965d8629557221c889dd98/library/alloc/src/boxed.rs:2334:9
[INFO] [stdout]   14:     0x652ada0e27b2 - std[70759c8f55707aa4]::panicking::panic_with_hook
[INFO] [stdout]                                at /rustc/dfb0accb7f508ae8be965d8629557221c889dd98/library/std/src/panicking.rs:823:13
[INFO] [stdout]   15:     0x652ada0c5b02 - std[70759c8f55707aa4]::panicking::panic_handler::{closure#0}
[INFO] [stdout]                                at /rustc/dfb0accb7f508ae8be965d8629557221c889dd98/library/std/src/panicking.rs:688:13
[INFO] [stdout]   16:     0x652ada0be659 - std[70759c8f55707aa4]::sys::backtrace::__rust_end_short_backtrace::<std[70759c8f55707aa4]::panicking::panic_handler::{closure#0}, !>
[INFO] [stdout]                                at /rustc/dfb0accb7f508ae8be965d8629557221c889dd98/library/std/src/sys/backtrace.rs:182:18
[INFO] [stdout]   17:     0x652ada0c66fd - __rustc[8fa7c3cbc660c2b3]::rust_begin_unwind
[INFO] [stdout]                                at /rustc/dfb0accb7f508ae8be965d8629557221c889dd98/library/std/src/panicking.rs:679:5
[INFO] [stdout]   18:     0x652ada0ff8fc - core[df12db4294e9bfd3]::panicking::panic_fmt
[INFO] [stdout]                                at /rustc/dfb0accb7f508ae8be965d8629557221c889dd98/library/core/src/panicking.rs:80:14
[INFO] [stdout]   19:     0x652ada014ce3 - ethereum_vectors[d11b6e8b65c4f2a9]::fixtures_root::{closure#0}
[INFO] [stdout]                                at /opt/rustwide/workdir/tests/ethereum_vectors.rs:43:9
[INFO] [stdout]   20:     0x652ada020178 - <std[70759c8f55707aa4]::sync::once_lock::OnceLock<std[70759c8f55707aa4]::path::PathBuf>>::get_or_init::<ethereum_vectors[d11b6e8b65c4f2a9]::fixtures_root::{closure#0}>::{closure#0}
[INFO] [stdout]                                at /rustc/dfb0accb7f508ae8be965d8629557221c889dd98/library/std/src/sync/once_lock.rs:350:50
[INFO] [stdout]   21:     0x652ada0200a4 - <std[70759c8f55707aa4]::sync::once_lock::OnceLock<std[70759c8f55707aa4]::path::PathBuf>>::initialize::<<std[70759c8f55707aa4]::sync::once_lock::OnceLock<std[70759c8f55707aa4]::path::PathBuf>>::get_or_init<ethereum_vectors[d11b6e8b65c4f2a9]::fixtures_root::{closure#0}>::{closure#0}, !>::{closure#0}
[INFO] [stdout]                                at /rustc/dfb0accb7f508ae8be965d8629557221c889dd98/library/std/src/sync/once_lock.rs:572:19
[INFO] [stdout]   22:     0x652ada028071 - <std[70759c8f55707aa4]::sync::once::Once>::call_once_force::<<std[70759c8f55707aa4]::sync::once_lock::OnceLock<std[70759c8f55707aa4]::path::PathBuf>>::initialize<<std[70759c8f55707aa4]::sync::once_lock::OnceLock<std[70759c8f55707aa4]::path::PathBuf>>::get_or_init<ethereum_vectors[d11b6e8b65c4f2a9]::fixtures_root::{closure#0}>::{closure#0}, !>::{closure#0}>::{closure#0}
[INFO] [stdout]                                at /rustc/dfb0accb7f508ae8be965d8629557221c889dd98/library/std/src/sync/once.rs:226:40
[INFO] [stdout]   23:     0x652ada0cb609 - <std[70759c8f55707aa4]::sys::sync::once::futex::Once>::call
[INFO] [stdout]                                at /rustc/dfb0accb7f508ae8be965d8629557221c889dd98/library/std/src/sys/sync/once/futex.rs:183:21
[INFO] [stdout]   24:     0x652ada023e5a - <std[70759c8f55707aa4]::sync::once::Once>::call_once_force::<<std[70759c8f55707aa4]::sync::once_lock::OnceLock<std[70759c8f55707aa4]::path::PathBuf>>::initialize<<std[70759c8f55707aa4]::sync::once_lock::OnceLock<std[70759c8f55707aa4]::path::PathBuf>>::get_or_init<ethereum_vectors[d11b6e8b65c4f2a9]::fixtures_root::{closure#0}>::{closure#0}, !>::{closure#0}>
[INFO] [stdout]                                at /rustc/dfb0accb7f508ae8be965d8629557221c889dd98/library/std/src/sync/once.rs:226:20
[INFO] [stdout]   25:     0x652ada01c87c - <std[70759c8f55707aa4]::sync::once_lock::OnceLock<std[70759c8f55707aa4]::path::PathBuf>>::initialize::<<std[70759c8f55707aa4]::sync::once_lock::OnceLock<std[70759c8f55707aa4]::path::PathBuf>>::get_or_init<ethereum_vectors[d11b6e8b65c4f2a9]::fixtures_root::{closure#0}>::{closure#0}, !>
[INFO] [stdout]                                at /rustc/dfb0accb7f508ae8be965d8629557221c889dd98/library/std/src/sync/once_lock.rs:571:19
[INFO] [stdout]   26:     0x652ada01c8fd - <std[70759c8f55707aa4]::sync::once_lock::OnceLock<std[70759c8f55707aa4]::path::PathBuf>>::get_or_try_init::<<std[70759c8f55707aa4]::sync::once_lock::OnceLock<std[70759c8f55707aa4]::path::PathBuf>>::get_or_init<ethereum_vectors[d11b6e8b65c4f2a9]::fixtures_root::{closure#0}>::{closure#0}, !>
[INFO] [stdout]                                at /rustc/dfb0accb7f508ae8be965d8629557221c889dd98/library/std/src/sync/once_lock.rs:439:14
[INFO] [stdout]   27:     0x652ada01c89d - <std[70759c8f55707aa4]::sync::once_lock::OnceLock<std[70759c8f55707aa4]::path::PathBuf>>::get_or_init::<ethereum_vectors[d11b6e8b65c4f2a9]::fixtures_root::{closure#0}>
[INFO] [stdout]                                at /rustc/dfb0accb7f508ae8be965d8629557221c889dd98/library/std/src/sync/once_lock.rs:350:20
[INFO] [stdout]   28:     0x652ada0159fd - ethereum_vectors[d11b6e8b65c4f2a9]::fixtures_root
[INFO] [stdout]                                at /opt/rustwide/workdir/tests/ethereum_vectors.rs:22:10
[INFO] [stdout]   29:     0x652ada0159b7 - ethereum_vectors[d11b6e8b65c4f2a9]::fixtures_dir
[INFO] [stdout]                                at /opt/rustwide/workdir/tests/ethereum_vectors.rs:53:5
[INFO] [stdout]   30:     0x652ada015815 - ethereum_vectors[d11b6e8b65c4f2a9]::json_files
[INFO] [stdout]                                at /opt/rustwide/workdir/tests/ethereum_vectors.rs:57:34
[INFO] [stdout]   31:     0x652ada015d60 - ethereum_vectors[d11b6e8b65c4f2a9]::ethereum_sign_vectors
[INFO] [stdout]                                at /opt/rustwide/workdir/tests/ethereum_vectors.rs:81:17
[INFO] [stdout]   32:     0x652ada014d27 - ethereum_vectors[d11b6e8b65c4f2a9]::ethereum_sign_vectors::{closure#0}
[INFO] [stdout]                                at /opt/rustwide/workdir/tests/ethereum_vectors.rs:80:27
[INFO] [stdout]   33:     0x652ada02aae6 - <ethereum_vectors[d11b6e8b65c4f2a9]::ethereum_sign_vectors::{closure#0} as core[df12db4294e9bfd3]::ops::function::FnOnce<()>>::call_once
[INFO] [stdout]                                at /rustc/dfb0accb7f508ae8be965d8629557221c889dd98/library/core/src/ops/function.rs:250:5
[INFO] [stdout]   34:     0x652ada035e4b - <fn() -> core[df12db4294e9bfd3]::result::Result<(), alloc[2182bb758b4b3781]::string::String> as core[df12db4294e9bfd3]::ops::function::FnOnce<()>>::call_once
[INFO] [stdout]                                at /rustc/dfb0accb7f508ae8be965d8629557221c889dd98/library/core/src/ops/function.rs:250:5
[INFO] [stdout]   35:     0x652ada035e4b - test[9d35eded1c95d3be]::__rust_begin_short_backtrace::<core[df12db4294e9bfd3]::result::Result<(), alloc[2182bb758b4b3781]::string::String>, fn() -> core[df12db4294e9bfd3]::result::Result<(), alloc[2182bb758b4b3781]::string::String>>
[INFO] [stdout]                                at /rustc/dfb0accb7f508ae8be965d8629557221c889dd98/library/test/src/lib.rs:733:18
[INFO] [stdout]   36:     0x652ada0434b5 - test[9d35eded1c95d3be]::run_test_in_process::{closure#0}
[INFO] [stdout]                                at /rustc/dfb0accb7f508ae8be965d8629557221c889dd98/library/test/src/lib.rs:756:74
[INFO] [stdout]   37:     0x652ada0434b5 - <core[df12db4294e9bfd3]::panic::unwind_safe::AssertUnwindSafe<test[9d35eded1c95d3be]::run_test_in_process::{closure#0}> as core[df12db4294e9bfd3]::ops::function::FnOnce<()>>::call_once
[INFO] [stdout]                                at /rustc/dfb0accb7f508ae8be965d8629557221c889dd98/library/core/src/panic/unwind_safe.rs:275:9
[INFO] [stdout]   38:     0x652ada0434b5 - std[70759c8f55707aa4]::panicking::catch_unwind::do_call::<core[df12db4294e9bfd3]::panic::unwind_safe::AssertUnwindSafe<test[9d35eded1c95d3be]::run_test_in_process::{closure#0}>, core[df12db4294e9bfd3]::result::Result<(), alloc[2182bb758b4b3781]::string::String>>
[INFO] [stdout]                                at /rustc/dfb0accb7f508ae8be965d8629557221c889dd98/library/std/src/panicking.rs:576:43
[INFO] [stdout]   39:     0x652ada0434b5 - std[70759c8f55707aa4]::panicking::catch_unwind::<core[df12db4294e9bfd3]::result::Result<(), alloc[2182bb758b4b3781]::string::String>, core[df12db4294e9bfd3]::panic::unwind_safe::AssertUnwindSafe<test[9d35eded1c95d3be]::run_test_in_process::{closure#0}>>
[INFO] [stdout]                                at /rustc/dfb0accb7f508ae8be965d8629557221c889dd98/library/std/src/panicking.rs:544:19
[INFO] [stdout]   40:     0x652ada0434b5 - std[70759c8f55707aa4]::panic::catch_unwind::<core[df12db4294e9bfd3]::panic::unwind_safe::AssertUnwindSafe<test[9d35eded1c95d3be]::run_test_in_process::{closure#0}>, core[df12db4294e9bfd3]::result::Result<(), alloc[2182bb758b4b3781]::string::String>>
[INFO] [stdout]                                at /rustc/dfb0accb7f508ae8be965d8629557221c889dd98/library/std/src/panic.rs:359:14
[INFO] [stdout]   41:     0x652ada0434b5 - test[9d35eded1c95d3be]::run_test_in_process
[INFO] [stdout]                                at /rustc/dfb0accb7f508ae8be965d8629557221c889dd98/library/test/src/lib.rs:756:27
[INFO] [stdout]   42:     0x652ada0434b5 - test[9d35eded1c95d3be]::run_test::{closure#0}
[INFO] [stdout]                                at /rustc/dfb0accb7f508ae8be965d8629557221c889dd98/library/test/src/lib.rs:677:43
[INFO] [stdout]   43:     0x652ada03cd74 - test[9d35eded1c95d3be]::run_test::{closure#1}
[INFO] [stdout]                                at /rustc/dfb0accb7f508ae8be965d8629557221c889dd98/library/test/src/lib.rs:707:41
[INFO] [stdout]   44:     0x652ada03cd74 - std[70759c8f55707aa4]::sys::backtrace::__rust_begin_short_backtrace::<test[9d35eded1c95d3be]::run_test::{closure#1}, ()>
[INFO] [stdout]                                at /rustc/dfb0accb7f508ae8be965d8629557221c889dd98/library/std/src/sys/backtrace.rs:166:18
[INFO] [stdout]   45:     0x652ada046612 - std[70759c8f55707aa4]::thread::lifecycle::spawn_unchecked::<test[9d35eded1c95d3be]::run_test::{closure#1}, ()>::{closure#1}::{closure#0}
[INFO] [stdout]                                at /rustc/dfb0accb7f508ae8be965d8629557221c889dd98/library/std/src/thread/lifecycle.rs:70:13
[INFO] [stdout]   46:     0x652ada046612 - <core[df12db4294e9bfd3]::panic::unwind_safe::AssertUnwindSafe<std[70759c8f55707aa4]::thread::lifecycle::spawn_unchecked<test[9d35eded1c95d3be]::run_test::{closure#1}, ()>::{closure#1}::{closure#0}> as core[df12db4294e9bfd3]::ops::function::FnOnce<()>>::call_once
[INFO] [stdout]                                at /rustc/dfb0accb7f508ae8be965d8629557221c889dd98/library/core/src/panic/unwind_safe.rs:275:9
[INFO] [stdout]   47:     0x652ada046612 - std[70759c8f55707aa4]::panicking::catch_unwind::do_call::<core[df12db4294e9bfd3]::panic::unwind_safe::AssertUnwindSafe<std[70759c8f55707aa4]::thread::lifecycle::spawn_unchecked<test[9d35eded1c95d3be]::run_test::{closure#1}, ()>::{closure#1}::{closure#0}>, ()>
[INFO] [stdout]                                at /rustc/dfb0accb7f508ae8be965d8629557221c889dd98/library/std/src/panicking.rs:576:43
[INFO] [stdout]   48:     0x652ada046612 - std[70759c8f55707aa4]::panicking::catch_unwind::<(), core[df12db4294e9bfd3]::panic::unwind_safe::AssertUnwindSafe<std[70759c8f55707aa4]::thread::lifecycle::spawn_unchecked<test[9d35eded1c95d3be]::run_test::{closure#1}, ()>::{closure#1}::{closure#0}>>
[INFO] [stdout]                                at /rustc/dfb0accb7f508ae8be965d8629557221c889dd98/library/std/src/panicking.rs:544:19
[INFO] [stdout]   49:     0x652ada046612 - std[70759c8f55707aa4]::panic::catch_unwind::<core[df12db4294e9bfd3]::panic::unwind_safe::AssertUnwindSafe<std[70759c8f55707aa4]::thread::lifecycle::spawn_unchecked<test[9d35eded1c95d3be]::run_test::{closure#1}, ()>::{closure#1}::{closure#0}>, ()>
[INFO] [stdout]                                at /rustc/dfb0accb7f508ae8be965d8629557221c889dd98/library/std/src/panic.rs:359:14
[INFO] [stdout]   50:     0x652ada046612 - std[70759c8f55707aa4]::thread::lifecycle::spawn_unchecked::<test[9d35eded1c95d3be]::run_test::{closure#1}, ()>::{closure#1}
[INFO] [stdout]                                at /rustc/dfb0accb7f508ae8be965d8629557221c889dd98/library/std/src/thread/lifecycle.rs:68:26
[INFO] [stdout]   51:     0x652ada046612 - <std[70759c8f55707aa4]::thread::lifecycle::spawn_unchecked<test[9d35eded1c95d3be]::run_test::{closure#1}, ()>::{closure#1} as core[df12db4294e9bfd3]::ops::function::FnOnce<()>>::call_once::{shim:vtable#0}
[INFO] [stdout]                                at /rustc/dfb0accb7f508ae8be965d8629557221c889dd98/library/core/src/ops/function.rs:250:5
[INFO] [stdout]   52:     0x652ada0e9999 - <alloc[2182bb758b4b3781]::boxed::Box<dyn core[df12db4294e9bfd3]::ops::function::FnOnce<(), Output = ()> + core[df12db4294e9bfd3]::marker::Send> as core[df12db4294e9bfd3]::ops::function::FnOnce<()>>::call_once
[INFO] [stdout]                                at /rustc/dfb0accb7f508ae8be965d8629557221c889dd98/library/alloc/src/boxed.rs:2320:9
[INFO] [stdout]   53:     0x652ada0e9999 - <std[70759c8f55707aa4]::sys::thread::unix::Thread>::new::thread_start
[INFO] [stdout]                                at /rustc/dfb0accb7f508ae8be965d8629557221c889dd98/library/std/src/sys/thread/unix.rs:123:17
[INFO] [stdout]   54:     0x780151c21dfa - <unknown>
[INFO] [stdout]   55:     0x780151cb53d4 - clone
[INFO] [stdout]   56:                0x0 - <unknown>
[INFO] [stdout] 
[INFO] [stdout] ---- ethereum_aggregate_screening_compatibility_vectors stdout ----
[INFO] [stdout] 
[INFO] [stdout] thread 'ethereum_aggregate_screening_compatibility_vectors' (1618) panicked at tests/ethereum_vectors.rs:43:9:
[INFO] [stdout] failed to fetch Ethereum BLS test vectors into /opt/rustwide/target/test-fixtures/ethereum-bls/v0.1.2
[INFO] [stdout] stack backtrace:
[INFO] [stdout]    0:     0x652ada0ea3e1 - std[70759c8f55707aa4]::backtrace_rs::backtrace::libunwind::trace
[INFO] [stdout]                                at /rustc/dfb0accb7f508ae8be965d8629557221c889dd98/library/std/src/../../backtrace/src/backtrace/libunwind.rs:117:9
[INFO] [stdout]    1:     0x652ada0ea3e1 - std[70759c8f55707aa4]::backtrace_rs::backtrace::trace_unsynchronized::<std[70759c8f55707aa4]::sys::backtrace::_print_fmt::{closure#1}>
[INFO] [stdout]                                at /rustc/dfb0accb7f508ae8be965d8629557221c889dd98/library/std/src/../../backtrace/src/backtrace/mod.rs:66:14
[INFO] [stdout]    2:     0x652ada0ea3e1 - std[70759c8f55707aa4]::sys::backtrace::_print_fmt
[INFO] [stdout]                                at /rustc/dfb0accb7f508ae8be965d8629557221c889dd98/library/std/src/sys/backtrace.rs:74:9
[INFO] [stdout]    3:     0x652ada0ea3e1 - <<std[70759c8f55707aa4]::sys::backtrace::BacktraceLock>::print::DisplayBacktrace as core[df12db4294e9bfd3]::fmt::Display>::fmt
[INFO] [stdout]                                at /rustc/dfb0accb7f508ae8be965d8629557221c889dd98/library/std/src/sys/backtrace.rs:44:26
[INFO] [stdout]    4:     0x652ada0ff14a - <core[df12db4294e9bfd3]::fmt::rt::Argument>::fmt
[INFO] [stdout]                                at /rustc/dfb0accb7f508ae8be965d8629557221c889dd98/library/core/src/fmt/rt.rs:152:76
[INFO] [stdout]    5:     0x652ada0ff14a - core[df12db4294e9bfd3]::fmt::write
[INFO] [stdout]    6:     0x652ada0eeb6c - core[df12db4294e9bfd3]::io::write::default_write_fmt::<alloc[2182bb758b4b3781]::vec::Vec<u8>>
[INFO] [stdout]                                at /rustc/dfb0accb7f508ae8be965d8629557221c889dd98/library/core/src/io/write.rs:402:11
[INFO] [stdout]    7:     0x652ada0eeb6c - <alloc[2182bb758b4b3781]::vec::Vec<u8> as core[df12db4294e9bfd3]::io::write::Write>::write_fmt
[INFO] [stdout]                                at /rustc/dfb0accb7f508ae8be965d8629557221c889dd98/library/core/src/io/write.rs:335:13
[INFO] [stdout]    8:     0x652ada0c5a56 - <std[70759c8f55707aa4]::sys::backtrace::BacktraceLock>::print
[INFO] [stdout]                                at /rustc/dfb0accb7f508ae8be965d8629557221c889dd98/library/std/src/sys/backtrace.rs:47:9
[INFO] [stdout]    9:     0x652ada0c5a56 - std[70759c8f55707aa4]::panicking::default_hook::{closure#0}
[INFO] [stdout]                                at /rustc/dfb0accb7f508ae8be965d8629557221c889dd98/library/std/src/panicking.rs:292:27
[INFO] [stdout]   10:     0x652ada0e25f9 - std[70759c8f55707aa4]::panicking::default_hook
[INFO] [stdout]                                at /rustc/dfb0accb7f508ae8be965d8629557221c889dd98/library/std/src/panicking.rs:316:9
[INFO] [stdout]   11:     0x652ada042b60 - <alloc[2182bb758b4b3781]::boxed::Box<dyn for<'a, 'b> core[df12db4294e9bfd3]::ops::function::Fn<(&'a std[70759c8f55707aa4]::panic::PanicHookInfo<'b>,), Output = ()> + core[df12db4294e9bfd3]::marker::Send + core[df12db4294e9bfd3]::marker::Sync> as core[df12db4294e9bfd3]::ops::function::Fn<(&std[70759c8f55707aa4]::panic::PanicHookInfo,)>>::call
[INFO] [stdout]                                at /rustc/dfb0accb7f508ae8be965d8629557221c889dd98/library/alloc/src/boxed.rs:2334:9
[INFO] [stdout]   12:     0x652ada042b60 - test[9d35eded1c95d3be]::test_main_inner::<test[9d35eded1c95d3be]::test_main_static::{closure#0}>::{closure#0}
[INFO] [stdout]                                at /rustc/dfb0accb7f508ae8be965d8629557221c889dd98/library/test/src/lib.rs:155:21
[INFO] [stdout]   13:     0x652ada0e27b2 - <alloc[2182bb758b4b3781]::boxed::Box<dyn for<'a, 'b> core[df12db4294e9bfd3]::ops::function::Fn<(&'a std[70759c8f55707aa4]::panic::PanicHookInfo<'b>,), Output = ()> + core[df12db4294e9bfd3]::marker::Send + core[df12db4294e9bfd3]::marker::Sync> as core[df12db4294e9bfd3]::ops::function::Fn<(&std[70759c8f55707aa4]::panic::PanicHookInfo,)>>::call
[INFO] [stdout]                                at /rustc/dfb0accb7f508ae8be965d8629557221c889dd98/library/alloc/src/boxed.rs:2334:9
[INFO] [stdout]   14:     0x652ada0e27b2 - std[70759c8f55707aa4]::panicking::panic_with_hook
[INFO] [stdout]                                at /rustc/dfb0accb7f508ae8be965d8629557221c889dd98/library/std/src/panicking.rs:823:13
[INFO] [stdout]   15:     0x652ada0c5b02 - std[70759c8f55707aa4]::panicking::panic_handler::{closure#0}
[INFO] [stdout]                                at /rustc/dfb0accb7f508ae8be965d8629557221c889dd98/library/std/src/panicking.rs:688:13
[INFO] [stdout]   16:     0x652ada0be659 - std[70759c8f55707aa4]::sys::backtrace::__rust_end_short_backtrace::<std[70759c8f55707aa4]::panicking::panic_handler::{closure#0}, !>
[INFO] [stdout]                                at /rustc/dfb0accb7f508ae8be965d8629557221c889dd98/library/std/src/sys/backtrace.rs:182:18
[INFO] [stdout]   17:     0x652ada0c66fd - __rustc[8fa7c3cbc660c2b3]::rust_begin_unwind
[INFO] [stdout]                                at /rustc/dfb0accb7f508ae8be965d8629557221c889dd98/library/std/src/panicking.rs:679:5
[INFO] [stdout]   18:     0x652ada0ff8fc - core[df12db4294e9bfd3]::panicking::panic_fmt
[INFO] [stdout]                                at /rustc/dfb0accb7f508ae8be965d8629557221c889dd98/library/core/src/panicking.rs:80:14
[INFO] [stdout]   19:     0x652ada014ce3 - ethereum_vectors[d11b6e8b65c4f2a9]::fixtures_root::{closure#0}
[INFO] [stdout]                                at /opt/rustwide/workdir/tests/ethereum_vectors.rs:43:9
[INFO] [stdout]   20:     0x652ada020178 - <std[70759c8f55707aa4]::sync::once_lock::OnceLock<std[70759c8f55707aa4]::path::PathBuf>>::get_or_init::<ethereum_vectors[d11b6e8b65c4f2a9]::fixtures_root::{closure#0}>::{closure#0}
[INFO] [stdout]                                at /rustc/dfb0accb7f508ae8be965d8629557221c889dd98/library/std/src/sync/once_lock.rs:350:50
[INFO] [stdout]   21:     0x652ada0200a4 - <std[70759c8f55707aa4]::sync::once_lock::OnceLock<std[70759c8f55707aa4]::path::PathBuf>>::initialize::<<std[70759c8f55707aa4]::sync::once_lock::OnceLock<std[70759c8f55707aa4]::path::PathBuf>>::get_or_init<ethereum_vectors[d11b6e8b65c4f2a9]::fixtures_root::{closure#0}>::{closure#0}, !>::{closure#0}
[INFO] [stdout]                                at /rustc/dfb0accb7f508ae8be965d8629557221c889dd98/library/std/src/sync/once_lock.rs:572:19
[INFO] [stdout]   22:     0x652ada028071 - <std[70759c8f55707aa4]::sync::once::Once>::call_once_force::<<std[70759c8f55707aa4]::sync::once_lock::OnceLock<std[70759c8f55707aa4]::path::PathBuf>>::initialize<<std[70759c8f55707aa4]::sync::once_lock::OnceLock<std[70759c8f55707aa4]::path::PathBuf>>::get_or_init<ethereum_vectors[d11b6e8b65c4f2a9]::fixtures_root::{closure#0}>::{closure#0}, !>::{closure#0}>::{closure#0}
[INFO] [stdout]                                at /rustc/dfb0accb7f508ae8be965d8629557221c889dd98/library/std/src/sync/once.rs:226:40
[INFO] [stdout]   23:     0x652ada0cb609 - <std[70759c8f55707aa4]::sys::sync::once::futex::Once>::call
[INFO] [stdout]                                at /rustc/dfb0accb7f508ae8be965d8629557221c889dd98/library/std/src/sys/sync/once/futex.rs:183:21
[INFO] [stdout]   24:     0x652ada023e5a - <std[70759c8f55707aa4]::sync::once::Once>::call_once_force::<<std[70759c8f55707aa4]::sync::once_lock::OnceLock<std[70759c8f55707aa4]::path::PathBuf>>::initialize<<std[70759c8f55707aa4]::sync::once_lock::OnceLock<std[70759c8f55707aa4]::path::PathBuf>>::get_or_init<ethereum_vectors[d11b6e8b65c4f2a9]::fixtures_root::{closure#0}>::{closure#0}, !>::{closure#0}>
[INFO] [stdout]                                at /rustc/dfb0accb7f508ae8be965d8629557221c889dd98/library/std/src/sync/once.rs:226:20
[INFO] [stdout]   25:     0x652ada01c87c - <std[70759c8f55707aa4]::sync::once_lock::OnceLock<std[70759c8f55707aa4]::path::PathBuf>>::initialize::<<std[70759c8f55707aa4]::sync::once_lock::OnceLock<std[70759c8f55707aa4]::path::PathBuf>>::get_or_init<ethereum_vectors[d11b6e8b65c4f2a9]::fixtures_root::{closure#0}>::{closure#0}, !>
[INFO] [stdout]                                at /rustc/dfb0accb7f508ae8be965d8629557221c889dd98/library/std/src/sync/once_lock.rs:571:19
[INFO] [stdout]   26:     0x652ada01c8fd - <std[70759c8f55707aa4]::sync::once_lock::OnceLock<std[70759c8f55707aa4]::path::PathBuf>>::get_or_try_init::<<std[70759c8f55707aa4]::sync::once_lock::OnceLock<std[70759c8f55707aa4]::path::PathBuf>>::get_or_init<ethereum_vectors[d11b6e8b65c4f2a9]::fixtures_root::{closure#0}>::{closure#0}, !>
[INFO] [stdout]                                at /rustc/dfb0accb7f508ae8be965d8629557221c889dd98/library/std/src/sync/once_lock.rs:439:14
[INFO] [stdout]   27:     0x652ada01c89d - <std[70759c8f55707aa4]::sync::once_lock::OnceLock<std[70759c8f55707aa4]::path::PathBuf>>::get_or_init::<ethereum_vectors[d11b6e8b65c4f2a9]::fixtures_root::{closure#0}>
[INFO] [stdout]                                at /rustc/dfb0accb7f508ae8be965d8629557221c889dd98/library/std/src/sync/once_lock.rs:350:20
[INFO] [stdout]   28:     0x652ada0159fd - ethereum_vectors[d11b6e8b65c4f2a9]::fixtures_root
[INFO] [stdout]                                at /opt/rustwide/workdir/tests/ethereum_vectors.rs:22:10
[INFO] [stdout]   29:     0x652ada0159b7 - ethereum_vectors[d11b6e8b65c4f2a9]::fixtures_dir
[INFO] [stdout]                                at /opt/rustwide/workdir/tests/ethereum_vectors.rs:53:5
[INFO] [stdout]   30:     0x652ada015815 - ethereum_vectors[d11b6e8b65c4f2a9]::json_files
[INFO] [stdout]                                at /opt/rustwide/workdir/tests/ethereum_vectors.rs:57:34
[INFO] [stdout]   31:     0x652ada018ae0 - ethereum_vectors[d11b6e8b65c4f2a9]::ethereum_aggregate_screening_compatibility_vectors
[INFO] [stdout]                                at /opt/rustwide/workdir/tests/ethereum_vectors.rs:243:17
[INFO] [stdout]   32:     0x652ada014e77 - ethereum_vectors[d11b6e8b65c4f2a9]::ethereum_aggregate_screening_compatibility_vectors::{closure#0}
[INFO] [stdout]                                at /opt/rustwide/workdir/tests/ethereum_vectors.rs:238:56
[INFO] [stdout]   33:     0x652ada02abc6 - <ethereum_vectors[d11b6e8b65c4f2a9]::ethereum_aggregate_screening_compatibility_vectors::{closure#0} as core[df12db4294e9bfd3]::ops::function::FnOnce<()>>::call_once
[INFO] [stdout]                                at /rustc/dfb0accb7f508ae8be965d8629557221c889dd98/library/core/src/ops/function.rs:250:5
[INFO] [stdout]   34:     0x652ada035e4b - <fn() -> core[df12db4294e9bfd3]::result::Result<(), alloc[2182bb758b4b3781]::string::String> as core[df12db4294e9bfd3]::ops::function::FnOnce<()>>::call_once
[INFO] [stdout]                                at /rustc/dfb0accb7f508ae8be965d8629557221c889dd98/library/core/src/ops/function.rs:250:5
[INFO] [stdout]   35:     0x652ada035e4b - test[9d35eded1c95d3be]::__rust_begin_short_backtrace::<core[df12db4294e9bfd3]::result::Result<(), alloc[2182bb758b4b3781]::string::String>, fn() -> core[df12db4294e9bfd3]::result::Result<(), alloc[2182bb758b4b3781]::string::String>>
[INFO] [stdout]                                at /rustc/dfb0accb7f508ae8be965d8629557221c889dd98/library/test/src/lib.rs:733:18
[INFO] [stdout]   36:     0x652ada0434b5 - test[9d35eded1c95d3be]::run_test_in_process::{closure#0}
[INFO] [stdout]                                at /rustc/dfb0accb7f508ae8be965d8629557221c889dd98/library/test/src/lib.rs:756:74
[INFO] [stdout]   37:     0x652ada0434b5 - <core[df12db4294e9bfd3]::panic::unwind_safe::AssertUnwindSafe<test[9d35eded1c95d3be]::run_test_in_process::{closure#0}> as core[df12db4294e9bfd3]::ops::function::FnOnce<()>>::call_once
[INFO] [stdout]                                at /rustc/dfb0accb7f508ae8be965d8629557221c889dd98/library/core/src/panic/unwind_safe.rs:275:9
[INFO] [stdout]   38:     0x652ada0434b5 - std[70759c8f55707aa4]::panicking::catch_unwind::do_call::<core[df12db4294e9bfd3]::panic::unwind_safe::AssertUnwindSafe<test[9d35eded1c95d3be]::run_test_in_process::{closure#0}>, core[df12db4294e9bfd3]::result::Result<(), alloc[2182bb758b4b3781]::string::String>>
[INFO] [stdout]                                at /rustc/dfb0accb7f508ae8be965d8629557221c889dd98/library/std/src/panicking.rs:576:43
[INFO] [stdout]   39:     0x652ada0434b5 - std[70759c8f55707aa4]::panicking::catch_unwind::<core[df12db4294e9bfd3]::result::Result<(), alloc[2182bb758b4b3781]::string::String>, core[df12db4294e9bfd3]::panic::unwind_safe::AssertUnwindSafe<test[9d35eded1c95d3be]::run_test_in_process::{closure#0}>>
[INFO] [stdout]                                at /rustc/dfb0accb7f508ae8be965d8629557221c889dd98/library/std/src/panicking.rs:544:19
[INFO] [stdout]   40:     0x652ada0434b5 - std[70759c8f55707aa4]::panic::catch_unwind::<core[df12db4294e9bfd3]::panic::unwind_safe::AssertUnwindSafe<test[9d35eded1c95d3be]::run_test_in_process::{closure#0}>, core[df12db4294e9bfd3]::result::Result<(), alloc[2182bb758b4b3781]::string::String>>
[INFO] [stdout]                                at /rustc/dfb0accb7f508ae8be965d8629557221c889dd98/library/std/src/panic.rs:359:14
[INFO] [stdout]   41:     0x652ada0434b5 - test[9d35eded1c95d3be]::run_test_in_process
[INFO] [stdout]                                at /rustc/dfb0accb7f508ae8be965d8629557221c889dd98/library/test/src/lib.rs:756:27
[INFO] [stdout]   42:     0x652ada0434b5 - test[9d35eded1c95d3be]::run_test::{closure#0}
[INFO] [stdout]                                at /rustc/dfb0accb7f508ae8be965d8629557221c889dd98/library/test/src/lib.rs:677:43
[INFO] [stdout]   43:     0x652ada03cd74 - test[9d35eded1c95d3be]::run_test::{closure#1}
[INFO] [stdout]                                at /rustc/dfb0accb7f508ae8be965d8629557221c889dd98/library/test/src/lib.rs:707:41
[INFO] [stdout]   44:     0x652ada03cd74 - std[70759c8f55707aa4]::sys::backtrace::__rust_begin_short_backtrace::<test[9d35eded1c95d3be]::run_test::{closure#1}, ()>
[INFO] [stdout]                                at /rustc/dfb0accb7f508ae8be965d8629557221c889dd98/library/std/src/sys/backtrace.rs:166:18
[INFO] [stdout]   45:     0x652ada046612 - std[70759c8f55707aa4]::thread::lifecycle::spawn_unchecked::<test[9d35eded1c95d3be]::run_test::{closure#1}, ()>::{closure#1}::{closure#0}
[INFO] [stdout]                                at /rustc/dfb0accb7f508ae8be965d8629557221c889dd98/library/std/src/thread/lifecycle.rs:70:13
[INFO] [stdout]   46:     0x652ada046612 - <core[df12db4294e9bfd3]::panic::unwind_safe::AssertUnwindSafe<std[70759c8f55707aa4]::thread::lifecycle::spawn_unchecked<test[9d35eded1c95d3be]::run_test::{closure#1}, ()>::{closure#1}::{closure#0}> as core[df12db4294e9bfd3]::ops::function::FnOnce<()>>::call_once
[INFO] [stdout]                                at /rustc/dfb0accb7f508ae8be965d8629557221c889dd98/library/core/src/panic/unwind_safe.rs:275:9
[INFO] [stdout]   47:     0x652ada046612 - std[70759c8f55707aa4]::panicking::catch_unwind::do_call::<core[df12db4294e9bfd3]::panic::unwind_safe::AssertUnwindSafe<std[70759c8f55707aa4]::thread::lifecycle::spawn_unchecked<test[9d35eded1c95d3be]::run_test::{closure#1}, ()>::{closure#1}::{closure#0}>, ()>
[INFO] [stdout]                                at /rustc/dfb0accb7f508ae8be965d8629557221c889dd98/library/std/src/panicking.rs:576:43
[INFO] [stdout]   48:     0x652ada046612 - std[70759c8f55707aa4]::panicking::catch_unwind::<(), core[df12db4294e9bfd3]::panic::unwind_safe::AssertUnwindSafe<std[70759c8f55707aa4]::thread::lifecycle::spawn_unchecked<test[9d35eded1c95d3be]::run_test::{closure#1}, ()>::{closure#1}::{closure#0}>>
[INFO] [stdout]                                at /rustc/dfb0accb7f508ae8be965d8629557221c889dd98/library/std/src/panicking.rs:544:19
[INFO] [stdout]   49:     0x652ada046612 - std[70759c8f55707aa4]::panic::catch_unwind::<core[df12db4294e9bfd3]::panic::unwind_safe::AssertUnwindSafe<std[70759c8f55707aa4]::thread::lifecycle::spawn_unchecked<test[9d35eded1c95d3be]::run_test::{closure#1}, ()>::{closure#1}::{closure#0}>, ()>
[INFO] [stdout]                                at /rustc/dfb0accb7f508ae8be965d8629557221c889dd98/library/std/src/panic.rs:359:14
[INFO] [stdout]   50:     0x652ada046612 - std[70759c8f55707aa4]::thread::lifecycle::spawn_unchecked::<test[9d35eded1c95d3be]::run_test::{closure#1}, ()>::{closure#1}
[INFO] [stdout]                                at /rustc/dfb0accb7f508ae8be965d8629557221c889dd98/library/std/src/thread/lifecycle.rs:68:26
[INFO] [stdout]   51:     0x652ada046612 - <std[70759c8f55707aa4]::thread::lifecycle::spawn_unchecked<test[9d35eded1c95d3be]::run_test::{closure#1}, ()>::{closure#1} as core[df12db4294e9bfd3]::ops::function::FnOnce<()>>::call_once::{shim:vtable#0}
[INFO] [stdout]                                at /rustc/dfb0accb7f508ae8be965d8629557221c889dd98/library/core/src/ops/function.rs:250:5
[INFO] [stdout]   52:     0x652ada0e9999 - <alloc[2182bb758b4b3781]::boxed::Box<dyn core[df12db4294e9bfd3]::ops::function::FnOnce<(), Output = ()> + core[df12db4294e9bfd3]::marker::Send> as core[df12db4294e9bfd3]::ops::function::FnOnce<()>>::call_once
[INFO] [stdout]                                at /rustc/dfb0accb7f508ae8be965d8629557221c889dd98/library/alloc/src/boxed.rs:2320:9
[INFO] [stdout]   53:     0x652ada0e9999 - <std[70759c8f55707aa4]::sys::thread::unix::Thread>::new::thread_start
[INFO] [stdout]                                at /rustc/dfb0accb7f508ae8be965d8629557221c889dd98/library/std/src/sys/thread/unix.rs:123:17
[INFO] [stdout]   54:     0x780151c21dfa - <unknown>
[INFO] [stdout]   55:     0x780151cb53d4 - clone
[INFO] [stdout]   56:                0x0 - <unknown>
[INFO] [stdout] 
[INFO] [stdout] ---- ethereum_fast_aggregate_verify_vectors stdout ----
[INFO] [stdout] 
[INFO] [stdout] thread 'ethereum_fast_aggregate_verify_vectors' (1621) panicked at tests/ethereum_vectors.rs:43:9:
[INFO] [stdout] failed to fetch Ethereum BLS test vectors into /opt/rustwide/target/test-fixtures/ethereum-bls/v0.1.2
[INFO] [stdout] stack backtrace:
[INFO] [stdout]    0:     0x652ada0ea3e1 - std[70759c8f55707aa4]::backtrace_rs::backtrace::libunwind::trace
[INFO] [stdout]                                at /rustc/dfb0accb7f508ae8be965d8629557221c889dd98/library/std/src/../../backtrace/src/backtrace/libunwind.rs:117:9
[INFO] [stdout]    1:     0x652ada0ea3e1 - std[70759c8f55707aa4]::backtrace_rs::backtrace::trace_unsynchronized::<std[70759c8f55707aa4]::sys::backtrace::_print_fmt::{closure#1}>
[INFO] [stdout]                                at /rustc/dfb0accb7f508ae8be965d8629557221c889dd98/library/std/src/../../backtrace/src/backtrace/mod.rs:66:14
[INFO] [stdout]    2:     0x652ada0ea3e1 - std[70759c8f55707aa4]::sys::backtrace::_print_fmt
[INFO] [stdout]                                at /rustc/dfb0accb7f508ae8be965d8629557221c889dd98/library/std/src/sys/backtrace.rs:74:9
[INFO] [stdout]    3:     0x652ada0ea3e1 - <<std[70759c8f55707aa4]::sys::backtrace::BacktraceLock>::print::DisplayBacktrace as core[df12db4294e9bfd3]::fmt::Display>::fmt
[INFO] [stdout]                                at /rustc/dfb0accb7f508ae8be965d8629557221c889dd98/library/std/src/sys/backtrace.rs:44:26
[INFO] [stdout]    4:     0x652ada0ff14a - <core[df12db4294e9bfd3]::fmt::rt::Argument>::fmt
[INFO] [stdout]                                at /rustc/dfb0accb7f508ae8be965d8629557221c889dd98/library/core/src/fmt/rt.rs:152:76
[INFO] [stdout]    5:     0x652ada0ff14a - core[df12db4294e9bfd3]::fmt::write
[INFO] [stdout]    6:     0x652ada0eeb6c - core[df12db4294e9bfd3]::io::write::default_write_fmt::<alloc[2182bb758b4b3781]::vec::Vec<u8>>
[INFO] [stdout]                                at /rustc/dfb0accb7f508ae8be965d8629557221c889dd98/library/core/src/io/write.rs:402:11
[INFO] [stdout]    7:     0x652ada0eeb6c - <alloc[2182bb758b4b3781]::vec::Vec<u8> as core[df12db4294e9bfd3]::io::write::Write>::write_fmt
[INFO] [stdout]                                at /rustc/dfb0accb7f508ae8be965d8629557221c889dd98/library/core/src/io/write.rs:335:13
[INFO] [stdout]    8:     0x652ada0c5a56 - <std[70759c8f55707aa4]::sys::backtrace::BacktraceLock>::print
[INFO] [stdout]                                at /rustc/dfb0accb7f508ae8be965d8629557221c889dd98/library/std/src/sys/backtrace.rs:47:9
[INFO] [stdout]    9:     0x652ada0c5a56 - std[70759c8f55707aa4]::panicking::default_hook::{closure#0}
[INFO] [stdout]                                at /rustc/dfb0accb7f508ae8be965d8629557221c889dd98/library/std/src/panicking.rs:292:27
[INFO] [stdout]   10:     0x652ada0e25f9 - std[70759c8f55707aa4]::panicking::default_hook
[INFO] [stdout]                                at /rustc/dfb0accb7f508ae8be965d8629557221c889dd98/library/std/src/panicking.rs:316:9
[INFO] [stdout]   11:     0x652ada042b60 - <alloc[2182bb758b4b3781]::boxed::Box<dyn for<'a, 'b> core[df12db4294e9bfd3]::ops::function::Fn<(&'a std[70759c8f55707aa4]::panic::PanicHookInfo<'b>,), Output = ()> + core[df12db4294e9bfd3]::marker::Send + core[df12db4294e9bfd3]::marker::Sync> as core[df12db4294e9bfd3]::ops::function::Fn<(&std[70759c8f55707aa4]::panic::PanicHookInfo,)>>::call
[INFO] [stdout]                                at /rustc/dfb0accb7f508ae8be965d8629557221c889dd98/library/alloc/src/boxed.rs:2334:9
[INFO] [stdout]   12:     0x652ada042b60 - test[9d35eded1c95d3be]::test_main_inner::<test[9d35eded1c95d3be]::test_main_static::{closure#0}>::{closure#0}
[INFO] [stdout]                                at /rustc/dfb0accb7f508ae8be965d8629557221c889dd98/library/test/src/lib.rs:155:21
[INFO] [stdout]   13:     0x652ada0e27b2 - <alloc[2182bb758b4b3781]::boxed::Box<dyn for<'a, 'b> core[df12db4294e9bfd3]::ops::function::Fn<(&'a std[70759c8f55707aa4]::panic::PanicHookInfo<'b>,), Output = ()> + core[df12db4294e9bfd3]::marker::Send + core[df12db4294e9bfd3]::marker::Sync> as core[df12db4294e9bfd3]::ops::function::Fn<(&std[70759c8f55707aa4]::panic::PanicHookInfo,)>>::call
[INFO] [stdout]                                at /rustc/dfb0accb7f508ae8be965d8629557221c889dd98/library/alloc/src/boxed.rs:2334:9
[INFO] [stdout]   14:     0x652ada0e27b2 - std[70759c8f55707aa4]::panicking::panic_with_hook
[INFO] [stdout]                                at /rustc/dfb0accb7f508ae8be965d8629557221c889dd98/library/std/src/panicking.rs:823:13
[INFO] [stdout]   15:     0x652ada0c5b02 - std[70759c8f55707aa4]::panicking::panic_handler::{closure#0}
[INFO] [stdout]                                at /rustc/dfb0accb7f508ae8be965d8629557221c889dd98/library/std/src/panicking.rs:688:13
[INFO] [stdout]   16:     0x652ada0be659 - std[70759c8f55707aa4]::sys::backtrace::__rust_end_short_backtrace::<std[70759c8f55707aa4]::panicking::panic_handler::{closure#0}, !>
[INFO] [stdout]                                at /rustc/dfb0accb7f508ae8be965d8629557221c889dd98/library/std/src/sys/backtrace.rs:182:18
[INFO] [stdout]   17:     0x652ada0c66fd - __rustc[8fa7c3cbc660c2b3]::rust_begin_unwind
[INFO] [stdout]                                at /rustc/dfb0accb7f508ae8be965d8629557221c889dd98/library/std/src/panicking.rs:679:5
[INFO] [stdout]   18:     0x652ada0ff8fc - core[df12db4294e9bfd3]::panicking::panic_fmt
[INFO] [stdout]                                at /rustc/dfb0accb7f508ae8be965d8629557221c889dd98/library/core/src/panicking.rs:80:14
[INFO] [stdout]   19:     0x652ada014ce3 - ethereum_vectors[d11b6e8b65c4f2a9]::fixtures_root::{closure#0}
[INFO] [stdout]                                at /opt/rustwide/workdir/tests/ethereum_vectors.rs:43:9
[INFO] [stdout]   20:     0x652ada020178 - <std[70759c8f55707aa4]::sync::once_lock::OnceLock<std[70759c8f55707aa4]::path::PathBuf>>::get_or_init::<ethereum_vectors[d11b6e8b65c4f2a9]::fixtures_root::{closure#0}>::{closure#0}
[INFO] [stdout]                                at /rustc/dfb0accb7f508ae8be965d8629557221c889dd98/library/std/src/sync/once_lock.rs:350:50
[INFO] [stdout]   21:     0x652ada0200a4 - <std[70759c8f55707aa4]::sync::once_lock::OnceLock<std[70759c8f55707aa4]::path::PathBuf>>::initialize::<<std[70759c8f55707aa4]::sync::once_lock::OnceLock<std[70759c8f55707aa4]::path::PathBuf>>::get_or_init<ethereum_vectors[d11b6e8b65c4f2a9]::fixtures_root::{closure#0}>::{closure#0}, !>::{closure#0}
[INFO] [stdout]                                at /rustc/dfb0accb7f508ae8be965d8629557221c889dd98/library/std/src/sync/once_lock.rs:572:19
[INFO] [stdout]   22:     0x652ada028071 - <std[70759c8f55707aa4]::sync::once::Once>::call_once_force::<<std[70759c8f55707aa4]::sync::once_lock::OnceLock<std[70759c8f55707aa4]::path::PathBuf>>::initialize<<std[70759c8f55707aa4]::sync::once_lock::OnceLock<std[70759c8f55707aa4]::path::PathBuf>>::get_or_init<ethereum_vectors[d11b6e8b65c4f2a9]::fixtures_root::{closure#0}>::{closure#0}, !>::{closure#0}>::{closure#0}
[INFO] [stdout]                                at /rustc/dfb0accb7f508ae8be965d8629557221c889dd98/library/std/src/sync/once.rs:226:40
[INFO] [stdout]   23:     0x652ada0cb609 - <std[70759c8f55707aa4]::sys::sync::once::futex::Once>::call
[INFO] [stdout]                                at /rustc/dfb0accb7f508ae8be965d8629557221c889dd98/library/std/src/sys/sync/once/futex.rs:183:21
[INFO] [stdout]   24:     0x652ada023e5a - <std[70759c8f55707aa4]::sync::once::Once>::call_once_force::<<std[70759c8f55707aa4]::sync::once_lock::OnceLock<std[70759c8f55707aa4]::path::PathBuf>>::initialize<<std[70759c8f55707aa4]::sync::once_lock::OnceLock<std[70759c8f55707aa4]::path::PathBuf>>::get_or_init<ethereum_vectors[d11b6e8b65c4f2a9]::fixtures_root::{closure#0}>::{closure#0}, !>::{closure#0}>
[INFO] [stdout]                                at /rustc/dfb0accb7f508ae8be965d8629557221c889dd98/library/std/src/sync/once.rs:226:20
[INFO] [stdout]   25:     0x652ada01c87c - <std[70759c8f55707aa4]::sync::once_lock::OnceLock<std[70759c8f55707aa4]::path::PathBuf>>::initialize::<<std[70759c8f55707aa4]::sync::once_lock::OnceLock<std[70759c8f55707aa4]::path::PathBuf>>::get_or_init<ethereum_vectors[d11b6e8b65c4f2a9]::fixtures_root::{closure#0}>::{closure#0}, !>
[INFO] [stdout]                                at /rustc/dfb0accb7f508ae8be965d8629557221c889dd98/library/std/src/sync/once_lock.rs:571:19
[INFO] [stdout]   26:     0x652ada01c8fd - <std[70759c8f55707aa4]::sync::once_lock::OnceLock<std[70759c8f55707aa4]::path::PathBuf>>::get_or_try_init::<<std[70759c8f55707aa4]::sync::once_lock::OnceLock<std[70759c8f55707aa4]::path::PathBuf>>::get_or_init<ethereum_vectors[d11b6e8b65c4f2a9]::fixtures_root::{closure#0}>::{closure#0}, !>
[INFO] [stdout]                                at /rustc/dfb0accb7f508ae8be965d8629557221c889dd98/library/std/src/sync/once_lock.rs:439:14
[INFO] [stdout]   27:     0x652ada01c89d - <std[70759c8f55707aa4]::sync::once_lock::OnceLock<std[70759c8f55707aa4]::path::PathBuf>>::get_or_init::<ethereum_vectors[d11b6e8b65c4f2a9]::fixtures_root::{closure#0}>
[INFO] [stdout]                                at /rustc/dfb0accb7f508ae8be965d8629557221c889dd98/library/std/src/sync/once_lock.rs:350:20
[INFO] [stdout]   28:     0x652ada0159fd - ethereum_vectors[d11b6e8b65c4f2a9]::fixtures_root
[INFO] [stdout]                                at /opt/rustwide/workdir/tests/ethereum_vectors.rs:22:10
[INFO] [stdout]   29:     0x652ada0159b7 - ethereum_vectors[d11b6e8b65c4f2a9]::fixtures_dir
[INFO] [stdout]                                at /opt/rustwide/workdir/tests/ethereum_vectors.rs:53:5
[INFO] [stdout]   30:     0x652ada015815 - ethereum_vectors[d11b6e8b65c4f2a9]::json_files
[INFO] [stdout]                                at /opt/rustwide/workdir/tests/ethereum_vectors.rs:57:34
[INFO] [stdout]   31:     0x652ada018240 - ethereum_vectors[d11b6e8b65c4f2a9]::ethereum_fast_aggregate_verify_vectors
[INFO] [stdout]                                at /opt/rustwide/workdir/tests/ethereum_vectors.rs:203:17
[INFO] [stdout]   32:     0x652ada014e47 - ethereum_vectors[d11b6e8b65c4f2a9]::ethereum_fast_aggregate_verify_vectors::{closure#0}
[INFO] [stdout]                                at /opt/rustwide/workdir/tests/ethereum_vectors.rs:202:44
[INFO] [stdout]   33:     0x652ada02aba6 - <ethereum_vectors[d11b6e8b65c4f2a9]::ethereum_fast_aggregate_verify_vectors::{closure#0} as core[df12db4294e9bfd3]::ops::function::FnOnce<()>>::call_once
[INFO] [stdout]                                at /rustc/dfb0accb7f508ae8be965d8629557221c889dd98/library/core/src/ops/function.rs:250:5
[INFO] [stdout]   34:     0x652ada035e4b - <fn() -> core[df12db4294e9bfd3]::result::Result<(), alloc[2182bb758b4b3781]::string::String> as core[df12db4294e9bfd3]::ops::function::FnOnce<()>>::call_once
[INFO] [stderr] error: test failed, to rerun pass `--test ethereum_vectors`
[INFO] [stdout]                                at /rustc/dfb0accb7f508ae8be965d8629557221c889dd98/library/core/src/ops/function.rs:250:5
[INFO] [stdout]   35:     0x652ada035e4b - test[9d35eded1c95d3be]::__rust_begin_short_backtrace::<core[df12db4294e9bfd3]::result::Result<(), alloc[2182bb758b4b3781]::string::String>, fn() -> core[df12db4294e9bfd3]::result::Result<(), alloc[2182bb758b4b3781]::string::String>>
[INFO] [stdout]                                at /rustc/dfb0accb7f508ae8be965d8629557221c889dd98/library/test/src/lib.rs:733:18
[INFO] [stdout]   36:     0x652ada0434b5 - test[9d35eded1c95d3be]::run_test_in_process::{closure#0}
[INFO] [stdout]                                at /rustc/dfb0accb7f508ae8be965d8629557221c889dd98/library/test/src/lib.rs:756:74
[INFO] [stdout]   37:     0x652ada0434b5 - <core[df12db4294e9bfd3]::panic::unwind_safe::AssertUnwindSafe<test[9d35eded1c95d3be]::run_test_in_process::{closure#0}> as core[df12db4294e9bfd3]::ops::function::FnOnce<()>>::call_once
[INFO] [stdout]                                at /rustc/dfb0accb7f508ae8be965d8629557221c889dd98/library/core/src/panic/unwind_safe.rs:275:9
[INFO] [stdout]   38:     0x652ada0434b5 - std[70759c8f55707aa4]::panicking::catch_unwind::do_call::<core[df12db4294e9bfd3]::panic::unwind_safe::AssertUnwindSafe<test[9d35eded1c95d3be]::run_test_in_process::{closure#0}>, core[df12db4294e9bfd3]::result::Result<(), alloc[2182bb758b4b3781]::string::String>>
[INFO] [stdout]                                at /rustc/dfb0accb7f508ae8be965d8629557221c889dd98/library/std/src/panicking.rs:576:43
[INFO] [stdout]   39:     0x652ada0434b5 - std[70759c8f55707aa4]::panicking::catch_unwind::<core[df12db4294e9bfd3]::result::Result<(), alloc[2182bb758b4b3781]::string::String>, core[df12db4294e9bfd3]::panic::unwind_safe::AssertUnwindSafe<test[9d35eded1c95d3be]::run_test_in_process::{closure#0}>>
[INFO] [stdout]                                at /rustc/dfb0accb7f508ae8be965d8629557221c889dd98/library/std/src/panicking.rs:544:19
[INFO] [stdout]   40:     0x652ada0434b5 - std[70759c8f55707aa4]::panic::catch_unwind::<core[df12db4294e9bfd3]::panic::unwind_safe::AssertUnwindSafe<test[9d35eded1c95d3be]::run_test_in_process::{closure#0}>, core[df12db4294e9bfd3]::result::Result<(), alloc[2182bb758b4b3781]::string::String>>
[INFO] [stdout]                                at /rustc/dfb0accb7f508ae8be965d8629557221c889dd98/library/std/src/panic.rs:359:14
[INFO] [stdout]   41:     0x652ada0434b5 - test[9d35eded1c95d3be]::run_test_in_process
[INFO] [stdout]                                at /rustc/dfb0accb7f508ae8be965d8629557221c889dd98/library/test/src/lib.rs:756:27
[INFO] [stdout]   42:     0x652ada0434b5 - test[9d35eded1c95d3be]::run_test::{closure#0}
[INFO] [stdout]                                at /rustc/dfb0accb7f508ae8be965d8629557221c889dd98/library/test/src/lib.rs:677:43
[INFO] [stdout]   43:     0x652ada03cd74 - test[9d35eded1c95d3be]::run_test::{closure#1}
[INFO] [stdout]                                at /rustc/dfb0accb7f508ae8be965d8629557221c889dd98/library/test/src/lib.rs:707:41
[INFO] [stdout]   44:     0x652ada03cd74 - std[70759c8f55707aa4]::sys::backtrace::__rust_begin_short_backtrace::<test[9d35eded1c95d3be]::run_test::{closure#1}, ()>
[INFO] [stdout]                                at /rustc/dfb0accb7f508ae8be965d8629557221c889dd98/library/std/src/sys/backtrace.rs:166:18
[INFO] [stdout]   45:     0x652ada046612 - std[70759c8f55707aa4]::thread::lifecycle::spawn_unchecked::<test[9d35eded1c95d3be]::run_test::{closure#1}, ()>::{closure#1}::{closure#0}
[INFO] [stdout]                                at /rustc/dfb0accb7f508ae8be965d8629557221c889dd98/library/std/src/thread/lifecycle.rs:70:13
[INFO] [stdout]   46:     0x652ada046612 - <core[df12db4294e9bfd3]::panic::unwind_safe::AssertUnwindSafe<std[70759c8f55707aa4]::thread::lifecycle::spawn_unchecked<test[9d35eded1c95d3be]::run_test::{closure#1}, ()>::{closure#1}::{closure#0}> as core[df12db4294e9bfd3]::ops::function::FnOnce<()>>::call_once
[INFO] [stdout]                                at /rustc/dfb0accb7f508ae8be965d8629557221c889dd98/library/core/src/panic/unwind_safe.rs:275:9
[INFO] [stdout]   47:     0x652ada046612 - std[70759c8f55707aa4]::panicking::catch_unwind::do_call::<core[df12db4294e9bfd3]::panic::unwind_safe::AssertUnwindSafe<std[70759c8f55707aa4]::thread::lifecycle::spawn_unchecked<test[9d35eded1c95d3be]::run_test::{closure#1}, ()>::{closure#1}::{closure#0}>, ()>
[INFO] [stdout]                                at /rustc/dfb0accb7f508ae8be965d8629557221c889dd98/library/std/src/panicking.rs:576:43
[INFO] [stdout]   48:     0x652ada046612 - std[70759c8f55707aa4]::panicking::catch_unwind::<(), core[df12db4294e9bfd3]::panic::unwind_safe::AssertUnwindSafe<std[70759c8f55707aa4]::thread::lifecycle::spawn_unchecked<test[9d35eded1c95d3be]::run_test::{closure#1}, ()>::{closure#1}::{closure#0}>>
[INFO] [stdout]                                at /rustc/dfb0accb7f508ae8be965d8629557221c889dd98/library/std/src/panicking.rs:544:19
[INFO] [stdout]   49:     0x652ada046612 - std[70759c8f55707aa4]::panic::catch_unwind::<core[df12db4294e9bfd3]::panic::unwind_safe::AssertUnwindSafe<std[70759c8f55707aa4]::thread::lifecycle::spawn_unchecked<test[9d35eded1c95d3be]::run_test::{closure#1}, ()>::{closure#1}::{closure#0}>, ()>
[INFO] [stdout]                                at /rustc/dfb0accb7f508ae8be965d8629557221c889dd98/library/std/src/panic.rs:359:14
[INFO] [stdout]   50:     0x652ada046612 - std[70759c8f55707aa4]::thread::lifecycle::spawn_unchecked::<test[9d35eded1c95d3be]::run_test::{closure#1}, ()>::{closure#1}
[INFO] [stdout]                                at /rustc/dfb0accb7f508ae8be965d8629557221c889dd98/library/std/src/thread/lifecycle.rs:68:26
[INFO] [stdout]   51:     0x652ada046612 - <std[70759c8f55707aa4]::thread::lifecycle::spawn_unchecked<test[9d35eded1c95d3be]::run_test::{closure#1}, ()>::{closure#1} as core[df12db4294e9bfd3]::ops::function::FnOnce<()>>::call_once::{shim:vtable#0}
[INFO] [stdout]                                at /rustc/dfb0accb7f508ae8be965d8629557221c889dd98/library/core/src/ops/function.rs:250:5
[INFO] [stdout]   52:     0x652ada0e9999 - <alloc[2182bb758b4b3781]::boxed::Box<dyn core[df12db4294e9bfd3]::ops::function::FnOnce<(), Output = ()> + core[df12db4294e9bfd3]::marker::Send> as core[df12db4294e9bfd3]::ops::function::FnOnce<()>>::call_once
[INFO] [stdout]                                at /rustc/dfb0accb7f508ae8be965d8629557221c889dd98/library/alloc/src/boxed.rs:2320:9
[INFO] [stdout]   53:     0x652ada0e9999 - <std[70759c8f55707aa4]::sys::thread::unix::Thread>::new::thread_start
[INFO] [stdout]                                at /rustc/dfb0accb7f508ae8be965d8629557221c889dd98/library/std/src/sys/thread/unix.rs:123:17
[INFO] [stdout]   54:     0x780151c21dfa - <unknown>
[INFO] [stdout]   55:     0x780151cb53d4 - clone
[INFO] [stdout]   56:                0x0 - <unknown>
[INFO] [stdout] 
[INFO] [stdout] ---- ethereum_aggregate_vectors stdout ----
[INFO] [stdout] 
[INFO] [stdout] thread 'ethereum_aggregate_vectors' (1619) panicked at tests/ethereum_vectors.rs:43:9:
[INFO] [stdout] failed to fetch Ethereum BLS test vectors into /opt/rustwide/target/test-fixtures/ethereum-bls/v0.1.2
[INFO] [stdout] stack backtrace:
[INFO] [stdout]    0:     0x652ada0ea3e1 - std[70759c8f55707aa4]::backtrace_rs::backtrace::libunwind::trace
[INFO] [stdout]                                at /rustc/dfb0accb7f508ae8be965d8629557221c889dd98/library/std/src/../../backtrace/src/backtrace/libunwind.rs:117:9
[INFO] [stdout]    1:     0x652ada0ea3e1 - std[70759c8f55707aa4]::backtrace_rs::backtrace::trace_unsynchronized::<std[70759c8f55707aa4]::sys::backtrace::_print_fmt::{closure#1}>
[INFO] [stdout]                                at /rustc/dfb0accb7f508ae8be965d8629557221c889dd98/library/std/src/../../backtrace/src/backtrace/mod.rs:66:14
[INFO] [stdout]    2:     0x652ada0ea3e1 - std[70759c8f55707aa4]::sys::backtrace::_print_fmt
[INFO] [stdout]                                at /rustc/dfb0accb7f508ae8be965d8629557221c889dd98/library/std/src/sys/backtrace.rs:74:9
[INFO] [stdout]    3:     0x652ada0ea3e1 - <<std[70759c8f55707aa4]::sys::backtrace::BacktraceLock>::print::DisplayBacktrace as core[df12db4294e9bfd3]::fmt::Display>::fmt
[INFO] [stdout]                                at /rustc/dfb0accb7f508ae8be965d8629557221c889dd98/library/std/src/sys/backtrace.rs:44:26
[INFO] [stdout]    4:     0x652ada0ff14a - <core[df12db4294e9bfd3]::fmt::rt::Argument>::fmt
[INFO] [stdout]                                at /rustc/dfb0accb7f508ae8be965d8629557221c889dd98/library/core/src/fmt/rt.rs:152:76
[INFO] [stdout]    5:     0x652ada0ff14a - core[df12db4294e9bfd3]::fmt::write
[INFO] [stdout]    6:     0x652ada0eeb6c - core[df12db4294e9bfd3]::io::write::default_write_fmt::<alloc[2182bb758b4b3781]::vec::Vec<u8>>
[INFO] [stdout]                                at /rustc/dfb0accb7f508ae8be965d8629557221c889dd98/library/core/src/io/write.rs:402:11
[INFO] [stdout]    7:     0x652ada0eeb6c - <alloc[2182bb758b4b3781]::vec::Vec<u8> as core[df12db4294e9bfd3]::io::write::Write>::write_fmt
[INFO] [stdout]                                at /rustc/dfb0accb7f508ae8be965d8629557221c889dd98/library/core/src/io/write.rs:335:13
[INFO] [stdout]    8:     0x652ada0c5a56 - <std[70759c8f55707aa4]::sys::backtrace::BacktraceLock>::print
[INFO] [stdout]                                at /rustc/dfb0accb7f508ae8be965d8629557221c889dd98/library/std/src/sys/backtrace.rs:47:9
[INFO] [stdout]    9:     0x652ada0c5a56 - std[70759c8f55707aa4]::panicking::default_hook::{closure#0}
[INFO] [stdout]                                at /rustc/dfb0accb7f508ae8be965d8629557221c889dd98/library/std/src/panicking.rs:292:27
[INFO] [stdout]   10:     0x652ada0e25f9 - std[70759c8f55707aa4]::panicking::default_hook
[INFO] [stdout]                                at /rustc/dfb0accb7f508ae8be965d8629557221c889dd98/library/std/src/panicking.rs:316:9
[INFO] [stdout]   11:     0x652ada042b60 - <alloc[2182bb758b4b3781]::boxed::Box<dyn for<'a, 'b> core[df12db4294e9bfd3]::ops::function::Fn<(&'a std[70759c8f55707aa4]::panic::PanicHookInfo<'b>,), Output = ()> + core[df12db4294e9bfd3]::marker::Send + core[df12db4294e9bfd3]::marker::Sync> as core[df12db4294e9bfd3]::ops::function::Fn<(&std[70759c8f55707aa4]::panic::PanicHookInfo,)>>::call
[INFO] [stdout]                                at /rustc/dfb0accb7f508ae8be965d8629557221c889dd98/library/alloc/src/boxed.rs:2334:9
[INFO] [stdout]   12:     0x652ada042b60 - test[9d35eded1c95d3be]::test_main_inner::<test[9d35eded1c95d3be]::test_main_static::{closure#0}>::{closure#0}
[INFO] [stdout]                                at /rustc/dfb0accb7f508ae8be965d8629557221c889dd98/library/test/src/lib.rs:155:21
[INFO] [stdout]   13:     0x652ada0e27b2 - <alloc[2182bb758b4b3781]::boxed::Box<dyn for<'a, 'b> core[df12db4294e9bfd3]::ops::function::Fn<(&'a std[70759c8f55707aa4]::panic::PanicHookInfo<'b>,), Output = ()> + core[df12db4294e9bfd3]::marker::Send + core[df12db4294e9bfd3]::marker::Sync> as core[df12db4294e9bfd3]::ops::function::Fn<(&std[70759c8f55707aa4]::panic::PanicHookInfo,)>>::call
[INFO] [stdout]                                at /rustc/dfb0accb7f508ae8be965d8629557221c889dd98/library/alloc/src/boxed.rs:2334:9
[INFO] [stdout]   14:     0x652ada0e27b2 - std[70759c8f55707aa4]::panicking::panic_with_hook
[INFO] [stdout]                                at /rustc/dfb0accb7f508ae8be965d8629557221c889dd98/library/std/src/panicking.rs:823:13
[INFO] [stdout]   15:     0x652ada0c5b02 - std[70759c8f55707aa4]::panicking::panic_handler::{closure#0}
[INFO] [stdout]                                at /rustc/dfb0accb7f508ae8be965d8629557221c889dd98/library/std/src/panicking.rs:688:13
[INFO] [stdout]   16:     0x652ada0be659 - std[70759c8f55707aa4]::sys::backtrace::__rust_end_short_backtrace::<std[70759c8f55707aa4]::panicking::panic_handler::{closure#0}, !>
[INFO] [stdout]                                at /rustc/dfb0accb7f508ae8be965d8629557221c889dd98/library/std/src/sys/backtrace.rs:182:18
[INFO] [stdout]   17:     0x652ada0c66fd - __rustc[8fa7c3cbc660c2b3]::rust_begin_unwind
[INFO] [stdout]                                at /rustc/dfb0accb7f508ae8be965d8629557221c889dd98/library/std/src/panicking.rs:679:5
[INFO] [stdout]   18:     0x652ada0ff8fc - core[df12db4294e9bfd3]::panicking::panic_fmt
[INFO] [stdout]                                at /rustc/dfb0accb7f508ae8be965d8629557221c889dd98/library/core/src/panicking.rs:80:14
[INFO] [stdout]   19:     0x652ada014ce3 - ethereum_vectors[d11b6e8b65c4f2a9]::fixtures_root::{closure#0}
[INFO] [stdout]                                at /opt/rustwide/workdir/tests/ethereum_vectors.rs:43:9
[INFO] [stdout]   20:     0x652ada020178 - <std[70759c8f55707aa4]::sync::once_lock::OnceLock<std[70759c8f55707aa4]::path::PathBuf>>::get_or_init::<ethereum_vectors[d11b6e8b65c4f2a9]::fixtures_root::{closure#0}>::{closure#0}
[INFO] [stdout]                                at /rustc/dfb0accb7f508ae8be965d8629557221c889dd98/library/std/src/sync/once_lock.rs:350:50
[INFO] [stdout]   21:     0x652ada0200a4 - <std[70759c8f55707aa4]::sync::once_lock::OnceLock<std[70759c8f55707aa4]::path::PathBuf>>::initialize::<<std[70759c8f55707aa4]::sync::once_lock::OnceLock<std[70759c8f55707aa4]::path::PathBuf>>::get_or_init<ethereum_vectors[d11b6e8b65c4f2a9]::fixtures_root::{closure#0}>::{closure#0}, !>::{closure#0}
[INFO] [stdout]                                at /rustc/dfb0accb7f508ae8be965d8629557221c889dd98/library/std/src/sync/once_lock.rs:572:19
[INFO] [stdout]   22:     0x652ada028071 - <std[70759c8f55707aa4]::sync::once::Once>::call_once_force::<<std[70759c8f55707aa4]::sync::once_lock::OnceLock<std[70759c8f55707aa4]::path::PathBuf>>::initialize<<std[70759c8f55707aa4]::sync::once_lock::OnceLock<std[70759c8f55707aa4]::path::PathBuf>>::get_or_init<ethereum_vectors[d11b6e8b65c4f2a9]::fixtures_root::{closure#0}>::{closure#0}, !>::{closure#0}>::{closure#0}
[INFO] [stdout]                                at /rustc/dfb0accb7f508ae8be965d8629557221c889dd98/library/std/src/sync/once.rs:226:40
[INFO] [stdout]   23:     0x652ada0cb609 - <std[70759c8f55707aa4]::sys::sync::once::futex::Once>::call
[INFO] [stdout]                                at /rustc/dfb0accb7f508ae8be965d8629557221c889dd98/library/std/src/sys/sync/once/futex.rs:183:21
[INFO] [stdout]   24:     0x652ada023e5a - <std[70759c8f55707aa4]::sync::once::Once>::call_once_force::<<std[70759c8f55707aa4]::sync::once_lock::OnceLock<std[70759c8f55707aa4]::path::PathBuf>>::initialize<<std[70759c8f55707aa4]::sync::once_lock::OnceLock<std[70759c8f55707aa4]::path::PathBuf>>::get_or_init<ethereum_vectors[d11b6e8b65c4f2a9]::fixtures_root::{closure#0}>::{closure#0}, !>::{closure#0}>
[INFO] [stdout]                                at /rustc/dfb0accb7f508ae8be965d8629557221c889dd98/library/std/src/sync/once.rs:226:20
[INFO] [stdout]   25:     0x652ada01c87c - <std[70759c8f55707aa4]::sync::once_lock::OnceLock<std[70759c8f55707aa4]::path::PathBuf>>::initialize::<<std[70759c8f55707aa4]::sync::once_lock::OnceLock<std[70759c8f55707aa4]::path::PathBuf>>::get_or_init<ethereum_vectors[d11b6e8b65c4f2a9]::fixtures_root::{closure#0}>::{closure#0}, !>
[INFO] [stdout]                                at /rustc/dfb0accb7f508ae8be965d8629557221c889dd98/library/std/src/sync/once_lock.rs:571:19
[INFO] [stdout]   26:     0x652ada01c8fd - <std[70759c8f55707aa4]::sync::once_lock::OnceLock<std[70759c8f55707aa4]::path::PathBuf>>::get_or_try_init::<<std[70759c8f55707aa4]::sync::once_lock::OnceLock<std[70759c8f55707aa4]::path::PathBuf>>::get_or_init<ethereum_vectors[d11b6e8b65c4f2a9]::fixtures_root::{closure#0}>::{closure#0}, !>
[INFO] [stdout]                                at /rustc/dfb0accb7f508ae8be965d8629557221c889dd98/library/std/src/sync/once_lock.rs:439:14
[INFO] [stdout]   27:     0x652ada01c89d - <std[70759c8f55707aa4]::sync::once_lock::OnceLock<std[70759c8f55707aa4]::path::PathBuf>>::get_or_init::<ethereum_vectors[d11b6e8b65c4f2a9]::fixtures_root::{closure#0}>
[INFO] [stdout]                                at /rustc/dfb0accb7f508ae8be965d8629557221c889dd98/library/std/src/sync/once_lock.rs:350:20
[INFO] [stdout]   28:     0x652ada0159fd - ethereum_vectors[d11b6e8b65c4f2a9]::fixtures_root
[INFO] [stdout]                                at /opt/rustwide/workdir/tests/ethereum_vectors.rs:22:10
[INFO] [stdout]   29:     0x652ada0159b7 - ethereum_vectors[d11b6e8b65c4f2a9]::fixtures_dir
[INFO] [stdout]                                at /opt/rustwide/workdir/tests/ethereum_vectors.rs:53:5
[INFO] [stdout]   30:     0x652ada015815 - ethereum_vectors[d11b6e8b65c4f2a9]::json_files
[INFO] [stdout]                                at /opt/rustwide/workdir/tests/ethereum_vectors.rs:57:34
[INFO] [stdout]   31:     0x652ada016bf0 - ethereum_vectors[d11b6e8b65c4f2a9]::ethereum_aggregate_vectors
[INFO] [stdout]                                at /opt/rustwide/workdir/tests/ethereum_vectors.rs:133:17
[INFO] [stdout]   32:     0x652ada014d87 - ethereum_vectors[d11b6e8b65c4f2a9]::ethereum_aggregate_vectors::{closure#0}
[INFO] [stdout]                                at /opt/rustwide/workdir/tests/ethereum_vectors.rs:132:32
[INFO] [stdout]   33:     0x652ada02ab26 - <ethereum_vectors[d11b6e8b65c4f2a9]::ethereum_aggregate_vectors::{closure#0} as core[df12db4294e9bfd3]::ops::function::FnOnce<()>>::call_once
[INFO] [stdout]                                at /rustc/dfb0accb7f508ae8be965d8629557221c889dd98/library/core/src/ops/function.rs:250:5
[INFO] [stdout]   34:     0x652ada035e4b - <fn() -> core[df12db4294e9bfd3]::result::Result<(), alloc[2182bb758b4b3781]::string::String> as core[df12db4294e9bfd3]::ops::function::FnOnce<()>>::call_once
[INFO] [stdout]                                at /rustc/dfb0accb7f508ae8be965d8629557221c889dd98/library/core/src/ops/function.rs:250:5
[INFO] [stdout]   35:     0x652ada035e4b - test[9d35eded1c95d3be]::__rust_begin_short_backtrace::<core[df12db4294e9bfd3]::result::Result<(), alloc[2182bb758b4b3781]::string::String>, fn() -> core[df12db4294e9bfd3]::result::Result<(), alloc[2182bb758b4b3781]::string::String>>
[INFO] [stdout]                                at /rustc/dfb0accb7f508ae8be965d8629557221c889dd98/library/test/src/lib.rs:733:18
[INFO] [stdout]   36:     0x652ada0434b5 - test[9d35eded1c95d3be]::run_test_in_process::{closure#0}
[INFO] [stdout]                                at /rustc/dfb0accb7f508ae8be965d8629557221c889dd98/library/test/src/lib.rs:756:74
[INFO] [stdout]   37:     0x652ada0434b5 - <core[df12db4294e9bfd3]::panic::unwind_safe::AssertUnwindSafe<test[9d35eded1c95d3be]::run_test_in_process::{closure#0}> as core[df12db4294e9bfd3]::ops::function::FnOnce<()>>::call_once
[INFO] [stdout]                                at /rustc/dfb0accb7f508ae8be965d8629557221c889dd98/library/core/src/panic/unwind_safe.rs:275:9
[INFO] [stdout]   38:     0x652ada0434b5 - std[70759c8f55707aa4]::panicking::catch_unwind::do_call::<core[df12db4294e9bfd3]::panic::unwind_safe::AssertUnwindSafe<test[9d35eded1c95d3be]::run_test_in_process::{closure#0}>, core[df12db4294e9bfd3]::result::Result<(), alloc[2182bb758b4b3781]::string::String>>
[INFO] [stdout]                                at /rustc/dfb0accb7f508ae8be965d8629557221c889dd98/library/std/src/panicking.rs:576:43
[INFO] [stdout]   39:     0x652ada0434b5 - std[70759c8f55707aa4]::panicking::catch_unwind::<core[df12db4294e9bfd3]::result::Result<(), alloc[2182bb758b4b3781]::string::String>, core[df12db4294e9bfd3]::panic::unwind_safe::AssertUnwindSafe<test[9d35eded1c95d3be]::run_test_in_process::{closure#0}>>
[INFO] [stdout]                                at /rustc/dfb0accb7f508ae8be965d8629557221c889dd98/library/std/src/panicking.rs:544:19
[INFO] [stdout]   40:     0x652ada0434b5 - std[70759c8f55707aa4]::panic::catch_unwind::<core[df12db4294e9bfd3]::panic::unwind_safe::AssertUnwindSafe<test[9d35eded1c95d3be]::run_test_in_process::{closure#0}>, core[df12db4294e9bfd3]::result::Result<(), alloc[2182bb758b4b3781]::string::String>>
[INFO] [stdout]                                at /rustc/dfb0accb7f508ae8be965d8629557221c889dd98/library/std/src/panic.rs:359:14
[INFO] [stdout]   41:     0x652ada0434b5 - test[9d35eded1c95d3be]::run_test_in_process
[INFO] [stdout]                                at /rustc/dfb0accb7f508ae8be965d8629557221c889dd98/library/test/src/lib.rs:756:27
[INFO] [stdout]   42:     0x652ada0434b5 - test[9d35eded1c95d3be]::run_test::{closure#0}
[INFO] [stdout]                                at /rustc/dfb0accb7f508ae8be965d8629557221c889dd98/library/test/src/lib.rs:677:43
[INFO] [stdout]   43:     0x652ada03cd74 - test[9d35eded1c95d3be]::run_test::{closure#1}
[INFO] [stdout]                                at /rustc/dfb0accb7f508ae8be965d8629557221c889dd98/library/test/src/lib.rs:707:41
[INFO] [stdout]   44:     0x652ada03cd74 - std[70759c8f55707aa4]::sys::backtrace::__rust_begin_short_backtrace::<test[9d35eded1c95d3be]::run_test::{closure#1}, ()>
[INFO] [stdout]                                at /rustc/dfb0accb7f508ae8be965d8629557221c889dd98/library/std/src/sys/backtrace.rs:166:18
[INFO] [stdout]   45:     0x652ada046612 - std[70759c8f55707aa4]::thread::lifecycle::spawn_unchecked::<test[9d35eded1c95d3be]::run_test::{closure#1}, ()>::{closure#1}::{closure#0}
[INFO] [stdout]                                at /rustc/dfb0accb7f508ae8be965d8629557221c889dd98/library/std/src/thread/lifecycle.rs:70:13
[INFO] [stdout]   46:     0x652ada046612 - <core[df12db4294e9bfd3]::panic::unwind_safe::AssertUnwindSafe<std[70759c8f55707aa4]::thread::lifecycle::spawn_unchecked<test[9d35eded1c95d3be]::run_test::{closure#1}, ()>::{closure#1}::{closure#0}> as core[df12db4294e9bfd3]::ops::function::FnOnce<()>>::call_once
[INFO] [stdout]                                at /rustc/dfb0accb7f508ae8be965d8629557221c889dd98/library/core/src/panic/unwind_safe.rs:275:9
[INFO] [stdout]   47:     0x652ada046612 - std[70759c8f55707aa4]::panicking::catch_unwind::do_call::<core[df12db4294e9bfd3]::panic::unwind_safe::AssertUnwindSafe<std[70759c8f55707aa4]::thread::lifecycle::spawn_unchecked<test[9d35eded1c95d3be]::run_test::{closure#1}, ()>::{closure#1}::{closure#0}>, ()>
[INFO] [stdout]                                at /rustc/dfb0accb7f508ae8be965d8629557221c889dd98/library/std/src/panicking.rs:576:43
[INFO] [stdout]   48:     0x652ada046612 - std[70759c8f55707aa4]::panicking::catch_unwind::<(), core[df12db4294e9bfd3]::panic::unwind_safe::AssertUnwindSafe<std[70759c8f55707aa4]::thread::lifecycle::spawn_unchecked<test[9d35eded1c95d3be]::run_test::{closure#1}, ()>::{closure#1}::{closure#0}>>
[INFO] [stdout]                                at /rustc/dfb0accb7f508ae8be965d8629557221c889dd98/library/std/src/panicking.rs:544:19
[INFO] [stdout]   49:     0x652ada046612 - std[70759c8f55707aa4]::panic::catch_unwind::<core[df12db4294e9bfd3]::panic::unwind_safe::AssertUnwindSafe<std[70759c8f55707aa4]::thread::lifecycle::spawn_unchecked<test[9d35eded1c95d3be]::run_test::{closure#1}, ()>::{closure#1}::{closure#0}>, ()>
[INFO] [stdout]                                at /rustc/dfb0accb7f508ae8be965d8629557221c889dd98/library/std/src/panic.rs:359:14
[INFO] [stdout]   50:     0x652ada046612 - std[70759c8f55707aa4]::thread::lifecycle::spawn_unchecked::<test[9d35eded1c95d3be]::run_test::{closure#1}, ()>::{closure#1}
[INFO] [stdout]                                at /rustc/dfb0accb7f508ae8be965d8629557221c889dd98/library/std/src/thread/lifecycle.rs:68:26
[INFO] [stdout]   51:     0x652ada046612 - <std[70759c8f55707aa4]::thread::lifecycle::spawn_unchecked<test[9d35eded1c95d3be]::run_test::{closure#1}, ()>::{closure#1} as core[df12db4294e9bfd3]::ops::function::FnOnce<()>>::call_once::{shim:vtable#0}
[INFO] [stdout]                                at /rustc/dfb0accb7f508ae8be965d8629557221c889dd98/library/core/src/ops/function.rs:250:5
[INFO] [stdout]   52:     0x652ada0e9999 - <alloc[2182bb758b4b3781]::boxed::Box<dyn core[df12db4294e9bfd3]::ops::function::FnOnce<(), Output = ()> + core[df12db4294e9bfd3]::marker::Send> as core[df12db4294e9bfd3]::ops::function::FnOnce<()>>::call_once
[INFO] [stdout]                                at /rustc/dfb0accb7f508ae8be965d8629557221c889dd98/library/alloc/src/boxed.rs:2320:9
[INFO] [stdout]   53:     0x652ada0e9999 - <std[70759c8f55707aa4]::sys::thread::unix::Thread>::new::thread_start
[INFO] [stdout]                                at /rustc/dfb0accb7f508ae8be965d8629557221c889dd98/library/std/src/sys/thread/unix.rs:123:17
[INFO] [stdout]   54:     0x780151c21dfa - <unknown>
[INFO] [stdout]   55:     0x780151cb53d4 - clone
[INFO] [stdout]   56:                0x0 - <unknown>
[INFO] [stdout] 
[INFO] [stdout] ---- ethereum_verify_vectors stdout ----
[INFO] [stdout] 
[INFO] [stdout] thread 'ethereum_verify_vectors' (1625) panicked at tests/ethereum_vectors.rs:43:9:
[INFO] [stdout] failed to fetch Ethereum BLS test vectors into /opt/rustwide/target/test-fixtures/ethereum-bls/v0.1.2
[INFO] [stdout] stack backtrace:
[INFO] [stdout]    0:     0x652ada0ea3e1 - std[70759c8f55707aa4]::backtrace_rs::backtrace::libunwind::trace
[INFO] [stdout]                                at /rustc/dfb0accb7f508ae8be965d8629557221c889dd98/library/std/src/../../backtrace/src/backtrace/libunwind.rs:117:9
[INFO] [stdout]    1:     0x652ada0ea3e1 - std[70759c8f55707aa4]::backtrace_rs::backtrace::trace_unsynchronized::<std[70759c8f55707aa4]::sys::backtrace::_print_fmt::{closure#1}>
[INFO] [stdout]                                at /rustc/dfb0accb7f508ae8be965d8629557221c889dd98/library/std/src/../../backtrace/src/backtrace/mod.rs:66:14
[INFO] [stdout]    2:     0x652ada0ea3e1 - std[70759c8f55707aa4]::sys::backtrace::_print_fmt
[INFO] [stdout]                                at /rustc/dfb0accb7f508ae8be965d8629557221c889dd98/library/std/src/sys/backtrace.rs:74:9
[INFO] [stdout]    3:     0x652ada0ea3e1 - <<std[70759c8f55707aa4]::sys::backtrace::BacktraceLock>::print::DisplayBacktrace as core[df12db4294e9bfd3]::fmt::Display>::fmt
[INFO] [stdout]                                at /rustc/dfb0accb7f508ae8be965d8629557221c889dd98/library/std/src/sys/backtrace.rs:44:26
[INFO] [stdout]    4:     0x652ada0ff14a - <core[df12db4294e9bfd3]::fmt::rt::Argument>::fmt
[INFO] [stdout]                                at /rustc/dfb0accb7f508ae8be965d8629557221c889dd98/library/core/src/fmt/rt.rs:152:76
[INFO] [stdout]    5:     0x652ada0ff14a - core[df12db4294e9bfd3]::fmt::write
[INFO] [stdout]    6:     0x652ada0eeb6c - core[df12db4294e9bfd3]::io::write::default_write_fmt::<alloc[2182bb758b4b3781]::vec::Vec<u8>>
[INFO] [stdout]                                at /rustc/dfb0accb7f508ae8be965d8629557221c889dd98/library/core/src/io/write.rs:402:11
[INFO] [stdout]    7:     0x652ada0eeb6c - <alloc[2182bb758b4b3781]::vec::Vec<u8> as core[df12db4294e9bfd3]::io::write::Write>::write_fmt
[INFO] [stdout]                                at /rustc/dfb0accb7f508ae8be965d8629557221c889dd98/library/core/src/io/write.rs:335:13
[INFO] [stdout]    8:     0x652ada0c5a56 - <std[70759c8f55707aa4]::sys::backtrace::BacktraceLock>::print
[INFO] [stdout]                                at /rustc/dfb0accb7f508ae8be965d8629557221c889dd98/library/std/src/sys/backtrace.rs:47:9
[INFO] [stdout]    9:     0x652ada0c5a56 - std[70759c8f55707aa4]::panicking::default_hook::{closure#0}
[INFO] [stdout]                                at /rustc/dfb0accb7f508ae8be965d8629557221c889dd98/library/std/src/panicking.rs:292:27
[INFO] [stdout]   10:     0x652ada0e25f9 - std[70759c8f55707aa4]::panicking::default_hook
[INFO] [stdout]                                at /rustc/dfb0accb7f508ae8be965d8629557221c889dd98/library/std/src/panicking.rs:316:9
[INFO] [stdout]   11:     0x652ada042b60 - <alloc[2182bb758b4b3781]::boxed::Box<dyn for<'a, 'b> core[df12db4294e9bfd3]::ops::function::Fn<(&'a std[70759c8f55707aa4]::panic::PanicHookInfo<'b>,), Output = ()> + core[df12db4294e9bfd3]::marker::Send + core[df12db4294e9bfd3]::marker::Sync> as core[df12db4294e9bfd3]::ops::function::Fn<(&std[70759c8f55707aa4]::panic::PanicHookInfo,)>>::call
[INFO] [stdout]                                at /rustc/dfb0accb7f508ae8be965d8629557221c889dd98/library/alloc/src/boxed.rs:2334:9
[INFO] [stdout]   12:     0x652ada042b60 - test[9d35eded1c95d3be]::test_main_inner::<test[9d35eded1c95d3be]::test_main_static::{closure#0}>::{closure#0}
[INFO] [stdout]                                at /rustc/dfb0accb7f508ae8be965d8629557221c889dd98/library/test/src/lib.rs:155:21
[INFO] [stdout]   13:     0x652ada0e27b2 - <alloc[2182bb758b4b3781]::boxed::Box<dyn for<'a, 'b> core[df12db4294e9bfd3]::ops::function::Fn<(&'a std[70759c8f55707aa4]::panic::PanicHookInfo<'b>,), Output = ()> + core[df12db4294e9bfd3]::marker::Send + core[df12db4294e9bfd3]::marker::Sync> as core[df12db4294e9bfd3]::ops::function::Fn<(&std[70759c8f55707aa4]::panic::PanicHookInfo,)>>::call
[INFO] [stdout]                                at /rustc/dfb0accb7f508ae8be965d8629557221c889dd98/library/alloc/src/boxed.rs:2334:9
[INFO] [stdout]   14:     0x652ada0e27b2 - std[70759c8f55707aa4]::panicking::panic_with_hook
[INFO] [stdout]                                at /rustc/dfb0accb7f508ae8be965d8629557221c889dd98/library/std/src/panicking.rs:823:13
[INFO] [stdout]   15:     0x652ada0c5b02 - std[70759c8f55707aa4]::panicking::panic_handler::{closure#0}
[INFO] [stdout]                                at /rustc/dfb0accb7f508ae8be965d8629557221c889dd98/library/std/src/panicking.rs:688:13
[INFO] [stdout]   16:     0x652ada0be659 - std[70759c8f55707aa4]::sys::backtrace::__rust_end_short_backtrace::<std[70759c8f55707aa4]::panicking::panic_handler::{closure#0}, !>
[INFO] [stdout]                                at /rustc/dfb0accb7f508ae8be965d8629557221c889dd98/library/std/src/sys/backtrace.rs:182:18
[INFO] [stdout]   17:     0x652ada0c66fd - __rustc[8fa7c3cbc660c2b3]::rust_begin_unwind
[INFO] [stdout]                                at /rustc/dfb0accb7f508ae8be965d8629557221c889dd98/library/std/src/panicking.rs:679:5
[INFO] [stdout]   18:     0x652ada0ff8fc - core[df12db4294e9bfd3]::panicking::panic_fmt
[INFO] [stdout]                                at /rustc/dfb0accb7f508ae8be965d8629557221c889dd98/library/core/src/panicking.rs:80:14
[INFO] [stdout]   19:     0x652ada014ce3 - ethereum_vectors[d11b6e8b65c4f2a9]::fixtures_root::{closure#0}
[INFO] [stdout]                                at /opt/rustwide/workdir/tests/ethereum_vectors.rs:43:9
[INFO] [stdout]   20:     0x652ada020178 - <std[70759c8f55707aa4]::sync::once_lock::OnceLock<std[70759c8f55707aa4]::path::PathBuf>>::get_or_init::<ethereum_vectors[d11b6e8b65c4f2a9]::fixtures_root::{closure#0}>::{closure#0}
[INFO] [stdout]                                at /rustc/dfb0accb7f508ae8be965d8629557221c889dd98/library/std/src/sync/once_lock.rs:350:50
[INFO] [stdout]   21:     0x652ada0200a4 - <std[70759c8f55707aa4]::sync::once_lock::OnceLock<std[70759c8f55707aa4]::path::PathBuf>>::initialize::<<std[70759c8f55707aa4]::sync::once_lock::OnceLock<std[70759c8f55707aa4]::path::PathBuf>>::get_or_init<ethereum_vectors[d11b6e8b65c4f2a9]::fixtures_root::{closure#0}>::{closure#0}, !>::{closure#0}
[INFO] [stdout]                                at /rustc/dfb0accb7f508ae8be965d8629557221c889dd98/library/std/src/sync/once_lock.rs:572:19
[INFO] [stdout]   22:     0x652ada028071 - <std[70759c8f55707aa4]::sync::once::Once>::call_once_force::<<std[70759c8f55707aa4]::sync::once_lock::OnceLock<std[70759c8f55707aa4]::path::PathBuf>>::initialize<<std[70759c8f55707aa4]::sync::once_lock::OnceLock<std[70759c8f55707aa4]::path::PathBuf>>::get_or_init<ethereum_vectors[d11b6e8b65c4f2a9]::fixtures_root::{closure#0}>::{closure#0}, !>::{closure#0}>::{closure#0}
[INFO] [stdout]                                at /rustc/dfb0accb7f508ae8be965d8629557221c889dd98/library/std/src/sync/once.rs:226:40
[INFO] [stdout]   23:     0x652ada0cb609 - <std[70759c8f55707aa4]::sys::sync::once::futex::Once>::call
[INFO] [stdout]                                at /rustc/dfb0accb7f508ae8be965d8629557221c889dd98/library/std/src/sys/sync/once/futex.rs:183:21
[INFO] [stdout]   24:     0x652ada023e5a - <std[70759c8f55707aa4]::sync::once::Once>::call_once_force::<<std[70759c8f55707aa4]::sync::once_lock::OnceLock<std[70759c8f55707aa4]::path::PathBuf>>::initialize<<std[70759c8f55707aa4]::sync::once_lock::OnceLock<std[70759c8f55707aa4]::path::PathBuf>>::get_or_init<ethereum_vectors[d11b6e8b65c4f2a9]::fixtures_root::{closure#0}>::{closure#0}, !>::{closure#0}>
[INFO] [stdout]                                at /rustc/dfb0accb7f508ae8be965d8629557221c889dd98/library/std/src/sync/once.rs:226:20
[INFO] [stdout]   25:     0x652ada01c87c - <std[70759c8f55707aa4]::sync::once_lock::OnceLock<std[70759c8f55707aa4]::path::PathBuf>>::initialize::<<std[70759c8f55707aa4]::sync::once_lock::OnceLock<std[70759c8f55707aa4]::path::PathBuf>>::get_or_init<ethereum_vectors[d11b6e8b65c4f2a9]::fixtures_root::{closure#0}>::{closure#0}, !>
[INFO] [stdout]                                at /rustc/dfb0accb7f508ae8be965d8629557221c889dd98/library/std/src/sync/once_lock.rs:571:19
[INFO] [stdout]   26:     0x652ada01c8fd - <std[70759c8f55707aa4]::sync::once_lock::OnceLock<std[70759c8f55707aa4]::path::PathBuf>>::get_or_try_init::<<std[70759c8f55707aa4]::sync::once_lock::OnceLock<std[70759c8f55707aa4]::path::PathBuf>>::get_or_init<ethereum_vectors[d11b6e8b65c4f2a9]::fixtures_root::{closure#0}>::{closure#0}, !>
[INFO] [stdout]                                at /rustc/dfb0accb7f508ae8be965d8629557221c889dd98/library/std/src/sync/once_lock.rs:439:14
[INFO] [stdout]   27:     0x652ada01c89d - <std[70759c8f55707aa4]::sync::once_lock::OnceLock<std[70759c8f55707aa4]::path::PathBuf>>::get_or_init::<ethereum_vectors[d11b6e8b65c4f2a9]::fixtures_root::{closure#0}>
[INFO] [stdout]                                at /rustc/dfb0accb7f508ae8be965d8629557221c889dd98/library/std/src/sync/once_lock.rs:350:20
[INFO] [stdout]   28:     0x652ada0159fd - ethereum_vectors[d11b6e8b65c4f2a9]::fixtures_root
[INFO] [stdout]                                at /opt/rustwide/workdir/tests/ethereum_vectors.rs:22:10
[INFO] [stdout]   29:     0x652ada0159b7 - ethereum_vectors[d11b6e8b65c4f2a9]::fixtures_dir
[INFO] [stdout]                                at /opt/rustwide/workdir/tests/ethereum_vectors.rs:53:5
[INFO] [stdout]   30:     0x652ada015815 - ethereum_vectors[d11b6e8b65c4f2a9]::json_files
[INFO] [stdout]                                at /opt/rustwide/workdir/tests/ethereum_vectors.rs:57:34
[INFO] [stdout]   31:     0x652ada0163c0 - ethereum_vectors[d11b6e8b65c4f2a9]::ethereum_verify_vectors
[INFO] [stdout]                                at /opt/rustwide/workdir/tests/ethereum_vectors.rs:108:17
[INFO] [stdout]   32:     0x652ada014d57 - ethereum_vectors[d11b6e8b65c4f2a9]::ethereum_verify_vectors::{closure#0}
[INFO] [stdout]                                at /opt/rustwide/workdir/tests/ethereum_vectors.rs:107:29
[INFO] [stdout]   33:     0x652ada02ab06 - <ethereum_vectors[d11b6e8b65c4f2a9]::ethereum_verify_vectors::{closure#0} as core[df12db4294e9bfd3]::ops::function::FnOnce<()>>::call_once
[INFO] [stdout]                                at /rustc/dfb0accb7f508ae8be965d8629557221c889dd98/library/core/src/ops/function.rs:250:5
[INFO] [stdout]   34:     0x652ada035e4b - <fn() -> core[df12db4294e9bfd3]::result::Result<(), alloc[2182bb758b4b3781]::string::String> as core[df12db4294e9bfd3]::ops::function::FnOnce<()>>::call_once
[INFO] [stdout]                                at /rustc/dfb0accb7f508ae8be965d8629557221c889dd98/library/core/src/ops/function.rs:250:5
[INFO] [stdout]   35:     0x652ada035e4b - test[9d35eded1c95d3be]::__rust_begin_short_backtrace::<core[df12db4294e9bfd3]::result::Result<(), alloc[2182bb758b4b3781]::string::String>, fn() -> core[df12db4294e9bfd3]::result::Result<(), alloc[2182bb758b4b3781]::string::String>>
[INFO] [stdout]                                at /rustc/dfb0accb7f508ae8be965d8629557221c889dd98/library/test/src/lib.rs:733:18
[INFO] [stdout]   36:     0x652ada0434b5 - test[9d35eded1c95d3be]::run_test_in_process::{closure#0}
[INFO] [stdout]                                at /rustc/dfb0accb7f508ae8be965d8629557221c889dd98/library/test/src/lib.rs:756:74
[INFO] [stdout]   37:     0x652ada0434b5 - <core[df12db4294e9bfd3]::panic::unwind_safe::AssertUnwindSafe<test[9d35eded1c95d3be]::run_test_in_process::{closure#0}> as core[df12db4294e9bfd3]::ops::function::FnOnce<()>>::call_once
[INFO] [stdout]                                at /rustc/dfb0accb7f508ae8be965d8629557221c889dd98/library/core/src/panic/unwind_safe.rs:275:9
[INFO] [stdout]   38:     0x652ada0434b5 - std[70759c8f55707aa4]::panicking::catch_unwind::do_call::<core[df12db4294e9bfd3]::panic::unwind_safe::AssertUnwindSafe<test[9d35eded1c95d3be]::run_test_in_process::{closure#0}>, core[df12db4294e9bfd3]::result::Result<(), alloc[2182bb758b4b3781]::string::String>>
[INFO] [stdout]                                at /rustc/dfb0accb7f508ae8be965d8629557221c889dd98/library/std/src/panicking.rs:576:43
[INFO] [stdout]   39:     0x652ada0434b5 - std[70759c8f55707aa4]::panicking::catch_unwind::<core[df12db4294e9bfd3]::result::Result<(), alloc[2182bb758b4b3781]::string::String>, core[df12db4294e9bfd3]::panic::unwind_safe::AssertUnwindSafe<test[9d35eded1c95d3be]::run_test_in_process::{closure#0}>>
[INFO] [stdout]                                at /rustc/dfb0accb7f508ae8be965d8629557221c889dd98/library/std/src/panicking.rs:544:19
[INFO] [stdout]   40:     0x652ada0434b5 - std[70759c8f55707aa4]::panic::catch_unwind::<core[df12db4294e9bfd3]::panic::unwind_safe::AssertUnwindSafe<test[9d35eded1c95d3be]::run_test_in_process::{closure#0}>, core[df12db4294e9bfd3]::result::Result<(), alloc[2182bb758b4b3781]::string::String>>
[INFO] [stdout]                                at /rustc/dfb0accb7f508ae8be965d8629557221c889dd98/library/std/src/panic.rs:359:14
[INFO] [stdout]   41:     0x652ada0434b5 - test[9d35eded1c95d3be]::run_test_in_process
[INFO] [stdout]                                at /rustc/dfb0accb7f508ae8be965d8629557221c889dd98/library/test/src/lib.rs:756:27
[INFO] [stdout]   42:     0x652ada0434b5 - test[9d35eded1c95d3be]::run_test::{closure#0}
[INFO] [stdout]                                at /rustc/dfb0accb7f508ae8be965d8629557221c889dd98/library/test/src/lib.rs:677:43
[INFO] [stdout]   43:     0x652ada03cd74 - test[9d35eded1c95d3be]::run_test::{closure#1}
[INFO] [stdout]                                at /rustc/dfb0accb7f508ae8be965d8629557221c889dd98/library/test/src/lib.rs:707:41
[INFO] [stdout]   44:     0x652ada03cd74 - std[70759c8f55707aa4]::sys::backtrace::__rust_begin_short_backtrace::<test[9d35eded1c95d3be]::run_test::{closure#1}, ()>
[INFO] [stdout]                                at /rustc/dfb0accb7f508ae8be965d8629557221c889dd98/library/std/src/sys/backtrace.rs:166:18
[INFO] [stdout]   45:     0x652ada046612 - std[70759c8f55707aa4]::thread::lifecycle::spawn_unchecked::<test[9d35eded1c95d3be]::run_test::{closure#1}, ()>::{closure#1}::{closure#0}
[INFO] [stdout]                                at /rustc/dfb0accb7f508ae8be965d8629557221c889dd98/library/std/src/thread/lifecycle.rs:70:13
[INFO] [stdout]   46:     0x652ada046612 - <core[df12db4294e9bfd3]::panic::unwind_safe::AssertUnwindSafe<std[70759c8f55707aa4]::thread::lifecycle::spawn_unchecked<test[9d35eded1c95d3be]::run_test::{closure#1}, ()>::{closure#1}::{closure#0}> as core[df12db4294e9bfd3]::ops::function::FnOnce<()>>::call_once
[INFO] [stdout]                                at /rustc/dfb0accb7f508ae8be965d8629557221c889dd98/library/core/src/panic/unwind_safe.rs:275:9
[INFO] [stdout]   47:     0x652ada046612 - std[70759c8f55707aa4]::panicking::catch_unwind::do_call::<core[df12db4294e9bfd3]::panic::unwind_safe::AssertUnwindSafe<std[70759c8f55707aa4]::thread::lifecycle::spawn_unchecked<test[9d35eded1c95d3be]::run_test::{closure#1}, ()>::{closure#1}::{closure#0}>, ()>
[INFO] [stdout]                                at /rustc/dfb0accb7f508ae8be965d8629557221c889dd98/library/std/src/panicking.rs:576:43
[INFO] [stdout]   48:     0x652ada046612 - std[70759c8f55707aa4]::panicking::catch_unwind::<(), core[df12db4294e9bfd3]::panic::unwind_safe::AssertUnwindSafe<std[70759c8f55707aa4]::thread::lifecycle::spawn_unchecked<test[9d35eded1c95d3be]::run_test::{closure#1}, ()>::{closure#1}::{closure#0}>>
[INFO] [stdout]                                at /rustc/dfb0accb7f508ae8be965d8629557221c889dd98/library/std/src/panicking.rs:544:19
[INFO] [stdout]   49:     0x652ada046612 - std[70759c8f55707aa4]::panic::catch_unwind::<core[df12db4294e9bfd3]::panic::unwind_safe::AssertUnwindSafe<std[70759c8f55707aa4]::thread::lifecycle::spawn_unchecked<test[9d35eded1c95d3be]::run_test::{closure#1}, ()>::{closure#1}::{closure#0}>, ()>
[INFO] [stdout]                                at /rustc/dfb0accb7f508ae8be965d8629557221c889dd98/library/std/src/panic.rs:359:14
[INFO] [stdout]   50:     0x652ada046612 - std[70759c8f55707aa4]::thread::lifecycle::spawn_unchecked::<test[9d35eded1c95d3be]::run_test::{closure#1}, ()>::{closure#1}
[INFO] [stdout]                                at /rustc/dfb0accb7f508ae8be965d8629557221c889dd98/library/std/src/thread/lifecycle.rs:68:26
[INFO] [stdout]   51:     0x652ada046612 - <std[70759c8f55707aa4]::thread::lifecycle::spawn_unchecked<test[9d35eded1c95d3be]::run_test::{closure#1}, ()>::{closure#1} as core[df12db4294e9bfd3]::ops::function::FnOnce<()>>::call_once::{shim:vtable#0}
[INFO] [stdout]                                at /rustc/dfb0accb7f508ae8be965d8629557221c889dd98/library/core/src/ops/function.rs:250:5
[INFO] [stdout]   52:     0x652ada0e9999 - <alloc[2182bb758b4b3781]::boxed::Box<dyn core[df12db4294e9bfd3]::ops::function::FnOnce<(), Output = ()> + core[df12db4294e9bfd3]::marker::Send> as core[df12db4294e9bfd3]::ops::function::FnOnce<()>>::call_once
[INFO] [stdout]                                at /rustc/dfb0accb7f508ae8be965d8629557221c889dd98/library/alloc/src/boxed.rs:2320:9
[INFO] [stdout]   53:     0x652ada0e9999 - <std[70759c8f55707aa4]::sys::thread::unix::Thread>::new::thread_start
[INFO] [stdout]                                at /rustc/dfb0accb7f508ae8be965d8629557221c889dd98/library/std/src/sys/thread/unix.rs:123:17
[INFO] [stdout]   54:     0x780151c21dfa - <unknown>
[INFO] [stdout]   55:     0x780151cb53d4 - clone
[INFO] [stdout]   56:                0x0 - <unknown>
[INFO] [stdout] 
[INFO] [stdout] ---- ethereum_g2_deserialization_vectors stdout ----
[INFO] [stdout] 
[INFO] [stdout] thread 'ethereum_g2_deserialization_vectors' (1623) panicked at tests/ethereum_vectors.rs:43:9:
[INFO] [stdout] failed to fetch Ethereum BLS test vectors into /opt/rustwide/target/test-fixtures/ethereum-bls/v0.1.2
[INFO] [stdout] stack backtrace:
[INFO] [stdout]    0:     0x652ada0ea3e1 - std[70759c8f55707aa4]::backtrace_rs::backtrace::libunwind::trace
[INFO] [stdout]                                at /rustc/dfb0accb7f508ae8be965d8629557221c889dd98/library/std/src/../../backtrace/src/backtrace/libunwind.rs:117:9
[INFO] [stdout]    1:     0x652ada0ea3e1 - std[70759c8f55707aa4]::backtrace_rs::backtrace::trace_unsynchronized::<std[70759c8f55707aa4]::sys::backtrace::_print_fmt::{closure#1}>
[INFO] [stdout]                                at /rustc/dfb0accb7f508ae8be965d8629557221c889dd98/library/std/src/../../backtrace/src/backtrace/mod.rs:66:14
[INFO] [stdout]    2:     0x652ada0ea3e1 - std[70759c8f55707aa4]::sys::backtrace::_print_fmt
[INFO] [stdout]                                at /rustc/dfb0accb7f508ae8be965d8629557221c889dd98/library/std/src/sys/backtrace.rs:74:9
[INFO] [stdout]    3:     0x652ada0ea3e1 - <<std[70759c8f55707aa4]::sys::backtrace::BacktraceLock>::print::DisplayBacktrace as core[df12db4294e9bfd3]::fmt::Display>::fmt
[INFO] [stdout]                                at /rustc/dfb0accb7f508ae8be965d8629557221c889dd98/library/std/src/sys/backtrace.rs:44:26
[INFO] [stdout]    4:     0x652ada0ff14a - <core[df12db4294e9bfd3]::fmt::rt::Argument>::fmt
[INFO] [stdout]                                at /rustc/dfb0accb7f508ae8be965d8629557221c889dd98/library/core/src/fmt/rt.rs:152:76
[INFO] [stdout]    5:     0x652ada0ff14a - core[df12db4294e9bfd3]::fmt::write
[INFO] [stdout]    6:     0x652ada0eeb6c - core[df12db4294e9bfd3]::io::write::default_write_fmt::<alloc[2182bb758b4b3781]::vec::Vec<u8>>
[INFO] [stdout]                                at /rustc/dfb0accb7f508ae8be965d8629557221c889dd98/library/core/src/io/write.rs:402:11
[INFO] [stdout]    7:     0x652ada0eeb6c - <alloc[2182bb758b4b3781]::vec::Vec<u8> as core[df12db4294e9bfd3]::io::write::Write>::write_fmt
[INFO] [stdout]                                at /rustc/dfb0accb7f508ae8be965d8629557221c889dd98/library/core/src/io/write.rs:335:13
[INFO] [stdout]    8:     0x652ada0c5a56 - <std[70759c8f55707aa4]::sys::backtrace::BacktraceLock>::print
[INFO] [stdout]                                at /rustc/dfb0accb7f508ae8be965d8629557221c889dd98/library/std/src/sys/backtrace.rs:47:9
[INFO] [stdout]    9:     0x652ada0c5a56 - std[70759c8f55707aa4]::panicking::default_hook::{closure#0}
[INFO] [stdout]                                at /rustc/dfb0accb7f508ae8be965d8629557221c889dd98/library/std/src/panicking.rs:292:27
[INFO] [stdout]   10:     0x652ada0e25f9 - std[70759c8f55707aa4]::panicking::default_hook
[INFO] [stdout]                                at /rustc/dfb0accb7f508ae8be965d8629557221c889dd98/library/std/src/panicking.rs:316:9
[INFO] [stdout]   11:     0x652ada042b60 - <alloc[2182bb758b4b3781]::boxed::Box<dyn for<'a, 'b> core[df12db4294e9bfd3]::ops::function::Fn<(&'a std[70759c8f55707aa4]::panic::PanicHookInfo<'b>,), Output = ()> + core[df12db4294e9bfd3]::marker::Send + core[df12db4294e9bfd3]::marker::Sync> as core[df12db4294e9bfd3]::ops::function::Fn<(&std[70759c8f55707aa4]::panic::PanicHookInfo,)>>::call
[INFO] [stdout]                                at /rustc/dfb0accb7f508ae8be965d8629557221c889dd98/library/alloc/src/boxed.rs:2334:9
[INFO] [stdout]   12:     0x652ada042b60 - test[9d35eded1c95d3be]::test_main_inner::<test[9d35eded1c95d3be]::test_main_static::{closure#0}>::{closure#0}
[INFO] [stdout]                                at /rustc/dfb0accb7f508ae8be965d8629557221c889dd98/library/test/src/lib.rs:155:21
[INFO] [stdout]   13:     0x652ada0e27b2 - <alloc[2182bb758b4b3781]::boxed::Box<dyn for<'a, 'b> core[df12db4294e9bfd3]::ops::function::Fn<(&'a std[70759c8f55707aa4]::panic::PanicHookInfo<'b>,), Output = ()> + core[df12db4294e9bfd3]::marker::Send + core[df12db4294e9bfd3]::marker::Sync> as core[df12db4294e9bfd3]::ops::function::Fn<(&std[70759c8f55707aa4]::panic::PanicHookInfo,)>>::call
[INFO] [stdout]                                at /rustc/dfb0accb7f508ae8be965d8629557221c889dd98/library/alloc/src/boxed.rs:2334:9
[INFO] [stdout]   14:     0x652ada0e27b2 - std[70759c8f55707aa4]::panicking::panic_with_hook
[INFO] [stdout]                                at /rustc/dfb0accb7f508ae8be965d8629557221c889dd98/library/std/src/panicking.rs:823:13
[INFO] [stdout]   15:     0x652ada0c5b02 - std[70759c8f55707aa4]::panicking::panic_handler::{closure#0}
[INFO] [stdout]                                at /rustc/dfb0accb7f508ae8be965d8629557221c889dd98/library/std/src/panicking.rs:688:13
[INFO] [stdout]   16:     0x652ada0be659 - std[70759c8f55707aa4]::sys::backtrace::__rust_end_short_backtrace::<std[70759c8f55707aa4]::panicking::panic_handler::{closure#0}, !>
[INFO] [stdout]                                at /rustc/dfb0accb7f508ae8be965d8629557221c889dd98/library/std/src/sys/backtrace.rs:182:18
[INFO] [stdout]   17:     0x652ada0c66fd - __rustc[8fa7c3cbc660c2b3]::rust_begin_unwind
[INFO] [stdout]                                at /rustc/dfb0accb7f508ae8be965d8629557221c889dd98/library/std/src/panicking.rs:679:5
[INFO] [stdout]   18:     0x652ada0ff8fc - core[df12db4294e9bfd3]::panicking::panic_fmt
[INFO] [stdout]                                at /rustc/dfb0accb7f508ae8be965d8629557221c889dd98/library/core/src/panicking.rs:80:14
[INFO] [stdout]   19:     0x652ada014ce3 - ethereum_vectors[d11b6e8b65c4f2a9]::fixtures_root::{closure#0}
[INFO] [stdout]                                at /opt/rustwide/workdir/tests/ethereum_vectors.rs:43:9
[INFO] [stdout]   20:     0x652ada020178 - <std[70759c8f55707aa4]::sync::once_lock::OnceLock<std[70759c8f55707aa4]::path::PathBuf>>::get_or_init::<ethereum_vectors[d11b6e8b65c4f2a9]::fixtures_root::{closure#0}>::{closure#0}
[INFO] [stdout]                                at /rustc/dfb0accb7f508ae8be965d8629557221c889dd98/library/std/src/sync/once_lock.rs:350:50
[INFO] [stdout]   21:     0x652ada0200a4 - <std[70759c8f55707aa4]::sync::once_lock::OnceLock<std[70759c8f55707aa4]::path::PathBuf>>::initialize::<<std[70759c8f55707aa4]::sync::once_lock::OnceLock<std[70759c8f55707aa4]::path::PathBuf>>::get_or_init<ethereum_vectors[d11b6e8b65c4f2a9]::fixtures_root::{closure#0}>::{closure#0}, !>::{closure#0}
[INFO] [stdout]                                at /rustc/dfb0accb7f508ae8be965d8629557221c889dd98/library/std/src/sync/once_lock.rs:572:19
[INFO] [stdout]   22:     0x652ada028071 - <std[70759c8f55707aa4]::sync::once::Once>::call_once_force::<<std[70759c8f55707aa4]::sync::once_lock::OnceLock<std[70759c8f55707aa4]::path::PathBuf>>::initialize<<std[70759c8f55707aa4]::sync::once_lock::OnceLock<std[70759c8f55707aa4]::path::PathBuf>>::get_or_init<ethereum_vectors[d11b6e8b65c4f2a9]::fixtures_root::{closure#0}>::{closure#0}, !>::{closure#0}>::{closure#0}
[INFO] [stdout]                                at /rustc/dfb0accb7f508ae8be965d8629557221c889dd98/library/std/src/sync/once.rs:226:40
[INFO] [stdout]   23:     0x652ada0cb609 - <std[70759c8f55707aa4]::sys::sync::once::futex::Once>::call
[INFO] [stdout]                                at /rustc/dfb0accb7f508ae8be965d8629557221c889dd98/library/std/src/sys/sync/once/futex.rs:183:21
[INFO] [stdout]   24:     0x652ada023e5a - <std[70759c8f55707aa4]::sync::once::Once>::call_once_force::<<std[70759c8f55707aa4]::sync::once_lock::OnceLock<std[70759c8f55707aa4]::path::PathBuf>>::initialize<<std[70759c8f55707aa4]::sync::once_lock::OnceLock<std[70759c8f55707aa4]::path::PathBuf>>::get_or_init<ethereum_vectors[d11b6e8b65c4f2a9]::fixtures_root::{closure#0}>::{closure#0}, !>::{closure#0}>
[INFO] [stdout]                                at /rustc/dfb0accb7f508ae8be965d8629557221c889dd98/library/std/src/sync/once.rs:226:20
[INFO] [stdout]   25:     0x652ada01c87c - <std[70759c8f55707aa4]::sync::once_lock::OnceLock<std[70759c8f55707aa4]::path::PathBuf>>::initialize::<<std[70759c8f55707aa4]::sync::once_lock::OnceLock<std[70759c8f55707aa4]::path::PathBuf>>::get_or_init<ethereum_vectors[d11b6e8b65c4f2a9]::fixtures_root::{closure#0}>::{closure#0}, !>
[INFO] [stdout]                                at /rustc/dfb0accb7f508ae8be965d8629557221c889dd98/library/std/src/sync/once_lock.rs:571:19
[INFO] [stdout]   26:     0x652ada01c8fd - <std[70759c8f55707aa4]::sync::once_lock::OnceLock<std[70759c8f55707aa4]::path::PathBuf>>::get_or_try_init::<<std[70759c8f55707aa4]::sync::once_lock::OnceLock<std[70759c8f55707aa4]::path::PathBuf>>::get_or_init<ethereum_vectors[d11b6e8b65c4f2a9]::fixtures_root::{closure#0}>::{closure#0}, !>
[INFO] [stdout]                                at /rustc/dfb0accb7f508ae8be965d8629557221c889dd98/library/std/src/sync/once_lock.rs:439:14
[INFO] [stdout]   27:     0x652ada01c89d - <std[70759c8f55707aa4]::sync::once_lock::OnceLock<std[70759c8f55707aa4]::path::PathBuf>>::get_or_init::<ethereum_vectors[d11b6e8b65c4f2a9]::fixtures_root::{closure#0}>
[INFO] [stdout]                                at /rustc/dfb0accb7f508ae8be965d8629557221c889dd98/library/std/src/sync/once_lock.rs:350:20
[INFO] [stdout]   28:     0x652ada0159fd - ethereum_vectors[d11b6e8b65c4f2a9]::fixtures_root
[INFO] [stdout]                                at /opt/rustwide/workdir/tests/ethereum_vectors.rs:22:10
[INFO] [stdout]   29:     0x652ada0159b7 - ethereum_vectors[d11b6e8b65c4f2a9]::fixtures_dir
[INFO] [stdout]                                at /opt/rustwide/workdir/tests/ethereum_vectors.rs:53:5
[INFO] [stdout]   30:     0x652ada015815 - ethereum_vectors[d11b6e8b65c4f2a9]::json_files
[INFO] [stdout]                                at /opt/rustwide/workdir/tests/ethereum_vectors.rs:57:34
[INFO] [stdout]   31:     0x652ada017d80 - ethereum_vectors[d11b6e8b65c4f2a9]::ethereum_g2_deserialization_vectors
[INFO] [stdout]                                at /opt/rustwide/workdir/tests/ethereum_vectors.rs:315:17
[INFO] [stdout]   32:     0x652ada014e17 - ethereum_vectors[d11b6e8b65c4f2a9]::ethereum_g2_deserialization_vectors::{closure#0}
[INFO] [stdout]                                at /opt/rustwide/workdir/tests/ethereum_vectors.rs:314:41
[INFO] [stdout]   33:     0x652ada02ab86 - <ethereum_vectors[d11b6e8b65c4f2a9]::ethereum_g2_deserialization_vectors::{closure#0} as core[df12db4294e9bfd3]::ops::function::FnOnce<()>>::call_once
[INFO] [stdout]                                at /rustc/dfb0accb7f508ae8be965d8629557221c889dd98/library/core/src/ops/function.rs:250:5
[INFO] [stdout]   34:     0x652ada035e4b - <fn() -> core[df12db4294e9bfd3]::result::Result<(), alloc[2182bb758b4b3781]::string::String> as core[df12db4294e9bfd3]::ops::function::FnOnce<()>>::call_once
[INFO] [stdout]                                at /rustc/dfb0accb7f508ae8be965d8629557221c889dd98/library/core/src/ops/function.rs:250:5
[INFO] [stdout]   35:     0x652ada035e4b - test[9d35eded1c95d3be]::__rust_begin_short_backtrace::<core[df12db4294e9bfd3]::result::Result<(), alloc[2182bb758b4b3781]::string::String>, fn() -> core[df12db4294e9bfd3]::result::Result<(), alloc[2182bb758b4b3781]::string::String>>
[INFO] [stdout]                                at /rustc/dfb0accb7f508ae8be965d8629557221c889dd98/library/test/src/lib.rs:733:18
[INFO] [stdout]   36:     0x652ada0434b5 - test[9d35eded1c95d3be]::run_test_in_process::{closure#0}
[INFO] [stdout]                                at /rustc/dfb0accb7f508ae8be965d8629557221c889dd98/library/test/src/lib.rs:756:74
[INFO] [stdout]   37:     0x652ada0434b5 - <core[df12db4294e9bfd3]::panic::unwind_safe::AssertUnwindSafe<test[9d35eded1c95d3be]::run_test_in_process::{closure#0}> as core[df12db4294e9bfd3]::ops::function::FnOnce<()>>::call_once
[INFO] [stdout]                                at /rustc/dfb0accb7f508ae8be965d8629557221c889dd98/library/core/src/panic/unwind_safe.rs:275:9
[INFO] [stdout]   38:     0x652ada0434b5 - std[70759c8f55707aa4]::panicking::catch_unwind::do_call::<core[df12db4294e9bfd3]::panic::unwind_safe::AssertUnwindSafe<test[9d35eded1c95d3be]::run_test_in_process::{closure#0}>, core[df12db4294e9bfd3]::result::Result<(), alloc[2182bb758b4b3781]::string::String>>
[INFO] [stdout]                                at /rustc/dfb0accb7f508ae8be965d8629557221c889dd98/library/std/src/panicking.rs:576:43
[INFO] [stdout]   39:     0x652ada0434b5 - std[70759c8f55707aa4]::panicking::catch_unwind::<core[df12db4294e9bfd3]::result::Result<(), alloc[2182bb758b4b3781]::string::String>, core[df12db4294e9bfd3]::panic::unwind_safe::AssertUnwindSafe<test[9d35eded1c95d3be]::run_test_in_process::{closure#0}>>
[INFO] [stdout]                                at /rustc/dfb0accb7f508ae8be965d8629557221c889dd98/library/std/src/panicking.rs:544:19
[INFO] [stdout]   40:     0x652ada0434b5 - std[70759c8f55707aa4]::panic::catch_unwind::<core[df12db4294e9bfd3]::panic::unwind_safe::AssertUnwindSafe<test[9d35eded1c95d3be]::run_test_in_process::{closure#0}>, core[df12db4294e9bfd3]::result::Result<(), alloc[2182bb758b4b3781]::string::String>>
[INFO] [stdout]                                at /rustc/dfb0accb7f508ae8be965d8629557221c889dd98/library/std/src/panic.rs:359:14
[INFO] [stdout]   41:     0x652ada0434b5 - test[9d35eded1c95d3be]::run_test_in_process
[INFO] [stdout]                                at /rustc/dfb0accb7f508ae8be965d8629557221c889dd98/library/test/src/lib.rs:756:27
[INFO] [stdout]   42:     0x652ada0434b5 - test[9d35eded1c95d3be]::run_test::{closure#0}
[INFO] [stdout]                                at /rustc/dfb0accb7f508ae8be965d8629557221c889dd98/library/test/src/lib.rs:677:43
[INFO] [stdout]   43:     0x652ada03cd74 - test[9d35eded1c95d3be]::run_test::{closure#1}
[INFO] [stdout]                                at /rustc/dfb0accb7f508ae8be965d8629557221c889dd98/library/test/src/lib.rs:707:41
[INFO] [stdout]   44:     0x652ada03cd74 - std[70759c8f55707aa4]::sys::backtrace::__rust_begin_short_backtrace::<test[9d35eded1c95d3be]::run_test::{closure#1}, ()>
[INFO] [stdout]                                at /rustc/dfb0accb7f508ae8be965d8629557221c889dd98/library/std/src/sys/backtrace.rs:166:18
[INFO] [stdout]   45:     0x652ada046612 - std[70759c8f55707aa4]::thread::lifecycle::spawn_unchecked::<test[9d35eded1c95d3be]::run_test::{closure#1}, ()>::{closure#1}::{closure#0}
[INFO] [stdout]                                at /rustc/dfb0accb7f508ae8be965d8629557221c889dd98/library/std/src/thread/lifecycle.rs:70:13
[INFO] [stdout]   46:     0x652ada046612 - <core[df12db4294e9bfd3]::panic::unwind_safe::AssertUnwindSafe<std[70759c8f55707aa4]::thread::lifecycle::spawn_unchecked<test[9d35eded1c95d3be]::run_test::{closure#1}, ()>::{closure#1}::{closure#0}> as core[df12db4294e9bfd3]::ops::function::FnOnce<()>>::call_once
[INFO] [stdout]                                at /rustc/dfb0accb7f508ae8be965d8629557221c889dd98/library/core/src/panic/unwind_safe.rs:275:9
[INFO] [stdout]   47:     0x652ada046612 - std[70759c8f55707aa4]::panicking::catch_unwind::do_call::<core[df12db4294e9bfd3]::panic::unwind_safe::AssertUnwindSafe<std[70759c8f55707aa4]::thread::lifecycle::spawn_unchecked<test[9d35eded1c95d3be]::run_test::{closure#1}, ()>::{closure#1}::{closure#0}>, ()>
[INFO] [stdout]                                at /rustc/dfb0accb7f508ae8be965d8629557221c889dd98/library/std/src/panicking.rs:576:43
[INFO] [stdout]   48:     0x652ada046612 - std[70759c8f55707aa4]::panicking::catch_unwind::<(), core[df12db4294e9bfd3]::panic::unwind_safe::AssertUnwindSafe<std[70759c8f55707aa4]::thread::lifecycle::spawn_unchecked<test[9d35eded1c95d3be]::run_test::{closure#1}, ()>::{closure#1}::{closure#0}>>
[INFO] [stdout]                                at /rustc/dfb0accb7f508ae8be965d8629557221c889dd98/library/std/src/panicking.rs:544:19
[INFO] [stdout]   49:     0x652ada046612 - std[70759c8f55707aa4]::panic::catch_unwind::<core[df12db4294e9bfd3]::panic::unwind_safe::AssertUnwindSafe<std[70759c8f55707aa4]::thread::lifecycle::spawn_unchecked<test[9d35eded1c95d3be]::run_test::{closure#1}, ()>::{closure#1}::{closure#0}>, ()>
[INFO] [stdout]                                at /rustc/dfb0accb7f508ae8be965d8629557221c889dd98/library/std/src/panic.rs:359:14
[INFO] [stdout]   50:     0x652ada046612 - std[70759c8f55707aa4]::thread::lifecycle::spawn_unchecked::<test[9d35eded1c95d3be]::run_test::{closure#1}, ()>::{closure#1}
[INFO] [stdout]                                at /rustc/dfb0accb7f508ae8be965d8629557221c889dd98/library/std/src/thread/lifecycle.rs:68:26
[INFO] [stdout]   51:     0x652ada046612 - <std[70759c8f55707aa4]::thread::lifecycle::spawn_unchecked<test[9d35eded1c95d3be]::run_test::{closure#1}, ()>::{closure#1} as core[df12db4294e9bfd3]::ops::function::FnOnce<()>>::call_once::{shim:vtable#0}
[INFO] [stdout]                                at /rustc/dfb0accb7f508ae8be965d8629557221c889dd98/library/core/src/ops/function.rs:250:5
[INFO] [stdout]   52:     0x652ada0e9999 - <alloc[2182bb758b4b3781]::boxed::Box<dyn core[df12db4294e9bfd3]::ops::function::FnOnce<(), Output = ()> + core[df12db4294e9bfd3]::marker::Send> as core[df12db4294e9bfd3]::ops::function::FnOnce<()>>::call_once
[INFO] [stdout]                                at /rustc/dfb0accb7f508ae8be965d8629557221c889dd98/library/alloc/src/boxed.rs:2320:9
[INFO] [stdout]   53:     0x652ada0e9999 - <std[70759c8f55707aa4]::sys::thread::unix::Thread>::new::thread_start
[INFO] [stdout]                                at /rustc/dfb0accb7f508ae8be965d8629557221c889dd98/library/std/src/sys/thread/unix.rs:123:17
[INFO] [stdout]   54:     0x780151c21dfa - <unknown>
[INFO] [stdout]   55:     0x780151cb53d4 - clone
[INFO] [stdout]   56:                0x0 - <unknown>
[INFO] [stdout] 
[INFO] [stdout] 
[INFO] [stdout] failures:
[INFO] [stdout]     ethereum_aggregate_screening_compatibility_vectors
[INFO] [stdout]     ethereum_aggregate_vectors
[INFO] [stdout]     ethereum_aggregate_verify_vectors
[INFO] [stdout]     ethereum_fast_aggregate_verify_vectors
[INFO] [stdout]     ethereum_g1_deserialization_vectors
[INFO] [stdout]     ethereum_g2_deserialization_vectors
[INFO] [stdout]     ethereum_sign_vectors
[INFO] [stdout]     ethereum_verify_vectors
[INFO] [stdout] 
[INFO] [stdout] test result: FAILED. 0 passed; 8 failed; 0 ignored; 0 measured; 0 filtered out; finished in 1.79s
[INFO] [stdout] 
[INFO] running `Command { std: "docker" "inspect" "bb42e256d5963d3c671e8c2d963b51c9b7d8a72c102ec9c802517de368215dac", kill_on_drop: false }`
[INFO] running `Command { std: "docker" "rm" "-f" "bb42e256d5963d3c671e8c2d963b51c9b7d8a72c102ec9c802517de368215dac", kill_on_drop: false }`
[INFO] [stdout] bb42e256d5963d3c671e8c2d963b51c9b7d8a72c102ec9c802517de368215dac
