[INFO] fetching crate soar-dl 0.12.2...
[INFO] testing soar-dl-0.12.2 against 1.99.0-beta.8 for beta-1.100-2
[INFO] extracting crate soar-dl 0.12.2 into /workspace/builds/worker-1-tc1/source
[INFO] started tweaking crates.io crate soar-dl 0.12.2
[INFO] finished tweaking crates.io crate soar-dl 0.12.2
[INFO] tweaked toml for crates.io crate soar-dl 0.12.2 written to /workspace/builds/worker-1-tc1/source/Cargo.toml
[INFO] validating manifest of crates.io crate soar-dl 0.12.2 on toolchain 1.99.0-beta.8
[INFO] running `Command { std: CARGO_HOME="/workspace/cargo-home" RUSTUP_HOME="/workspace/rustup-home" "/workspace/cargo-home/bin/cargo" "+1.99.0-beta.8" "metadata" "--manifest-path" "Cargo.toml" "--no-deps", kill_on_drop: false }`
[INFO] crate crates.io crate soar-dl 0.12.2 already has a lockfile, it will not be regenerated
[INFO] running `Command { std: CARGO_HOME="/workspace/cargo-home" RUSTUP_HOME="/workspace/rustup-home" "/workspace/cargo-home/bin/cargo" "+1.99.0-beta.8" "fetch" "--manifest-path" "Cargo.toml", kill_on_drop: false }`
[INFO] [stderr]     Updating crates.io index
[INFO] [stderr]     Blocking waiting for file lock on package cache
[INFO] [stderr]  Downloading crates ...
[INFO] [stderr]   Downloaded zsync-rs v0.1.4
[INFO] [stderr]   Downloaded md4 v0.11.0
[INFO] [stderr]   Downloaded soar-utils v0.5.2
[INFO] [stderr]   Downloaded textwrap v0.16.2
[INFO] [stderr]   Downloaded serial_test v3.5.0
[INFO] [stderr]   Downloaded serial_test_derive v3.5.0
[INFO] [stderr]   Downloaded miette v7.6.0
[INFO] [stderr]   Downloaded supports-hyperlinks v3.2.0
[INFO] [stderr]   Downloaded is_ci v1.2.0
[INFO] [stderr]   Downloaded fast-glob v1.1.1
[INFO] [stderr]   Downloaded compak v0.2.0
[INFO] [stderr]   Downloaded unicode-linebreak v0.1.5
[INFO] [stderr]   Downloaded supports-unicode v3.0.0
[INFO] [stderr]   Downloaded backtrace-ext v0.2.1
[INFO] [stderr]   Downloaded owo-colors v4.3.0
[INFO] [stderr]   Downloaded supports-color v3.0.2
[INFO] [stderr]   Downloaded miette-derive v7.6.0
[INFO] [stderr]   Downloaded zip v7.2.0
[INFO] [stderr]   Downloaded liblzma v0.4.6
[INFO] [stderr]   Downloaded lzma-rust2 v0.15.8
[INFO] [stderr]   Downloaded ppmd-rust v1.4.0
[INFO] [stderr]   Downloaded lzma-rust2 v0.16.4
[INFO] [stderr]   Downloaded sevenz-rust2 v0.20.2
[INFO] [stderr]   Downloaded liblzma-sys v0.4.6
[INFO] running `Command { std: "docker" "create" "-v" "/var/lib/crater-agent-workspace/builds/worker-1-tc1/source:/opt/rustwide/workdir:ro,Z" "-v" "/var/lib/crater-agent-workspace/builds/worker-1-tc1/target:/opt/rustwide/target:rw,Z" "-v" "/var/lib/crater-agent-workspace/cargo-home:/opt/rustwide/cargo-home:ro,Z" "-v" "/var/lib/crater-agent-workspace/rustup-home:/opt/rustwide/rustup-home:ro,Z" "-m" "1610612736" "--network" "none" "ghcr.io/rust-lang/crates-build-env/linux@sha256:3111399a4047eeb3a02b7a90e478d715f38a8c6669b5c4b49d30a17385265909" "sleep" "infinity", kill_on_drop: false }`
[INFO] [stdout] 154222b1b9724a59c02fa1265e1ac47a6cc60c13f90a8d0e3271a4fa5b843da3
[INFO] running `Command { std: "docker" "start" "154222b1b9724a59c02fa1265e1ac47a6cc60c13f90a8d0e3271a4fa5b843da3", kill_on_drop: false }`
[INFO] running `Command { std: "docker" "inspect" "154222b1b9724a59c02fa1265e1ac47a6cc60c13f90a8d0e3271a4fa5b843da3", kill_on_drop: false }`
[INFO] running `Command { std: "docker" "exec" "-e" "SOURCE_DIR=/opt/rustwide/workdir" "-e" "CARGO_HOME=/opt/rustwide/cargo-home" "-e" "RUSTUP_HOME=/opt/rustwide/rustup-home" "-e" "CARGO_TARGET_DIR=/opt/rustwide/target" "-w" "/opt/rustwide/workdir" "--user" "0:0" "154222b1b9724a59c02fa1265e1ac47a6cc60c13f90a8d0e3271a4fa5b843da3" "/opt/rustwide/cargo-home/bin/cargo" "+1.99.0-beta.8" "metadata" "--no-deps" "--format-version=1", kill_on_drop: false }`
[INFO] running `Command { std: "docker" "inspect" "154222b1b9724a59c02fa1265e1ac47a6cc60c13f90a8d0e3271a4fa5b843da3", kill_on_drop: false }`
[INFO] running `Command { std: "docker" "exec" "-e" "SOURCE_DIR=/opt/rustwide/workdir" "-e" "CARGO_HOME=/opt/rustwide/cargo-home" "-e" "RUSTUP_HOME=/opt/rustwide/rustup-home" "-e" "CARGO_TARGET_DIR=/opt/rustwide/target" "-e" "CARGO_INCREMENTAL=0" "-e" "RUST_BACKTRACE=full" "-e" "RUSTFLAGS=--cap-lints=warn" "-e" "RUSTDOCFLAGS=--cap-lints=warn" "-w" "/opt/rustwide/workdir" "--user" "0:0" "154222b1b9724a59c02fa1265e1ac47a6cc60c13f90a8d0e3271a4fa5b843da3" "/opt/rustwide/cargo-home/bin/cargo" "+1.99.0-beta.8" "build" "--frozen" "--message-format=json", kill_on_drop: false }`
[INFO] [stderr]    Compiling proc-macro2 v1.0.107
[INFO] [stderr]    Compiling libc v0.2.189
[INFO] [stderr]    Compiling find-msvc-tools v0.1.11
[INFO] [stderr]    Compiling crc32fast v1.5.1
[INFO] [stderr]    Compiling smallvec v1.15.2
[INFO] [stderr]    Compiling rustix v1.1.4
[INFO] [stderr]    Compiling hybrid-array v0.4.14
[INFO] [stderr]    Compiling simd-adler32 v0.3.10
[INFO] [stderr]    Compiling object v0.37.3
[INFO] [stderr]    Compiling indexmap v2.14.1
[INFO] [stderr]    Compiling crypto-common v0.1.7
[INFO] [stderr]    Compiling block-padding v0.3.3
[INFO] [stderr]    Compiling httparse v1.10.1
[INFO] [stderr]    Compiling zlib-rs v0.6.7
[INFO] [stderr]    Compiling gimli v0.32.3
[INFO] [stderr]    Compiling inout v0.1.4
[INFO] [stderr]    Compiling digest v0.10.7
[INFO] [stderr]    Compiling miniz_oxide v0.9.1
[INFO] [stderr]    Compiling cipher v0.4.4
[INFO] [stderr]    Compiling miniz_oxide v0.8.9
[INFO] [stderr]    Compiling futures-core v0.3.34
[INFO] [stderr]    Compiling sha2 v0.10.9
[INFO] [stderr]    Compiling rustc-demangle v0.1.27
[INFO] [stderr]    Compiling thiserror v2.0.20
[INFO] [stderr]    Compiling owo-colors v4.3.0
[INFO] [stderr]    Compiling serde_json v1.0.151
[INFO] [stderr]    Compiling rustls v0.23.43
[INFO] [stderr]    Compiling aes v0.8.4
[INFO] [stderr]    Compiling futures-util v0.3.34
[INFO] [stderr]    Compiling http v1.5.0
[INFO] [stderr]    Compiling nix v0.31.3
[INFO] [stderr]    Compiling hmac v0.12.1
[INFO] [stderr]    Compiling crypto-common v0.2.2
[INFO] [stderr]    Compiling block-buffer v0.12.1
[INFO] [stderr]    Compiling quote v1.0.47
[INFO] [stderr]    Compiling arrayvec v0.7.8
[INFO] [stderr]    Compiling base64 v0.23.1
[INFO] [stderr]    Compiling is_ci v1.2.0
[INFO] [stderr]    Compiling syn v2.0.119
[INFO] [stderr]    Compiling syn v3.0.4
[INFO] [stderr]    Compiling unicode-linebreak v0.1.5
[INFO] [stderr]    Compiling bumpalo v3.20.3
[INFO] [stderr]    Compiling clap_builder v4.6.6
[INFO] [stderr]    Compiling time v0.3.55
[INFO] [stderr]    Compiling supports-color v3.0.2
[INFO] [stderr]    Compiling zopfli v0.8.3
[INFO] [stderr]    Compiling textwrap v0.16.2
[INFO] [stderr]    Compiling jobserver v0.1.35
[INFO] [stderr]    Compiling ureq-proto v0.6.1
[INFO] [stderr]    Compiling pbkdf2 v0.12.2
[INFO] [stderr]    Compiling lzma-rust2 v0.15.8
[INFO] [stderr]    Compiling cc v1.4.4
[INFO] [stderr]    Compiling digest v0.11.3
[INFO] [stderr]    Compiling cbc v0.1.2
[INFO] [stderr]    Compiling sha1 v0.10.6
[INFO] [stderr]    Compiling ppmd-rust v1.4.0
[INFO] [stderr]    Compiling lzma-rust2 v0.16.4
[INFO] [stderr]    Compiling getrandom v0.2.17
[INFO] [stderr]    Compiling parking_lot_core v0.9.12
[INFO] [stderr]    Compiling xattr v1.6.1
[INFO] [stderr]    Compiling terminal_size v0.4.4
[INFO] [stderr]    Compiling addr2line v0.25.1
[INFO] [stderr]    Compiling parking_lot v0.12.5
[INFO] [stderr]    Compiling memmap2 v0.9.11
[INFO] [stderr]    Compiling filetime v0.2.29
[INFO] [stderr]    Compiling getrandom v0.4.3
[INFO] [stderr]    Compiling getrandom v0.3.4
[INFO] [stderr]    Compiling supports-unicode v3.0.0
[INFO] [stderr]    Compiling unicode-width v0.1.14
[INFO] [stderr]    Compiling constant_time_eq v0.3.1
[INFO] [stderr]    Compiling utf8-zero v0.8.1
[INFO] [stderr]    Compiling regex-syntax v0.8.11
[INFO] [stderr]    Compiling supports-hyperlinks v3.2.0
[INFO] [stderr]    Compiling tar v0.4.46
[INFO] [stderr]    Compiling futures-executor v0.3.32
[INFO] [stderr]    Compiling md4 v0.11.0
[INFO] [stderr]    Compiling sha1 v0.11.0
[INFO] [stderr]    Compiling tracing-core v0.1.36
[INFO] [stderr]    Compiling sha2 v0.11.0
[INFO] [stderr]    Compiling fast-glob v1.1.1
[INFO] [stderr]    Compiling tracing v0.1.44
[INFO] [stderr]    Compiling sevenz-rust2 v0.20.2
[INFO] [stderr]    Compiling zstd-sys v2.0.16+zstd.1.5.7
[INFO] [stderr]    Compiling ring v0.17.14
[INFO] [stderr]    Compiling liblzma-sys v0.4.6
[INFO] [stderr]    Compiling blake3 v1.8.7
[INFO] [stderr]    Compiling liblzma v0.4.6
[INFO] [stderr]    Compiling regex-automata v0.4.18
[INFO] [stderr]    Compiling flate2 v1.1.10
[INFO] [stderr]    Compiling backtrace v0.3.76
[INFO] [stderr]    Compiling synstructure v0.13.2
[INFO] [stderr]    Compiling zerovec-derive v0.11.6
[INFO] [stderr]    Compiling displaydoc v0.2.7
[INFO] [stderr]    Compiling serde_derive v1.0.229
[INFO] [stderr]    Compiling thiserror-impl v2.0.20
[INFO] [stderr]    Compiling backtrace-ext v0.2.1
[INFO] [stderr]    Compiling clap_derive v4.6.4
[INFO] [stderr]    Compiling zerofrom-derive v0.1.7
[INFO] [stderr]    Compiling yoke-derive v0.8.2
[INFO] [stderr]    Compiling zeroize_derive v1.5.0
[INFO] [stderr]    Compiling miette-derive v7.6.0
[INFO] [stderr]    Compiling serial_test_derive v3.5.0
[INFO] [stderr]    Compiling regex v1.13.1
[INFO] [stderr]    Compiling serial_test v3.5.0
[INFO] [stderr]    Compiling zeroize v1.9.0
[INFO] [stderr]    Compiling rustls-pki-types v1.15.1
[INFO] [stderr]    Compiling zerofrom v0.1.8
[INFO] [stderr]    Compiling yoke v0.8.3
[INFO] [stderr]    Compiling miette v7.6.0
[INFO] [stderr]    Compiling zerovec v0.11.8
[INFO] [stderr]    Compiling zerotrie v0.2.5
[INFO] [stderr]    Compiling clap v4.6.6
[INFO] [stderr]    Compiling zstd-safe v7.2.4
[INFO] [stderr]    Compiling rustls-webpki v0.103.15
[INFO] [stderr]    Compiling webpki-roots v1.0.9
[INFO] [stderr]    Compiling zstd v0.13.3
[INFO] [stderr]    Compiling zip v7.2.0
[INFO] [stderr]    Compiling tinystr v0.8.4
[INFO] [stderr]    Compiling potential_utf v0.1.6
[INFO] [stderr]    Compiling icu_collections v2.3.0
[INFO] [stderr]    Compiling icu_locale_core v2.3.0
[INFO] [stderr]    Compiling soar-utils v0.5.2
[INFO] [stderr]    Compiling compak v0.2.0
[INFO] [stderr]    Compiling serde v1.0.229
[INFO] [stderr]    Compiling icu_provider v2.3.1
[INFO] [stderr]    Compiling icu_normalizer v2.3.0
[INFO] [stderr]    Compiling icu_properties v2.3.0
[INFO] [stderr]    Compiling idna_adapter v1.2.2
[INFO] [stderr]    Compiling idna v1.1.0
[INFO] [stderr]    Compiling url v2.5.8
[INFO] [stderr]    Compiling ureq v3.4.0
[INFO] [stderr]    Compiling zsync-rs v0.1.4
[INFO] [stderr]    Compiling soar-dl v0.12.2 (/opt/rustwide/workdir)
[INFO] [stderr]     Finished `dev` profile [unoptimized + debuginfo] target(s) in 1m 13s
[INFO] running `Command { std: "docker" "inspect" "154222b1b9724a59c02fa1265e1ac47a6cc60c13f90a8d0e3271a4fa5b843da3", kill_on_drop: false }`
[INFO] running `Command { std: "docker" "exec" "-e" "SOURCE_DIR=/opt/rustwide/workdir" "-e" "CARGO_HOME=/opt/rustwide/cargo-home" "-e" "RUSTUP_HOME=/opt/rustwide/rustup-home" "-e" "CARGO_TARGET_DIR=/opt/rustwide/target" "-e" "CARGO_INCREMENTAL=0" "-e" "RUST_BACKTRACE=full" "-e" "RUSTFLAGS=--cap-lints=warn" "-e" "RUSTDOCFLAGS=--cap-lints=warn" "-w" "/opt/rustwide/workdir" "--user" "0:0" "154222b1b9724a59c02fa1265e1ac47a6cc60c13f90a8d0e3271a4fa5b843da3" "/opt/rustwide/cargo-home/bin/cargo" "+1.99.0-beta.8" "test" "--frozen" "--no-run" "--message-format=json", kill_on_drop: false }`
[INFO] [stderr]    Compiling tempfile v3.27.0
[INFO] [stderr]    Compiling soar-dl v0.12.2 (/opt/rustwide/workdir)
[INFO] [stderr]     Finished `test` profile [unoptimized + debuginfo] target(s) in 3.83s
[INFO] running `Command { std: "docker" "inspect" "154222b1b9724a59c02fa1265e1ac47a6cc60c13f90a8d0e3271a4fa5b843da3", kill_on_drop: false }`
[INFO] running `Command { std: "docker" "exec" "-e" "SOURCE_DIR=/opt/rustwide/workdir" "-e" "CARGO_HOME=/opt/rustwide/cargo-home" "-e" "RUSTUP_HOME=/opt/rustwide/rustup-home" "-e" "CARGO_TARGET_DIR=/opt/rustwide/target" "-e" "CARGO_INCREMENTAL=0" "-e" "RUST_BACKTRACE=full" "-e" "RUSTFLAGS=--cap-lints=warn" "-e" "RUSTDOCFLAGS=--cap-lints=warn" "-w" "/opt/rustwide/workdir" "--user" "0:0" "154222b1b9724a59c02fa1265e1ac47a6cc60c13f90a8d0e3271a4fa5b843da3" "/opt/rustwide/cargo-home/bin/cargo" "+1.99.0-beta.8" "test" "--frozen", kill_on_drop: false }`
[INFO] [stderr]     Finished `test` profile [unoptimized + debuginfo] target(s) in 0.20s
[INFO] [stderr]      Running unittests src/lib.rs (/opt/rustwide/target/debug/deps/soar_dl-1d516009cee4a106)
[INFO] [stdout] 
[INFO] [stdout] running 140 tests
[INFO] [stdout] test error::tests::test_download_error_io ... ok
[INFO] [stdout] test filter::tests::test_filter_default ... ok
[INFO] [stdout] test error::tests::test_from_ureq_error ... ok
[INFO] [stdout] test error::tests::test_download_error_invalid_url ... ok
[INFO] [stdout] test error::tests::test_download_error_http_error ... ok
[INFO] [stdout] test error::tests::test_download_error_layer_not_found ... ok
[INFO] [stdout] test error::tests::test_download_error_invalid_response ... ok
[INFO] [stdout] test download::tests::verify_checksum_rejects_mismatch ... ok
[INFO] [stdout] test error::tests::test_download_error_resume_mismatch ... ok
[INFO] [stdout] test download::tests::verify_checksum_ok_when_absent_or_matching ... ok
[INFO] [stdout] test filter::tests::test_glob_question_mark ... ok
[INFO] [stdout] test error::tests::test_download_error_debug ... ok
[INFO] [stdout] test filter::tests::test_matches_include_case_insensitive ... ok
[INFO] [stdout] test filter::tests::test_matches_glob_case_sensitive ... ok
[INFO] [stdout] test filter::tests::test_matches_include_alternatives ... ok
[INFO] [stdout] test error::tests::test_download_error_no_match ... ok
[INFO] [stdout] test error::tests::test_error_source_chain ... ok
[INFO] [stdout] test error::tests::test_download_error_multiple ... ok
[INFO] [stdout] test error::tests::test_download_error_no_filename ... ok
[INFO] [stdout] test filter::tests::test_matches_empty_filter ... ok
[INFO] [stdout] test filter::tests::test_matches_exclude_alternatives ... ok
[INFO] [stdout] test filter::tests::test_matches_exclude_multiple_keywords ... ok
[INFO] [stdout] test filter::tests::test_glob_wildcard_patterns ... ok
[INFO] [stdout] test filter::tests::test_matches_combined_filters ... ok
[INFO] [stdout] test filter::tests::test_matches_exclude_single_keyword ... ok
[INFO] [stdout] test filter::tests::test_matches_glob_case_insensitive ... ok
[INFO] [stdout] test filter::tests::test_matches_include_multiple_keywords ... ok
[INFO] [stdout] test filter::tests::test_matches_include_single_keyword ... ok
[INFO] [stdout] test filter::tests::test_matches_keywords_empty ... ok
[INFO] [stdout] test filter::tests::test_matches_keywords_empty_alternatives ... ok
[INFO] [stdout] test filter::tests::test_matches_keywords_whitespace_handling ... ok
[INFO] [stdout] test filter::tests::test_matches_multiple_globs ... ok
[INFO] [stdout] test filter::tests::test_matches_multiple_regexes ... ok
[INFO] [stdout] test http_client::tests::test_client_config_build ... ok
[INFO] [stdout] test http_client::tests::test_client_config_debug ... ok
[INFO] [stdout] test filter::tests::test_matches_regex ... ok
[INFO] [stdout] test http_client::tests::test_configure_http_client ... ok
[INFO] [stdout] test http_client::tests::test_apply_headers_none ... ok
[INFO] [stdout] test http_client::tests::test_shared_agent_head ... ok
[INFO] [stdout] test http_client::tests::test_client_config_clone ... ok
[INFO] [stdout] test http_client::tests::test_client_config_without_proxy_falls_back_to_env ... ok
[INFO] [stdout] test http_client::tests::test_client_config_default ... ok
[INFO] [stdout] test http_client::tests::test_shared_agent_clone ... ok
[INFO] [stdout] test http_client::tests::test_shared_agent_new ... ok
[INFO] [stdout] test http_client::tests::test_shared_agent_default ... ok
[INFO] [stdout] test http_client::tests::test_client_config_explicit_proxy_overrides_env ... ok
[INFO] [stdout] test http_client::tests::test_shared_agent_delete ... ok
[INFO] [stdout] test http_client::tests::test_shared_agent_get ... ok
[INFO] [stdout] test http_client::tests::test_client_config_ip_family ... ok
[INFO] [stdout] test http_client::tests::test_client_config_sets_connect_timeout ... ok
[INFO] [stdout] test http_client::tests::test_client_config_with_timeout ... ok
[INFO] [stdout] test http_client::tests::test_configure_http_client_timeout ... ok
[INFO] [stdout] test oci::tests::safe_layer_path_rejects_titles_without_a_final_component ... ok
[INFO] [stdout] test oci::tests::test_oci_config_deserialize ... ok
[INFO] [stdout] test oci::tests::test_oci_download_builder_pattern ... ok
[INFO] [stdout] test oci::tests::test_oci_layer_deserialize_without_annotations ... ok
[INFO] [stdout] test oci::tests::test_oci_reference_from_str_digest_with_prefix ... ok
[INFO] [stdout] test oci::tests::test_oci_layer_title_absent ... ok
[INFO] [stdout] test oci::tests::test_oci_layer_title_present ... ok
[INFO] [stdout] test oci::tests::test_oci_manifest_deserialize ... ok
[INFO] [stdout] test oci::tests::test_oci_reference_from_str_no_tag ... ok
[INFO] [stdout] test oci::tests::test_oci_reference_from_str_with_digest ... ok
[INFO] [stdout] test oci::tests::test_oci_reference_clone ... ok
[INFO] [stdout] test oci::tests::test_oci_reference_from_str_nested_package ... ok
[INFO] [stdout] test http_client::tests::test_shared_agent_post ... ok
[INFO] [stdout] test oci::tests::test_oci_download_parallel_clamped ... ok
[INFO] [stdout] test oci::tests::test_oci_reference_from_str_with_prefix ... ok
[INFO] [stdout] test oci::tests::safe_layer_path_keeps_plain_name_inside_output_dir ... ok
[INFO] [stdout] test http_client::tests::test_shared_agent_put ... ok
[INFO] [stdout] test oci::tests::test_oci_layer_clone ... ok
[INFO] [stdout] test oci::tests::safe_layer_path_strips_traversal_and_absolute_titles ... ok
[INFO] [stdout] test oci::tests::test_oci_download_new ... ok
[INFO] [stdout] test oci::tests::verify_layer_digest_accepts_correct_and_rejects_wrong ... ok
[INFO] [stdout] test oci::tests::test_oci_reference_from_str_simple ... ok
[INFO] [stdout] test platform::tests::test_parse_repo_percent_encoded_tag ... ok
[INFO] [stdout] test platform::tests::test_parse_repo_with_quotes ... ok
[INFO] [stdout] test platform::tests::test_platform_url_parse_github_shorthand ... ok
[INFO] [stdout] test platform::tests::test_platform_url_parse_github_with_tag ... ok
[INFO] [stdout] test http_client::tests::test_apply_headers_some ... ok
[INFO] [stdout] test platform::tests::test_platform_url_parse_github_https ... ok
[INFO] [stdout] test platform::tests::test_platform_url_parse_github_case_insensitive ... ok
[INFO] [stdout] test platform::tests::test_platform_url_parse_github_with_spaces_in_tag ... ok
[INFO] [stdout] test types::tests::test_overwrite_mode_equality ... ok
[INFO] [stdout] test platform::tests::test_platform_url_parse_oci ... ok
[INFO] [stdout] test types::tests::test_progress_chunk ... ok
[INFO] [stdout] test types::tests::test_progress_clone ... ok
[INFO] [stdout] test types::tests::test_progress_complete ... ok
[INFO] [stdout] test types::tests::test_progress_starting ... ok
[INFO] [stdout] test platform::tests::test_platform_url_parse_oci_with_prefix ... ok
[INFO] [stdout] test types::tests::test_resume_info_with_etag ... ok
[INFO] [stdout] test platform::tests::test_platform_url_parse_tag_with_special_chars ... ok
[INFO] [stdout] test types::tests::test_resume_info_with_last_modified ... ok
[INFO] [stdout] test types::tests::test_overwrite_mode_clone ... ok
[INFO] [stdout] test types::tests::test_resume_info_clone ... ok
[INFO] [stdout] test types::tests::test_resume_info_serialize_deserialize ... ok
[INFO] [stdout] test platform::tests::test_platform_url_parse_gitlab_https ... ok
[INFO] [stdout] test utils::tests::test_filename_from_header_no_filename ... ok
[INFO] [stdout] test platform::tests::test_platform_url_parse_gitlab_with_tag ... ok
[INFO] [stdout] test platform::tests::test_platform_url_parse_gitlab_numeric_project ... ok
[INFO] [stdout] test utils::tests::test_filename_from_header_no_quotes ... ok
[INFO] [stdout] test platform::tests::test_platform_url_parse_gitlab_api_path_as_direct ... ok
[INFO] [stdout] test utils::tests::test_filename_from_url_fragment ... ok
[INFO] [stdout] test utils::tests::test_filename_from_header_simple ... ok
[INFO] [stdout] test utils::tests::test_filename_from_header_empty_filename ... ok
[INFO] [stdout] test utils::tests::test_filename_from_header_with_path ... ok
[INFO] [stdout] test platform::tests::test_platform_url_parse_direct_http ... ok
[INFO] [stdout] test platform::tests::test_platform_url_parse_direct_url ... ok
[INFO] [stdout] test platform::tests::test_platform_url_parse_invalid ... ok
[INFO] [stdout] test utils::tests::test_filename_from_header_multiple_params ... ok
[INFO] [stdout] test platform::tests::test_platform_url_parse_gitlab_nested_groups ... ok
[INFO] [stdout] test utils::tests::test_resolve_output_path_trailing_slash_no_header ... ok
[INFO] [stdout] test utils::tests::test_resolve_output_path_stdout ... ok
[INFO] [stdout] test utils::tests::test_filename_from_url_invalid ... ok
[INFO] [stdout] test utils::tests::test_resolve_output_path_trailing_slash ... ok
[INFO] [stdout] test utils::tests::test_filename_from_url_no_path ... ok
[INFO] [stdout] test utils::tests::test_resolve_output_path_trailing_slash_no_filenames ... ok
[INFO] [stdout] test zsync::tests::artifact_url_falls_back_to_the_feed_without_its_suffix ... ok
[INFO] [stdout] test utils::tests::test_filename_from_url_percent_encoded ... ok
[INFO] [stdout] test utils::tests::test_filename_from_url_query_params ... ok
[INFO] [stdout] test utils::tests::test_filename_from_url_simple ... ok
[INFO] [stdout] test utils::tests::test_filename_from_url_trailing_slash ... ok
[INFO] [stdout] test utils::tests::test_resolve_output_path_explicit_file ... ok
[INFO] [stdout] test utils::tests::test_resolve_output_path_none_no_filenames ... ok
[INFO] [stdout] test zsync::tests::base_url_keeps_the_trailing_separator ... ok
[INFO] [stdout] test utils::tests::test_resolve_output_path_none_uses_url ... ok
[INFO] [stdout] test zsync::tests::download_rejects_a_cleartext_feed_before_fetching ... ok
[INFO] [stdout] test zsync::tests::ensure_https_accepts_only_tls ... ok
[INFO] [stdout] test zsync::tests::a_cleartext_mirror_anywhere_in_the_list_is_rejected ... ok
[INFO] [stdout] test zsync::tests::feed_beside_declines_a_cleartext_artifact ... ok
[INFO] [stdout] test zsync::tests::fetch_target_rejects_a_cleartext_feed_before_fetching ... ok
[INFO] [stdout] test utils::tests::test_resolve_output_path_none_uses_header ... ok
[INFO] [stdout] test zsync::tests::artifact_url_refuses_to_redirect_to_cleartext ... ok
[INFO] [stdout] test zsync::tests::artifact_url_keeps_an_absolute_https_entry ... ok
[INFO] [stdout] test zsync::tests::artifact_url_resolves_relative_against_the_feed ... ok
[INFO] [stdout] test platform::tests::test_platform_url_parse_gitlab_special_path_as_direct ... ok
[INFO] [stdout] test zsync::tests::artifact_urls_are_checked_only_when_absolute ... ok
[INFO] [stdout] test utils::tests::test_resolve_output_path_with_subdirectories ... ok
[INFO] [stdout] test zsync::tests::a_substituted_artifact_is_refused ... ok
[INFO] [stdout] test zsync::tests::reuses_the_installed_copy_and_fetches_only_the_difference ... ok
[INFO] [stdout] test zsync::tests::rebuilds_an_artifact_from_a_relative_feed ... ok
[INFO] [stdout] 
[INFO] [stdout] test result: ok. 140 passed; 0 failed; 0 ignored; 0 measured; 0 filtered out; finished in 0.32s
[INFO] [stdout] 
[INFO] [stderr]    Doc-tests soar_dl
[INFO] [stdout] 
[INFO] [stdout] running 73 tests
[INFO] [stdout] test src/github.rs - github::Github::fetch_releases (line 49) - compile ... ok
[INFO] [stdout] test src/download.rs - download::Download::progress (line 186) - compile ... ok
[INFO] [stdout] test src/download.rs - download::Download::extract_to (line 168) - compile ... ok
[INFO] [stdout] test src/error.rs - error::DownloadError::from (line 90) - compile ... ok
[INFO] [stdout] test src/download.rs - download::Download::execute (line 223) - compile ... ok
[INFO] [stdout] test src/download.rs - download::Download::download_to_stdout (line 382) ... ok
[INFO] [stdout] test src/download.rs - download::Download::ghcr_blob (line 92) ... ok
[INFO] [stdout] test src/download.rs - download::Download::extract (line 149) ... ok
[INFO] [stdout] test src/download.rs - download::Download::overwrite (line 129) ... ok
[INFO] [stdout] test src/github.rs - github::GithubAsset::name (line 226) ... ok
[INFO] [stdout] test src/filter.rs - filter::Filter::matches_keywords (line 70) ... ok
[INFO] [stdout] test src/github.rs - github::GithubRelease::published_at (line 167) ... ok
[INFO] [stdout] test src/download.rs - download::Download::new (line 51) ... ok
[INFO] [stdout] test src/gitlab.rs - gitlab::GitLab::fetch_releases (line 54) - compile ... ok
[INFO] [stdout] test src/gitlab.rs - gitlab::GitLabRelease::name (line 92) ... FAILED
[INFO] [stdout] test src/filter.rs - filter::Filter::matches (line 27) ... ok
[INFO] [stdout] test src/github.rs - github::GithubRelease::is_prerelease (line 145) ... ok
[INFO] [stdout] test src/http.rs - http::Http::json (line 116) - compile ... ok
[INFO] [stdout] test src/http.rs - http::Http::fetch (line 64) - compile ... ok
[INFO] [stdout] test src/download.rs - download::Download::output (line 113) ... ok
[INFO] [stdout] test src/http_client.rs - http_client::ClientConfig::default (line 34) ... FAILED
[INFO] [stdout] test src/http_client.rs - http_client::SharedAgent::get (line 142) - compile ... ok
[INFO] [stdout] test src/download.rs - download::Download::checksum (line 76) ... FAILED
[INFO] [stdout] test src/github.rs - github::GithubAsset::size (line 253) has been running for over 60 seconds
[INFO] [stdout] test src/github.rs - github::GithubAsset::url (line 268) has been running for over 60 seconds
[INFO] [stdout] test src/github.rs - github::GithubRelease::assets (line 191) has been running for over 60 seconds
[INFO] [stdout] test src/github.rs - github::GithubRelease::name (line 83) has been running for over 60 seconds
[INFO] [stdout] test src/github.rs - github::GithubRelease::tag (line 115) has been running for over 60 seconds
[INFO] [stdout] test src/http_client.rs - http_client::SharedAgent::new (line 116) ... FAILED
[INFO] [stdout] test src/http_client.rs - http_client::SharedAgent::post (line 164) - compile ... ok
[INFO] [stdout] test src/github.rs - github::GithubRelease::tag (line 115) ... FAILED
[INFO] [stdout] test src/gitlab.rs - gitlab::GitLabRelease::is_prerelease (line 140) ... FAILED
[INFO] [stdout] test src/gitlab.rs - gitlab::GitLabAsset::name (line 220) has been running for over 60 seconds
[INFO] [stdout] test src/gitlab.rs - gitlab::GitLabAsset::size (line 237) has been running for over 60 seconds
[INFO] [stdout] test src/oci.rs - oci::OciDownload::download_blob (line 771) - compile ... ok
[INFO] [stdout] test src/gitlab.rs - gitlab::GitLabAsset::url (line 255) has been running for over 60 seconds
[INFO] [stdout] test src/gitlab.rs - gitlab::GitLabRelease::assets (line 184) has been running for over 60 seconds
[INFO] [stdout] test src/gitlab.rs - gitlab::GitLabRelease::published_at (line 162) has been running for over 60 seconds
[INFO] [stdout] test src/oci.rs - oci::OciDownload::download_layer (line 832) - compile ... FAILED
[INFO] [stdout] test src/github.rs - github::GithubRelease::name (line 83) ... FAILED
[INFO] [stdout] test src/gitlab.rs - gitlab::GitLabRelease::tag (line 114) has been running for over 60 seconds
[INFO] [stdout] test src/http_client.rs - http_client::ClientConfig::build (line 67) has been running for over 60 seconds
[INFO] [stdout] test src/http_client.rs - http_client::SharedAgent::delete (line 206) ... FAILED
[INFO] [stdout] test src/oci.rs - oci::OciDownload::execute (line 406) - compile ... ok
[INFO] [stdout] test src/oci.rs - oci::OciDownload::download_layers_parallel (line 576) - compile ... ok
[INFO] [stdout] test src/oci.rs - oci::OciDownload::extract (line 321) ... FAILED
[INFO] [stdout] test src/oci.rs - oci::OciDownload::extract_to (line 339) ... FAILED
[INFO] [stdout] test src/oci.rs - oci::OciDownload::fetch_manifest (line 711) - compile ... FAILED
[INFO] [stdout] test src/http_client.rs - http_client::SharedAgent::put (line 183) ... FAILED
[INFO] [stdout] test src/oci.rs - oci::OciDownload::api (line 249) ... FAILED
[INFO] [stdout] test src/gitlab.rs - gitlab::GitLabAsset::name (line 220) ... FAILED
[INFO] [stdout] test src/github.rs - github::GithubAsset::size (line 253) ... FAILED
[INFO] [stdout] test src/oci.rs - oci::OciDownload::progress (line 374) ... FAILED
[INFO] [stdout] test src/oci.rs - oci::OciDownload::parallel (line 357) ... FAILED
[INFO] [stdout] test src/oci.rs - oci::OciLayer::title (line 126) ... FAILED
[INFO] [stdout] test src/oci.rs - oci::OciDownload::filter (line 266) ... FAILED
[INFO] [stdout] test src/release.rs - release::ReleaseDownload<P>::execute (line 213) - compile ... ok
[INFO] [stdout] test src/oci.rs - oci::OciDownload::overwrite (line 301) ... FAILED
[INFO] [stdout] test src/release.rs - release::ReleaseDownload<P>::extract_to (line 159) ... FAILED
[INFO] [stdout] test src/gitlab.rs - gitlab::GitLabRelease::published_at (line 162) ... FAILED
[INFO] [stdout] test src/release.rs - release::ReleaseDownload<P>::new (line 37) ... FAILED
[INFO] [stdout] test src/release.rs - release::ReleaseDownload<P>::output (line 105) ... FAILED
[INFO] [stdout] test src/oci.rs - oci::OciDownload::new (line 224) ... FAILED
[INFO] [stdout] test src/platform.rs - platform::PlatformUrl::parse (line 54) ... FAILED
[INFO] [stdout] test src/http_client.rs - http_client::configure_http_client (line 246) has been running for over 60 seconds
[INFO] [stdout] test src/utils.rs - utils::filename_from_header (line 49) ... FAILED
[INFO] [stdout] test src/oci.rs - oci::OciReference::from (line 45) ... FAILED
[INFO] [stdout] test src/release.rs - release::ReleaseDownload<P>::extract (line 140) ... FAILED
[INFO] [stdout] test src/xattr.rs - xattr::read_resume (line 13) ... FAILED
[INFO] [stdout] test src/release.rs - release::ReleaseDownload<P>::filter (line 83) ... FAILED
[INFO] [stdout] test src/xattr.rs - xattr::remove_resume (line 63) - compile ... ok
[INFO] [stdout] test src/xattr.rs - xattr::write_resume (line 40) - compile ... ok
[INFO] [stdout] test src/gitlab.rs - gitlab::GitLabRelease::tag (line 114) ... FAILED
[INFO] [stdout] test src/oci.rs - oci::OciDownload::output (line 285) has been running for over 60 seconds
[INFO] [stdout] test src/utils.rs - utils::resolve_output_path (line 87) ... FAILED
[INFO] [stdout] test src/release.rs - release::ReleaseDownload<P>::overwrite (line 122) has been running for over 60 seconds
[INFO] [stdout] test src/release.rs - release::ReleaseDownload<P>::progress (line 176) has been running for over 60 seconds
[INFO] [stdout] test src/release.rs - release::ReleaseDownload<P>::tag (line 66) has been running for over 60 seconds
[INFO] [stdout] test src/utils.rs - utils::filename_from_url (line 16) has been running for over 60 seconds
[INFO] [stdout] test src/github.rs - github::GithubAsset::url (line 268) ... ok
[INFO] [stdout] test src/github.rs - github::GithubRelease::assets (line 191) ... ok
[INFO] [stdout] test src/gitlab.rs - gitlab::GitLabAsset::url (line 255) ... ok
[INFO] [stdout] test src/gitlab.rs - gitlab::GitLabAsset::size (line 237) ... ok
[INFO] [stdout] test src/release.rs - release::ReleaseDownload<P>::overwrite (line 122) ... ok
[INFO] [stdout] test src/gitlab.rs - gitlab::GitLabRelease::assets (line 184) ... ok
[INFO] [stdout] test src/http_client.rs - http_client::configure_http_client (line 246) ... ok
[INFO] [stdout] test src/http_client.rs - http_client::ClientConfig::build (line 67) ... ok
[INFO] [stdout] test src/utils.rs - utils::filename_from_url (line 16) ... ok
[INFO] [stdout] test src/release.rs - release::ReleaseDownload<P>::tag (line 66) ... ok
[INFO] [stdout] test src/release.rs - release::ReleaseDownload<P>::progress (line 176) ... ok
[INFO] [stdout] test src/oci.rs - oci::OciDownload::output (line 285) ... ok
[INFO] [stdout] 
[INFO] [stdout] failures:
[INFO] [stdout] 
[INFO] [stdout] ---- src/gitlab.rs - gitlab::GitLabRelease::name (line 92) stdout ----
[INFO] [stdout] error: linking with `cc` failed: exit status: 1
[INFO] [stdout]   |
[INFO] [stdout]   = note:  "cc" "-m64" "/tmp/rustdoctestIqpx3V/rustcV1J21u/symbols.o" "<2 object files omitted>" "-Wl,--as-needed" "-Wl,-Bstatic" "/opt/rustwide/target/debug/deps/{libsoar_dl-1e5b4db305b1d062,libcompak-4faa9f6e230d1c1b,libsevenz_rust2-4753d8faf08ef74b,libcbc-8fd26e1fd6180283,libgetrandom-dd93d911e90837a4,libppmd_rust-232ea743e71061e0,liblzma_rust2-a4686ff3073e4cc5,libtar-51f0d553df053cbf,libxattr-b0ddbc773cff9ea6,libfiletime-87f0e11aed31f606,libbzip2-32a03d911c66cb33,liblibbz2_rs_sys-e91d41ee7057ce95,libliblzma-f18ec67b39abd75e,libliblzma_sys-2b64aa0d6a768a25,libzip-b8ea241e598fdf76,liblzma_rust2-73a14004bbf5ba04,libsha2-9de43574a9a23667,libgetrandom-877db03f58294ae8,libpbkdf2-7f59722e01bb626c,libzstd-95c15ed5c6992275,libzstd_safe-bd05249265cf9205,libzstd_sys-1946c91b55ff89a3,libzopfli-e213de4b63fc988a,libsimd_adler32-8a9b3dd58fcce0fb,libbumpalo-09592ac400046911,libtime-514d58c0cb90b0b7,libpowerfmt-f6019a2766e431f7,libnum_conv-8bd7073c84ef42cd,libderanged-131d43187e2329b6,libtime_core-87cddcae4f761596,libtyped_path-d4bef469917403d3,libcrc32fast-72a668f1caef57d4,libaes-c6a216bc9f425678,libcipher-201396f466dcabc2,libinout-93dc3911bb70d9a5,libblock_padding-adb60efa5e2f76db,libsha1-2874bdb97e47d987,libcpufeatures-e04321643d03190d,libhmac-80a57329b33910c0,libdigest-428f2af201d79a5e,libblock_buffer-2a52351ae749aaa6,libcrypto_common-4bec392eb03e7564,libgeneric_array-db891871e5606a95,libconstant_time_eq-efbf8da8f259d1ea,libzsync_rs-b417dd6fb153ef47,libsha1-def457fc277d7b24,libmd4-4847d50b80ff54cb,liburl-2e65e4849fc89ee6,libidna-cc2d65fc414f9f88,libidna_adapter-cbeb0f587c5b5b8a,libicu_properties-52e5ee2334c0241d,libicu_properties_data-3f856f5bc2063921,libicu_normalizer-dc99e1481281ef6c,libsmallvec-8991f9d163108ead,libicu_normalizer_data-8b25f9eb7a72d68e,libicu_collections-182791d2b89dad1c,libutf8_iter-51566bbad89f3a68,libpotential_utf-40f3d3d736a73795,libicu_provider-60ecb1a06612e705,libicu_locale_core-0fdb745f59ef6fcf,libtinystr-9bdcb754b05824bb,liblitemap-abaddab7afb37065,libwriteable-36514dcf36d12676,libzerovec-8058f2aee15f9d56,libzerotrie-9a4c19cbe2c51454,libyoke-72fb5a1641b3cd20,libstable_deref_trait-63cbf3f3d3f94e56,libzerofrom-8572d48a38069bee,libform_urlencoded-98cc7da289c29f13,libsha2-cf2befbf159afe93,libdigest-515071a3931cfade,libconst_oid-58507ca40e062d76,libcrypto_common-b7a023d8cd4c0d28,libblock_buffer-738c9c701b99e110,libhybrid_array-e32e9ade2789fa0e,libtypenum-8cba24ab4904c632,libregex-309b05c0a519a2bf,libregex_automata-801559c2cb5fe55b,libregex_syntax-c9466e0222ce1989,libfast_glob-907b9c23ff5bc3c6,libureq-33e877bac8a6ea0e,libwebpki_roots-5909ca0173385c01,libserde_json-551865df72f5e6c7,libindexmap-53fa97398aad3fc3,libequivalent-6a754676e6af62ae,libhashbrown-d7214d631586fd51,libzmij-2ca2f302097868c6,libserde-847f3c14e401298f,libserde_core-ff96c4ffe6afdb18,librustls-2d2552a234641e3f,libsubtle-2ae6a7038b9a0630,libwebpki-61a43b5532986362,libring-cabfa653860912e9,libgetrandom-484e4340c5eaad96,libuntrusted-b2f816886faf2178,librustls_pki_types-c28ccc7b5abf2b1c,libzeroize-18cb7876aa49af10,libpercent_encoding-fa055ecaa1e57cfa,libflate2-b14c8adf5f553fc2,libzlib_rs-732d644b7bef00b4,libutf8_zero-b1bfe7deddca0c76,libureq_proto-5dd7cf6f9a415f22,libhttparse-be605dd980e8a581,libbase64-841a5b86c0f78728,libhttp-afd8c2dcf723ab99,libitoa-5de11b3b23bfe572,libbytes-5f66263ae3d5daa8,liblog-22b5be7f6ba2d64a,libtracing-4456c465cb5866b3,libpin_project_lite-0a15d51c77964692,libtracing_core-cbfab8d8047ad76d,libsoar_utils-70197b68e90d0b10,libblake3-a4ac721a052a95b1,libconstant_time_eq-1a60f1c89abc6683,libmemmap2-697620fef1f52302,libcpufeatures-2e8dd38066a76518,libarrayvec-ea4aaf96f8030b7f,libnix-c0fbc6ddf1467fdc,libthiserror-18e8d88527d4e647,libmiette-00e931ed7043d5ad,libbacktrace_ext-e6cbae7140d1d4ce,libsupports_unicode-90d86b95ae234b40,libsupports_color-3899ffcb78560df3,libis_ci-e8bef29ef2e608ab,libsupports_hyperlinks-08a168998187319a,libterminal_size-03625b2d8317737f,librustix-9362e437a91e8f66,libbitflags-4d66d68843710487,liblinux_raw_sys-0b6cde911e9a3109,libtextwrap-c001c64cdccc3ee6,libunicode_linebreak-a9faaa33c69d8a42,libunicode_width-c0be3735b741df1b,libbacktrace-554527aa82eb3985,libminiz_oxide-bfb5ea78b3a5c7a8,libadler2-1712579794513681,libobject-56128f9c88cd9080,libmemchr-a932478bde794617,liblibc-92690407dbecf0f4,libaddr2line-f3d67c68df15d143,libgimli-e1b664456e926008,librustc_demangle-019906bbd6792ceb,libunicode_width-b1bc0d6c10c00ecc,libowo_colors-82d5c6a9d9667c3a,libcfg_if-83060ec5685761ae}.rlib" "<sysroot>/lib/rustlib/x86_64-unknown-linux-gnu/lib/{libstd-*,libpanic_unwind-*,libobject-*,libmemchr-*,libaddr2line-*,libgimli-*,libcfg_if-*,librustc_demangle-*,libstd_detect-*,libhashbrown-*,librustc_std_workspace_alloc-*,libminiz_oxide-*,libadler2-*,libunwind-*,liblibc-*,librustc_std_workspace_core-*,liballoc-*,libcore-*,libcompiler_builtins-*}.rlib" "-Wl,-Bdynamic" "-llzma" "-lgcc_s" "-lutil" "-lrt" "-lpthread" "-lm" "-ldl" "-lc" "-L" "/tmp/rustdoctestIqpx3V/rustcV1J21u/raw-dylibs" "-B<sysroot>/lib/rustlib/x86_64-unknown-linux-gnu/bin/gcc-ld" "-fuse-ld=lld" "-Wl,--eh-frame-hdr" "-Wl,-z,noexecstack" "-L" "/opt/rustwide/target/debug/build/blake3-5984894810ad84f6/out" "-L" "/opt/rustwide/target/debug/build/ring-fe6425f50b288254/out" "-L" "/opt/rustwide/target/debug/build/zstd-sys-cd8a172c04b40a64/out" "-L" "/usr/lib/x86_64-linux-gnu" "-L" "<sysroot>/lib/rustlib/x86_64-unknown-linux-gnu/lib" "-o" "/tmp/rustdoctestIqpx3V/rust_out" "-Wl,--gc-sections" "-pie" "-Wl,-z,relro,-z,now" "-nodefaultlibs"
[INFO] [stdout]   = note: some arguments are omitted. use `--verbose` to show all linker arguments
[INFO] [stdout]   = note: collect2: fatal error: ld terminated with signal 9 [Killed]
[INFO] [stdout]           compilation terminated.
[INFO] [stdout]           
[INFO] [stdout] 
[INFO] [stdout] error: aborting due to 1 previous error
[INFO] [stdout] 
[INFO] [stdout] Couldn't compile the test.
[INFO] [stdout] ---- src/http_client.rs - http_client::ClientConfig::default (line 34) stdout ----
[INFO] [stdout] Couldn't compile the test.
[INFO] [stdout] ---- src/download.rs - download::Download::checksum (line 76) stdout ----
[INFO] [stdout] error: linking with `cc` failed: exit status: 1
[INFO] [stdout]   |
[INFO] [stdout]   = note:  "cc" "-m64" "/tmp/rustdoctestZiFne8/rustcj9z2hR/symbols.o" "<2 object files omitted>" "-Wl,--as-needed" "-Wl,-Bstatic" "/opt/rustwide/target/debug/deps/{libsoar_dl-1e5b4db305b1d062,libcompak-4faa9f6e230d1c1b,libsevenz_rust2-4753d8faf08ef74b,libcbc-8fd26e1fd6180283,libgetrandom-dd93d911e90837a4,libppmd_rust-232ea743e71061e0,liblzma_rust2-a4686ff3073e4cc5,libtar-51f0d553df053cbf,libxattr-b0ddbc773cff9ea6,libfiletime-87f0e11aed31f606,libbzip2-32a03d911c66cb33,liblibbz2_rs_sys-e91d41ee7057ce95,libliblzma-f18ec67b39abd75e,libliblzma_sys-2b64aa0d6a768a25,libzip-b8ea241e598fdf76,liblzma_rust2-73a14004bbf5ba04,libsha2-9de43574a9a23667,libgetrandom-877db03f58294ae8,libpbkdf2-7f59722e01bb626c,libzstd-95c15ed5c6992275,libzstd_safe-bd05249265cf9205,libzstd_sys-1946c91b55ff89a3,libzopfli-e213de4b63fc988a,libsimd_adler32-8a9b3dd58fcce0fb,libbumpalo-09592ac400046911,libtime-514d58c0cb90b0b7,libpowerfmt-f6019a2766e431f7,libnum_conv-8bd7073c84ef42cd,libderanged-131d43187e2329b6,libtime_core-87cddcae4f761596,libtyped_path-d4bef469917403d3,libcrc32fast-72a668f1caef57d4,libaes-c6a216bc9f425678,libcipher-201396f466dcabc2,libinout-93dc3911bb70d9a5,libblock_padding-adb60efa5e2f76db,libsha1-2874bdb97e47d987,libcpufeatures-e04321643d03190d,libhmac-80a57329b33910c0,libdigest-428f2af201d79a5e,libblock_buffer-2a52351ae749aaa6,libcrypto_common-4bec392eb03e7564,libgeneric_array-db891871e5606a95,libconstant_time_eq-efbf8da8f259d1ea,libzsync_rs-b417dd6fb153ef47,libsha1-def457fc277d7b24,libmd4-4847d50b80ff54cb,liburl-2e65e4849fc89ee6,libidna-cc2d65fc414f9f88,libidna_adapter-cbeb0f587c5b5b8a,libicu_properties-52e5ee2334c0241d,libicu_properties_data-3f856f5bc2063921,libicu_normalizer-dc99e1481281ef6c,libsmallvec-8991f9d163108ead,libicu_normalizer_data-8b25f9eb7a72d68e,libicu_collections-182791d2b89dad1c,libutf8_iter-51566bbad89f3a68,libpotential_utf-40f3d3d736a73795,libicu_provider-60ecb1a06612e705,libicu_locale_core-0fdb745f59ef6fcf,libtinystr-9bdcb754b05824bb,liblitemap-abaddab7afb37065,libwriteable-36514dcf36d12676,libzerovec-8058f2aee15f9d56,libzerotrie-9a4c19cbe2c51454,libyoke-72fb5a1641b3cd20,libstable_deref_trait-63cbf3f3d3f94e56,libzerofrom-8572d48a38069bee,libform_urlencoded-98cc7da289c29f13,libsha2-cf2befbf159afe93,libdigest-515071a3931cfade,libconst_oid-58507ca40e062d76,libcrypto_common-b7a023d8cd4c0d28,libblock_buffer-738c9c701b99e110,libhybrid_array-e32e9ade2789fa0e,libtypenum-8cba24ab4904c632,libregex-309b05c0a519a2bf,libregex_automata-801559c2cb5fe55b,libregex_syntax-c9466e0222ce1989,libfast_glob-907b9c23ff5bc3c6,libureq-33e877bac8a6ea0e,libwebpki_roots-5909ca0173385c01,libserde_json-551865df72f5e6c7,libindexmap-53fa97398aad3fc3,libequivalent-6a754676e6af62ae,libhashbrown-d7214d631586fd51,libzmij-2ca2f302097868c6,libserde-847f3c14e401298f,libserde_core-ff96c4ffe6afdb18,librustls-2d2552a234641e3f,libsubtle-2ae6a7038b9a0630,libwebpki-61a43b5532986362,libring-cabfa653860912e9,libgetrandom-484e4340c5eaad96,libuntrusted-b2f816886faf2178,librustls_pki_types-c28ccc7b5abf2b1c,libzeroize-18cb7876aa49af10,libpercent_encoding-fa055ecaa1e57cfa,libflate2-b14c8adf5f553fc2,libzlib_rs-732d644b7bef00b4,libutf8_zero-b1bfe7deddca0c76,libureq_proto-5dd7cf6f9a415f22,libhttparse-be605dd980e8a581,libbase64-841a5b86c0f78728,libhttp-afd8c2dcf723ab99,libitoa-5de11b3b23bfe572,libbytes-5f66263ae3d5daa8,liblog-22b5be7f6ba2d64a,libtracing-4456c465cb5866b3,libpin_project_lite-0a15d51c77964692,libtracing_core-cbfab8d8047ad76d,libsoar_utils-70197b68e90d0b10,libblake3-a4ac721a052a95b1,libconstant_time_eq-1a60f1c89abc6683,libmemmap2-697620fef1f52302,libcpufeatures-2e8dd38066a76518,libarrayvec-ea4aaf96f8030b7f,libnix-c0fbc6ddf1467fdc,libthiserror-18e8d88527d4e647,libmiette-00e931ed7043d5ad,libbacktrace_ext-e6cbae7140d1d4ce,libsupports_unicode-90d86b95ae234b40,libsupports_color-3899ffcb78560df3,libis_ci-e8bef29ef2e608ab,libsupports_hyperlinks-08a168998187319a,libterminal_size-03625b2d8317737f,librustix-9362e437a91e8f66,libbitflags-4d66d68843710487,liblinux_raw_sys-0b6cde911e9a3109,libtextwrap-c001c64cdccc3ee6,libunicode_linebreak-a9faaa33c69d8a42,libunicode_width-c0be3735b741df1b,libbacktrace-554527aa82eb3985,libminiz_oxide-bfb5ea78b3a5c7a8,libadler2-1712579794513681,libobject-56128f9c88cd9080,libmemchr-a932478bde794617,liblibc-92690407dbecf0f4,libaddr2line-f3d67c68df15d143,libgimli-e1b664456e926008,librustc_demangle-019906bbd6792ceb,libunicode_width-b1bc0d6c10c00ecc,libowo_colors-82d5c6a9d9667c3a,libcfg_if-83060ec5685761ae}.rlib" "<sysroot>/lib/rustlib/x86_64-unknown-linux-gnu/lib/{libstd-*,libpanic_unwind-*,libobject-*,libmemchr-*,libaddr2line-*,libgimli-*,libcfg_if-*,librustc_demangle-*,libstd_detect-*,libhashbrown-*,librustc_std_workspace_alloc-*,libminiz_oxide-*,libadler2-*,libunwind-*,liblibc-*,librustc_std_workspace_core-*,liballoc-*,libcore-*,libcompiler_builtins-*}.rlib" "-Wl,-Bdynamic" "-llzma" "-lgcc_s" "-lutil" "-lrt" "-lpthread" "-lm" "-ldl" "-lc" "-L" "/tmp/rustdoctestZiFne8/rustcj9z2hR/raw-dylibs" "-B<sysroot>/lib/rustlib/x86_64-unknown-linux-gnu/bin/gcc-ld" "-fuse-ld=lld" "-Wl,--eh-frame-hdr" "-Wl,-z,noexecstack" "-L" "/opt/rustwide/target/debug/build/blake3-5984894810ad84f6/out" "-L" "/opt/rustwide/target/debug/build/ring-fe6425f50b288254/out" "-L" "/opt/rustwide/target/debug/build/zstd-sys-cd8a172c04b40a64/out" "-L" "/usr/lib/x86_64-linux-gnu" "-L" "<sysroot>/lib/rustlib/x86_64-unknown-linux-gnu/lib" "-o" "/tmp/rustdoctestZiFne8/rust_out" "-Wl,--gc-sections" "-pie" "-Wl,-z,relro,-z,now" "-nodefaultlibs"
[INFO] [stdout]   = note: some arguments are omitted. use `--verbose` to show all linker arguments
[INFO] [stdout]   = note: collect2: fatal error: ld terminated with signal 9 [Killed]
[INFO] [stdout]           compilation terminated.
[INFO] [stdout]           
[INFO] [stdout] 
[INFO] [stdout] error: aborting due to 1 previous error
[INFO] [stdout] 
[INFO] [stdout] Couldn't compile the test.
[INFO] [stdout] ---- src/http_client.rs - http_client::SharedAgent::new (line 116) stdout ----
[INFO] [stdout] Couldn't compile the test.
[INFO] [stdout] ---- src/github.rs - github::GithubRelease::tag (line 115) stdout ----
[INFO] [stdout] error: linking with `cc` failed: exit status: 1
[INFO] [stdout]   |
[INFO] [stdout]   = note:  "cc" "-m64" "/tmp/rustdoctestXKljKc/rustc7pWRF6/symbols.o" "<2 object files omitted>" "-Wl,--as-needed" "-Wl,-Bstatic" "/opt/rustwide/target/debug/deps/{libsoar_dl-1e5b4db305b1d062,libcompak-4faa9f6e230d1c1b,libsevenz_rust2-4753d8faf08ef74b,libcbc-8fd26e1fd6180283,libgetrandom-dd93d911e90837a4,libppmd_rust-232ea743e71061e0,liblzma_rust2-a4686ff3073e4cc5,libtar-51f0d553df053cbf,libxattr-b0ddbc773cff9ea6,libfiletime-87f0e11aed31f606,libbzip2-32a03d911c66cb33,liblibbz2_rs_sys-e91d41ee7057ce95,libliblzma-f18ec67b39abd75e,libliblzma_sys-2b64aa0d6a768a25,libzip-b8ea241e598fdf76,liblzma_rust2-73a14004bbf5ba04,libsha2-9de43574a9a23667,libgetrandom-877db03f58294ae8,libpbkdf2-7f59722e01bb626c,libzstd-95c15ed5c6992275,libzstd_safe-bd05249265cf9205,libzstd_sys-1946c91b55ff89a3,libzopfli-e213de4b63fc988a,libsimd_adler32-8a9b3dd58fcce0fb,libbumpalo-09592ac400046911,libtime-514d58c0cb90b0b7,libpowerfmt-f6019a2766e431f7,libnum_conv-8bd7073c84ef42cd,libderanged-131d43187e2329b6,libtime_core-87cddcae4f761596,libtyped_path-d4bef469917403d3,libcrc32fast-72a668f1caef57d4,libaes-c6a216bc9f425678,libcipher-201396f466dcabc2,libinout-93dc3911bb70d9a5,libblock_padding-adb60efa5e2f76db,libsha1-2874bdb97e47d987,libcpufeatures-e04321643d03190d,libhmac-80a57329b33910c0,libdigest-428f2af201d79a5e,libblock_buffer-2a52351ae749aaa6,libcrypto_common-4bec392eb03e7564,libgeneric_array-db891871e5606a95,libconstant_time_eq-efbf8da8f259d1ea,libzsync_rs-b417dd6fb153ef47,libsha1-def457fc277d7b24,libmd4-4847d50b80ff54cb,liburl-2e65e4849fc89ee6,libidna-cc2d65fc414f9f88,libidna_adapter-cbeb0f587c5b5b8a,libicu_properties-52e5ee2334c0241d,libicu_properties_data-3f856f5bc2063921,libicu_normalizer-dc99e1481281ef6c,libsmallvec-8991f9d163108ead,libicu_normalizer_data-8b25f9eb7a72d68e,libicu_collections-182791d2b89dad1c,libutf8_iter-51566bbad89f3a68,libpotential_utf-40f3d3d736a73795,libicu_provider-60ecb1a06612e705,libicu_locale_core-0fdb745f59ef6fcf,libtinystr-9bdcb754b05824bb,liblitemap-abaddab7afb37065,libwriteable-36514dcf36d12676,libzerovec-8058f2aee15f9d56,libzerotrie-9a4c19cbe2c51454,libyoke-72fb5a1641b3cd20,libstable_deref_trait-63cbf3f3d3f94e56,libzerofrom-8572d48a38069bee,libform_urlencoded-98cc7da289c29f13,libsha2-cf2befbf159afe93,libdigest-515071a3931cfade,libconst_oid-58507ca40e062d76,libcrypto_common-b7a023d8cd4c0d28,libblock_buffer-738c9c701b99e110,libhybrid_array-e32e9ade2789fa0e,libtypenum-8cba24ab4904c632,libregex-309b05c0a519a2bf,libregex_automata-801559c2cb5fe55b,libregex_syntax-c9466e0222ce1989,libfast_glob-907b9c23ff5bc3c6,libureq-33e877bac8a6ea0e,libwebpki_roots-5909ca0173385c01,libserde_json-551865df72f5e6c7,libindexmap-53fa97398aad3fc3,libequivalent-6a754676e6af62ae,libhashbrown-d7214d631586fd51,libzmij-2ca2f302097868c6,libserde-847f3c14e401298f,libserde_core-ff96c4ffe6afdb18,librustls-2d2552a234641e3f,libsubtle-2ae6a7038b9a0630,libwebpki-61a43b5532986362,libring-cabfa653860912e9,libgetrandom-484e4340c5eaad96,libuntrusted-b2f816886faf2178,librustls_pki_types-c28ccc7b5abf2b1c,libzeroize-18cb7876aa49af10,libpercent_encoding-fa055ecaa1e57cfa,libflate2-b14c8adf5f553fc2,libzlib_rs-732d644b7bef00b4,libutf8_zero-b1bfe7deddca0c76,libureq_proto-5dd7cf6f9a415f22,libhttparse-be605dd980e8a581,libbase64-841a5b86c0f78728,libhttp-afd8c2dcf723ab99,libitoa-5de11b3b23bfe572,libbytes-5f66263ae3d5daa8,liblog-22b5be7f6ba2d64a,libtracing-4456c465cb5866b3,libpin_project_lite-0a15d51c77964692,libtracing_core-cbfab8d8047ad76d,libsoar_utils-70197b68e90d0b10,libblake3-a4ac721a052a95b1,libconstant_time_eq-1a60f1c89abc6683,libmemmap2-697620fef1f52302,libcpufeatures-2e8dd38066a76518,libarrayvec-ea4aaf96f8030b7f,libnix-c0fbc6ddf1467fdc,libthiserror-18e8d88527d4e647,libmiette-00e931ed7043d5ad,libbacktrace_ext-e6cbae7140d1d4ce,libsupports_unicode-90d86b95ae234b40,libsupports_color-3899ffcb78560df3,libis_ci-e8bef29ef2e608ab,libsupports_hyperlinks-08a168998187319a,libterminal_size-03625b2d8317737f,librustix-9362e437a91e8f66,libbitflags-4d66d68843710487,liblinux_raw_sys-0b6cde911e9a3109,libtextwrap-c001c64cdccc3ee6,libunicode_linebreak-a9faaa33c69d8a42,libunicode_width-c0be3735b741df1b,libbacktrace-554527aa82eb3985,libminiz_oxide-bfb5ea78b3a5c7a8,libadler2-1712579794513681,libobject-56128f9c88cd9080,libmemchr-a932478bde794617,liblibc-92690407dbecf0f4,libaddr2line-f3d67c68df15d143,libgimli-e1b664456e926008,librustc_demangle-019906bbd6792ceb,libunicode_width-b1bc0d6c10c00ecc,libowo_colors-82d5c6a9d9667c3a,libcfg_if-83060ec5685761ae}.rlib" "<sysroot>/lib/rustlib/x86_64-unknown-linux-gnu/lib/{libstd-*,libpanic_unwind-*,libobject-*,libmemchr-*,libaddr2line-*,libgimli-*,libcfg_if-*,librustc_demangle-*,libstd_detect-*,libhashbrown-*,librustc_std_workspace_alloc-*,libminiz_oxide-*,libadler2-*,libunwind-*,liblibc-*,librustc_std_workspace_core-*,liballoc-*,libcore-*,libcompiler_builtins-*}.rlib" "-Wl,-Bdynamic" "-llzma" "-lgcc_s" "-lutil" "-lrt" "-lpthread" "-lm" "-ldl" "-lc" "-L" "/tmp/rustdoctestXKljKc/rustc7pWRF6/raw-dylibs" "-B<sysroot>/lib/rustlib/x86_64-unknown-linux-gnu/bin/gcc-ld" "-fuse-ld=lld" "-Wl,--eh-frame-hdr" "-Wl,-z,noexecstack" "-L" "/opt/rustwide/target/debug/build/blake3-5984894810ad84f6/out" "-L" "/opt/rustwide/target/debug/build/ring-fe6425f50b288254/out" "-L" "/opt/rustwide/target/debug/build/zstd-sys-cd8a172c04b40a64/out" "-L" "/usr/lib/x86_64-linux-gnu" "-L" "<sysroot>/lib/rustlib/x86_64-unknown-linux-gnu/lib" "-o" "/tmp/rustdoctestXKljKc/rust_out" "-Wl,--gc-sections" "-pie" "-Wl,-z,relro,-z,now" "-nodefaultlibs"
[INFO] [stdout]   = note: some arguments are omitted. use `--verbose` to show all linker arguments
[INFO] [stdout]   = note: collect2: fatal error: ld terminated with signal 9 [Killed]
[INFO] [stdout]           compilation terminated.
[INFO] [stdout]           
[INFO] [stdout] 
[INFO] [stdout] error: aborting due to 1 previous error
[INFO] [stdout] 
[INFO] [stdout] Couldn't compile the test.
[INFO] [stdout] ---- src/gitlab.rs - gitlab::GitLabRelease::is_prerelease (line 140) stdout ----
[INFO] [stdout] error: linking with `cc` failed: exit status: 1
[INFO] [stdout]   |
[INFO] [stdout]   = note:  "cc" "-m64" "/tmp/rustdoctestr2bZy4/rustcwfayxi/symbols.o" "<2 object files omitted>" "-Wl,--as-needed" "-Wl,-Bstatic" "/opt/rustwide/target/debug/deps/{libsoar_dl-1e5b4db305b1d062,libcompak-4faa9f6e230d1c1b,libsevenz_rust2-4753d8faf08ef74b,libcbc-8fd26e1fd6180283,libgetrandom-dd93d911e90837a4,libppmd_rust-232ea743e71061e0,liblzma_rust2-a4686ff3073e4cc5,libtar-51f0d553df053cbf,libxattr-b0ddbc773cff9ea6,libfiletime-87f0e11aed31f606,libbzip2-32a03d911c66cb33,liblibbz2_rs_sys-e91d41ee7057ce95,libliblzma-f18ec67b39abd75e,libliblzma_sys-2b64aa0d6a768a25,libzip-b8ea241e598fdf76,liblzma_rust2-73a14004bbf5ba04,libsha2-9de43574a9a23667,libgetrandom-877db03f58294ae8,libpbkdf2-7f59722e01bb626c,libzstd-95c15ed5c6992275,libzstd_safe-bd05249265cf9205,libzstd_sys-1946c91b55ff89a3,libzopfli-e213de4b63fc988a,libsimd_adler32-8a9b3dd58fcce0fb,libbumpalo-09592ac400046911,libtime-514d58c0cb90b0b7,libpowerfmt-f6019a2766e431f7,libnum_conv-8bd7073c84ef42cd,libderanged-131d43187e2329b6,libtime_core-87cddcae4f761596,libtyped_path-d4bef469917403d3,libcrc32fast-72a668f1caef57d4,libaes-c6a216bc9f425678,libcipher-201396f466dcabc2,libinout-93dc3911bb70d9a5,libblock_padding-adb60efa5e2f76db,libsha1-2874bdb97e47d987,libcpufeatures-e04321643d03190d,libhmac-80a57329b33910c0,libdigest-428f2af201d79a5e,libblock_buffer-2a52351ae749aaa6,libcrypto_common-4bec392eb03e7564,libgeneric_array-db891871e5606a95,libconstant_time_eq-efbf8da8f259d1ea,libzsync_rs-b417dd6fb153ef47,libsha1-def457fc277d7b24,libmd4-4847d50b80ff54cb,liburl-2e65e4849fc89ee6,libidna-cc2d65fc414f9f88,libidna_adapter-cbeb0f587c5b5b8a,libicu_properties-52e5ee2334c0241d,libicu_properties_data-3f856f5bc2063921,libicu_normalizer-dc99e1481281ef6c,libsmallvec-8991f9d163108ead,libicu_normalizer_data-8b25f9eb7a72d68e,libicu_collections-182791d2b89dad1c,libutf8_iter-51566bbad89f3a68,libpotential_utf-40f3d3d736a73795,libicu_provider-60ecb1a06612e705,libicu_locale_core-0fdb745f59ef6fcf,libtinystr-9bdcb754b05824bb,liblitemap-abaddab7afb37065,libwriteable-36514dcf36d12676,libzerovec-8058f2aee15f9d56,libzerotrie-9a4c19cbe2c51454,libyoke-72fb5a1641b3cd20,libstable_deref_trait-63cbf3f3d3f94e56,libzerofrom-8572d48a38069bee,libform_urlencoded-98cc7da289c29f13,libsha2-cf2befbf159afe93,libdigest-515071a3931cfade,libconst_oid-58507ca40e062d76,libcrypto_common-b7a023d8cd4c0d28,libblock_buffer-738c9c701b99e110,libhybrid_array-e32e9ade2789fa0e,libtypenum-8cba24ab4904c632,libregex-309b05c0a519a2bf,libregex_automata-801559c2cb5fe55b,libregex_syntax-c9466e0222ce1989,libfast_glob-907b9c23ff5bc3c6,libureq-33e877bac8a6ea0e,libwebpki_roots-5909ca0173385c01,libserde_json-551865df72f5e6c7,libindexmap-53fa97398aad3fc3,libequivalent-6a754676e6af62ae,libhashbrown-d7214d631586fd51,libzmij-2ca2f302097868c6,libserde-847f3c14e401298f,libserde_core-ff96c4ffe6afdb18,librustls-2d2552a234641e3f,libsubtle-2ae6a7038b9a0630,libwebpki-61a43b5532986362,libring-cabfa653860912e9,libgetrandom-484e4340c5eaad96,libuntrusted-b2f816886faf2178,librustls_pki_types-c28ccc7b5abf2b1c,libzeroize-18cb7876aa49af10,libpercent_encoding-fa055ecaa1e57cfa,libflate2-b14c8adf5f553fc2,libzlib_rs-732d644b7bef00b4,libutf8_zero-b1bfe7deddca0c76,libureq_proto-5dd7cf6f9a415f22,libhttparse-be605dd980e8a581,libbase64-841a5b86c0f78728,libhttp-afd8c2dcf723ab99,libitoa-5de11b3b23bfe572,libbytes-5f66263ae3d5daa8,liblog-22b5be7f6ba2d64a,libtracing-4456c465cb5866b3,libpin_project_lite-0a15d51c77964692,libtracing_core-cbfab8d8047ad76d,libsoar_utils-70197b68e90d0b10,libblake3-a4ac721a052a95b1,libconstant_time_eq-1a60f1c89abc6683,libmemmap2-697620fef1f52302,libcpufeatures-2e8dd38066a76518,libarrayvec-ea4aaf96f8030b7f,libnix-c0fbc6ddf1467fdc,libthiserror-18e8d88527d4e647,libmiette-00e931ed7043d5ad,libbacktrace_ext-e6cbae7140d1d4ce,libsupports_unicode-90d86b95ae234b40,libsupports_color-3899ffcb78560df3,libis_ci-e8bef29ef2e608ab,libsupports_hyperlinks-08a168998187319a,libterminal_size-03625b2d8317737f,librustix-9362e437a91e8f66,libbitflags-4d66d68843710487,liblinux_raw_sys-0b6cde911e9a3109,libtextwrap-c001c64cdccc3ee6,libunicode_linebreak-a9faaa33c69d8a42,libunicode_width-c0be3735b741df1b,libbacktrace-554527aa82eb3985,libminiz_oxide-bfb5ea78b3a5c7a8,libadler2-1712579794513681,libobject-56128f9c88cd9080,libmemchr-a932478bde794617,liblibc-92690407dbecf0f4,libaddr2line-f3d67c68df15d143,libgimli-e1b664456e926008,librustc_demangle-019906bbd6792ceb,libunicode_width-b1bc0d6c10c00ecc,libowo_colors-82d5c6a9d9667c3a,libcfg_if-83060ec5685761ae}.rlib" "<sysroot>/lib/rustlib/x86_64-unknown-linux-gnu/lib/{libstd-*,libpanic_unwind-*,libobject-*,libmemchr-*,libaddr2line-*,libgimli-*,libcfg_if-*,librustc_demangle-*,libstd_detect-*,libhashbrown-*,librustc_std_workspace_alloc-*,libminiz_oxide-*,libadler2-*,libunwind-*,liblibc-*,librustc_std_workspace_core-*,liballoc-*,libcore-*,libcompiler_builtins-*}.rlib" "-Wl,-Bdynamic" "-llzma" "-lgcc_s" "-lutil" "-lrt" "-lpthread" "-lm" "-ldl" "-lc" "-L" "/tmp/rustdoctestr2bZy4/rustcwfayxi/raw-dylibs" "-B<sysroot>/lib/rustlib/x86_64-unknown-linux-gnu/bin/gcc-ld" "-fuse-ld=lld" "-Wl,--eh-frame-hdr" "-Wl,-z,noexecstack" "-L" "/opt/rustwide/target/debug/build/blake3-5984894810ad84f6/out" "-L" "/opt/rustwide/target/debug/build/ring-fe6425f50b288254/out" "-L" "/opt/rustwide/target/debug/build/zstd-sys-cd8a172c04b40a64/out" "-L" "/usr/lib/x86_64-linux-gnu" "-L" "<sysroot>/lib/rustlib/x86_64-unknown-linux-gnu/lib" "-o" "/tmp/rustdoctestr2bZy4/rust_out" "-Wl,--gc-sections" "-pie" "-Wl,-z,relro,-z,now" "-nodefaultlibs"
[INFO] [stdout]   = note: some arguments are omitted. use `--verbose` to show all linker arguments
[INFO] [stdout]   = note: collect2: fatal error: ld terminated with signal 9 [Killed]
[INFO] [stdout]           compilation terminated.
[INFO] [stdout]           
[INFO] [stdout] 
[INFO] [stdout] error: aborting due to 1 previous error
[INFO] [stdout] 
[INFO] [stdout] Couldn't compile the test.
[INFO] [stdout] ---- src/oci.rs - oci::OciDownload::download_layer (line 832) stdout ----
[INFO] [stdout] Couldn't compile the test.
[INFO] [stdout] ---- src/github.rs - github::GithubRelease::name (line 83) stdout ----
[INFO] [stdout] error: linking with `cc` failed: exit status: 1
[INFO] [stdout]   |
[INFO] [stdout]   = note:  "cc" "-m64" "/tmp/rustdoctestfXR7ox/rustcpMRAiN/symbols.o" "<2 object files omitted>" "-Wl,--as-needed" "-Wl,-Bstatic" "/opt/rustwide/target/debug/deps/{libsoar_dl-1e5b4db305b1d062,libcompak-4faa9f6e230d1c1b,libsevenz_rust2-4753d8faf08ef74b,libcbc-8fd26e1fd6180283,libgetrandom-dd93d911e90837a4,libppmd_rust-232ea743e71061e0,liblzma_rust2-a4686ff3073e4cc5,libtar-51f0d553df053cbf,libxattr-b0ddbc773cff9ea6,libfiletime-87f0e11aed31f606,libbzip2-32a03d911c66cb33,liblibbz2_rs_sys-e91d41ee7057ce95,libliblzma-f18ec67b39abd75e,libliblzma_sys-2b64aa0d6a768a25,libzip-b8ea241e598fdf76,liblzma_rust2-73a14004bbf5ba04,libsha2-9de43574a9a23667,libgetrandom-877db03f58294ae8,libpbkdf2-7f59722e01bb626c,libzstd-95c15ed5c6992275,libzstd_safe-bd05249265cf9205,libzstd_sys-1946c91b55ff89a3,libzopfli-e213de4b63fc988a,libsimd_adler32-8a9b3dd58fcce0fb,libbumpalo-09592ac400046911,libtime-514d58c0cb90b0b7,libpowerfmt-f6019a2766e431f7,libnum_conv-8bd7073c84ef42cd,libderanged-131d43187e2329b6,libtime_core-87cddcae4f761596,libtyped_path-d4bef469917403d3,libcrc32fast-72a668f1caef57d4,libaes-c6a216bc9f425678,libcipher-201396f466dcabc2,libinout-93dc3911bb70d9a5,libblock_padding-adb60efa5e2f76db,libsha1-2874bdb97e47d987,libcpufeatures-e04321643d03190d,libhmac-80a57329b33910c0,libdigest-428f2af201d79a5e,libblock_buffer-2a52351ae749aaa6,libcrypto_common-4bec392eb03e7564,libgeneric_array-db891871e5606a95,libconstant_time_eq-efbf8da8f259d1ea,libzsync_rs-b417dd6fb153ef47,libsha1-def457fc277d7b24,libmd4-4847d50b80ff54cb,liburl-2e65e4849fc89ee6,libidna-cc2d65fc414f9f88,libidna_adapter-cbeb0f587c5b5b8a,libicu_properties-52e5ee2334c0241d,libicu_properties_data-3f856f5bc2063921,libicu_normalizer-dc99e1481281ef6c,libsmallvec-8991f9d163108ead,libicu_normalizer_data-8b25f9eb7a72d68e,libicu_collections-182791d2b89dad1c,libutf8_iter-51566bbad89f3a68,libpotential_utf-40f3d3d736a73795,libicu_provider-60ecb1a06612e705,libicu_locale_core-0fdb745f59ef6fcf,libtinystr-9bdcb754b05824bb,liblitemap-abaddab7afb37065,libwriteable-36514dcf36d12676,libzerovec-8058f2aee15f9d56,libzerotrie-9a4c19cbe2c51454,libyoke-72fb5a1641b3cd20,libstable_deref_trait-63cbf3f3d3f94e56,libzerofrom-8572d48a38069bee,libform_urlencoded-98cc7da289c29f13,libsha2-cf2befbf159afe93,libdigest-515071a3931cfade,libconst_oid-58507ca40e062d76,libcrypto_common-b7a023d8cd4c0d28,libblock_buffer-738c9c701b99e110,libhybrid_array-e32e9ade2789fa0e,libtypenum-8cba24ab4904c632,libregex-309b05c0a519a2bf,libregex_automata-801559c2cb5fe55b,libregex_syntax-c9466e0222ce1989,libfast_glob-907b9c23ff5bc3c6,libureq-33e877bac8a6ea0e,libwebpki_roots-5909ca0173385c01,libserde_json-551865df72f5e6c7,libindexmap-53fa97398aad3fc3,libequivalent-6a754676e6af62ae,libhashbrown-d7214d631586fd51,libzmij-2ca2f302097868c6,libserde-847f3c14e401298f,libserde_core-ff96c4ffe6afdb18,librustls-2d2552a234641e3f,libsubtle-2ae6a7038b9a0630,libwebpki-61a43b5532986362,libring-cabfa653860912e9,libgetrandom-484e4340c5eaad96,libuntrusted-b2f816886faf2178,librustls_pki_types-c28ccc7b5abf2b1c,libzeroize-18cb7876aa49af10,libpercent_encoding-fa055ecaa1e57cfa,libflate2-b14c8adf5f553fc2,libzlib_rs-732d644b7bef00b4,libutf8_zero-b1bfe7deddca0c76,libureq_proto-5dd7cf6f9a415f22,libhttparse-be605dd980e8a581,libbase64-841a5b86c0f78728,libhttp-afd8c2dcf723ab99,libitoa-5de11b3b23bfe572,libbytes-5f66263ae3d5daa8,liblog-22b5be7f6ba2d64a,libtracing-4456c465cb5866b3,libpin_project_lite-0a15d51c77964692,libtracing_core-cbfab8d8047ad76d,libsoar_utils-70197b68e90d0b10,libblake3-a4ac721a052a95b1,libconstant_time_eq-1a60f1c89abc6683,libmemmap2-697620fef1f52302,libcpufeatures-2e8dd38066a76518,libarrayvec-ea4aaf96f8030b7f,libnix-c0fbc6ddf1467fdc,libthiserror-18e8d88527d4e647,libmiette-00e931ed7043d5ad,libbacktrace_ext-e6cbae7140d1d4ce,libsupports_unicode-90d86b95ae234b40,libsupports_color-3899ffcb78560df3,libis_ci-e8bef29ef2e608ab,libsupports_hyperlinks-08a168998187319a,libterminal_size-03625b2d8317737f,librustix-9362e437a91e8f66,libbitflags-4d66d68843710487,liblinux_raw_sys-0b6cde911e9a3109,libtextwrap-c001c64cdccc3ee6,libunicode_linebreak-a9faaa33c69d8a42,libunicode_width-c0be3735b741df1b,libbacktrace-554527aa82eb3985,libminiz_oxide-bfb5ea78b3a5c7a8,libadler2-1712579794513681,libobject-56128f9c88cd9080,libmemchr-a932478bde794617,liblibc-92690407dbecf0f4,libaddr2line-f3d67c68df15d143,libgimli-e1b664456e926008,librustc_demangle-019906bbd6792ceb,libunicode_width-b1bc0d6c10c00ecc,libowo_colors-82d5c6a9d9667c3a,libcfg_if-83060ec5685761ae}.rlib" "<sysroot>/lib/rustlib/x86_64-unknown-linux-gnu/lib/{libstd-*,libpanic_unwind-*,libobject-*,libmemchr-*,libaddr2line-*,libgimli-*,libcfg_if-*,librustc_demangle-*,libstd_detect-*,libhashbrown-*,librustc_std_workspace_alloc-*,libminiz_oxide-*,libadler2-*,libunwind-*,liblibc-*,librustc_std_workspace_core-*,liballoc-*,libcore-*,libcompiler_builtins-*}.rlib" "-Wl,-Bdynamic" "-llzma" "-lgcc_s" "-lutil" "-lrt" "-lpthread" "-lm" "-ldl" "-lc" "-L" "/tmp/rustdoctestfXR7ox/rustcpMRAiN/raw-dylibs" "-B<sysroot>/lib/rustlib/x86_64-unknown-linux-gnu/bin/gcc-ld" "-fuse-ld=lld" "-Wl,--eh-frame-hdr" "-Wl,-z,noexecstack" "-L" "/opt/rustwide/target/debug/build/blake3-5984894810ad84f6/out" "-L" "/opt/rustwide/target/debug/build/ring-fe6425f50b288254/out" "-L" "/opt/rustwide/target/debug/build/zstd-sys-cd8a172c04b40a64/out" "-L" "/usr/lib/x86_64-linux-gnu" "-L" "<sysroot>/lib/rustlib/x86_64-unknown-linux-gnu/lib" "-o" "/tmp/rustdoctestfXR7ox/rust_out" "-Wl,--gc-sections" "-pie" "-Wl,-z,relro,-z,now" "-nodefaultlibs"
[INFO] [stdout]   = note: some arguments are omitted. use `--verbose` to show all linker arguments
[INFO] [stdout]   = note: collect2: fatal error: ld terminated with signal 9 [Killed]
[INFO] [stdout]           compilation terminated.
[INFO] [stdout]           
[INFO] [stdout] 
[INFO] [stdout] error: aborting due to 1 previous error
[INFO] [stdout] 
[INFO] [stdout] Couldn't compile the test.
[INFO] [stdout] ---- src/http_client.rs - http_client::SharedAgent::delete (line 206) stdout ----
[INFO] [stdout] error: linking with `cc` failed: exit status: 1
[INFO] [stdout]   |
[INFO] [stdout]   = note:  "cc" "-m64" "/tmp/rustdoctestqFi094/rustcMhiowT/symbols.o" "<2 object files omitted>" "-Wl,--as-needed" "-Wl,-Bstatic" "/opt/rustwide/target/debug/deps/{libsoar_dl-1e5b4db305b1d062,libcompak-4faa9f6e230d1c1b,libsevenz_rust2-4753d8faf08ef74b,libcbc-8fd26e1fd6180283,libgetrandom-dd93d911e90837a4,libppmd_rust-232ea743e71061e0,liblzma_rust2-a4686ff3073e4cc5,libtar-51f0d553df053cbf,libxattr-b0ddbc773cff9ea6,libfiletime-87f0e11aed31f606,libbzip2-32a03d911c66cb33,liblibbz2_rs_sys-e91d41ee7057ce95,libliblzma-f18ec67b39abd75e,libliblzma_sys-2b64aa0d6a768a25,libzip-b8ea241e598fdf76,liblzma_rust2-73a14004bbf5ba04,libsha2-9de43574a9a23667,libgetrandom-877db03f58294ae8,libpbkdf2-7f59722e01bb626c,libzstd-95c15ed5c6992275,libzstd_safe-bd05249265cf9205,libzstd_sys-1946c91b55ff89a3,libzopfli-e213de4b63fc988a,libsimd_adler32-8a9b3dd58fcce0fb,libbumpalo-09592ac400046911,libtime-514d58c0cb90b0b7,libpowerfmt-f6019a2766e431f7,libnum_conv-8bd7073c84ef42cd,libderanged-131d43187e2329b6,libtime_core-87cddcae4f761596,libtyped_path-d4bef469917403d3,libcrc32fast-72a668f1caef57d4,libaes-c6a216bc9f425678,libcipher-201396f466dcabc2,libinout-93dc3911bb70d9a5,libblock_padding-adb60efa5e2f76db,libsha1-2874bdb97e47d987,libcpufeatures-e04321643d03190d,libhmac-80a57329b33910c0,libdigest-428f2af201d79a5e,libblock_buffer-2a52351ae749aaa6,libcrypto_common-4bec392eb03e7564,libgeneric_array-db891871e5606a95,libconstant_time_eq-efbf8da8f259d1ea,libzsync_rs-b417dd6fb153ef47,libsha1-def457fc277d7b24,libmd4-4847d50b80ff54cb,liburl-2e65e4849fc89ee6,libidna-cc2d65fc414f9f88,libidna_adapter-cbeb0f587c5b5b8a,libicu_properties-52e5ee2334c0241d,libicu_properties_data-3f856f5bc2063921,libicu_normalizer-dc99e1481281ef6c,libsmallvec-8991f9d163108ead,libicu_normalizer_data-8b25f9eb7a72d68e,libicu_collections-182791d2b89dad1c,libutf8_iter-51566bbad89f3a68,libpotential_utf-40f3d3d736a73795,libicu_provider-60ecb1a06612e705,libicu_locale_core-0fdb745f59ef6fcf,libtinystr-9bdcb754b05824bb,liblitemap-abaddab7afb37065,libwriteable-36514dcf36d12676,libzerovec-8058f2aee15f9d56,libzerotrie-9a4c19cbe2c51454,libyoke-72fb5a1641b3cd20,libstable_deref_trait-63cbf3f3d3f94e56,libzerofrom-8572d48a38069bee,libform_urlencoded-98cc7da289c29f13,libsha2-cf2befbf159afe93,libdigest-515071a3931cfade,libconst_oid-58507ca40e062d76,libcrypto_common-b7a023d8cd4c0d28,libblock_buffer-738c9c701b99e110,libhybrid_array-e32e9ade2789fa0e,libtypenum-8cba24ab4904c632,libregex-309b05c0a519a2bf,libregex_automata-801559c2cb5fe55b,libregex_syntax-c9466e0222ce1989,libfast_glob-907b9c23ff5bc3c6,libureq-33e877bac8a6ea0e,libwebpki_roots-5909ca0173385c01,libserde_json-551865df72f5e6c7,libindexmap-53fa97398aad3fc3,libequivalent-6a754676e6af62ae,libhashbrown-d7214d631586fd51,libzmij-2ca2f302097868c6,libserde-847f3c14e401298f,libserde_core-ff96c4ffe6afdb18,librustls-2d2552a234641e3f,libsubtle-2ae6a7038b9a0630,libwebpki-61a43b5532986362,libring-cabfa653860912e9,libgetrandom-484e4340c5eaad96,libuntrusted-b2f816886faf2178,librustls_pki_types-c28ccc7b5abf2b1c,libzeroize-18cb7876aa49af10,libpercent_encoding-fa055ecaa1e57cfa,libflate2-b14c8adf5f553fc2,libzlib_rs-732d644b7bef00b4,libutf8_zero-b1bfe7deddca0c76,libureq_proto-5dd7cf6f9a415f22,libhttparse-be605dd980e8a581,libbase64-841a5b86c0f78728,libhttp-afd8c2dcf723ab99,libitoa-5de11b3b23bfe572,libbytes-5f66263ae3d5daa8,liblog-22b5be7f6ba2d64a,libtracing-4456c465cb5866b3,libpin_project_lite-0a15d51c77964692,libtracing_core-cbfab8d8047ad76d,libsoar_utils-70197b68e90d0b10,libblake3-a4ac721a052a95b1,libconstant_time_eq-1a60f1c89abc6683,libmemmap2-697620fef1f52302,libcpufeatures-2e8dd38066a76518,libarrayvec-ea4aaf96f8030b7f,libnix-c0fbc6ddf1467fdc,libthiserror-18e8d88527d4e647,libmiette-00e931ed7043d5ad,libbacktrace_ext-e6cbae7140d1d4ce,libsupports_unicode-90d86b95ae234b40,libsupports_color-3899ffcb78560df3,libis_ci-e8bef29ef2e608ab,libsupports_hyperlinks-08a168998187319a,libterminal_size-03625b2d8317737f,librustix-9362e437a91e8f66,libbitflags-4d66d68843710487,liblinux_raw_sys-0b6cde911e9a3109,libtextwrap-c001c64cdccc3ee6,libunicode_linebreak-a9faaa33c69d8a42,libunicode_width-c0be3735b741df1b,libbacktrace-554527aa82eb3985,libminiz_oxide-bfb5ea78b3a5c7a8,libadler2-1712579794513681,libobject-56128f9c88cd9080,libmemchr-a932478bde794617,liblibc-92690407dbecf0f4,libaddr2line-f3d67c68df15d143,libgimli-e1b664456e926008,librustc_demangle-019906bbd6792ceb,libunicode_width-b1bc0d6c10c00ecc,libowo_colors-82d5c6a9d9667c3a,libcfg_if-83060ec5685761ae}.rlib" "<sysroot>/lib/rustlib/x86_64-unknown-linux-gnu/lib/{libstd-*,libpanic_unwind-*,libobject-*,libmemchr-*,libaddr2line-*,libgimli-*,libcfg_if-*,librustc_demangle-*,libstd_detect-*,libhashbrown-*,librustc_std_workspace_alloc-*,libminiz_oxide-*,libadler2-*,libunwind-*,liblibc-*,librustc_std_workspace_core-*,liballoc-*,libcore-*,libcompiler_builtins-*}.rlib" "-Wl,-Bdynamic" "-llzma" "-lgcc_s" "-lutil" "-lrt" "-lpthread" "-lm" "-ldl" "-lc" "-L" "/tmp/rustdoctestqFi094/rustcMhiowT/raw-dylibs" "-B<sysroot>/lib/rustlib/x86_64-unknown-linux-gnu/bin/gcc-ld" "-fuse-ld=lld" "-Wl,--eh-frame-hdr" "-Wl,-z,noexecstack" "-L" "/opt/rustwide/target/debug/build/blake3-5984894810ad84f6/out" "-L" "/opt/rustwide/target/debug/build/ring-fe6425f50b288254/out" "-L" "/opt/rustwide/target/debug/build/zstd-sys-cd8a172c04b40a64/out" "-L" "/usr/lib/x86_64-linux-gnu" "-L" "<sysroot>/lib/rustlib/x86_64-unknown-linux-gnu/lib" "-o" "/tmp/rustdoctestqFi094/rust_out" "-Wl,--gc-sections" "-pie" "-Wl,-z,relro,-z,now" "-nodefaultlibs"
[INFO] [stdout]   = note: some arguments are omitted. use `--verbose` to show all linker arguments
[INFO] [stdout]   = note: collect2: fatal error: ld terminated with signal 9 [Killed]
[INFO] [stdout]           compilation terminated.
[INFO] [stdout]           
[INFO] [stdout] 
[INFO] [stdout] error: aborting due to 1 previous error
[INFO] [stdout] 
[INFO] [stdout] Couldn't compile the test.
[INFO] [stdout] ---- src/oci.rs - oci::OciDownload::extract (line 321) stdout ----
[INFO] [stdout] Couldn't compile the test.
[INFO] [stdout] ---- src/oci.rs - oci::OciDownload::extract_to (line 339) stdout ----
[INFO] [stdout] Couldn't compile the test.
[INFO] [stdout] ---- src/oci.rs - oci::OciDownload::fetch_manifest (line 711) stdout ----
[INFO] [stdout] Couldn't compile the test.
[INFO] [stdout] ---- src/http_client.rs - http_client::SharedAgent::put (line 183) stdout ----
[INFO] [stdout] error: linking with `cc` failed: exit status: 1
[INFO] [stdout]   |
[INFO] [stdout]   = note:  "cc" "-m64" "/tmp/rustdoctestMacKKF/rustchVJOIa/symbols.o" "<2 object files omitted>" "-Wl,--as-needed" "-Wl,-Bstatic" "/opt/rustwide/target/debug/deps/{libsoar_dl-1e5b4db305b1d062,libcompak-4faa9f6e230d1c1b,libsevenz_rust2-4753d8faf08ef74b,libcbc-8fd26e1fd6180283,libgetrandom-dd93d911e90837a4,libppmd_rust-232ea743e71061e0,liblzma_rust2-a4686ff3073e4cc5,libtar-51f0d553df053cbf,libxattr-b0ddbc773cff9ea6,libfiletime-87f0e11aed31f606,libbzip2-32a03d911c66cb33,liblibbz2_rs_sys-e91d41ee7057ce95,libliblzma-f18ec67b39abd75e,libliblzma_sys-2b64aa0d6a768a25,libzip-b8ea241e598fdf76,liblzma_rust2-73a14004bbf5ba04,libsha2-9de43574a9a23667,libgetrandom-877db03f58294ae8,libpbkdf2-7f59722e01bb626c,libzstd-95c15ed5c6992275,libzstd_safe-bd05249265cf9205,libzstd_sys-1946c91b55ff89a3,libzopfli-e213de4b63fc988a,libsimd_adler32-8a9b3dd58fcce0fb,libbumpalo-09592ac400046911,libtime-514d58c0cb90b0b7,libpowerfmt-f6019a2766e431f7,libnum_conv-8bd7073c84ef42cd,libderanged-131d43187e2329b6,libtime_core-87cddcae4f761596,libtyped_path-d4bef469917403d3,libcrc32fast-72a668f1caef57d4,libaes-c6a216bc9f425678,libcipher-201396f466dcabc2,libinout-93dc3911bb70d9a5,libblock_padding-adb60efa5e2f76db,libsha1-2874bdb97e47d987,libcpufeatures-e04321643d03190d,libhmac-80a57329b33910c0,libdigest-428f2af201d79a5e,libblock_buffer-2a52351ae749aaa6,libcrypto_common-4bec392eb03e7564,libgeneric_array-db891871e5606a95,libconstant_time_eq-efbf8da8f259d1ea,libzsync_rs-b417dd6fb153ef47,libsha1-def457fc277d7b24,libmd4-4847d50b80ff54cb,liburl-2e65e4849fc89ee6,libidna-cc2d65fc414f9f88,libidna_adapter-cbeb0f587c5b5b8a,libicu_properties-52e5ee2334c0241d,libicu_properties_data-3f856f5bc2063921,libicu_normalizer-dc99e1481281ef6c,libsmallvec-8991f9d163108ead,libicu_normalizer_data-8b25f9eb7a72d68e,libicu_collections-182791d2b89dad1c,libutf8_iter-51566bbad89f3a68,libpotential_utf-40f3d3d736a73795,libicu_provider-60ecb1a06612e705,libicu_locale_core-0fdb745f59ef6fcf,libtinystr-9bdcb754b05824bb,liblitemap-abaddab7afb37065,libwriteable-36514dcf36d12676,libzerovec-8058f2aee15f9d56,libzerotrie-9a4c19cbe2c51454,libyoke-72fb5a1641b3cd20,libstable_deref_trait-63cbf3f3d3f94e56,libzerofrom-8572d48a38069bee,libform_urlencoded-98cc7da289c29f13,libsha2-cf2befbf159afe93,libdigest-515071a3931cfade,libconst_oid-58507ca40e062d76,libcrypto_common-b7a023d8cd4c0d28,libblock_buffer-738c9c701b99e110,libhybrid_array-e32e9ade2789fa0e,libtypenum-8cba24ab4904c632,libregex-309b05c0a519a2bf,libregex_automata-801559c2cb5fe55b,libregex_syntax-c9466e0222ce1989,libfast_glob-907b9c23ff5bc3c6,libureq-33e877bac8a6ea0e,libwebpki_roots-5909ca0173385c01,libserde_json-551865df72f5e6c7,libindexmap-53fa97398aad3fc3,libequivalent-6a754676e6af62ae,libhashbrown-d7214d631586fd51,libzmij-2ca2f302097868c6,libserde-847f3c14e401298f,libserde_core-ff96c4ffe6afdb18,librustls-2d2552a234641e3f,libsubtle-2ae6a7038b9a0630,libwebpki-61a43b5532986362,libring-cabfa653860912e9,libgetrandom-484e4340c5eaad96,libuntrusted-b2f816886faf2178,librustls_pki_types-c28ccc7b5abf2b1c,libzeroize-18cb7876aa49af10,libpercent_encoding-fa055ecaa1e57cfa,libflate2-b14c8adf5f553fc2,libzlib_rs-732d644b7bef00b4,libutf8_zero-b1bfe7deddca0c76,libureq_proto-5dd7cf6f9a415f22,libhttparse-be605dd980e8a581,libbase64-841a5b86c0f78728,libhttp-afd8c2dcf723ab99,libitoa-5de11b3b23bfe572,libbytes-5f66263ae3d5daa8,liblog-22b5be7f6ba2d64a,libtracing-4456c465cb5866b3,libpin_project_lite-0a15d51c77964692,libtracing_core-cbfab8d8047ad76d,libsoar_utils-70197b68e90d0b10,libblake3-a4ac721a052a95b1,libconstant_time_eq-1a60f1c89abc6683,libmemmap2-697620fef1f52302,libcpufeatures-2e8dd38066a76518,libarrayvec-ea4aaf96f8030b7f,libnix-c0fbc6ddf1467fdc,libthiserror-18e8d88527d4e647,libmiette-00e931ed7043d5ad,libbacktrace_ext-e6cbae7140d1d4ce,libsupports_unicode-90d86b95ae234b40,libsupports_color-3899ffcb78560df3,libis_ci-e8bef29ef2e608ab,libsupports_hyperlinks-08a168998187319a,libterminal_size-03625b2d8317737f,librustix-9362e437a91e8f66,libbitflags-4d66d68843710487,liblinux_raw_sys-0b6cde911e9a3109,libtextwrap-c001c64cdccc3ee6,libunicode_linebreak-a9faaa33c69d8a42,libunicode_width-c0be3735b741df1b,libbacktrace-554527aa82eb3985,libminiz_oxide-bfb5ea78b3a5c7a8,libadler2-1712579794513681,libobject-56128f9c88cd9080,libmemchr-a932478bde794617,liblibc-92690407dbecf0f4,libaddr2line-f3d67c68df15d143,libgimli-e1b664456e926008,librustc_demangle-019906bbd6792ceb,libunicode_width-b1bc0d6c10c00ecc,libowo_colors-82d5c6a9d9667c3a,libcfg_if-83060ec5685761ae}.rlib" "<sysroot>/lib/rustlib/x86_64-unknown-linux-gnu/lib/{libstd-*,libpanic_unwind-*,libobject-*,libmemchr-*,libaddr2line-*,libgimli-*,libcfg_if-*,librustc_demangle-*,libstd_detect-*,libhashbrown-*,librustc_std_workspace_alloc-*,libminiz_oxide-*,libadler2-*,libunwind-*,liblibc-*,librustc_std_workspace_core-*,liballoc-*,libcore-*,libcompiler_builtins-*}.rlib" "-Wl,-Bdynamic" "-llzma" "-lgcc_s" "-lutil" "-lrt" "-lpthread" "-lm" "-ldl" "-lc" "-L" "/tmp/rustdoctestMacKKF/rustchVJOIa/raw-dylibs" "-B<sysroot>/lib/rustlib/x86_64-unknown-linux-gnu/bin/gcc-ld" "-fuse-ld=lld" "-Wl,--eh-frame-hdr" "-Wl,-z,noexecstack" "-L" "/opt/rustwide/target/debug/build/blake3-5984894810ad84f6/out" "-L" "/opt/rustwide/target/debug/build/ring-fe6425f50b288254/out" "-L" "/opt/rustwide/target/debug/build/zstd-sys-cd8a172c04b40a64/out" "-L" "/usr/lib/x86_64-linux-gnu" "-L" "<sysroot>/lib/rustlib/x86_64-unknown-linux-gnu/lib" "-o" "/tmp/rustdoctestMacKKF/rust_out" "-Wl,--gc-sections" "-pie" "-Wl,-z,relro,-z,now" "-nodefaultlibs"
[INFO] [stdout]   = note: some arguments are omitted. use `--verbose` to show all linker arguments
[INFO] [stdout]   = note: collect2: fatal error: ld terminated with signal 9 [Killed]
[INFO] [stdout]           compilation terminated.
[INFO] [stdout]           
[INFO] [stdout] 
[INFO] [stdout] error: aborting due to 1 previous error
[INFO] [stdout] 
[INFO] [stdout] Couldn't compile the test.
[INFO] [stdout] ---- src/oci.rs - oci::OciDownload::api (line 249) stdout ----
[INFO] [stdout] error: linking with `cc` failed: exit status: 1
[INFO] [stdout]   |
[INFO] [stdout]   = note:  "cc" "-m64" "/tmp/rustdoctestf5JJ0v/rustcRFEsap/symbols.o" "<2 object files omitted>" "-Wl,--as-needed" "-Wl,-Bstatic" "/opt/rustwide/target/debug/deps/{libsoar_dl-1e5b4db305b1d062,libcompak-4faa9f6e230d1c1b,libsevenz_rust2-4753d8faf08ef74b,libcbc-8fd26e1fd6180283,libgetrandom-dd93d911e90837a4,libppmd_rust-232ea743e71061e0,liblzma_rust2-a4686ff3073e4cc5,libtar-51f0d553df053cbf,libxattr-b0ddbc773cff9ea6,libfiletime-87f0e11aed31f606,libbzip2-32a03d911c66cb33,liblibbz2_rs_sys-e91d41ee7057ce95,libliblzma-f18ec67b39abd75e,libliblzma_sys-2b64aa0d6a768a25,libzip-b8ea241e598fdf76,liblzma_rust2-73a14004bbf5ba04,libsha2-9de43574a9a23667,libgetrandom-877db03f58294ae8,libpbkdf2-7f59722e01bb626c,libzstd-95c15ed5c6992275,libzstd_safe-bd05249265cf9205,libzstd_sys-1946c91b55ff89a3,libzopfli-e213de4b63fc988a,libsimd_adler32-8a9b3dd58fcce0fb,libbumpalo-09592ac400046911,libtime-514d58c0cb90b0b7,libpowerfmt-f6019a2766e431f7,libnum_conv-8bd7073c84ef42cd,libderanged-131d43187e2329b6,libtime_core-87cddcae4f761596,libtyped_path-d4bef469917403d3,libcrc32fast-72a668f1caef57d4,libaes-c6a216bc9f425678,libcipher-201396f466dcabc2,libinout-93dc3911bb70d9a5,libblock_padding-adb60efa5e2f76db,libsha1-2874bdb97e47d987,libcpufeatures-e04321643d03190d,libhmac-80a57329b33910c0,libdigest-428f2af201d79a5e,libblock_buffer-2a52351ae749aaa6,libcrypto_common-4bec392eb03e7564,libgeneric_array-db891871e5606a95,libconstant_time_eq-efbf8da8f259d1ea,libzsync_rs-b417dd6fb153ef47,libsha1-def457fc277d7b24,libmd4-4847d50b80ff54cb,liburl-2e65e4849fc89ee6,libidna-cc2d65fc414f9f88,libidna_adapter-cbeb0f587c5b5b8a,libicu_properties-52e5ee2334c0241d,libicu_properties_data-3f856f5bc2063921,libicu_normalizer-dc99e1481281ef6c,libsmallvec-8991f9d163108ead,libicu_normalizer_data-8b25f9eb7a72d68e,libicu_collections-182791d2b89dad1c,libutf8_iter-51566bbad89f3a68,libpotential_utf-40f3d3d736a73795,libicu_provider-60ecb1a06612e705,libicu_locale_core-0fdb745f59ef6fcf,libtinystr-9bdcb754b05824bb,liblitemap-abaddab7afb37065,libwriteable-36514dcf36d12676,libzerovec-8058f2aee15f9d56,libzerotrie-9a4c19cbe2c51454,libyoke-72fb5a1641b3cd20,libstable_deref_trait-63cbf3f3d3f94e56,libzerofrom-8572d48a38069bee,libform_urlencoded-98cc7da289c29f13,libsha2-cf2befbf159afe93,libdigest-515071a3931cfade,libconst_oid-58507ca40e062d76,libcrypto_common-b7a023d8cd4c0d28,libblock_buffer-738c9c701b99e110,libhybrid_array-e32e9ade2789fa0e,libtypenum-8cba24ab4904c632,libregex-309b05c0a519a2bf,libregex_automata-801559c2cb5fe55b,libregex_syntax-c9466e0222ce1989,libfast_glob-907b9c23ff5bc3c6,libureq-33e877bac8a6ea0e,libwebpki_roots-5909ca0173385c01,libserde_json-551865df72f5e6c7,libindexmap-53fa97398aad3fc3,libequivalent-6a754676e6af62ae,libhashbrown-d7214d631586fd51,libzmij-2ca2f302097868c6,libserde-847f3c14e401298f,libserde_core-ff96c4ffe6afdb18,librustls-2d2552a234641e3f,libsubtle-2ae6a7038b9a0630,libwebpki-61a43b5532986362,libring-cabfa653860912e9,libgetrandom-484e4340c5eaad96,libuntrusted-b2f816886faf2178,librustls_pki_types-c28ccc7b5abf2b1c,libzeroize-18cb7876aa49af10,libpercent_encoding-fa055ecaa1e57cfa,libflate2-b14c8adf5f553fc2,libzlib_rs-732d644b7bef00b4,libutf8_zero-b1bfe7deddca0c76,libureq_proto-5dd7cf6f9a415f22,libhttparse-be605dd980e8a581,libbase64-841a5b86c0f78728,libhttp-afd8c2dcf723ab99,libitoa-5de11b3b23bfe572,libbytes-5f66263ae3d5daa8,liblog-22b5be7f6ba2d64a,libtracing-4456c465cb5866b3,libpin_project_lite-0a15d51c77964692,libtracing_core-cbfab8d8047ad76d,libsoar_utils-70197b68e90d0b10,libblake3-a4ac721a052a95b1,libconstant_time_eq-1a60f1c89abc6683,libmemmap2-697620fef1f52302,libcpufeatures-2e8dd38066a76518,libarrayvec-ea4aaf96f8030b7f,libnix-c0fbc6ddf1467fdc,libthiserror-18e8d88527d4e647,libmiette-00e931ed7043d5ad,libbacktrace_ext-e6cbae7140d1d4ce,libsupports_unicode-90d86b95ae234b40,libsupports_color-3899ffcb78560df3,libis_ci-e8bef29ef2e608ab,libsupports_hyperlinks-08a168998187319a,libterminal_size-03625b2d8317737f,librustix-9362e437a91e8f66,libbitflags-4d66d68843710487,liblinux_raw_sys-0b6cde911e9a3109,libtextwrap-c001c64cdccc3ee6,libunicode_linebreak-a9faaa33c69d8a42,libunicode_width-c0be3735b741df1b,libbacktrace-554527aa82eb3985,libminiz_oxide-bfb5ea78b3a5c7a8,libadler2-1712579794513681,libobject-56128f9c88cd9080,libmemchr-a932478bde794617,liblibc-92690407dbecf0f4,libaddr2line-f3d67c68df15d143,libgimli-e1b664456e926008,librustc_demangle-019906bbd6792ceb,libunicode_width-b1bc0d6c10c00ecc,libowo_colors-82d5c6a9d9667c3a,libcfg_if-83060ec5685761ae}.rlib" "<sysroot>/lib/rustlib/x86_64-unknown-linux-gnu/lib/{libstd-*,libpanic_unwind-*,libobject-*,libmemchr-*,libaddr2line-*,libgimli-*,libcfg_if-*,librustc_demangle-*,libstd_detect-*,libhashbrown-*,librustc_std_workspace_alloc-*,libminiz_oxide-*,libadler2-*,libunwind-*,liblibc-*,librustc_std_workspace_core-*,liballoc-*,libcore-*,libcompiler_builtins-*}.rlib" "-Wl,-Bdynamic" "-llzma" "-lgcc_s" "-lutil" "-lrt" "-lpthread" "-lm" "-ldl" "-lc" "-L" "/tmp/rustdoctestf5JJ0v/rustcRFEsap/raw-dylibs" "-B<sysroot>/lib/rustlib/x86_64-unknown-linux-gnu/bin/gcc-ld" "-fuse-ld=lld" "-Wl,--eh-frame-hdr" "-Wl,-z,noexecstack" "-L" "/opt/rustwide/target/debug/build/blake3-5984894810ad84f6/out" "-L" "/opt/rustwide/target/debug/build/ring-fe6425f50b288254/out" "-L" "/opt/rustwide/target/debug/build/zstd-sys-cd8a172c04b40a64/out" "-L" "/usr/lib/x86_64-linux-gnu" "-L" "<sysroot>/lib/rustlib/x86_64-unknown-linux-gnu/lib" "-o" "/tmp/rustdoctestf5JJ0v/rust_out" "-Wl,--gc-sections" "-pie" "-Wl,-z,relro,-z,now" "-nodefaultlibs"
[INFO] [stdout]   = note: some arguments are omitted. use `--verbose` to show all linker arguments
[INFO] [stdout]   = note: collect2: fatal error: ld terminated with signal 9 [Killed]
[INFO] [stdout]           compilation terminated.
[INFO] [stdout]           
[INFO] [stdout] 
[INFO] [stdout] error: aborting due to 1 previous error
[INFO] [stdout] 
[INFO] [stdout] Couldn't compile the test.
[INFO] [stdout] ---- src/gitlab.rs - gitlab::GitLabAsset::name (line 220) stdout ----
[INFO] [stdout] error: linking with `cc` failed: exit status: 1
[INFO] [stdout]   |
[INFO] [stdout]   = note:  "cc" "-m64" "/tmp/rustdoctestFyGHPC/rustcpr8V6Q/symbols.o" "<2 object files omitted>" "-Wl,--as-needed" "-Wl,-Bstatic" "/opt/rustwide/target/debug/deps/{libsoar_dl-1e5b4db305b1d062,libcompak-4faa9f6e230d1c1b,libsevenz_rust2-4753d8faf08ef74b,libcbc-8fd26e1fd6180283,libgetrandom-dd93d911e90837a4,libppmd_rust-232ea743e71061e0,liblzma_rust2-a4686ff3073e4cc5,libtar-51f0d553df053cbf,libxattr-b0ddbc773cff9ea6,libfiletime-87f0e11aed31f606,libbzip2-32a03d911c66cb33,liblibbz2_rs_sys-e91d41ee7057ce95,libliblzma-f18ec67b39abd75e,libliblzma_sys-2b64aa0d6a768a25,libzip-b8ea241e598fdf76,liblzma_rust2-73a14004bbf5ba04,libsha2-9de43574a9a23667,libgetrandom-877db03f58294ae8,libpbkdf2-7f59722e01bb626c,libzstd-95c15ed5c6992275,libzstd_safe-bd05249265cf9205,libzstd_sys-1946c91b55ff89a3,libzopfli-e213de4b63fc988a,libsimd_adler32-8a9b3dd58fcce0fb,libbumpalo-09592ac400046911,libtime-514d58c0cb90b0b7,libpowerfmt-f6019a2766e431f7,libnum_conv-8bd7073c84ef42cd,libderanged-131d43187e2329b6,libtime_core-87cddcae4f761596,libtyped_path-d4bef469917403d3,libcrc32fast-72a668f1caef57d4,libaes-c6a216bc9f425678,libcipher-201396f466dcabc2,libinout-93dc3911bb70d9a5,libblock_padding-adb60efa5e2f76db,libsha1-2874bdb97e47d987,libcpufeatures-e04321643d03190d,libhmac-80a57329b33910c0,libdigest-428f2af201d79a5e,libblock_buffer-2a52351ae749aaa6,libcrypto_common-4bec392eb03e7564,libgeneric_array-db891871e5606a95,libconstant_time_eq-efbf8da8f259d1ea,libzsync_rs-b417dd6fb153ef47,libsha1-def457fc277d7b24,libmd4-4847d50b80ff54cb,liburl-2e65e4849fc89ee6,libidna-cc2d65fc414f9f88,libidna_adapter-cbeb0f587c5b5b8a,libicu_properties-52e5ee2334c0241d,libicu_properties_data-3f856f5bc2063921,libicu_normalizer-dc99e1481281ef6c,libsmallvec-8991f9d163108ead,libicu_normalizer_data-8b25f9eb7a72d68e,libicu_collections-182791d2b89dad1c,libutf8_iter-51566bbad89f3a68,libpotential_utf-40f3d3d736a73795,libicu_provider-60ecb1a06612e705,libicu_locale_core-0fdb745f59ef6fcf,libtinystr-9bdcb754b05824bb,liblitemap-abaddab7afb37065,libwriteable-36514dcf36d12676,libzerovec-8058f2aee15f9d56,libzerotrie-9a4c19cbe2c51454,libyoke-72fb5a1641b3cd20,libstable_deref_trait-63cbf3f3d3f94e56,libzerofrom-8572d48a38069bee,libform_urlencoded-98cc7da289c29f13,libsha2-cf2befbf159afe93,libdigest-515071a3931cfade,libconst_oid-58507ca40e062d76,libcrypto_common-b7a023d8cd4c0d28,libblock_buffer-738c9c701b99e110,libhybrid_array-e32e9ade2789fa0e,libtypenum-8cba24ab4904c632,libregex-309b05c0a519a2bf,libregex_automata-801559c2cb5fe55b,libregex_syntax-c9466e0222ce1989,libfast_glob-907b9c23ff5bc3c6,libureq-33e877bac8a6ea0e,libwebpki_roots-5909ca0173385c01,libserde_json-551865df72f5e6c7,libindexmap-53fa97398aad3fc3,libequivalent-6a754676e6af62ae,libhashbrown-d7214d631586fd51,libzmij-2ca2f302097868c6,libserde-847f3c14e401298f,libserde_core-ff96c4ffe6afdb18,librustls-2d2552a234641e3f,libsubtle-2ae6a7038b9a0630,libwebpki-61a43b5532986362,libring-cabfa653860912e9,libgetrandom-484e4340c5eaad96,libuntrusted-b2f816886faf2178,librustls_pki_types-c28ccc7b5abf2b1c,libzeroize-18cb7876aa49af10,libpercent_encoding-fa055ecaa1e57cfa,libflate2-b14c8adf5f553fc2,libzlib_rs-732d644b7bef00b4,libutf8_zero-b1bfe7deddca0c76,libureq_proto-5dd7cf6f9a415f22,libhttparse-be605dd980e8a581,libbase64-841a5b86c0f78728,libhttp-afd8c2dcf723ab99,libitoa-5de11b3b23bfe572,libbytes-5f66263ae3d5daa8,liblog-22b5be7f6ba2d64a,libtracing-4456c465cb5866b3,libpin_project_lite-0a15d51c77964692,libtracing_core-cbfab8d8047ad76d,libsoar_utils-70197b68e90d0b10,libblake3-a4ac721a052a95b1,libconstant_time_eq-1a60f1c89abc6683,libmemmap2-697620fef1f52302,libcpufeatures-2e8dd38066a76518,libarrayvec-ea4aaf96f8030b7f,libnix-c0fbc6ddf1467fdc,libthiserror-18e8d88527d4e647,libmiette-00e931ed7043d5ad,libbacktrace_ext-e6cbae7140d1d4ce,libsupports_unicode-90d86b95ae234b40,libsupports_color-3899ffcb78560df3,libis_ci-e8bef29ef2e608ab,libsupports_hyperlinks-08a168998187319a,libterminal_size-03625b2d8317737f,librustix-9362e437a91e8f66,libbitflags-4d66d68843710487,liblinux_raw_sys-0b6cde911e9a3109,libtextwrap-c001c64cdccc3ee6,libunicode_linebreak-a9faaa33c69d8a42,libunicode_width-c0be3735b741df1b,libbacktrace-554527aa82eb3985,libminiz_oxide-bfb5ea78b3a5c7a8,libadler2-1712579794513681,libobject-56128f9c88cd9080,libmemchr-a932478bde794617,liblibc-92690407dbecf0f4,libaddr2line-f3d67c68df15d143,libgimli-e1b664456e926008,librustc_demangle-019906bbd6792ceb,libunicode_width-b1bc0d6c10c00ecc,libowo_colors-82d5c6a9d9667c3a,libcfg_if-83060ec5685761ae}.rlib" "<sysroot>/lib/rustlib/x86_64-unknown-linux-gnu/lib/{libstd-*,libpanic_unwind-*,libobject-*,libmemchr-*,libaddr2line-*,libgimli-*,libcfg_if-*,librustc_demangle-*,libstd_detect-*,libhashbrown-*,librustc_std_workspace_alloc-*,libminiz_oxide-*,libadler2-*,libunwind-*,liblibc-*,librustc_std_workspace_core-*,liballoc-*,libcore-*,libcompiler_builtins-*}.rlib" "-Wl,-Bdynamic" "-llzma" "-lgcc_s" "-lutil" "-lrt" "-lpthread" "-lm" "-ldl" "-lc" "-L" "/tmp/rustdoctestFyGHPC/rustcpr8V6Q/raw-dylibs" "-B<sysroot>/lib/rustlib/x86_64-unknown-linux-gnu/bin/gcc-ld" "-fuse-ld=lld" "-Wl,--eh-frame-hdr" "-Wl,-z,noexecstack" "-L" "/opt/rustwide/target/debug/build/blake3-5984894810ad84f6/out" "-L" "/opt/rustwide/target/debug/build/ring-fe6425f50b288254/out" "-L" "/opt/rustwide/target/debug/build/zstd-sys-cd8a172c04b40a64/out" "-L" "/usr/lib/x86_64-linux-gnu" "-L" "<sysroot>/lib/rustlib/x86_64-unknown-linux-gnu/lib" "-o" "/tmp/rustdoctestFyGHPC/rust_out" "-Wl,--gc-sections" "-pie" "-Wl,-z,relro,-z,now" "-nodefaultlibs"
[INFO] [stdout]   = note: some arguments are omitted. use `--verbose` to show all linker arguments
[INFO] [stdout]   = note: collect2: fatal error: ld terminated with signal 9 [Killed]
[INFO] [stdout]           compilation terminated.
[INFO] [stdout]           
[INFO] [stdout] 
[INFO] [stdout] error: aborting due to 1 previous error
[INFO] [stdout] 
[INFO] [stdout] Couldn't compile the test.
[INFO] [stdout] ---- src/github.rs - github::GithubAsset::size (line 253) stdout ----
[INFO] [stdout] error: linking with `cc` failed: exit status: 1
[INFO] [stdout]   |
[INFO] [stdout]   = note:  "cc" "-m64" "/tmp/rustdoctestYnytP0/rustceUSger/symbols.o" "<2 object files omitted>" "-Wl,--as-needed" "-Wl,-Bstatic" "/opt/rustwide/target/debug/deps/{libsoar_dl-1e5b4db305b1d062,libcompak-4faa9f6e230d1c1b,libsevenz_rust2-4753d8faf08ef74b,libcbc-8fd26e1fd6180283,libgetrandom-dd93d911e90837a4,libppmd_rust-232ea743e71061e0,liblzma_rust2-a4686ff3073e4cc5,libtar-51f0d553df053cbf,libxattr-b0ddbc773cff9ea6,libfiletime-87f0e11aed31f606,libbzip2-32a03d911c66cb33,liblibbz2_rs_sys-e91d41ee7057ce95,libliblzma-f18ec67b39abd75e,libliblzma_sys-2b64aa0d6a768a25,libzip-b8ea241e598fdf76,liblzma_rust2-73a14004bbf5ba04,libsha2-9de43574a9a23667,libgetrandom-877db03f58294ae8,libpbkdf2-7f59722e01bb626c,libzstd-95c15ed5c6992275,libzstd_safe-bd05249265cf9205,libzstd_sys-1946c91b55ff89a3,libzopfli-e213de4b63fc988a,libsimd_adler32-8a9b3dd58fcce0fb,libbumpalo-09592ac400046911,libtime-514d58c0cb90b0b7,libpowerfmt-f6019a2766e431f7,libnum_conv-8bd7073c84ef42cd,libderanged-131d43187e2329b6,libtime_core-87cddcae4f761596,libtyped_path-d4bef469917403d3,libcrc32fast-72a668f1caef57d4,libaes-c6a216bc9f425678,libcipher-201396f466dcabc2,libinout-93dc3911bb70d9a5,libblock_padding-adb60efa5e2f76db,libsha1-2874bdb97e47d987,libcpufeatures-e04321643d03190d,libhmac-80a57329b33910c0,libdigest-428f2af201d79a5e,libblock_buffer-2a52351ae749aaa6,libcrypto_common-4bec392eb03e7564,libgeneric_array-db891871e5606a95,libconstant_time_eq-efbf8da8f259d1ea,libzsync_rs-b417dd6fb153ef47,libsha1-def457fc277d7b24,libmd4-4847d50b80ff54cb,liburl-2e65e4849fc89ee6,libidna-cc2d65fc414f9f88,libidna_adapter-cbeb0f587c5b5b8a,libicu_properties-52e5ee2334c0241d,libicu_properties_data-3f856f5bc2063921,libicu_normalizer-dc99e1481281ef6c,libsmallvec-8991f9d163108ead,libicu_normalizer_data-8b25f9eb7a72d68e,libicu_collections-182791d2b89dad1c,libutf8_iter-51566bbad89f3a68,libpotential_utf-40f3d3d736a73795,libicu_provider-60ecb1a06612e705,libicu_locale_core-0fdb745f59ef6fcf,libtinystr-9bdcb754b05824bb,liblitemap-abaddab7afb37065,libwriteable-36514dcf36d12676,libzerovec-8058f2aee15f9d56,libzerotrie-9a4c19cbe2c51454,libyoke-72fb5a1641b3cd20,libstable_deref_trait-63cbf3f3d3f94e56,libzerofrom-8572d48a38069bee,libform_urlencoded-98cc7da289c29f13,libsha2-cf2befbf159afe93,libdigest-515071a3931cfade,libconst_oid-58507ca40e062d76,libcrypto_common-b7a023d8cd4c0d28,libblock_buffer-738c9c701b99e110,libhybrid_array-e32e9ade2789fa0e,libtypenum-8cba24ab4904c632,libregex-309b05c0a519a2bf,libregex_automata-801559c2cb5fe55b,libregex_syntax-c9466e0222ce1989,libfast_glob-907b9c23ff5bc3c6,libureq-33e877bac8a6ea0e,libwebpki_roots-5909ca0173385c01,libserde_json-551865df72f5e6c7,libindexmap-53fa97398aad3fc3,libequivalent-6a754676e6af62ae,libhashbrown-d7214d631586fd51,libzmij-2ca2f302097868c6,libserde-847f3c14e401298f,libserde_core-ff96c4ffe6afdb18,librustls-2d2552a234641e3f,libsubtle-2ae6a7038b9a0630,libwebpki-61a43b5532986362,libring-cabfa653860912e9,libgetrandom-484e4340c5eaad96,libuntrusted-b2f816886faf2178,librustls_pki_types-c28ccc7b5abf2b1c,libzeroize-18cb7876aa49af10,libpercent_encoding-fa055ecaa1e57cfa,libflate2-b14c8adf5f553fc2,libzlib_rs-732d644b7bef00b4,libutf8_zero-b1bfe7deddca0c76,libureq_proto-5dd7cf6f9a415f22,libhttparse-be605dd980e8a581,libbase64-841a5b86c0f78728,libhttp-afd8c2dcf723ab99,libitoa-5de11b3b23bfe572,libbytes-5f66263ae3d5daa8,liblog-22b5be7f6ba2d64a,libtracing-4456c465cb5866b3,libpin_project_lite-0a15d51c77964692,libtracing_core-cbfab8d8047ad76d,libsoar_utils-70197b68e90d0b10,libblake3-a4ac721a052a95b1,libconstant_time_eq-1a60f1c89abc6683,libmemmap2-697620fef1f52302,libcpufeatures-2e8dd38066a76518,libarrayvec-ea4aaf96f8030b7f,libnix-c0fbc6ddf1467fdc,libthiserror-18e8d88527d4e647,libmiette-00e931ed7043d5ad,libbacktrace_ext-e6cbae7140d1d4ce,libsupports_unicode-90d86b95ae234b40,libsupports_color-3899ffcb78560df3,libis_ci-e8bef29ef2e608ab,libsupports_hyperlinks-08a168998187319a,libterminal_size-03625b2d8317737f,librustix-9362e437a91e8f66,libbitflags-4d66d68843710487,liblinux_raw_sys-0b6cde911e9a3109,libtextwrap-c001c64cdccc3ee6,libunicode_linebreak-a9faaa33c69d8a42,libunicode_width-c0be3735b741df1b,libbacktrace-554527aa82eb3985,libminiz_oxide-bfb5ea78b3a5c7a8,libadler2-1712579794513681,libobject-56128f9c88cd9080,libmemchr-a932478bde794617,liblibc-92690407dbecf0f4,libaddr2line-f3d67c68df15d143,libgimli-e1b664456e926008,librustc_demangle-019906bbd6792ceb,libunicode_width-b1bc0d6c10c00ecc,libowo_colors-82d5c6a9d9667c3a,libcfg_if-83060ec5685761ae}.rlib" "<sysroot>/lib/rustlib/x86_64-unknown-linux-gnu/lib/{libstd-*,libpanic_unwind-*,libobject-*,libmemchr-*,libaddr2line-*,libgimli-*,libcfg_if-*,librustc_demangle-*,libstd_detect-*,libhashbrown-*,librustc_std_workspace_alloc-*,libminiz_oxide-*,libadler2-*,libunwind-*,liblibc-*,librustc_std_workspace_core-*,liballoc-*,libcore-*,libcompiler_builtins-*}.rlib" "-Wl,-Bdynamic" "-llzma" "-lgcc_s" "-lutil" "-lrt" "-lpthread" "-lm" "-ldl" "-lc" "-L" "/tmp/rustdoctestYnytP0/rustceUSger/raw-dylibs" "-B<sysroot>/lib/rustlib/x86_64-unknown-linux-gnu/bin/gcc-ld" "-fuse-ld=lld" "-Wl,--eh-frame-hdr" "-Wl,-z,noexecstack" "-L" "/opt/rustwide/target/debug/build/blake3-5984894810ad84f6/out" "-L" "/opt/rustwide/target/debug/build/ring-fe6425f50b288254/out" "-L" "/opt/rustwide/target/debug/build/zstd-sys-cd8a172c04b40a64/out" "-L" "/usr/lib/x86_64-linux-gnu" "-L" "<sysroot>/lib/rustlib/x86_64-unknown-linux-gnu/lib" "-o" "/tmp/rustdoctestYnytP0/rust_out" "-Wl,--gc-sections" "-pie" "-Wl,-z,relro,-z,now" "-nodefaultlibs"
[INFO] [stdout]   = note: some arguments are omitted. use `--verbose` to show all linker arguments
[INFO] [stdout]   = note: collect2: fatal error: ld terminated with signal 9 [Killed]
[INFO] [stdout]           compilation terminated.
[INFO] [stdout]           
[INFO] [stdout] 
[INFO] [stdout] error: aborting due to 1 previous error
[INFO] [stdout] 
[INFO] [stdout] Couldn't compile the test.
[INFO] [stdout] ---- src/oci.rs - oci::OciDownload::progress (line 374) stdout ----
[INFO] [stdout] Couldn't compile the test.
[INFO] [stdout] ---- src/oci.rs - oci::OciDownload::parallel (line 357) stdout ----
[INFO] [stdout] Couldn't compile the test.
[INFO] [stdout] ---- src/oci.rs - oci::OciLayer::title (line 126) stdout ----
[INFO] [stdout] Couldn't compile the test.
[INFO] [stdout] ---- src/oci.rs - oci::OciDownload::filter (line 266) stdout ----
[INFO] [stdout] error: linking with `cc` failed: exit status: 1
[INFO] [stdout]   |
[INFO] [stdout]   = note:  "cc" "-m64" "/tmp/rustdoctestafPY3R/rustccipxEl/symbols.o" "<2 object files omitted>" "-Wl,--as-needed" "-Wl,-Bstatic" "/opt/rustwide/target/debug/deps/{libsoar_dl-1e5b4db305b1d062,libcompak-4faa9f6e230d1c1b,libsevenz_rust2-4753d8faf08ef74b,libcbc-8fd26e1fd6180283,libgetrandom-dd93d911e90837a4,libppmd_rust-232ea743e71061e0,liblzma_rust2-a4686ff3073e4cc5,libtar-51f0d553df053cbf,libxattr-b0ddbc773cff9ea6,libfiletime-87f0e11aed31f606,libbzip2-32a03d911c66cb33,liblibbz2_rs_sys-e91d41ee7057ce95,libliblzma-f18ec67b39abd75e,libliblzma_sys-2b64aa0d6a768a25,libzip-b8ea241e598fdf76,liblzma_rust2-73a14004bbf5ba04,libsha2-9de43574a9a23667,libgetrandom-877db03f58294ae8,libpbkdf2-7f59722e01bb626c,libzstd-95c15ed5c6992275,libzstd_safe-bd05249265cf9205,libzstd_sys-1946c91b55ff89a3,libzopfli-e213de4b63fc988a,libsimd_adler32-8a9b3dd58fcce0fb,libbumpalo-09592ac400046911,libtime-514d58c0cb90b0b7,libpowerfmt-f6019a2766e431f7,libnum_conv-8bd7073c84ef42cd,libderanged-131d43187e2329b6,libtime_core-87cddcae4f761596,libtyped_path-d4bef469917403d3,libcrc32fast-72a668f1caef57d4,libaes-c6a216bc9f425678,libcipher-201396f466dcabc2,libinout-93dc3911bb70d9a5,libblock_padding-adb60efa5e2f76db,libsha1-2874bdb97e47d987,libcpufeatures-e04321643d03190d,libhmac-80a57329b33910c0,libdigest-428f2af201d79a5e,libblock_buffer-2a52351ae749aaa6,libcrypto_common-4bec392eb03e7564,libgeneric_array-db891871e5606a95,libconstant_time_eq-efbf8da8f259d1ea,libzsync_rs-b417dd6fb153ef47,libsha1-def457fc277d7b24,libmd4-4847d50b80ff54cb,liburl-2e65e4849fc89ee6,libidna-cc2d65fc414f9f88,libidna_adapter-cbeb0f587c5b5b8a,libicu_properties-52e5ee2334c0241d,libicu_properties_data-3f856f5bc2063921,libicu_normalizer-dc99e1481281ef6c,libsmallvec-8991f9d163108ead,libicu_normalizer_data-8b25f9eb7a72d68e,libicu_collections-182791d2b89dad1c,libutf8_iter-51566bbad89f3a68,libpotential_utf-40f3d3d736a73795,libicu_provider-60ecb1a06612e705,libicu_locale_core-0fdb745f59ef6fcf,libtinystr-9bdcb754b05824bb,liblitemap-abaddab7afb37065,libwriteable-36514dcf36d12676,libzerovec-8058f2aee15f9d56,libzerotrie-9a4c19cbe2c51454,libyoke-72fb5a1641b3cd20,libstable_deref_trait-63cbf3f3d3f94e56,libzerofrom-8572d48a38069bee,libform_urlencoded-98cc7da289c29f13,libsha2-cf2befbf159afe93,libdigest-515071a3931cfade,libconst_oid-58507ca40e062d76,libcrypto_common-b7a023d8cd4c0d28,libblock_buffer-738c9c701b99e110,libhybrid_array-e32e9ade2789fa0e,libtypenum-8cba24ab4904c632,libregex-309b05c0a519a2bf,libregex_automata-801559c2cb5fe55b,libregex_syntax-c9466e0222ce1989,libfast_glob-907b9c23ff5bc3c6,libureq-33e877bac8a6ea0e,libwebpki_roots-5909ca0173385c01,libserde_json-551865df72f5e6c7,libindexmap-53fa97398aad3fc3,libequivalent-6a754676e6af62ae,libhashbrown-d7214d631586fd51,libzmij-2ca2f302097868c6,libserde-847f3c14e401298f,libserde_core-ff96c4ffe6afdb18,librustls-2d2552a234641e3f,libsubtle-2ae6a7038b9a0630,libwebpki-61a43b5532986362,libring-cabfa653860912e9,libgetrandom-484e4340c5eaad96,libuntrusted-b2f816886faf2178,librustls_pki_types-c28ccc7b5abf2b1c,libzeroize-18cb7876aa49af10,libpercent_encoding-fa055ecaa1e57cfa,libflate2-b14c8adf5f553fc2,libzlib_rs-732d644b7bef00b4,libutf8_zero-b1bfe7deddca0c76,libureq_proto-5dd7cf6f9a415f22,libhttparse-be605dd980e8a581,libbase64-841a5b86c0f78728,libhttp-afd8c2dcf723ab99,libitoa-5de11b3b23bfe572,libbytes-5f66263ae3d5daa8,liblog-22b5be7f6ba2d64a,libtracing-4456c465cb5866b3,libpin_project_lite-0a15d51c77964692,libtracing_core-cbfab8d8047ad76d,libsoar_utils-70197b68e90d0b10,libblake3-a4ac721a052a95b1,libconstant_time_eq-1a60f1c89abc6683,libmemmap2-697620fef1f52302,libcpufeatures-2e8dd38066a76518,libarrayvec-ea4aaf96f8030b7f,libnix-c0fbc6ddf1467fdc,libthiserror-18e8d88527d4e647,libmiette-00e931ed7043d5ad,libbacktrace_ext-e6cbae7140d1d4ce,libsupports_unicode-90d86b95ae234b40,libsupports_color-3899ffcb78560df3,libis_ci-e8bef29ef2e608ab,libsupports_hyperlinks-08a168998187319a,libterminal_size-03625b2d8317737f,librustix-9362e437a91e8f66,libbitflags-4d66d68843710487,liblinux_raw_sys-0b6cde911e9a3109,libtextwrap-c001c64cdccc3ee6,libunicode_linebreak-a9faaa33c69d8a42,libunicode_width-c0be3735b741df1b,libbacktrace-554527aa82eb3985,libminiz_oxide-bfb5ea78b3a5c7a8,libadler2-1712579794513681,libobject-56128f9c88cd9080,libmemchr-a932478bde794617,liblibc-92690407dbecf0f4,libaddr2line-f3d67c68df15d143,libgimli-e1b664456e926008,librustc_demangle-019906bbd6792ceb,libunicode_width-b1bc0d6c10c00ecc,libowo_colors-82d5c6a9d9667c3a,libcfg_if-83060ec5685761ae}.rlib" "<sysroot>/lib/rustlib/x86_64-unknown-linux-gnu/lib/{libstd-*,libpanic_unwind-*,libobject-*,libmemchr-*,libaddr2line-*,libgimli-*,libcfg_if-*,librustc_demangle-*,libstd_detect-*,libhashbrown-*,librustc_std_workspace_alloc-*,libminiz_oxide-*,libadler2-*,libunwind-*,liblibc-*,librustc_std_workspace_core-*,liballoc-*,libcore-*,libcompiler_builtins-*}.rlib" "-Wl,-Bdynamic" "-llzma" "-lgcc_s" "-lutil" "-lrt" "-lpthread" "-lm" "-ldl" "-lc" "-L" "/tmp/rustdoctestafPY3R/rustccipxEl/raw-dylibs" "-B<sysroot>/lib/rustlib/x86_64-unknown-linux-gnu/bin/gcc-ld" "-fuse-ld=lld" "-Wl,--eh-frame-hdr" "-Wl,-z,noexecstack" "-L" "/opt/rustwide/target/debug/build/blake3-5984894810ad84f6/out" "-L" "/opt/rustwide/target/debug/build/ring-fe6425f50b288254/out" "-L" "/opt/rustwide/target/debug/build/zstd-sys-cd8a172c04b40a64/out" "-L" "/usr/lib/x86_64-linux-gnu" "-L" "<sysroot>/lib/rustlib/x86_64-unknown-linux-gnu/lib" "-o" "/tmp/rustdoctestafPY3R/rust_out" "-Wl,--gc-sections" "-pie" "-Wl,-z,relro,-z,now" "-nodefaultlibs"
[INFO] [stderr] error: doctest failed, to rerun pass `--doc`
[INFO] [stdout]   = note: some arguments are omitted. use `--verbose` to show all linker arguments
[INFO] [stdout]   = note: collect2: fatal error: ld terminated with signal 9 [Killed]
[INFO] [stdout]           compilation terminated.
[INFO] [stdout]           
[INFO] [stdout] 
[INFO] [stdout] error: aborting due to 1 previous error
[INFO] [stdout] 
[INFO] [stdout] Couldn't compile the test.
[INFO] [stdout] ---- src/oci.rs - oci::OciDownload::overwrite (line 301) stdout ----
[INFO] [stdout] error: linking with `cc` failed: exit status: 1
[INFO] [stdout]   |
[INFO] [stdout]   = note:  "cc" "-m64" "/tmp/rustdoctest14maSk/rustcARVu4R/symbols.o" "<2 object files omitted>" "-Wl,--as-needed" "-Wl,-Bstatic" "/opt/rustwide/target/debug/deps/{libsoar_dl-1e5b4db305b1d062,libcompak-4faa9f6e230d1c1b,libsevenz_rust2-4753d8faf08ef74b,libcbc-8fd26e1fd6180283,libgetrandom-dd93d911e90837a4,libppmd_rust-232ea743e71061e0,liblzma_rust2-a4686ff3073e4cc5,libtar-51f0d553df053cbf,libxattr-b0ddbc773cff9ea6,libfiletime-87f0e11aed31f606,libbzip2-32a03d911c66cb33,liblibbz2_rs_sys-e91d41ee7057ce95,libliblzma-f18ec67b39abd75e,libliblzma_sys-2b64aa0d6a768a25,libzip-b8ea241e598fdf76,liblzma_rust2-73a14004bbf5ba04,libsha2-9de43574a9a23667,libgetrandom-877db03f58294ae8,libpbkdf2-7f59722e01bb626c,libzstd-95c15ed5c6992275,libzstd_safe-bd05249265cf9205,libzstd_sys-1946c91b55ff89a3,libzopfli-e213de4b63fc988a,libsimd_adler32-8a9b3dd58fcce0fb,libbumpalo-09592ac400046911,libtime-514d58c0cb90b0b7,libpowerfmt-f6019a2766e431f7,libnum_conv-8bd7073c84ef42cd,libderanged-131d43187e2329b6,libtime_core-87cddcae4f761596,libtyped_path-d4bef469917403d3,libcrc32fast-72a668f1caef57d4,libaes-c6a216bc9f425678,libcipher-201396f466dcabc2,libinout-93dc3911bb70d9a5,libblock_padding-adb60efa5e2f76db,libsha1-2874bdb97e47d987,libcpufeatures-e04321643d03190d,libhmac-80a57329b33910c0,libdigest-428f2af201d79a5e,libblock_buffer-2a52351ae749aaa6,libcrypto_common-4bec392eb03e7564,libgeneric_array-db891871e5606a95,libconstant_time_eq-efbf8da8f259d1ea,libzsync_rs-b417dd6fb153ef47,libsha1-def457fc277d7b24,libmd4-4847d50b80ff54cb,liburl-2e65e4849fc89ee6,libidna-cc2d65fc414f9f88,libidna_adapter-cbeb0f587c5b5b8a,libicu_properties-52e5ee2334c0241d,libicu_properties_data-3f856f5bc2063921,libicu_normalizer-dc99e1481281ef6c,libsmallvec-8991f9d163108ead,libicu_normalizer_data-8b25f9eb7a72d68e,libicu_collections-182791d2b89dad1c,libutf8_iter-51566bbad89f3a68,libpotential_utf-40f3d3d736a73795,libicu_provider-60ecb1a06612e705,libicu_locale_core-0fdb745f59ef6fcf,libtinystr-9bdcb754b05824bb,liblitemap-abaddab7afb37065,libwriteable-36514dcf36d12676,libzerovec-8058f2aee15f9d56,libzerotrie-9a4c19cbe2c51454,libyoke-72fb5a1641b3cd20,libstable_deref_trait-63cbf3f3d3f94e56,libzerofrom-8572d48a38069bee,libform_urlencoded-98cc7da289c29f13,libsha2-cf2befbf159afe93,libdigest-515071a3931cfade,libconst_oid-58507ca40e062d76,libcrypto_common-b7a023d8cd4c0d28,libblock_buffer-738c9c701b99e110,libhybrid_array-e32e9ade2789fa0e,libtypenum-8cba24ab4904c632,libregex-309b05c0a519a2bf,libregex_automata-801559c2cb5fe55b,libregex_syntax-c9466e0222ce1989,libfast_glob-907b9c23ff5bc3c6,libureq-33e877bac8a6ea0e,libwebpki_roots-5909ca0173385c01,libserde_json-551865df72f5e6c7,libindexmap-53fa97398aad3fc3,libequivalent-6a754676e6af62ae,libhashbrown-d7214d631586fd51,libzmij-2ca2f302097868c6,libserde-847f3c14e401298f,libserde_core-ff96c4ffe6afdb18,librustls-2d2552a234641e3f,libsubtle-2ae6a7038b9a0630,libwebpki-61a43b5532986362,libring-cabfa653860912e9,libgetrandom-484e4340c5eaad96,libuntrusted-b2f816886faf2178,librustls_pki_types-c28ccc7b5abf2b1c,libzeroize-18cb7876aa49af10,libpercent_encoding-fa055ecaa1e57cfa,libflate2-b14c8adf5f553fc2,libzlib_rs-732d644b7bef00b4,libutf8_zero-b1bfe7deddca0c76,libureq_proto-5dd7cf6f9a415f22,libhttparse-be605dd980e8a581,libbase64-841a5b86c0f78728,libhttp-afd8c2dcf723ab99,libitoa-5de11b3b23bfe572,libbytes-5f66263ae3d5daa8,liblog-22b5be7f6ba2d64a,libtracing-4456c465cb5866b3,libpin_project_lite-0a15d51c77964692,libtracing_core-cbfab8d8047ad76d,libsoar_utils-70197b68e90d0b10,libblake3-a4ac721a052a95b1,libconstant_time_eq-1a60f1c89abc6683,libmemmap2-697620fef1f52302,libcpufeatures-2e8dd38066a76518,libarrayvec-ea4aaf96f8030b7f,libnix-c0fbc6ddf1467fdc,libthiserror-18e8d88527d4e647,libmiette-00e931ed7043d5ad,libbacktrace_ext-e6cbae7140d1d4ce,libsupports_unicode-90d86b95ae234b40,libsupports_color-3899ffcb78560df3,libis_ci-e8bef29ef2e608ab,libsupports_hyperlinks-08a168998187319a,libterminal_size-03625b2d8317737f,librustix-9362e437a91e8f66,libbitflags-4d66d68843710487,liblinux_raw_sys-0b6cde911e9a3109,libtextwrap-c001c64cdccc3ee6,libunicode_linebreak-a9faaa33c69d8a42,libunicode_width-c0be3735b741df1b,libbacktrace-554527aa82eb3985,libminiz_oxide-bfb5ea78b3a5c7a8,libadler2-1712579794513681,libobject-56128f9c88cd9080,libmemchr-a932478bde794617,liblibc-92690407dbecf0f4,libaddr2line-f3d67c68df15d143,libgimli-e1b664456e926008,librustc_demangle-019906bbd6792ceb,libunicode_width-b1bc0d6c10c00ecc,libowo_colors-82d5c6a9d9667c3a,libcfg_if-83060ec5685761ae}.rlib" "<sysroot>/lib/rustlib/x86_64-unknown-linux-gnu/lib/{libstd-*,libpanic_unwind-*,libobject-*,libmemchr-*,libaddr2line-*,libgimli-*,libcfg_if-*,librustc_demangle-*,libstd_detect-*,libhashbrown-*,librustc_std_workspace_alloc-*,libminiz_oxide-*,libadler2-*,libunwind-*,liblibc-*,librustc_std_workspace_core-*,liballoc-*,libcore-*,libcompiler_builtins-*}.rlib" "-Wl,-Bdynamic" "-llzma" "-lgcc_s" "-lutil" "-lrt" "-lpthread" "-lm" "-ldl" "-lc" "-L" "/tmp/rustdoctest14maSk/rustcARVu4R/raw-dylibs" "-B<sysroot>/lib/rustlib/x86_64-unknown-linux-gnu/bin/gcc-ld" "-fuse-ld=lld" "-Wl,--eh-frame-hdr" "-Wl,-z,noexecstack" "-L" "/opt/rustwide/target/debug/build/blake3-5984894810ad84f6/out" "-L" "/opt/rustwide/target/debug/build/ring-fe6425f50b288254/out" "-L" "/opt/rustwide/target/debug/build/zstd-sys-cd8a172c04b40a64/out" "-L" "/usr/lib/x86_64-linux-gnu" "-L" "<sysroot>/lib/rustlib/x86_64-unknown-linux-gnu/lib" "-o" "/tmp/rustdoctest14maSk/rust_out" "-Wl,--gc-sections" "-pie" "-Wl,-z,relro,-z,now" "-nodefaultlibs"
[INFO] [stdout]   = note: some arguments are omitted. use `--verbose` to show all linker arguments
[INFO] [stdout]   = note: collect2: fatal error: ld terminated with signal 9 [Killed]
[INFO] [stdout]           compilation terminated.
[INFO] [stdout]           
[INFO] [stdout] 
[INFO] [stdout] error: aborting due to 1 previous error
[INFO] [stdout] 
[INFO] [stdout] Couldn't compile the test.
[INFO] [stdout] ---- src/release.rs - release::ReleaseDownload<P>::extract_to (line 159) stdout ----
[INFO] [stdout] Couldn't compile the test.
[INFO] [stdout] ---- src/gitlab.rs - gitlab::GitLabRelease::published_at (line 162) stdout ----
[INFO] [stdout] error: linking with `cc` failed: exit status: 1
[INFO] [stdout]   |
[INFO] [stdout]   = note:  "cc" "-m64" "/tmp/rustdoctestVM44Vy/rustcnZax67/symbols.o" "<2 object files omitted>" "-Wl,--as-needed" "-Wl,-Bstatic" "/opt/rustwide/target/debug/deps/{libsoar_dl-1e5b4db305b1d062,libcompak-4faa9f6e230d1c1b,libsevenz_rust2-4753d8faf08ef74b,libcbc-8fd26e1fd6180283,libgetrandom-dd93d911e90837a4,libppmd_rust-232ea743e71061e0,liblzma_rust2-a4686ff3073e4cc5,libtar-51f0d553df053cbf,libxattr-b0ddbc773cff9ea6,libfiletime-87f0e11aed31f606,libbzip2-32a03d911c66cb33,liblibbz2_rs_sys-e91d41ee7057ce95,libliblzma-f18ec67b39abd75e,libliblzma_sys-2b64aa0d6a768a25,libzip-b8ea241e598fdf76,liblzma_rust2-73a14004bbf5ba04,libsha2-9de43574a9a23667,libgetrandom-877db03f58294ae8,libpbkdf2-7f59722e01bb626c,libzstd-95c15ed5c6992275,libzstd_safe-bd05249265cf9205,libzstd_sys-1946c91b55ff89a3,libzopfli-e213de4b63fc988a,libsimd_adler32-8a9b3dd58fcce0fb,libbumpalo-09592ac400046911,libtime-514d58c0cb90b0b7,libpowerfmt-f6019a2766e431f7,libnum_conv-8bd7073c84ef42cd,libderanged-131d43187e2329b6,libtime_core-87cddcae4f761596,libtyped_path-d4bef469917403d3,libcrc32fast-72a668f1caef57d4,libaes-c6a216bc9f425678,libcipher-201396f466dcabc2,libinout-93dc3911bb70d9a5,libblock_padding-adb60efa5e2f76db,libsha1-2874bdb97e47d987,libcpufeatures-e04321643d03190d,libhmac-80a57329b33910c0,libdigest-428f2af201d79a5e,libblock_buffer-2a52351ae749aaa6,libcrypto_common-4bec392eb03e7564,libgeneric_array-db891871e5606a95,libconstant_time_eq-efbf8da8f259d1ea,libzsync_rs-b417dd6fb153ef47,libsha1-def457fc277d7b24,libmd4-4847d50b80ff54cb,liburl-2e65e4849fc89ee6,libidna-cc2d65fc414f9f88,libidna_adapter-cbeb0f587c5b5b8a,libicu_properties-52e5ee2334c0241d,libicu_properties_data-3f856f5bc2063921,libicu_normalizer-dc99e1481281ef6c,libsmallvec-8991f9d163108ead,libicu_normalizer_data-8b25f9eb7a72d68e,libicu_collections-182791d2b89dad1c,libutf8_iter-51566bbad89f3a68,libpotential_utf-40f3d3d736a73795,libicu_provider-60ecb1a06612e705,libicu_locale_core-0fdb745f59ef6fcf,libtinystr-9bdcb754b05824bb,liblitemap-abaddab7afb37065,libwriteable-36514dcf36d12676,libzerovec-8058f2aee15f9d56,libzerotrie-9a4c19cbe2c51454,libyoke-72fb5a1641b3cd20,libstable_deref_trait-63cbf3f3d3f94e56,libzerofrom-8572d48a38069bee,libform_urlencoded-98cc7da289c29f13,libsha2-cf2befbf159afe93,libdigest-515071a3931cfade,libconst_oid-58507ca40e062d76,libcrypto_common-b7a023d8cd4c0d28,libblock_buffer-738c9c701b99e110,libhybrid_array-e32e9ade2789fa0e,libtypenum-8cba24ab4904c632,libregex-309b05c0a519a2bf,libregex_automata-801559c2cb5fe55b,libregex_syntax-c9466e0222ce1989,libfast_glob-907b9c23ff5bc3c6,libureq-33e877bac8a6ea0e,libwebpki_roots-5909ca0173385c01,libserde_json-551865df72f5e6c7,libindexmap-53fa97398aad3fc3,libequivalent-6a754676e6af62ae,libhashbrown-d7214d631586fd51,libzmij-2ca2f302097868c6,libserde-847f3c14e401298f,libserde_core-ff96c4ffe6afdb18,librustls-2d2552a234641e3f,libsubtle-2ae6a7038b9a0630,libwebpki-61a43b5532986362,libring-cabfa653860912e9,libgetrandom-484e4340c5eaad96,libuntrusted-b2f816886faf2178,librustls_pki_types-c28ccc7b5abf2b1c,libzeroize-18cb7876aa49af10,libpercent_encoding-fa055ecaa1e57cfa,libflate2-b14c8adf5f553fc2,libzlib_rs-732d644b7bef00b4,libutf8_zero-b1bfe7deddca0c76,libureq_proto-5dd7cf6f9a415f22,libhttparse-be605dd980e8a581,libbase64-841a5b86c0f78728,libhttp-afd8c2dcf723ab99,libitoa-5de11b3b23bfe572,libbytes-5f66263ae3d5daa8,liblog-22b5be7f6ba2d64a,libtracing-4456c465cb5866b3,libpin_project_lite-0a15d51c77964692,libtracing_core-cbfab8d8047ad76d,libsoar_utils-70197b68e90d0b10,libblake3-a4ac721a052a95b1,libconstant_time_eq-1a60f1c89abc6683,libmemmap2-697620fef1f52302,libcpufeatures-2e8dd38066a76518,libarrayvec-ea4aaf96f8030b7f,libnix-c0fbc6ddf1467fdc,libthiserror-18e8d88527d4e647,libmiette-00e931ed7043d5ad,libbacktrace_ext-e6cbae7140d1d4ce,libsupports_unicode-90d86b95ae234b40,libsupports_color-3899ffcb78560df3,libis_ci-e8bef29ef2e608ab,libsupports_hyperlinks-08a168998187319a,libterminal_size-03625b2d8317737f,librustix-9362e437a91e8f66,libbitflags-4d66d68843710487,liblinux_raw_sys-0b6cde911e9a3109,libtextwrap-c001c64cdccc3ee6,libunicode_linebreak-a9faaa33c69d8a42,libunicode_width-c0be3735b741df1b,libbacktrace-554527aa82eb3985,libminiz_oxide-bfb5ea78b3a5c7a8,libadler2-1712579794513681,libobject-56128f9c88cd9080,libmemchr-a932478bde794617,liblibc-92690407dbecf0f4,libaddr2line-f3d67c68df15d143,libgimli-e1b664456e926008,librustc_demangle-019906bbd6792ceb,libunicode_width-b1bc0d6c10c00ecc,libowo_colors-82d5c6a9d9667c3a,libcfg_if-83060ec5685761ae}.rlib" "<sysroot>/lib/rustlib/x86_64-unknown-linux-gnu/lib/{libstd-*,libpanic_unwind-*,libobject-*,libmemchr-*,libaddr2line-*,libgimli-*,libcfg_if-*,librustc_demangle-*,libstd_detect-*,libhashbrown-*,librustc_std_workspace_alloc-*,libminiz_oxide-*,libadler2-*,libunwind-*,liblibc-*,librustc_std_workspace_core-*,liballoc-*,libcore-*,libcompiler_builtins-*}.rlib" "-Wl,-Bdynamic" "-llzma" "-lgcc_s" "-lutil" "-lrt" "-lpthread" "-lm" "-ldl" "-lc" "-L" "/tmp/rustdoctestVM44Vy/rustcnZax67/raw-dylibs" "-B<sysroot>/lib/rustlib/x86_64-unknown-linux-gnu/bin/gcc-ld" "-fuse-ld=lld" "-Wl,--eh-frame-hdr" "-Wl,-z,noexecstack" "-L" "/opt/rustwide/target/debug/build/blake3-5984894810ad84f6/out" "-L" "/opt/rustwide/target/debug/build/ring-fe6425f50b288254/out" "-L" "/opt/rustwide/target/debug/build/zstd-sys-cd8a172c04b40a64/out" "-L" "/usr/lib/x86_64-linux-gnu" "-L" "<sysroot>/lib/rustlib/x86_64-unknown-linux-gnu/lib" "-o" "/tmp/rustdoctestVM44Vy/rust_out" "-Wl,--gc-sections" "-pie" "-Wl,-z,relro,-z,now" "-nodefaultlibs"
[INFO] [stdout]   = note: some arguments are omitted. use `--verbose` to show all linker arguments
[INFO] [stdout]   = note: collect2: fatal error: ld terminated with signal 9 [Killed]
[INFO] [stdout]           compilation terminated.
[INFO] [stdout]           
[INFO] [stdout] 
[INFO] [stdout] error: aborting due to 1 previous error
[INFO] [stdout] 
[INFO] [stdout] Couldn't compile the test.
[INFO] [stdout] ---- src/release.rs - release::ReleaseDownload<P>::new (line 37) stdout ----
[INFO] [stdout] Couldn't compile the test.
[INFO] [stdout] ---- src/release.rs - release::ReleaseDownload<P>::output (line 105) stdout ----
[INFO] [stdout] Couldn't compile the test.
[INFO] [stdout] ---- src/oci.rs - oci::OciDownload::new (line 224) stdout ----
[INFO] [stdout] error: linking with `cc` failed: exit status: 1
[INFO] [stdout]   |
[INFO] [stdout]   = note:  "cc" "-m64" "/tmp/rustdoctestvALic3/rustcWQFjWv/symbols.o" "<2 object files omitted>" "-Wl,--as-needed" "-Wl,-Bstatic" "/opt/rustwide/target/debug/deps/{libsoar_dl-1e5b4db305b1d062,libcompak-4faa9f6e230d1c1b,libsevenz_rust2-4753d8faf08ef74b,libcbc-8fd26e1fd6180283,libgetrandom-dd93d911e90837a4,libppmd_rust-232ea743e71061e0,liblzma_rust2-a4686ff3073e4cc5,libtar-51f0d553df053cbf,libxattr-b0ddbc773cff9ea6,libfiletime-87f0e11aed31f606,libbzip2-32a03d911c66cb33,liblibbz2_rs_sys-e91d41ee7057ce95,libliblzma-f18ec67b39abd75e,libliblzma_sys-2b64aa0d6a768a25,libzip-b8ea241e598fdf76,liblzma_rust2-73a14004bbf5ba04,libsha2-9de43574a9a23667,libgetrandom-877db03f58294ae8,libpbkdf2-7f59722e01bb626c,libzstd-95c15ed5c6992275,libzstd_safe-bd05249265cf9205,libzstd_sys-1946c91b55ff89a3,libzopfli-e213de4b63fc988a,libsimd_adler32-8a9b3dd58fcce0fb,libbumpalo-09592ac400046911,libtime-514d58c0cb90b0b7,libpowerfmt-f6019a2766e431f7,libnum_conv-8bd7073c84ef42cd,libderanged-131d43187e2329b6,libtime_core-87cddcae4f761596,libtyped_path-d4bef469917403d3,libcrc32fast-72a668f1caef57d4,libaes-c6a216bc9f425678,libcipher-201396f466dcabc2,libinout-93dc3911bb70d9a5,libblock_padding-adb60efa5e2f76db,libsha1-2874bdb97e47d987,libcpufeatures-e04321643d03190d,libhmac-80a57329b33910c0,libdigest-428f2af201d79a5e,libblock_buffer-2a52351ae749aaa6,libcrypto_common-4bec392eb03e7564,libgeneric_array-db891871e5606a95,libconstant_time_eq-efbf8da8f259d1ea,libzsync_rs-b417dd6fb153ef47,libsha1-def457fc277d7b24,libmd4-4847d50b80ff54cb,liburl-2e65e4849fc89ee6,libidna-cc2d65fc414f9f88,libidna_adapter-cbeb0f587c5b5b8a,libicu_properties-52e5ee2334c0241d,libicu_properties_data-3f856f5bc2063921,libicu_normalizer-dc99e1481281ef6c,libsmallvec-8991f9d163108ead,libicu_normalizer_data-8b25f9eb7a72d68e,libicu_collections-182791d2b89dad1c,libutf8_iter-51566bbad89f3a68,libpotential_utf-40f3d3d736a73795,libicu_provider-60ecb1a06612e705,libicu_locale_core-0fdb745f59ef6fcf,libtinystr-9bdcb754b05824bb,liblitemap-abaddab7afb37065,libwriteable-36514dcf36d12676,libzerovec-8058f2aee15f9d56,libzerotrie-9a4c19cbe2c51454,libyoke-72fb5a1641b3cd20,libstable_deref_trait-63cbf3f3d3f94e56,libzerofrom-8572d48a38069bee,libform_urlencoded-98cc7da289c29f13,libsha2-cf2befbf159afe93,libdigest-515071a3931cfade,libconst_oid-58507ca40e062d76,libcrypto_common-b7a023d8cd4c0d28,libblock_buffer-738c9c701b99e110,libhybrid_array-e32e9ade2789fa0e,libtypenum-8cba24ab4904c632,libregex-309b05c0a519a2bf,libregex_automata-801559c2cb5fe55b,libregex_syntax-c9466e0222ce1989,libfast_glob-907b9c23ff5bc3c6,libureq-33e877bac8a6ea0e,libwebpki_roots-5909ca0173385c01,libserde_json-551865df72f5e6c7,libindexmap-53fa97398aad3fc3,libequivalent-6a754676e6af62ae,libhashbrown-d7214d631586fd51,libzmij-2ca2f302097868c6,libserde-847f3c14e401298f,libserde_core-ff96c4ffe6afdb18,librustls-2d2552a234641e3f,libsubtle-2ae6a7038b9a0630,libwebpki-61a43b5532986362,libring-cabfa653860912e9,libgetrandom-484e4340c5eaad96,libuntrusted-b2f816886faf2178,librustls_pki_types-c28ccc7b5abf2b1c,libzeroize-18cb7876aa49af10,libpercent_encoding-fa055ecaa1e57cfa,libflate2-b14c8adf5f553fc2,libzlib_rs-732d644b7bef00b4,libutf8_zero-b1bfe7deddca0c76,libureq_proto-5dd7cf6f9a415f22,libhttparse-be605dd980e8a581,libbase64-841a5b86c0f78728,libhttp-afd8c2dcf723ab99,libitoa-5de11b3b23bfe572,libbytes-5f66263ae3d5daa8,liblog-22b5be7f6ba2d64a,libtracing-4456c465cb5866b3,libpin_project_lite-0a15d51c77964692,libtracing_core-cbfab8d8047ad76d,libsoar_utils-70197b68e90d0b10,libblake3-a4ac721a052a95b1,libconstant_time_eq-1a60f1c89abc6683,libmemmap2-697620fef1f52302,libcpufeatures-2e8dd38066a76518,libarrayvec-ea4aaf96f8030b7f,libnix-c0fbc6ddf1467fdc,libthiserror-18e8d88527d4e647,libmiette-00e931ed7043d5ad,libbacktrace_ext-e6cbae7140d1d4ce,libsupports_unicode-90d86b95ae234b40,libsupports_color-3899ffcb78560df3,libis_ci-e8bef29ef2e608ab,libsupports_hyperlinks-08a168998187319a,libterminal_size-03625b2d8317737f,librustix-9362e437a91e8f66,libbitflags-4d66d68843710487,liblinux_raw_sys-0b6cde911e9a3109,libtextwrap-c001c64cdccc3ee6,libunicode_linebreak-a9faaa33c69d8a42,libunicode_width-c0be3735b741df1b,libbacktrace-554527aa82eb3985,libminiz_oxide-bfb5ea78b3a5c7a8,libadler2-1712579794513681,libobject-56128f9c88cd9080,libmemchr-a932478bde794617,liblibc-92690407dbecf0f4,libaddr2line-f3d67c68df15d143,libgimli-e1b664456e926008,librustc_demangle-019906bbd6792ceb,libunicode_width-b1bc0d6c10c00ecc,libowo_colors-82d5c6a9d9667c3a,libcfg_if-83060ec5685761ae}.rlib" "<sysroot>/lib/rustlib/x86_64-unknown-linux-gnu/lib/{libstd-*,libpanic_unwind-*,libobject-*,libmemchr-*,libaddr2line-*,libgimli-*,libcfg_if-*,librustc_demangle-*,libstd_detect-*,libhashbrown-*,librustc_std_workspace_alloc-*,libminiz_oxide-*,libadler2-*,libunwind-*,liblibc-*,librustc_std_workspace_core-*,liballoc-*,libcore-*,libcompiler_builtins-*}.rlib" "-Wl,-Bdynamic" "-llzma" "-lgcc_s" "-lutil" "-lrt" "-lpthread" "-lm" "-ldl" "-lc" "-L" "/tmp/rustdoctestvALic3/rustcWQFjWv/raw-dylibs" "-B<sysroot>/lib/rustlib/x86_64-unknown-linux-gnu/bin/gcc-ld" "-fuse-ld=lld" "-Wl,--eh-frame-hdr" "-Wl,-z,noexecstack" "-L" "/opt/rustwide/target/debug/build/blake3-5984894810ad84f6/out" "-L" "/opt/rustwide/target/debug/build/ring-fe6425f50b288254/out" "-L" "/opt/rustwide/target/debug/build/zstd-sys-cd8a172c04b40a64/out" "-L" "/usr/lib/x86_64-linux-gnu" "-L" "<sysroot>/lib/rustlib/x86_64-unknown-linux-gnu/lib" "-o" "/tmp/rustdoctestvALic3/rust_out" "-Wl,--gc-sections" "-pie" "-Wl,-z,relro,-z,now" "-nodefaultlibs"
[INFO] [stdout]   = note: some arguments are omitted. use `--verbose` to show all linker arguments
[INFO] [stdout]   = note: collect2: fatal error: ld terminated with signal 9 [Killed]
[INFO] [stdout]           compilation terminated.
[INFO] [stdout]           
[INFO] [stdout] 
[INFO] [stdout] error: aborting due to 1 previous error
[INFO] [stdout] 
[INFO] [stdout] Couldn't compile the test.
[INFO] [stdout] ---- src/platform.rs - platform::PlatformUrl::parse (line 54) stdout ----
[INFO] [stdout] error: linking with `cc` failed: exit status: 1
[INFO] [stdout]   |
[INFO] [stdout]   = note:  "cc" "-m64" "/tmp/rustdoctestwouNsC/rustcseAFk5/symbols.o" "<2 object files omitted>" "-Wl,--as-needed" "-Wl,-Bstatic" "/opt/rustwide/target/debug/deps/{libsoar_dl-1e5b4db305b1d062,libcompak-4faa9f6e230d1c1b,libsevenz_rust2-4753d8faf08ef74b,libcbc-8fd26e1fd6180283,libgetrandom-dd93d911e90837a4,libppmd_rust-232ea743e71061e0,liblzma_rust2-a4686ff3073e4cc5,libtar-51f0d553df053cbf,libxattr-b0ddbc773cff9ea6,libfiletime-87f0e11aed31f606,libbzip2-32a03d911c66cb33,liblibbz2_rs_sys-e91d41ee7057ce95,libliblzma-f18ec67b39abd75e,libliblzma_sys-2b64aa0d6a768a25,libzip-b8ea241e598fdf76,liblzma_rust2-73a14004bbf5ba04,libsha2-9de43574a9a23667,libgetrandom-877db03f58294ae8,libpbkdf2-7f59722e01bb626c,libzstd-95c15ed5c6992275,libzstd_safe-bd05249265cf9205,libzstd_sys-1946c91b55ff89a3,libzopfli-e213de4b63fc988a,libsimd_adler32-8a9b3dd58fcce0fb,libbumpalo-09592ac400046911,libtime-514d58c0cb90b0b7,libpowerfmt-f6019a2766e431f7,libnum_conv-8bd7073c84ef42cd,libderanged-131d43187e2329b6,libtime_core-87cddcae4f761596,libtyped_path-d4bef469917403d3,libcrc32fast-72a668f1caef57d4,libaes-c6a216bc9f425678,libcipher-201396f466dcabc2,libinout-93dc3911bb70d9a5,libblock_padding-adb60efa5e2f76db,libsha1-2874bdb97e47d987,libcpufeatures-e04321643d03190d,libhmac-80a57329b33910c0,libdigest-428f2af201d79a5e,libblock_buffer-2a52351ae749aaa6,libcrypto_common-4bec392eb03e7564,libgeneric_array-db891871e5606a95,libconstant_time_eq-efbf8da8f259d1ea,libzsync_rs-b417dd6fb153ef47,libsha1-def457fc277d7b24,libmd4-4847d50b80ff54cb,liburl-2e65e4849fc89ee6,libidna-cc2d65fc414f9f88,libidna_adapter-cbeb0f587c5b5b8a,libicu_properties-52e5ee2334c0241d,libicu_properties_data-3f856f5bc2063921,libicu_normalizer-dc99e1481281ef6c,libsmallvec-8991f9d163108ead,libicu_normalizer_data-8b25f9eb7a72d68e,libicu_collections-182791d2b89dad1c,libutf8_iter-51566bbad89f3a68,libpotential_utf-40f3d3d736a73795,libicu_provider-60ecb1a06612e705,libicu_locale_core-0fdb745f59ef6fcf,libtinystr-9bdcb754b05824bb,liblitemap-abaddab7afb37065,libwriteable-36514dcf36d12676,libzerovec-8058f2aee15f9d56,libzerotrie-9a4c19cbe2c51454,libyoke-72fb5a1641b3cd20,libstable_deref_trait-63cbf3f3d3f94e56,libzerofrom-8572d48a38069bee,libform_urlencoded-98cc7da289c29f13,libsha2-cf2befbf159afe93,libdigest-515071a3931cfade,libconst_oid-58507ca40e062d76,libcrypto_common-b7a023d8cd4c0d28,libblock_buffer-738c9c701b99e110,libhybrid_array-e32e9ade2789fa0e,libtypenum-8cba24ab4904c632,libregex-309b05c0a519a2bf,libregex_automata-801559c2cb5fe55b,libregex_syntax-c9466e0222ce1989,libfast_glob-907b9c23ff5bc3c6,libureq-33e877bac8a6ea0e,libwebpki_roots-5909ca0173385c01,libserde_json-551865df72f5e6c7,libindexmap-53fa97398aad3fc3,libequivalent-6a754676e6af62ae,libhashbrown-d7214d631586fd51,libzmij-2ca2f302097868c6,libserde-847f3c14e401298f,libserde_core-ff96c4ffe6afdb18,librustls-2d2552a234641e3f,libsubtle-2ae6a7038b9a0630,libwebpki-61a43b5532986362,libring-cabfa653860912e9,libgetrandom-484e4340c5eaad96,libuntrusted-b2f816886faf2178,librustls_pki_types-c28ccc7b5abf2b1c,libzeroize-18cb7876aa49af10,libpercent_encoding-fa055ecaa1e57cfa,libflate2-b14c8adf5f553fc2,libzlib_rs-732d644b7bef00b4,libutf8_zero-b1bfe7deddca0c76,libureq_proto-5dd7cf6f9a415f22,libhttparse-be605dd980e8a581,libbase64-841a5b86c0f78728,libhttp-afd8c2dcf723ab99,libitoa-5de11b3b23bfe572,libbytes-5f66263ae3d5daa8,liblog-22b5be7f6ba2d64a,libtracing-4456c465cb5866b3,libpin_project_lite-0a15d51c77964692,libtracing_core-cbfab8d8047ad76d,libsoar_utils-70197b68e90d0b10,libblake3-a4ac721a052a95b1,libconstant_time_eq-1a60f1c89abc6683,libmemmap2-697620fef1f52302,libcpufeatures-2e8dd38066a76518,libarrayvec-ea4aaf96f8030b7f,libnix-c0fbc6ddf1467fdc,libthiserror-18e8d88527d4e647,libmiette-00e931ed7043d5ad,libbacktrace_ext-e6cbae7140d1d4ce,libsupports_unicode-90d86b95ae234b40,libsupports_color-3899ffcb78560df3,libis_ci-e8bef29ef2e608ab,libsupports_hyperlinks-08a168998187319a,libterminal_size-03625b2d8317737f,librustix-9362e437a91e8f66,libbitflags-4d66d68843710487,liblinux_raw_sys-0b6cde911e9a3109,libtextwrap-c001c64cdccc3ee6,libunicode_linebreak-a9faaa33c69d8a42,libunicode_width-c0be3735b741df1b,libbacktrace-554527aa82eb3985,libminiz_oxide-bfb5ea78b3a5c7a8,libadler2-1712579794513681,libobject-56128f9c88cd9080,libmemchr-a932478bde794617,liblibc-92690407dbecf0f4,libaddr2line-f3d67c68df15d143,libgimli-e1b664456e926008,librustc_demangle-019906bbd6792ceb,libunicode_width-b1bc0d6c10c00ecc,libowo_colors-82d5c6a9d9667c3a,libcfg_if-83060ec5685761ae}.rlib" "<sysroot>/lib/rustlib/x86_64-unknown-linux-gnu/lib/{libstd-*,libpanic_unwind-*,libobject-*,libmemchr-*,libaddr2line-*,libgimli-*,libcfg_if-*,librustc_demangle-*,libstd_detect-*,libhashbrown-*,librustc_std_workspace_alloc-*,libminiz_oxide-*,libadler2-*,libunwind-*,liblibc-*,librustc_std_workspace_core-*,liballoc-*,libcore-*,libcompiler_builtins-*}.rlib" "-Wl,-Bdynamic" "-llzma" "-lgcc_s" "-lutil" "-lrt" "-lpthread" "-lm" "-ldl" "-lc" "-L" "/tmp/rustdoctestwouNsC/rustcseAFk5/raw-dylibs" "-B<sysroot>/lib/rustlib/x86_64-unknown-linux-gnu/bin/gcc-ld" "-fuse-ld=lld" "-Wl,--eh-frame-hdr" "-Wl,-z,noexecstack" "-L" "/opt/rustwide/target/debug/build/blake3-5984894810ad84f6/out" "-L" "/opt/rustwide/target/debug/build/ring-fe6425f50b288254/out" "-L" "/opt/rustwide/target/debug/build/zstd-sys-cd8a172c04b40a64/out" "-L" "/usr/lib/x86_64-linux-gnu" "-L" "<sysroot>/lib/rustlib/x86_64-unknown-linux-gnu/lib" "-o" "/tmp/rustdoctestwouNsC/rust_out" "-Wl,--gc-sections" "-pie" "-Wl,-z,relro,-z,now" "-nodefaultlibs"
[INFO] [stdout]   = note: some arguments are omitted. use `--verbose` to show all linker arguments
[INFO] [stdout]   = note: collect2: fatal error: ld terminated with signal 9 [Killed]
[INFO] [stdout]           compilation terminated.
[INFO] [stdout]           
[INFO] [stdout] 
[INFO] [stdout] error: aborting due to 1 previous error
[INFO] [stdout] 
[INFO] [stdout] Couldn't compile the test.
[INFO] [stdout] ---- src/utils.rs - utils::filename_from_header (line 49) stdout ----
[INFO] [stdout] Couldn't compile the test.
[INFO] [stdout] ---- src/oci.rs - oci::OciReference::from (line 45) stdout ----
[INFO] [stdout] error: linking with `cc` failed: exit status: 1
[INFO] [stdout]   |
[INFO] [stdout]   = note:  "cc" "-m64" "/tmp/rustdoctestJL3Ay7/rustcJJbeeH/symbols.o" "<2 object files omitted>" "-Wl,--as-needed" "-Wl,-Bstatic" "/opt/rustwide/target/debug/deps/{libsoar_dl-1e5b4db305b1d062,libcompak-4faa9f6e230d1c1b,libsevenz_rust2-4753d8faf08ef74b,libcbc-8fd26e1fd6180283,libgetrandom-dd93d911e90837a4,libppmd_rust-232ea743e71061e0,liblzma_rust2-a4686ff3073e4cc5,libtar-51f0d553df053cbf,libxattr-b0ddbc773cff9ea6,libfiletime-87f0e11aed31f606,libbzip2-32a03d911c66cb33,liblibbz2_rs_sys-e91d41ee7057ce95,libliblzma-f18ec67b39abd75e,libliblzma_sys-2b64aa0d6a768a25,libzip-b8ea241e598fdf76,liblzma_rust2-73a14004bbf5ba04,libsha2-9de43574a9a23667,libgetrandom-877db03f58294ae8,libpbkdf2-7f59722e01bb626c,libzstd-95c15ed5c6992275,libzstd_safe-bd05249265cf9205,libzstd_sys-1946c91b55ff89a3,libzopfli-e213de4b63fc988a,libsimd_adler32-8a9b3dd58fcce0fb,libbumpalo-09592ac400046911,libtime-514d58c0cb90b0b7,libpowerfmt-f6019a2766e431f7,libnum_conv-8bd7073c84ef42cd,libderanged-131d43187e2329b6,libtime_core-87cddcae4f761596,libtyped_path-d4bef469917403d3,libcrc32fast-72a668f1caef57d4,libaes-c6a216bc9f425678,libcipher-201396f466dcabc2,libinout-93dc3911bb70d9a5,libblock_padding-adb60efa5e2f76db,libsha1-2874bdb97e47d987,libcpufeatures-e04321643d03190d,libhmac-80a57329b33910c0,libdigest-428f2af201d79a5e,libblock_buffer-2a52351ae749aaa6,libcrypto_common-4bec392eb03e7564,libgeneric_array-db891871e5606a95,libconstant_time_eq-efbf8da8f259d1ea,libzsync_rs-b417dd6fb153ef47,libsha1-def457fc277d7b24,libmd4-4847d50b80ff54cb,liburl-2e65e4849fc89ee6,libidna-cc2d65fc414f9f88,libidna_adapter-cbeb0f587c5b5b8a,libicu_properties-52e5ee2334c0241d,libicu_properties_data-3f856f5bc2063921,libicu_normalizer-dc99e1481281ef6c,libsmallvec-8991f9d163108ead,libicu_normalizer_data-8b25f9eb7a72d68e,libicu_collections-182791d2b89dad1c,libutf8_iter-51566bbad89f3a68,libpotential_utf-40f3d3d736a73795,libicu_provider-60ecb1a06612e705,libicu_locale_core-0fdb745f59ef6fcf,libtinystr-9bdcb754b05824bb,liblitemap-abaddab7afb37065,libwriteable-36514dcf36d12676,libzerovec-8058f2aee15f9d56,libzerotrie-9a4c19cbe2c51454,libyoke-72fb5a1641b3cd20,libstable_deref_trait-63cbf3f3d3f94e56,libzerofrom-8572d48a38069bee,libform_urlencoded-98cc7da289c29f13,libsha2-cf2befbf159afe93,libdigest-515071a3931cfade,libconst_oid-58507ca40e062d76,libcrypto_common-b7a023d8cd4c0d28,libblock_buffer-738c9c701b99e110,libhybrid_array-e32e9ade2789fa0e,libtypenum-8cba24ab4904c632,libregex-309b05c0a519a2bf,libregex_automata-801559c2cb5fe55b,libregex_syntax-c9466e0222ce1989,libfast_glob-907b9c23ff5bc3c6,libureq-33e877bac8a6ea0e,libwebpki_roots-5909ca0173385c01,libserde_json-551865df72f5e6c7,libindexmap-53fa97398aad3fc3,libequivalent-6a754676e6af62ae,libhashbrown-d7214d631586fd51,libzmij-2ca2f302097868c6,libserde-847f3c14e401298f,libserde_core-ff96c4ffe6afdb18,librustls-2d2552a234641e3f,libsubtle-2ae6a7038b9a0630,libwebpki-61a43b5532986362,libring-cabfa653860912e9,libgetrandom-484e4340c5eaad96,libuntrusted-b2f816886faf2178,librustls_pki_types-c28ccc7b5abf2b1c,libzeroize-18cb7876aa49af10,libpercent_encoding-fa055ecaa1e57cfa,libflate2-b14c8adf5f553fc2,libzlib_rs-732d644b7bef00b4,libutf8_zero-b1bfe7deddca0c76,libureq_proto-5dd7cf6f9a415f22,libhttparse-be605dd980e8a581,libbase64-841a5b86c0f78728,libhttp-afd8c2dcf723ab99,libitoa-5de11b3b23bfe572,libbytes-5f66263ae3d5daa8,liblog-22b5be7f6ba2d64a,libtracing-4456c465cb5866b3,libpin_project_lite-0a15d51c77964692,libtracing_core-cbfab8d8047ad76d,libsoar_utils-70197b68e90d0b10,libblake3-a4ac721a052a95b1,libconstant_time_eq-1a60f1c89abc6683,libmemmap2-697620fef1f52302,libcpufeatures-2e8dd38066a76518,libarrayvec-ea4aaf96f8030b7f,libnix-c0fbc6ddf1467fdc,libthiserror-18e8d88527d4e647,libmiette-00e931ed7043d5ad,libbacktrace_ext-e6cbae7140d1d4ce,libsupports_unicode-90d86b95ae234b40,libsupports_color-3899ffcb78560df3,libis_ci-e8bef29ef2e608ab,libsupports_hyperlinks-08a168998187319a,libterminal_size-03625b2d8317737f,librustix-9362e437a91e8f66,libbitflags-4d66d68843710487,liblinux_raw_sys-0b6cde911e9a3109,libtextwrap-c001c64cdccc3ee6,libunicode_linebreak-a9faaa33c69d8a42,libunicode_width-c0be3735b741df1b,libbacktrace-554527aa82eb3985,libminiz_oxide-bfb5ea78b3a5c7a8,libadler2-1712579794513681,libobject-56128f9c88cd9080,libmemchr-a932478bde794617,liblibc-92690407dbecf0f4,libaddr2line-f3d67c68df15d143,libgimli-e1b664456e926008,librustc_demangle-019906bbd6792ceb,libunicode_width-b1bc0d6c10c00ecc,libowo_colors-82d5c6a9d9667c3a,libcfg_if-83060ec5685761ae}.rlib" "<sysroot>/lib/rustlib/x86_64-unknown-linux-gnu/lib/{libstd-*,libpanic_unwind-*,libobject-*,libmemchr-*,libaddr2line-*,libgimli-*,libcfg_if-*,librustc_demangle-*,libstd_detect-*,libhashbrown-*,librustc_std_workspace_alloc-*,libminiz_oxide-*,libadler2-*,libunwind-*,liblibc-*,librustc_std_workspace_core-*,liballoc-*,libcore-*,libcompiler_builtins-*}.rlib" "-Wl,-Bdynamic" "-llzma" "-lgcc_s" "-lutil" "-lrt" "-lpthread" "-lm" "-ldl" "-lc" "-L" "/tmp/rustdoctestJL3Ay7/rustcJJbeeH/raw-dylibs" "-B<sysroot>/lib/rustlib/x86_64-unknown-linux-gnu/bin/gcc-ld" "-fuse-ld=lld" "-Wl,--eh-frame-hdr" "-Wl,-z,noexecstack" "-L" "/opt/rustwide/target/debug/build/blake3-5984894810ad84f6/out" "-L" "/opt/rustwide/target/debug/build/ring-fe6425f50b288254/out" "-L" "/opt/rustwide/target/debug/build/zstd-sys-cd8a172c04b40a64/out" "-L" "/usr/lib/x86_64-linux-gnu" "-L" "<sysroot>/lib/rustlib/x86_64-unknown-linux-gnu/lib" "-o" "/tmp/rustdoctestJL3Ay7/rust_out" "-Wl,--gc-sections" "-pie" "-Wl,-z,relro,-z,now" "-nodefaultlibs"
[INFO] [stdout]   = note: some arguments are omitted. use `--verbose` to show all linker arguments
[INFO] [stdout]   = note: collect2: fatal error: ld terminated with signal 9 [Killed]
[INFO] [stdout]           compilation terminated.
[INFO] [stdout]           
[INFO] [stdout] 
[INFO] [stdout] error: aborting due to 1 previous error
[INFO] [stdout] 
[INFO] [stdout] Couldn't compile the test.
[INFO] [stdout] ---- src/release.rs - release::ReleaseDownload<P>::extract (line 140) stdout ----
[INFO] [stdout] error: linking with `cc` failed: exit status: 1
[INFO] [stdout]   |
[INFO] [stdout]   = note:  "cc" "-m64" "/tmp/rustdoctestAfhhyC/rustcehevbw/symbols.o" "<2 object files omitted>" "-Wl,--as-needed" "-Wl,-Bstatic" "/opt/rustwide/target/debug/deps/{libsoar_dl-1e5b4db305b1d062,libcompak-4faa9f6e230d1c1b,libsevenz_rust2-4753d8faf08ef74b,libcbc-8fd26e1fd6180283,libgetrandom-dd93d911e90837a4,libppmd_rust-232ea743e71061e0,liblzma_rust2-a4686ff3073e4cc5,libtar-51f0d553df053cbf,libxattr-b0ddbc773cff9ea6,libfiletime-87f0e11aed31f606,libbzip2-32a03d911c66cb33,liblibbz2_rs_sys-e91d41ee7057ce95,libliblzma-f18ec67b39abd75e,libliblzma_sys-2b64aa0d6a768a25,libzip-b8ea241e598fdf76,liblzma_rust2-73a14004bbf5ba04,libsha2-9de43574a9a23667,libgetrandom-877db03f58294ae8,libpbkdf2-7f59722e01bb626c,libzstd-95c15ed5c6992275,libzstd_safe-bd05249265cf9205,libzstd_sys-1946c91b55ff89a3,libzopfli-e213de4b63fc988a,libsimd_adler32-8a9b3dd58fcce0fb,libbumpalo-09592ac400046911,libtime-514d58c0cb90b0b7,libpowerfmt-f6019a2766e431f7,libnum_conv-8bd7073c84ef42cd,libderanged-131d43187e2329b6,libtime_core-87cddcae4f761596,libtyped_path-d4bef469917403d3,libcrc32fast-72a668f1caef57d4,libaes-c6a216bc9f425678,libcipher-201396f466dcabc2,libinout-93dc3911bb70d9a5,libblock_padding-adb60efa5e2f76db,libsha1-2874bdb97e47d987,libcpufeatures-e04321643d03190d,libhmac-80a57329b33910c0,libdigest-428f2af201d79a5e,libblock_buffer-2a52351ae749aaa6,libcrypto_common-4bec392eb03e7564,libgeneric_array-db891871e5606a95,libconstant_time_eq-efbf8da8f259d1ea,libzsync_rs-b417dd6fb153ef47,libsha1-def457fc277d7b24,libmd4-4847d50b80ff54cb,liburl-2e65e4849fc89ee6,libidna-cc2d65fc414f9f88,libidna_adapter-cbeb0f587c5b5b8a,libicu_properties-52e5ee2334c0241d,libicu_properties_data-3f856f5bc2063921,libicu_normalizer-dc99e1481281ef6c,libsmallvec-8991f9d163108ead,libicu_normalizer_data-8b25f9eb7a72d68e,libicu_collections-182791d2b89dad1c,libutf8_iter-51566bbad89f3a68,libpotential_utf-40f3d3d736a73795,libicu_provider-60ecb1a06612e705,libicu_locale_core-0fdb745f59ef6fcf,libtinystr-9bdcb754b05824bb,liblitemap-abaddab7afb37065,libwriteable-36514dcf36d12676,libzerovec-8058f2aee15f9d56,libzerotrie-9a4c19cbe2c51454,libyoke-72fb5a1641b3cd20,libstable_deref_trait-63cbf3f3d3f94e56,libzerofrom-8572d48a38069bee,libform_urlencoded-98cc7da289c29f13,libsha2-cf2befbf159afe93,libdigest-515071a3931cfade,libconst_oid-58507ca40e062d76,libcrypto_common-b7a023d8cd4c0d28,libblock_buffer-738c9c701b99e110,libhybrid_array-e32e9ade2789fa0e,libtypenum-8cba24ab4904c632,libregex-309b05c0a519a2bf,libregex_automata-801559c2cb5fe55b,libregex_syntax-c9466e0222ce1989,libfast_glob-907b9c23ff5bc3c6,libureq-33e877bac8a6ea0e,libwebpki_roots-5909ca0173385c01,libserde_json-551865df72f5e6c7,libindexmap-53fa97398aad3fc3,libequivalent-6a754676e6af62ae,libhashbrown-d7214d631586fd51,libzmij-2ca2f302097868c6,libserde-847f3c14e401298f,libserde_core-ff96c4ffe6afdb18,librustls-2d2552a234641e3f,libsubtle-2ae6a7038b9a0630,libwebpki-61a43b5532986362,libring-cabfa653860912e9,libgetrandom-484e4340c5eaad96,libuntrusted-b2f816886faf2178,librustls_pki_types-c28ccc7b5abf2b1c,libzeroize-18cb7876aa49af10,libpercent_encoding-fa055ecaa1e57cfa,libflate2-b14c8adf5f553fc2,libzlib_rs-732d644b7bef00b4,libutf8_zero-b1bfe7deddca0c76,libureq_proto-5dd7cf6f9a415f22,libhttparse-be605dd980e8a581,libbase64-841a5b86c0f78728,libhttp-afd8c2dcf723ab99,libitoa-5de11b3b23bfe572,libbytes-5f66263ae3d5daa8,liblog-22b5be7f6ba2d64a,libtracing-4456c465cb5866b3,libpin_project_lite-0a15d51c77964692,libtracing_core-cbfab8d8047ad76d,libsoar_utils-70197b68e90d0b10,libblake3-a4ac721a052a95b1,libconstant_time_eq-1a60f1c89abc6683,libmemmap2-697620fef1f52302,libcpufeatures-2e8dd38066a76518,libarrayvec-ea4aaf96f8030b7f,libnix-c0fbc6ddf1467fdc,libthiserror-18e8d88527d4e647,libmiette-00e931ed7043d5ad,libbacktrace_ext-e6cbae7140d1d4ce,libsupports_unicode-90d86b95ae234b40,libsupports_color-3899ffcb78560df3,libis_ci-e8bef29ef2e608ab,libsupports_hyperlinks-08a168998187319a,libterminal_size-03625b2d8317737f,librustix-9362e437a91e8f66,libbitflags-4d66d68843710487,liblinux_raw_sys-0b6cde911e9a3109,libtextwrap-c001c64cdccc3ee6,libunicode_linebreak-a9faaa33c69d8a42,libunicode_width-c0be3735b741df1b,libbacktrace-554527aa82eb3985,libminiz_oxide-bfb5ea78b3a5c7a8,libadler2-1712579794513681,libobject-56128f9c88cd9080,libmemchr-a932478bde794617,liblibc-92690407dbecf0f4,libaddr2line-f3d67c68df15d143,libgimli-e1b664456e926008,librustc_demangle-019906bbd6792ceb,libunicode_width-b1bc0d6c10c00ecc,libowo_colors-82d5c6a9d9667c3a,libcfg_if-83060ec5685761ae}.rlib" "<sysroot>/lib/rustlib/x86_64-unknown-linux-gnu/lib/{libstd-*,libpanic_unwind-*,libobject-*,libmemchr-*,libaddr2line-*,libgimli-*,libcfg_if-*,librustc_demangle-*,libstd_detect-*,libhashbrown-*,librustc_std_workspace_alloc-*,libminiz_oxide-*,libadler2-*,libunwind-*,liblibc-*,librustc_std_workspace_core-*,liballoc-*,libcore-*,libcompiler_builtins-*}.rlib" "-Wl,-Bdynamic" "-llzma" "-lgcc_s" "-lutil" "-lrt" "-lpthread" "-lm" "-ldl" "-lc" "-L" "/tmp/rustdoctestAfhhyC/rustcehevbw/raw-dylibs" "-B<sysroot>/lib/rustlib/x86_64-unknown-linux-gnu/bin/gcc-ld" "-fuse-ld=lld" "-Wl,--eh-frame-hdr" "-Wl,-z,noexecstack" "-L" "/opt/rustwide/target/debug/build/blake3-5984894810ad84f6/out" "-L" "/opt/rustwide/target/debug/build/ring-fe6425f50b288254/out" "-L" "/opt/rustwide/target/debug/build/zstd-sys-cd8a172c04b40a64/out" "-L" "/usr/lib/x86_64-linux-gnu" "-L" "<sysroot>/lib/rustlib/x86_64-unknown-linux-gnu/lib" "-o" "/tmp/rustdoctestAfhhyC/rust_out" "-Wl,--gc-sections" "-pie" "-Wl,-z,relro,-z,now" "-nodefaultlibs"
[INFO] [stdout]   = note: some arguments are omitted. use `--verbose` to show all linker arguments
[INFO] [stdout]   = note: collect2: fatal error: ld terminated with signal 9 [Killed]
[INFO] [stdout]           compilation terminated.
[INFO] [stdout]           
[INFO] [stdout] 
[INFO] [stdout] error: aborting due to 1 previous error
[INFO] [stdout] 
[INFO] [stdout] Couldn't compile the test.
[INFO] [stdout] ---- src/xattr.rs - xattr::read_resume (line 13) stdout ----
[INFO] [stdout] Couldn't compile the test.
[INFO] [stdout] ---- src/release.rs - release::ReleaseDownload<P>::filter (line 83) stdout ----
[INFO] [stdout] error: linking with `cc` failed: exit status: 1
[INFO] [stdout]   |
[INFO] [stdout]   = note:  "cc" "-m64" "/tmp/rustdoctestR5CR6o/rustcqRTwkR/symbols.o" "<2 object files omitted>" "-Wl,--as-needed" "-Wl,-Bstatic" "/opt/rustwide/target/debug/deps/{libsoar_dl-1e5b4db305b1d062,libcompak-4faa9f6e230d1c1b,libsevenz_rust2-4753d8faf08ef74b,libcbc-8fd26e1fd6180283,libgetrandom-dd93d911e90837a4,libppmd_rust-232ea743e71061e0,liblzma_rust2-a4686ff3073e4cc5,libtar-51f0d553df053cbf,libxattr-b0ddbc773cff9ea6,libfiletime-87f0e11aed31f606,libbzip2-32a03d911c66cb33,liblibbz2_rs_sys-e91d41ee7057ce95,libliblzma-f18ec67b39abd75e,libliblzma_sys-2b64aa0d6a768a25,libzip-b8ea241e598fdf76,liblzma_rust2-73a14004bbf5ba04,libsha2-9de43574a9a23667,libgetrandom-877db03f58294ae8,libpbkdf2-7f59722e01bb626c,libzstd-95c15ed5c6992275,libzstd_safe-bd05249265cf9205,libzstd_sys-1946c91b55ff89a3,libzopfli-e213de4b63fc988a,libsimd_adler32-8a9b3dd58fcce0fb,libbumpalo-09592ac400046911,libtime-514d58c0cb90b0b7,libpowerfmt-f6019a2766e431f7,libnum_conv-8bd7073c84ef42cd,libderanged-131d43187e2329b6,libtime_core-87cddcae4f761596,libtyped_path-d4bef469917403d3,libcrc32fast-72a668f1caef57d4,libaes-c6a216bc9f425678,libcipher-201396f466dcabc2,libinout-93dc3911bb70d9a5,libblock_padding-adb60efa5e2f76db,libsha1-2874bdb97e47d987,libcpufeatures-e04321643d03190d,libhmac-80a57329b33910c0,libdigest-428f2af201d79a5e,libblock_buffer-2a52351ae749aaa6,libcrypto_common-4bec392eb03e7564,libgeneric_array-db891871e5606a95,libconstant_time_eq-efbf8da8f259d1ea,libzsync_rs-b417dd6fb153ef47,libsha1-def457fc277d7b24,libmd4-4847d50b80ff54cb,liburl-2e65e4849fc89ee6,libidna-cc2d65fc414f9f88,libidna_adapter-cbeb0f587c5b5b8a,libicu_properties-52e5ee2334c0241d,libicu_properties_data-3f856f5bc2063921,libicu_normalizer-dc99e1481281ef6c,libsmallvec-8991f9d163108ead,libicu_normalizer_data-8b25f9eb7a72d68e,libicu_collections-182791d2b89dad1c,libutf8_iter-51566bbad89f3a68,libpotential_utf-40f3d3d736a73795,libicu_provider-60ecb1a06612e705,libicu_locale_core-0fdb745f59ef6fcf,libtinystr-9bdcb754b05824bb,liblitemap-abaddab7afb37065,libwriteable-36514dcf36d12676,libzerovec-8058f2aee15f9d56,libzerotrie-9a4c19cbe2c51454,libyoke-72fb5a1641b3cd20,libstable_deref_trait-63cbf3f3d3f94e56,libzerofrom-8572d48a38069bee,libform_urlencoded-98cc7da289c29f13,libsha2-cf2befbf159afe93,libdigest-515071a3931cfade,libconst_oid-58507ca40e062d76,libcrypto_common-b7a023d8cd4c0d28,libblock_buffer-738c9c701b99e110,libhybrid_array-e32e9ade2789fa0e,libtypenum-8cba24ab4904c632,libregex-309b05c0a519a2bf,libregex_automata-801559c2cb5fe55b,libregex_syntax-c9466e0222ce1989,libfast_glob-907b9c23ff5bc3c6,libureq-33e877bac8a6ea0e,libwebpki_roots-5909ca0173385c01,libserde_json-551865df72f5e6c7,libindexmap-53fa97398aad3fc3,libequivalent-6a754676e6af62ae,libhashbrown-d7214d631586fd51,libzmij-2ca2f302097868c6,libserde-847f3c14e401298f,libserde_core-ff96c4ffe6afdb18,librustls-2d2552a234641e3f,libsubtle-2ae6a7038b9a0630,libwebpki-61a43b5532986362,libring-cabfa653860912e9,libgetrandom-484e4340c5eaad96,libuntrusted-b2f816886faf2178,librustls_pki_types-c28ccc7b5abf2b1c,libzeroize-18cb7876aa49af10,libpercent_encoding-fa055ecaa1e57cfa,libflate2-b14c8adf5f553fc2,libzlib_rs-732d644b7bef00b4,libutf8_zero-b1bfe7deddca0c76,libureq_proto-5dd7cf6f9a415f22,libhttparse-be605dd980e8a581,libbase64-841a5b86c0f78728,libhttp-afd8c2dcf723ab99,libitoa-5de11b3b23bfe572,libbytes-5f66263ae3d5daa8,liblog-22b5be7f6ba2d64a,libtracing-4456c465cb5866b3,libpin_project_lite-0a15d51c77964692,libtracing_core-cbfab8d8047ad76d,libsoar_utils-70197b68e90d0b10,libblake3-a4ac721a052a95b1,libconstant_time_eq-1a60f1c89abc6683,libmemmap2-697620fef1f52302,libcpufeatures-2e8dd38066a76518,libarrayvec-ea4aaf96f8030b7f,libnix-c0fbc6ddf1467fdc,libthiserror-18e8d88527d4e647,libmiette-00e931ed7043d5ad,libbacktrace_ext-e6cbae7140d1d4ce,libsupports_unicode-90d86b95ae234b40,libsupports_color-3899ffcb78560df3,libis_ci-e8bef29ef2e608ab,libsupports_hyperlinks-08a168998187319a,libterminal_size-03625b2d8317737f,librustix-9362e437a91e8f66,libbitflags-4d66d68843710487,liblinux_raw_sys-0b6cde911e9a3109,libtextwrap-c001c64cdccc3ee6,libunicode_linebreak-a9faaa33c69d8a42,libunicode_width-c0be3735b741df1b,libbacktrace-554527aa82eb3985,libminiz_oxide-bfb5ea78b3a5c7a8,libadler2-1712579794513681,libobject-56128f9c88cd9080,libmemchr-a932478bde794617,liblibc-92690407dbecf0f4,libaddr2line-f3d67c68df15d143,libgimli-e1b664456e926008,librustc_demangle-019906bbd6792ceb,libunicode_width-b1bc0d6c10c00ecc,libowo_colors-82d5c6a9d9667c3a,libcfg_if-83060ec5685761ae}.rlib" "<sysroot>/lib/rustlib/x86_64-unknown-linux-gnu/lib/{libstd-*,libpanic_unwind-*,libobject-*,libmemchr-*,libaddr2line-*,libgimli-*,libcfg_if-*,librustc_demangle-*,libstd_detect-*,libhashbrown-*,librustc_std_workspace_alloc-*,libminiz_oxide-*,libadler2-*,libunwind-*,liblibc-*,librustc_std_workspace_core-*,liballoc-*,libcore-*,libcompiler_builtins-*}.rlib" "-Wl,-Bdynamic" "-llzma" "-lgcc_s" "-lutil" "-lrt" "-lpthread" "-lm" "-ldl" "-lc" "-L" "/tmp/rustdoctestR5CR6o/rustcqRTwkR/raw-dylibs" "-B<sysroot>/lib/rustlib/x86_64-unknown-linux-gnu/bin/gcc-ld" "-fuse-ld=lld" "-Wl,--eh-frame-hdr" "-Wl,-z,noexecstack" "-L" "/opt/rustwide/target/debug/build/blake3-5984894810ad84f6/out" "-L" "/opt/rustwide/target/debug/build/ring-fe6425f50b288254/out" "-L" "/opt/rustwide/target/debug/build/zstd-sys-cd8a172c04b40a64/out" "-L" "/usr/lib/x86_64-linux-gnu" "-L" "<sysroot>/lib/rustlib/x86_64-unknown-linux-gnu/lib" "-o" "/tmp/rustdoctestR5CR6o/rust_out" "-Wl,--gc-sections" "-pie" "-Wl,-z,relro,-z,now" "-nodefaultlibs"
[INFO] [stdout]   = note: some arguments are omitted. use `--verbose` to show all linker arguments
[INFO] [stdout]   = note: collect2: fatal error: ld terminated with signal 9 [Killed]
[INFO] [stdout]           compilation terminated.
[INFO] [stdout]           
[INFO] [stdout] 
[INFO] [stdout] error: aborting due to 1 previous error
[INFO] [stdout] 
[INFO] [stdout] Couldn't compile the test.
[INFO] [stdout] ---- src/gitlab.rs - gitlab::GitLabRelease::tag (line 114) stdout ----
[INFO] [stdout] error: linking with `cc` failed: exit status: 1
[INFO] [stdout]   |
[INFO] [stdout]   = note:  "cc" "-m64" "/tmp/rustdoctestlVSHA8/rustcWBfMyt/symbols.o" "<2 object files omitted>" "-Wl,--as-needed" "-Wl,-Bstatic" "/opt/rustwide/target/debug/deps/{libsoar_dl-1e5b4db305b1d062,libcompak-4faa9f6e230d1c1b,libsevenz_rust2-4753d8faf08ef74b,libcbc-8fd26e1fd6180283,libgetrandom-dd93d911e90837a4,libppmd_rust-232ea743e71061e0,liblzma_rust2-a4686ff3073e4cc5,libtar-51f0d553df053cbf,libxattr-b0ddbc773cff9ea6,libfiletime-87f0e11aed31f606,libbzip2-32a03d911c66cb33,liblibbz2_rs_sys-e91d41ee7057ce95,libliblzma-f18ec67b39abd75e,libliblzma_sys-2b64aa0d6a768a25,libzip-b8ea241e598fdf76,liblzma_rust2-73a14004bbf5ba04,libsha2-9de43574a9a23667,libgetrandom-877db03f58294ae8,libpbkdf2-7f59722e01bb626c,libzstd-95c15ed5c6992275,libzstd_safe-bd05249265cf9205,libzstd_sys-1946c91b55ff89a3,libzopfli-e213de4b63fc988a,libsimd_adler32-8a9b3dd58fcce0fb,libbumpalo-09592ac400046911,libtime-514d58c0cb90b0b7,libpowerfmt-f6019a2766e431f7,libnum_conv-8bd7073c84ef42cd,libderanged-131d43187e2329b6,libtime_core-87cddcae4f761596,libtyped_path-d4bef469917403d3,libcrc32fast-72a668f1caef57d4,libaes-c6a216bc9f425678,libcipher-201396f466dcabc2,libinout-93dc3911bb70d9a5,libblock_padding-adb60efa5e2f76db,libsha1-2874bdb97e47d987,libcpufeatures-e04321643d03190d,libhmac-80a57329b33910c0,libdigest-428f2af201d79a5e,libblock_buffer-2a52351ae749aaa6,libcrypto_common-4bec392eb03e7564,libgeneric_array-db891871e5606a95,libconstant_time_eq-efbf8da8f259d1ea,libzsync_rs-b417dd6fb153ef47,libsha1-def457fc277d7b24,libmd4-4847d50b80ff54cb,liburl-2e65e4849fc89ee6,libidna-cc2d65fc414f9f88,libidna_adapter-cbeb0f587c5b5b8a,libicu_properties-52e5ee2334c0241d,libicu_properties_data-3f856f5bc2063921,libicu_normalizer-dc99e1481281ef6c,libsmallvec-8991f9d163108ead,libicu_normalizer_data-8b25f9eb7a72d68e,libicu_collections-182791d2b89dad1c,libutf8_iter-51566bbad89f3a68,libpotential_utf-40f3d3d736a73795,libicu_provider-60ecb1a06612e705,libicu_locale_core-0fdb745f59ef6fcf,libtinystr-9bdcb754b05824bb,liblitemap-abaddab7afb37065,libwriteable-36514dcf36d12676,libzerovec-8058f2aee15f9d56,libzerotrie-9a4c19cbe2c51454,libyoke-72fb5a1641b3cd20,libstable_deref_trait-63cbf3f3d3f94e56,libzerofrom-8572d48a38069bee,libform_urlencoded-98cc7da289c29f13,libsha2-cf2befbf159afe93,libdigest-515071a3931cfade,libconst_oid-58507ca40e062d76,libcrypto_common-b7a023d8cd4c0d28,libblock_buffer-738c9c701b99e110,libhybrid_array-e32e9ade2789fa0e,libtypenum-8cba24ab4904c632,libregex-309b05c0a519a2bf,libregex_automata-801559c2cb5fe55b,libregex_syntax-c9466e0222ce1989,libfast_glob-907b9c23ff5bc3c6,libureq-33e877bac8a6ea0e,libwebpki_roots-5909ca0173385c01,libserde_json-551865df72f5e6c7,libindexmap-53fa97398aad3fc3,libequivalent-6a754676e6af62ae,libhashbrown-d7214d631586fd51,libzmij-2ca2f302097868c6,libserde-847f3c14e401298f,libserde_core-ff96c4ffe6afdb18,librustls-2d2552a234641e3f,libsubtle-2ae6a7038b9a0630,libwebpki-61a43b5532986362,libring-cabfa653860912e9,libgetrandom-484e4340c5eaad96,libuntrusted-b2f816886faf2178,librustls_pki_types-c28ccc7b5abf2b1c,libzeroize-18cb7876aa49af10,libpercent_encoding-fa055ecaa1e57cfa,libflate2-b14c8adf5f553fc2,libzlib_rs-732d644b7bef00b4,libutf8_zero-b1bfe7deddca0c76,libureq_proto-5dd7cf6f9a415f22,libhttparse-be605dd980e8a581,libbase64-841a5b86c0f78728,libhttp-afd8c2dcf723ab99,libitoa-5de11b3b23bfe572,libbytes-5f66263ae3d5daa8,liblog-22b5be7f6ba2d64a,libtracing-4456c465cb5866b3,libpin_project_lite-0a15d51c77964692,libtracing_core-cbfab8d8047ad76d,libsoar_utils-70197b68e90d0b10,libblake3-a4ac721a052a95b1,libconstant_time_eq-1a60f1c89abc6683,libmemmap2-697620fef1f52302,libcpufeatures-2e8dd38066a76518,libarrayvec-ea4aaf96f8030b7f,libnix-c0fbc6ddf1467fdc,libthiserror-18e8d88527d4e647,libmiette-00e931ed7043d5ad,libbacktrace_ext-e6cbae7140d1d4ce,libsupports_unicode-90d86b95ae234b40,libsupports_color-3899ffcb78560df3,libis_ci-e8bef29ef2e608ab,libsupports_hyperlinks-08a168998187319a,libterminal_size-03625b2d8317737f,librustix-9362e437a91e8f66,libbitflags-4d66d68843710487,liblinux_raw_sys-0b6cde911e9a3109,libtextwrap-c001c64cdccc3ee6,libunicode_linebreak-a9faaa33c69d8a42,libunicode_width-c0be3735b741df1b,libbacktrace-554527aa82eb3985,libminiz_oxide-bfb5ea78b3a5c7a8,libadler2-1712579794513681,libobject-56128f9c88cd9080,libmemchr-a932478bde794617,liblibc-92690407dbecf0f4,libaddr2line-f3d67c68df15d143,libgimli-e1b664456e926008,librustc_demangle-019906bbd6792ceb,libunicode_width-b1bc0d6c10c00ecc,libowo_colors-82d5c6a9d9667c3a,libcfg_if-83060ec5685761ae}.rlib" "<sysroot>/lib/rustlib/x86_64-unknown-linux-gnu/lib/{libstd-*,libpanic_unwind-*,libobject-*,libmemchr-*,libaddr2line-*,libgimli-*,libcfg_if-*,librustc_demangle-*,libstd_detect-*,libhashbrown-*,librustc_std_workspace_alloc-*,libminiz_oxide-*,libadler2-*,libunwind-*,liblibc-*,librustc_std_workspace_core-*,liballoc-*,libcore-*,libcompiler_builtins-*}.rlib" "-Wl,-Bdynamic" "-llzma" "-lgcc_s" "-lutil" "-lrt" "-lpthread" "-lm" "-ldl" "-lc" "-L" "/tmp/rustdoctestlVSHA8/rustcWBfMyt/raw-dylibs" "-B<sysroot>/lib/rustlib/x86_64-unknown-linux-gnu/bin/gcc-ld" "-fuse-ld=lld" "-Wl,--eh-frame-hdr" "-Wl,-z,noexecstack" "-L" "/opt/rustwide/target/debug/build/blake3-5984894810ad84f6/out" "-L" "/opt/rustwide/target/debug/build/ring-fe6425f50b288254/out" "-L" "/opt/rustwide/target/debug/build/zstd-sys-cd8a172c04b40a64/out" "-L" "/usr/lib/x86_64-linux-gnu" "-L" "<sysroot>/lib/rustlib/x86_64-unknown-linux-gnu/lib" "-o" "/tmp/rustdoctestlVSHA8/rust_out" "-Wl,--gc-sections" "-pie" "-Wl,-z,relro,-z,now" "-nodefaultlibs"
[INFO] [stdout]   = note: some arguments are omitted. use `--verbose` to show all linker arguments
[INFO] [stdout]   = note: collect2: fatal error: ld terminated with signal 9 [Killed]
[INFO] [stdout]           compilation terminated.
[INFO] [stdout]           
[INFO] [stdout] 
[INFO] [stdout] error: aborting due to 1 previous error
[INFO] [stdout] 
[INFO] [stdout] Couldn't compile the test.
[INFO] [stdout] ---- src/utils.rs - utils::resolve_output_path (line 87) stdout ----
[INFO] [stdout] error: linking with `cc` failed: exit status: 1
[INFO] [stdout]   |
[INFO] [stdout]   = note:  "cc" "-m64" "/tmp/rustdoctestXXedfl/rustcOrWqQP/symbols.o" "<2 object files omitted>" "-Wl,--as-needed" "-Wl,-Bstatic" "/opt/rustwide/target/debug/deps/{libsoar_dl-1e5b4db305b1d062,libcompak-4faa9f6e230d1c1b,libsevenz_rust2-4753d8faf08ef74b,libcbc-8fd26e1fd6180283,libgetrandom-dd93d911e90837a4,libppmd_rust-232ea743e71061e0,liblzma_rust2-a4686ff3073e4cc5,libtar-51f0d553df053cbf,libxattr-b0ddbc773cff9ea6,libfiletime-87f0e11aed31f606,libbzip2-32a03d911c66cb33,liblibbz2_rs_sys-e91d41ee7057ce95,libliblzma-f18ec67b39abd75e,libliblzma_sys-2b64aa0d6a768a25,libzip-b8ea241e598fdf76,liblzma_rust2-73a14004bbf5ba04,libsha2-9de43574a9a23667,libgetrandom-877db03f58294ae8,libpbkdf2-7f59722e01bb626c,libzstd-95c15ed5c6992275,libzstd_safe-bd05249265cf9205,libzstd_sys-1946c91b55ff89a3,libzopfli-e213de4b63fc988a,libsimd_adler32-8a9b3dd58fcce0fb,libbumpalo-09592ac400046911,libtime-514d58c0cb90b0b7,libpowerfmt-f6019a2766e431f7,libnum_conv-8bd7073c84ef42cd,libderanged-131d43187e2329b6,libtime_core-87cddcae4f761596,libtyped_path-d4bef469917403d3,libcrc32fast-72a668f1caef57d4,libaes-c6a216bc9f425678,libcipher-201396f466dcabc2,libinout-93dc3911bb70d9a5,libblock_padding-adb60efa5e2f76db,libsha1-2874bdb97e47d987,libcpufeatures-e04321643d03190d,libhmac-80a57329b33910c0,libdigest-428f2af201d79a5e,libblock_buffer-2a52351ae749aaa6,libcrypto_common-4bec392eb03e7564,libgeneric_array-db891871e5606a95,libconstant_time_eq-efbf8da8f259d1ea,libzsync_rs-b417dd6fb153ef47,libsha1-def457fc277d7b24,libmd4-4847d50b80ff54cb,liburl-2e65e4849fc89ee6,libidna-cc2d65fc414f9f88,libidna_adapter-cbeb0f587c5b5b8a,libicu_properties-52e5ee2334c0241d,libicu_properties_data-3f856f5bc2063921,libicu_normalizer-dc99e1481281ef6c,libsmallvec-8991f9d163108ead,libicu_normalizer_data-8b25f9eb7a72d68e,libicu_collections-182791d2b89dad1c,libutf8_iter-51566bbad89f3a68,libpotential_utf-40f3d3d736a73795,libicu_provider-60ecb1a06612e705,libicu_locale_core-0fdb745f59ef6fcf,libtinystr-9bdcb754b05824bb,liblitemap-abaddab7afb37065,libwriteable-36514dcf36d12676,libzerovec-8058f2aee15f9d56,libzerotrie-9a4c19cbe2c51454,libyoke-72fb5a1641b3cd20,libstable_deref_trait-63cbf3f3d3f94e56,libzerofrom-8572d48a38069bee,libform_urlencoded-98cc7da289c29f13,libsha2-cf2befbf159afe93,libdigest-515071a3931cfade,libconst_oid-58507ca40e062d76,libcrypto_common-b7a023d8cd4c0d28,libblock_buffer-738c9c701b99e110,libhybrid_array-e32e9ade2789fa0e,libtypenum-8cba24ab4904c632,libregex-309b05c0a519a2bf,libregex_automata-801559c2cb5fe55b,libregex_syntax-c9466e0222ce1989,libfast_glob-907b9c23ff5bc3c6,libureq-33e877bac8a6ea0e,libwebpki_roots-5909ca0173385c01,libserde_json-551865df72f5e6c7,libindexmap-53fa97398aad3fc3,libequivalent-6a754676e6af62ae,libhashbrown-d7214d631586fd51,libzmij-2ca2f302097868c6,libserde-847f3c14e401298f,libserde_core-ff96c4ffe6afdb18,librustls-2d2552a234641e3f,libsubtle-2ae6a7038b9a0630,libwebpki-61a43b5532986362,libring-cabfa653860912e9,libgetrandom-484e4340c5eaad96,libuntrusted-b2f816886faf2178,librustls_pki_types-c28ccc7b5abf2b1c,libzeroize-18cb7876aa49af10,libpercent_encoding-fa055ecaa1e57cfa,libflate2-b14c8adf5f553fc2,libzlib_rs-732d644b7bef00b4,libutf8_zero-b1bfe7deddca0c76,libureq_proto-5dd7cf6f9a415f22,libhttparse-be605dd980e8a581,libbase64-841a5b86c0f78728,libhttp-afd8c2dcf723ab99,libitoa-5de11b3b23bfe572,libbytes-5f66263ae3d5daa8,liblog-22b5be7f6ba2d64a,libtracing-4456c465cb5866b3,libpin_project_lite-0a15d51c77964692,libtracing_core-cbfab8d8047ad76d,libsoar_utils-70197b68e90d0b10,libblake3-a4ac721a052a95b1,libconstant_time_eq-1a60f1c89abc6683,libmemmap2-697620fef1f52302,libcpufeatures-2e8dd38066a76518,libarrayvec-ea4aaf96f8030b7f,libnix-c0fbc6ddf1467fdc,libthiserror-18e8d88527d4e647,libmiette-00e931ed7043d5ad,libbacktrace_ext-e6cbae7140d1d4ce,libsupports_unicode-90d86b95ae234b40,libsupports_color-3899ffcb78560df3,libis_ci-e8bef29ef2e608ab,libsupports_hyperlinks-08a168998187319a,libterminal_size-03625b2d8317737f,librustix-9362e437a91e8f66,libbitflags-4d66d68843710487,liblinux_raw_sys-0b6cde911e9a3109,libtextwrap-c001c64cdccc3ee6,libunicode_linebreak-a9faaa33c69d8a42,libunicode_width-c0be3735b741df1b,libbacktrace-554527aa82eb3985,libminiz_oxide-bfb5ea78b3a5c7a8,libadler2-1712579794513681,libobject-56128f9c88cd9080,libmemchr-a932478bde794617,liblibc-92690407dbecf0f4,libaddr2line-f3d67c68df15d143,libgimli-e1b664456e926008,librustc_demangle-019906bbd6792ceb,libunicode_width-b1bc0d6c10c00ecc,libowo_colors-82d5c6a9d9667c3a,libcfg_if-83060ec5685761ae}.rlib" "<sysroot>/lib/rustlib/x86_64-unknown-linux-gnu/lib/{libstd-*,libpanic_unwind-*,libobject-*,libmemchr-*,libaddr2line-*,libgimli-*,libcfg_if-*,librustc_demangle-*,libstd_detect-*,libhashbrown-*,librustc_std_workspace_alloc-*,libminiz_oxide-*,libadler2-*,libunwind-*,liblibc-*,librustc_std_workspace_core-*,liballoc-*,libcore-*,libcompiler_builtins-*}.rlib" "-Wl,-Bdynamic" "-llzma" "-lgcc_s" "-lutil" "-lrt" "-lpthread" "-lm" "-ldl" "-lc" "-L" "/tmp/rustdoctestXXedfl/rustcOrWqQP/raw-dylibs" "-B<sysroot>/lib/rustlib/x86_64-unknown-linux-gnu/bin/gcc-ld" "-fuse-ld=lld" "-Wl,--eh-frame-hdr" "-Wl,-z,noexecstack" "-L" "/opt/rustwide/target/debug/build/blake3-5984894810ad84f6/out" "-L" "/opt/rustwide/target/debug/build/ring-fe6425f50b288254/out" "-L" "/opt/rustwide/target/debug/build/zstd-sys-cd8a172c04b40a64/out" "-L" "/usr/lib/x86_64-linux-gnu" "-L" "<sysroot>/lib/rustlib/x86_64-unknown-linux-gnu/lib" "-o" "/tmp/rustdoctestXXedfl/rust_out" "-Wl,--gc-sections" "-pie" "-Wl,-z,relro,-z,now" "-nodefaultlibs"
[INFO] [stdout]   = note: some arguments are omitted. use `--verbose` to show all linker arguments
[INFO] [stdout]   = note: collect2: fatal error: ld terminated with signal 9 [Killed]
[INFO] [stdout]           compilation terminated.
[INFO] [stdout]           
[INFO] [stdout] 
[INFO] [stdout] error: aborting due to 1 previous error
[INFO] [stdout] 
[INFO] [stdout] Couldn't compile the test.
[INFO] [stdout] 
[INFO] [stdout] failures:
[INFO] [stdout]     src/download.rs - download::Download::checksum (line 76)
[INFO] [stdout]     src/github.rs - github::GithubAsset::size (line 253)
[INFO] [stdout]     src/github.rs - github::GithubRelease::name (line 83)
[INFO] [stdout]     src/github.rs - github::GithubRelease::tag (line 115)
[INFO] [stdout]     src/gitlab.rs - gitlab::GitLabAsset::name (line 220)
[INFO] [stdout]     src/gitlab.rs - gitlab::GitLabRelease::is_prerelease (line 140)
[INFO] [stdout]     src/gitlab.rs - gitlab::GitLabRelease::name (line 92)
[INFO] [stdout]     src/gitlab.rs - gitlab::GitLabRelease::published_at (line 162)
[INFO] [stdout]     src/gitlab.rs - gitlab::GitLabRelease::tag (line 114)
[INFO] [stdout]     src/http_client.rs - http_client::ClientConfig::default (line 34)
[INFO] [stdout]     src/http_client.rs - http_client::SharedAgent::delete (line 206)
[INFO] [stdout]     src/http_client.rs - http_client::SharedAgent::new (line 116)
[INFO] [stdout]     src/http_client.rs - http_client::SharedAgent::put (line 183)
[INFO] [stdout]     src/oci.rs - oci::OciDownload::api (line 249)
[INFO] [stdout]     src/oci.rs - oci::OciDownload::download_layer (line 832)
[INFO] [stdout]     src/oci.rs - oci::OciDownload::extract (line 321)
[INFO] [stdout]     src/oci.rs - oci::OciDownload::extract_to (line 339)
[INFO] [stdout]     src/oci.rs - oci::OciDownload::fetch_manifest (line 711)
[INFO] [stdout]     src/oci.rs - oci::OciDownload::filter (line 266)
[INFO] [stdout]     src/oci.rs - oci::OciDownload::new (line 224)
[INFO] [stdout]     src/oci.rs - oci::OciDownload::overwrite (line 301)
[INFO] [stdout]     src/oci.rs - oci::OciDownload::parallel (line 357)
[INFO] [stdout]     src/oci.rs - oci::OciDownload::progress (line 374)
[INFO] [stdout]     src/oci.rs - oci::OciLayer::title (line 126)
[INFO] [stdout]     src/oci.rs - oci::OciReference::from (line 45)
[INFO] [stdout]     src/platform.rs - platform::PlatformUrl::parse (line 54)
[INFO] [stdout]     src/release.rs - release::ReleaseDownload<P>::extract (line 140)
[INFO] [stdout]     src/release.rs - release::ReleaseDownload<P>::extract_to (line 159)
[INFO] [stdout]     src/release.rs - release::ReleaseDownload<P>::filter (line 83)
[INFO] [stdout]     src/release.rs - release::ReleaseDownload<P>::new (line 37)
[INFO] [stdout]     src/release.rs - release::ReleaseDownload<P>::output (line 105)
[INFO] [stdout]     src/utils.rs - utils::filename_from_header (line 49)
[INFO] [stdout]     src/utils.rs - utils::resolve_output_path (line 87)
[INFO] [stdout]     src/xattr.rs - xattr::read_resume (line 13)
[INFO] [stdout] 
[INFO] [stdout] test result: FAILED. 39 passed; 34 failed; 0 ignored; 0 measured; 0 filtered out; finished in 399.86s
[INFO] [stdout] 
[INFO] running `Command { std: "docker" "inspect" "154222b1b9724a59c02fa1265e1ac47a6cc60c13f90a8d0e3271a4fa5b843da3", kill_on_drop: false }`
[INFO] running `Command { std: "docker" "rm" "-f" "154222b1b9724a59c02fa1265e1ac47a6cc60c13f90a8d0e3271a4fa5b843da3", kill_on_drop: false }`
[INFO] [stdout] 154222b1b9724a59c02fa1265e1ac47a6cc60c13f90a8d0e3271a4fa5b843da3
