[INFO] fetching crate smysl-pack 1.8.0...
[INFO] testing smysl-pack-1.8.0 against 1.100.0-beta.1 for beta-1.100-2
[INFO] extracting crate smysl-pack 1.8.0 into /workspace/builds/worker-1-tc2/source
[INFO] started tweaking crates.io crate smysl-pack 1.8.0
[INFO] removed 0 missing tests
[INFO] finished tweaking crates.io crate smysl-pack 1.8.0
[INFO] tweaked toml for crates.io crate smysl-pack 1.8.0 written to /workspace/builds/worker-1-tc2/source/Cargo.toml
[INFO] validating manifest of crates.io crate smysl-pack 1.8.0 on toolchain 1.100.0-beta.1
[INFO] running `Command { std: CARGO_HOME="/workspace/cargo-home" RUSTUP_HOME="/workspace/rustup-home" "/workspace/cargo-home/bin/cargo" "+1.100.0-beta.1" "metadata" "--manifest-path" "Cargo.toml" "--no-deps", kill_on_drop: false }`
[INFO] crate crates.io crate smysl-pack 1.8.0 already has a lockfile, it will not be regenerated
[INFO] running `Command { std: CARGO_HOME="/workspace/cargo-home" RUSTUP_HOME="/workspace/rustup-home" "/workspace/cargo-home/bin/cargo" "+1.100.0-beta.1" "fetch" "--manifest-path" "Cargo.toml", kill_on_drop: false }`
[INFO] running `Command { std: "docker" "create" "-v" "/var/lib/crater-agent-workspace/builds/worker-1-tc2/source:/opt/rustwide/workdir:ro,Z" "-v" "/var/lib/crater-agent-workspace/builds/worker-1-tc2/target:/opt/rustwide/target:rw,Z" "-v" "/var/lib/crater-agent-workspace/cargo-home:/opt/rustwide/cargo-home:ro,Z" "-v" "/var/lib/crater-agent-workspace/rustup-home:/opt/rustwide/rustup-home:ro,Z" "-m" "1610612736" "--network" "none" "ghcr.io/rust-lang/crates-build-env/linux@sha256:3111399a4047eeb3a02b7a90e478d715f38a8c6669b5c4b49d30a17385265909" "sleep" "infinity", kill_on_drop: false }`
[INFO] [stdout] 4b4c042c677327c9dd77132e540f947b8e1a090b4517deb6e6ce668bc4d499db
[INFO] running `Command { std: "docker" "start" "4b4c042c677327c9dd77132e540f947b8e1a090b4517deb6e6ce668bc4d499db", kill_on_drop: false }`
[INFO] running `Command { std: "docker" "inspect" "4b4c042c677327c9dd77132e540f947b8e1a090b4517deb6e6ce668bc4d499db", kill_on_drop: false }`
[INFO] running `Command { std: "docker" "exec" "-e" "SOURCE_DIR=/opt/rustwide/workdir" "-e" "CARGO_HOME=/opt/rustwide/cargo-home" "-e" "RUSTUP_HOME=/opt/rustwide/rustup-home" "-e" "CARGO_TARGET_DIR=/opt/rustwide/target" "-w" "/opt/rustwide/workdir" "--user" "0:0" "4b4c042c677327c9dd77132e540f947b8e1a090b4517deb6e6ce668bc4d499db" "/opt/rustwide/cargo-home/bin/cargo" "+1.100.0-beta.1" "metadata" "--no-deps" "--format-version=1", kill_on_drop: false }`
[INFO] running `Command { std: "docker" "inspect" "4b4c042c677327c9dd77132e540f947b8e1a090b4517deb6e6ce668bc4d499db", kill_on_drop: false }`
[INFO] running `Command { std: "docker" "exec" "-e" "SOURCE_DIR=/opt/rustwide/workdir" "-e" "CARGO_HOME=/opt/rustwide/cargo-home" "-e" "RUSTUP_HOME=/opt/rustwide/rustup-home" "-e" "CARGO_TARGET_DIR=/opt/rustwide/target" "-e" "CARGO_INCREMENTAL=0" "-e" "RUST_BACKTRACE=full" "-e" "RUSTFLAGS=--cap-lints=warn" "-e" "RUSTDOCFLAGS=--cap-lints=warn" "-w" "/opt/rustwide/workdir" "--user" "0:0" "4b4c042c677327c9dd77132e540f947b8e1a090b4517deb6e6ce668bc4d499db" "/opt/rustwide/cargo-home/bin/cargo" "+1.100.0-beta.1" "build" "--frozen" "--message-format=json", kill_on_drop: false }`
[INFO] [stderr]    Compiling cc v1.4.0
[INFO] [stderr]    Compiling tinyvec_macros v0.1.1
[INFO] [stderr]    Compiling arrayvec v0.7.8
[INFO] [stderr]    Compiling tinyvec v1.12.0
[INFO] [stderr]    Compiling unicode-normalization v0.1.25
[INFO] [stderr]    Compiling blake3 v1.8.5
[INFO] [stderr]    Compiling smysl-core v1.8.0
[INFO] [stderr]    Compiling smysl-graph v1.8.0
[INFO] [stderr]    Compiling smysl-pack v1.8.0 (/opt/rustwide/workdir)
[INFO] [stderr]     Finished `dev` profile [unoptimized + debuginfo] target(s) in 11.93s
[INFO] running `Command { std: "docker" "inspect" "4b4c042c677327c9dd77132e540f947b8e1a090b4517deb6e6ce668bc4d499db", kill_on_drop: false }`
[INFO] running `Command { std: "docker" "exec" "-e" "SOURCE_DIR=/opt/rustwide/workdir" "-e" "CARGO_HOME=/opt/rustwide/cargo-home" "-e" "RUSTUP_HOME=/opt/rustwide/rustup-home" "-e" "CARGO_TARGET_DIR=/opt/rustwide/target" "-e" "CARGO_INCREMENTAL=0" "-e" "RUST_BACKTRACE=full" "-e" "RUSTFLAGS=--cap-lints=warn" "-e" "RUSTDOCFLAGS=--cap-lints=warn" "-w" "/opt/rustwide/workdir" "--user" "0:0" "4b4c042c677327c9dd77132e540f947b8e1a090b4517deb6e6ce668bc4d499db" "/opt/rustwide/cargo-home/bin/cargo" "+1.100.0-beta.1" "test" "--frozen" "--no-run" "--message-format=json", kill_on_drop: false }`
[INFO] [stderr]    Compiling smysl-pack v1.8.0 (/opt/rustwide/workdir)
[INFO] [stderr]     Finished `test` profile [unoptimized + debuginfo] target(s) in 4.08s
[INFO] running `Command { std: "docker" "inspect" "4b4c042c677327c9dd77132e540f947b8e1a090b4517deb6e6ce668bc4d499db", kill_on_drop: false }`
[INFO] running `Command { std: "docker" "exec" "-e" "SOURCE_DIR=/opt/rustwide/workdir" "-e" "CARGO_HOME=/opt/rustwide/cargo-home" "-e" "RUSTUP_HOME=/opt/rustwide/rustup-home" "-e" "CARGO_TARGET_DIR=/opt/rustwide/target" "-e" "CARGO_INCREMENTAL=0" "-e" "RUST_BACKTRACE=full" "-e" "RUSTFLAGS=--cap-lints=warn" "-e" "RUSTDOCFLAGS=--cap-lints=warn" "-w" "/opt/rustwide/workdir" "--user" "0:0" "4b4c042c677327c9dd77132e540f947b8e1a090b4517deb6e6ce668bc4d499db" "/opt/rustwide/cargo-home/bin/cargo" "+1.100.0-beta.1" "test" "--frozen", kill_on_drop: false }`
[INFO] [stderr]     Finished `test` profile [unoptimized + debuginfo] target(s) in 0.07s
[INFO] [stderr]      Running unittests src/lib.rs (/opt/rustwide/target/debug/build/smysl-pack/c7530033cd87f4b1/out/smysl_pack-c7530033cd87f4b1)
[INFO] [stdout] 
[INFO] [stdout] running 67 tests
[INFO] [stdout] test bound::tests::a_gap_of_zero_means_proven_optimal ... ok
[INFO] [stdout] test bound::tests::a_full_selection_has_no_headroom ... ok
[INFO] [stdout] test bound::tests::a_generous_budget_bounds_everything_available ... ok
[INFO] [stdout] test closure::tests::a_delta_only_charges_for_the_shortfall ... ok
[INFO] [stdout] test closure::tests::a_delta_still_charges_for_an_upgrade ... ok
[INFO] [stdout] test bound::tests::a_capped_level_lowers_the_bound ... ok
[INFO] [stdout] test closure::tests::a_lone_unit_requires_only_itself ... ok
[INFO] [stdout] test bound::tests::the_bound_shrinks_as_the_selection_grows ... ok
[INFO] [stdout] test closure::tests::the_closure_is_transitive ... ok
[INFO] [stdout] test constraints::tests::a_pinned_gist_only_unit_is_satisfied_at_l0 ... ok
[INFO] [stdout] test closure::tests::c3_and_c4_interleave ... ok
[INFO] [stdout] test closure::tests::closure_is_deterministic ... ok
[INFO] [stdout] test closure::tests::reasons_attribute_each_forced_unit ... ok
[INFO] [stdout] test constraints::tests::a_pinned_unit_must_reach_l1 ... ok
[INFO] [stdout] test closure::tests::rebuttals_come_in_at_every_level ... ok
[INFO] [stdout] test constraints::tests::a_resolved_contention_pins_nothing ... ok
[INFO] [stdout] test bound::tests::the_bound_dominates_what_a_real_pack_achieves ... ok
[INFO] [stdout] test constraints::tests::a_selected_unit_must_bring_its_rebuttals ... ok
[INFO] [stdout] test bound::tests::no_budget_means_no_headroom ... ok
[INFO] [stdout] test constraints::tests::a_unit_at_l0_does_not_need_its_grounds ... ok
[INFO] [stdout] test bound::tests::the_bound_is_deterministic ... ok
[INFO] [stdout] test bound::tests::achieved_sums_the_selection ... ok
[INFO] [stdout] test bound::tests::the_gap_is_quantised_and_bounded ... ok
[INFO] [stdout] test cost::tests::only_authored_levels_are_available ... ok
[INFO] [stdout] test cost::tests::levels_are_cumulative ... ok
[INFO] [stdout] test closure::tests::l1_pulls_in_grounds_at_l0 ... ok
[INFO] [stdout] test constraints::tests::selecting_only_the_rebuttal_is_fine ... ok
[INFO] [stdout] test constraints::tests::a_unit_at_l1_needs_its_deps ... ok
[INFO] [stdout] test cost::tests::the_estimator_id_is_recorded_verbatim ... ok
[INFO] [stdout] test constraints::tests::a_unit_at_l1_needs_its_grounds ... ok
[INFO] [stdout] test constraints::tests::a_unit_at_l1_needs_its_warrant ... ok
[INFO] [stdout] test constraints::tests::going_over_budget_is_c7 ... ok
[INFO] [stdout] test constraints::tests::the_rebuttal_obligation_binds_at_every_level ... ok
[INFO] [stdout] test constraints::tests::an_open_contention_pins_every_position ... ok
[INFO] [stdout] test cost::tests::an_upgrade_costs_the_difference ... ok
[INFO] [stdout] test closure::tests::a_deeper_visit_raises_an_earlier_requirement ... ok
[INFO] [stdout] test constraints::tests::an_absent_reference_is_not_a_pack_violation ... ok
[INFO] [stdout] test constraints::tests::an_empty_selection_violates_nothing ... ok
[INFO] [stdout] test constraints::tests::every_violation_is_reported_not_just_the_first ... ok
[INFO] [stdout] test cost::tests::asking_for_a_level_a_unit_lacks_costs_no_more_than_it_has ... ok
[INFO] [stdout] test cost::tests::the_estimator_is_the_documented_formula ... ok
[INFO] [stdout] test cost::tests::two_gists_are_worth_more_than_one_body ... ok
[INFO] [stdout] test cost::tests::value_scales_with_salience ... ok
[INFO] [stdout] test solve::ordering_tests::salience_breaks_a_density_tie ... ok
[INFO] [stdout] test solve::ordering_tests::optimality_needs_both_exact_mode_and_no_gap ... ok
[INFO] [stdout] test solve::ordering_tests::a_lower_uid_wins_when_density_and_salience_tie ... ok
[INFO] [stdout] test solve::ordering_tests::choices_order_by_density_first ... ok
[INFO] [stdout] test tests::a_generous_budget_takes_everything ... ok
[INFO] [stdout] test tests::packinfo_records_what_was_dropped_and_why ... ok
[INFO] [stdout] test tests::a_focus_unit_that_is_not_in_the_store_is_an_error ... ok
[INFO] [stdout] test tests::packing_is_deterministic ... ok
[INFO] [stdout] test tests::a_pack_never_exceeds_its_budget ... ok
[INFO] [stdout] test tests::a_pinned_unit_reaches_l1 ... ok
[INFO] [stdout] test tests::a_zero_budget_packs_nothing ... ok
[INFO] [stdout] test tests::the_estimator_id_is_recorded ... ok
[INFO] [stdout] test tests::the_lod_cap_is_respected ... ok
[INFO] [stdout] test tests::selecting_a_claim_brings_its_rebuttal ... ok
[INFO] [stdout] test tests::the_reported_minimum_is_tight ... ok
[INFO] [stdout] test tests::record_order_does_not_change_the_pack ... ok
[INFO] [stdout] test tests::scope_restricts_what_may_be_packed ... ok
[INFO] [stdout] test solve::ordering_tests::ordered_compares_by_value_and_not_by_constant ... ok
[INFO] [stdout] test tests::the_optimality_mode_and_gap_are_recorded ... ok
[INFO] [stdout] test tests::explain_attributes_every_unit ... ok
[INFO] [stdout] test solve::ordering_tests::an_earlier_candidate_wins_when_everything_else_ties ... ok
[INFO] [stdout] test tests::an_infeasible_floor_fails_with_the_minimum_budget ... ok
[INFO] [stdout] test tests::an_empty_store_packs_to_nothing ... ok
[INFO] [stdout] test tests::a_budget_too_small_for_both_drops_the_claim ... ok
[INFO] [stdout] 
[INFO] [stdout] test result: ok. 67 passed; 0 failed; 0 ignored; 0 measured; 0 filtered out; finished in 0.05s
[INFO] [stdout] 
[INFO] [stderr]      Running tests/constraints.rs (/opt/rustwide/target/debug/build/smysl-pack/2be35246ad18e059/out/constraints-2be35246ad18e059)
[INFO] [stdout] 
[INFO] [stdout] running 13 tests
[INFO] [stdout] test verify_reports_a_violation_when_there_is_one ... ok
[INFO] [stdout] test verify_notices_a_selection_that_lost_its_closure ... ok
[INFO] [stdout] test the_generator_exercises_every_constraint ... ok
[INFO] [stdout] test record_order_does_not_change_a_generated_pack ... ok
[INFO] [stdout] test packing_is_deterministic_over_generated_stores ... ok
[INFO] [stdout] test every_packed_unit_is_explained ... ok
[INFO] [stdout] test a_pack_never_exceeds_its_budget ... ok
[INFO] [stdout] test an_infeasible_floor_reports_a_tight_minimum ... ok
[INFO] [stdout] test truncation_is_always_self_describing ... ok
[INFO] [stdout] test value_is_monotone_in_budget ... ok
[INFO] [stdout] test caching_never_changes_what_the_greedy_would_have_chosen ... ok
[INFO] [stdout] test no_claim_is_ever_packed_unopposed ... ok
[INFO] [stdout] test every_pack_satisfies_c1_through_c7 ... ok
[INFO] [stderr]      Running tests/exact.rs (/opt/rustwide/target/debug/build/smysl-pack/49e08f98c6d946a8/out/exact-49e08f98c6d946a8)
[INFO] [stdout] 
[INFO] [stdout] test result: ok. 13 passed; 0 failed; 0 ignored; 0 measured; 0 filtered out; finished in 3.25s
[INFO] [stdout] 
[INFO] [stderr]      Running tests/golden.rs (/opt/rustwide/target/debug/build/smysl-pack/d97695982bd8e3bd/out/golden-d97695982bd8e3bd)
[INFO] [stdout] 
[INFO] [stdout] running 0 tests
[INFO] [stdout] 
[INFO] [stdout] test result: ok. 0 passed; 0 failed; 0 ignored; 0 measured; 0 filtered out; finished in 0.00s
[INFO] [stdout] 
[INFO] [stdout] 
[INFO] [stdout] running 1 test
[INFO] [stderr] error: test failed, to rerun pass `--test golden`
[INFO] [stdout] test pack_selects_what_it_has_always_selected ... FAILED
[INFO] [stdout] 
[INFO] [stdout] failures:
[INFO] [stdout] 
[INFO] [stdout] ---- pack_selects_what_it_has_always_selected stdout ----
[INFO] [stdout] 
[INFO] [stdout] thread 'pack_selects_what_it_has_always_selected' (580) panicked at tests/golden.rs:62:10:
[INFO] [stdout] corpus directory: Os { code: 2, kind: NotFound, message: "No such file or directory" }
[INFO] [stdout] stack backtrace:
[INFO] [stdout]    0:     0x5c0f9fca8b51 - std[617be2ca0a6fd877]::backtrace_rs::backtrace::libunwind::trace
[INFO] [stdout]                                at /rustc/e3feeb59cd1bdd011a2bfcc0747b55125d9b8527/library/std/src/../../backtrace/src/backtrace/libunwind.rs:117:9
[INFO] [stdout]    1:     0x5c0f9fca8b51 - std[617be2ca0a6fd877]::backtrace_rs::backtrace::trace_unsynchronized::<std[617be2ca0a6fd877]::sys::backtrace::_print_fmt::{closure#1}>
[INFO] [stdout]                                at /rustc/e3feeb59cd1bdd011a2bfcc0747b55125d9b8527/library/std/src/../../backtrace/src/backtrace/mod.rs:66:14
[INFO] [stdout]    2:     0x5c0f9fca8b51 - std[617be2ca0a6fd877]::sys::backtrace::_print_fmt
[INFO] [stdout]                                at /rustc/e3feeb59cd1bdd011a2bfcc0747b55125d9b8527/library/std/src/sys/backtrace.rs:74:9
[INFO] [stdout]    3:     0x5c0f9fca8b51 - <<std[617be2ca0a6fd877]::sys::backtrace::BacktraceLock>::print::DisplayBacktrace as core[a373ad73a504971]::fmt::Display>::fmt
[INFO] [stdout]                                at /rustc/e3feeb59cd1bdd011a2bfcc0747b55125d9b8527/library/std/src/sys/backtrace.rs:44:26
[INFO] [stdout]    4:     0x5c0f9fcbe13a - <core[a373ad73a504971]::fmt::rt::Argument>::fmt
[INFO] [stdout]                                at /rustc/e3feeb59cd1bdd011a2bfcc0747b55125d9b8527/library/core/src/fmt/rt.rs:152:76
[INFO] [stdout]    5:     0x5c0f9fcbe13a - core[a373ad73a504971]::fmt::write
[INFO] [stdout]    6:     0x5c0f9fcad03c - core[a373ad73a504971]::io::write::default_write_fmt::<alloc[2e1b2a31b91974c5]::vec::Vec<u8>>
[INFO] [stdout]                                at /rustc/e3feeb59cd1bdd011a2bfcc0747b55125d9b8527/library/core/src/io/write.rs:402:11
[INFO] [stdout]    7:     0x5c0f9fcad03c - <alloc[2e1b2a31b91974c5]::vec::Vec<u8> as core[a373ad73a504971]::io::write::Write>::write_fmt
[INFO] [stdout]                                at /rustc/e3feeb59cd1bdd011a2bfcc0747b55125d9b8527/library/core/src/io/write.rs:335:13
[INFO] [stdout]    8:     0x5c0f9fc840c6 - <std[617be2ca0a6fd877]::sys::backtrace::BacktraceLock>::print
[INFO] [stdout]                                at /rustc/e3feeb59cd1bdd011a2bfcc0747b55125d9b8527/library/std/src/sys/backtrace.rs:47:9
[INFO] [stdout]    9:     0x5c0f9fc840c6 - std[617be2ca0a6fd877]::panicking::default_hook::{closure#0}
[INFO] [stdout]                                at /rustc/e3feeb59cd1bdd011a2bfcc0747b55125d9b8527/library/std/src/panicking.rs:289:27
[INFO] [stdout]   10:     0x5c0f9fca0a99 - std[617be2ca0a6fd877]::panicking::default_hook
[INFO] [stdout]                                at /rustc/e3feeb59cd1bdd011a2bfcc0747b55125d9b8527/library/std/src/panicking.rs:313:9
[INFO] [stdout]   11:     0x5c0f9f9cafc0 - <alloc[2e1b2a31b91974c5]::boxed::Box<dyn for<'a, 'b> core[a373ad73a504971]::ops::function::Fn<(&'a std[617be2ca0a6fd877]::panic::PanicHookInfo<'b>,), Output = ()> + core[a373ad73a504971]::marker::Sync + core[a373ad73a504971]::marker::Send> as core[a373ad73a504971]::ops::function::Fn<(&std[617be2ca0a6fd877]::panic::PanicHookInfo,)>>::call
[INFO] [stdout]                                at /rustc/e3feeb59cd1bdd011a2bfcc0747b55125d9b8527/library/alloc/src/boxed.rs:2328:9
[INFO] [stdout]   12:     0x5c0f9f9cafc0 - test[aada8e7e76ba119b]::test_main_inner::{closure#0}
[INFO] [stdout]                                at /rustc/e3feeb59cd1bdd011a2bfcc0747b55125d9b8527/library/test/src/lib.rs:137:21
[INFO] [stdout]   13:     0x5c0f9fca0c52 - <alloc[2e1b2a31b91974c5]::boxed::Box<dyn for<'a, 'b> core[a373ad73a504971]::ops::function::Fn<(&'a std[617be2ca0a6fd877]::panic::PanicHookInfo<'b>,), Output = ()> + core[a373ad73a504971]::marker::Sync + core[a373ad73a504971]::marker::Send> as core[a373ad73a504971]::ops::function::Fn<(&std[617be2ca0a6fd877]::panic::PanicHookInfo,)>>::call
[INFO] [stdout]                                at /rustc/e3feeb59cd1bdd011a2bfcc0747b55125d9b8527/library/alloc/src/boxed.rs:2328:9
[INFO] [stdout]   14:     0x5c0f9fca0c52 - std[617be2ca0a6fd877]::panicking::panic_with_hook
[INFO] [stdout]                                at /rustc/e3feeb59cd1bdd011a2bfcc0747b55125d9b8527/library/std/src/panicking.rs:819:13
[INFO] [stdout]   15:     0x5c0f9fc84172 - std[617be2ca0a6fd877]::panicking::panic_handler::{closure#0}
[INFO] [stdout]                                at /rustc/e3feeb59cd1bdd011a2bfcc0747b55125d9b8527/library/std/src/panicking.rs:685:13
[INFO] [stdout]   16:     0x5c0f9fc7cc59 - std[617be2ca0a6fd877]::sys::backtrace::__rust_end_short_backtrace::<std[617be2ca0a6fd877]::panicking::panic_handler::{closure#0}, !>
[INFO] [stdout]                                at /rustc/e3feeb59cd1bdd011a2bfcc0747b55125d9b8527/library/std/src/sys/backtrace.rs:182:18
[INFO] [stdout]   17:     0x5c0f9fc84d7d - __rustc[ea4f61d10b84890b]::rust_begin_unwind
[INFO] [stdout]                                at /rustc/e3feeb59cd1bdd011a2bfcc0747b55125d9b8527/library/std/src/panicking.rs:676:5
[INFO] [stdout]   18:     0x5c0f9fcbe92c - core[a373ad73a504971]::panicking::panic_fmt
[INFO] [stdout]                                at /rustc/e3feeb59cd1bdd011a2bfcc0747b55125d9b8527/library/core/src/panicking.rs:80:14
[INFO] [stdout]   19:     0x5c0f9fcbe682 - core[a373ad73a504971]::result::unwrap_failed
[INFO] [stdout]                                at /rustc/e3feeb59cd1bdd011a2bfcc0747b55125d9b8527/library/core/src/result.rs:1870:5
[INFO] [stdout]   20:     0x5c0f9f9b50c8 - <core[a373ad73a504971]::result::Result<std[617be2ca0a6fd877]::fs::ReadDir, core[a373ad73a504971]::io::error::Error>>::expect
[INFO] [stdout]                                at /rustc/e3feeb59cd1bdd011a2bfcc0747b55125d9b8527/library/core/src/result.rs:1184:23
[INFO] [stdout]   21:     0x5c0f9f9af2c9 - golden[b781dd933cdeacff]::fixtures
[INFO] [stdout]                                at /opt/rustwide/workdir/tests/golden.rs:62:10
[INFO] [stdout]   22:     0x5c0f9f9ae97a - golden[b781dd933cdeacff]::render
[INFO] [stdout]                                at /opt/rustwide/workdir/tests/golden.rs:86:26
[INFO] [stdout]   23:     0x5c0f9f9af8c4 - golden[b781dd933cdeacff]::pack_selects_what_it_has_always_selected
[INFO] [stdout]                                at /opt/rustwide/workdir/tests/golden.rs:112:15
[INFO] [stdout]   24:     0x5c0f9f9ae797 - golden[b781dd933cdeacff]::pack_selects_what_it_has_always_selected::{closure#0}
[INFO] [stdout]                                at /opt/rustwide/workdir/tests/golden.rs:111:46
[INFO] [stdout]   25:     0x5c0f9f9b7d76 - <golden[b781dd933cdeacff]::pack_selects_what_it_has_always_selected::{closure#0} as core[a373ad73a504971]::ops::function::FnOnce<()>>::call_once
[INFO] [stdout]                                at /rustc/e3feeb59cd1bdd011a2bfcc0747b55125d9b8527/library/core/src/ops/function.rs:250:5
[INFO] [stdout]   26:     0x5c0f9f9be40b - <fn() -> core[a373ad73a504971]::result::Result<(), alloc[2e1b2a31b91974c5]::string::String> as core[a373ad73a504971]::ops::function::FnOnce<()>>::call_once
[INFO] [stdout]                                at /rustc/e3feeb59cd1bdd011a2bfcc0747b55125d9b8527/library/core/src/ops/function.rs:250:5
[INFO] [stdout]   27:     0x5c0f9f9be40b - test[aada8e7e76ba119b]::__rust_begin_short_backtrace::<core[a373ad73a504971]::result::Result<(), alloc[2e1b2a31b91974c5]::string::String>, fn() -> core[a373ad73a504971]::result::Result<(), alloc[2e1b2a31b91974c5]::string::String>>
[INFO] [stdout]                                at /rustc/e3feeb59cd1bdd011a2bfcc0747b55125d9b8527/library/test/src/lib.rs:701:18
[INFO] [stdout]   28:     0x5c0f9f9cb5e5 - test[aada8e7e76ba119b]::run_test_in_process::{closure#0}
[INFO] [stdout]                                at /rustc/e3feeb59cd1bdd011a2bfcc0747b55125d9b8527/library/test/src/lib.rs:724:74
[INFO] [stdout]   29:     0x5c0f9f9cb5e5 - <core[a373ad73a504971]::panic::unwind_safe::AssertUnwindSafe<test[aada8e7e76ba119b]::run_test_in_process::{closure#0}> as core[a373ad73a504971]::ops::function::FnOnce<()>>::call_once
[INFO] [stdout]                                at /rustc/e3feeb59cd1bdd011a2bfcc0747b55125d9b8527/library/core/src/panic/unwind_safe.rs:275:9
[INFO] [stdout]   30:     0x5c0f9f9cb5e5 - std[617be2ca0a6fd877]::panicking::catch_unwind::do_call::<core[a373ad73a504971]::panic::unwind_safe::AssertUnwindSafe<test[aada8e7e76ba119b]::run_test_in_process::{closure#0}>, core[a373ad73a504971]::result::Result<(), alloc[2e1b2a31b91974c5]::string::String>>
[INFO] [stdout]                                at /rustc/e3feeb59cd1bdd011a2bfcc0747b55125d9b8527/library/std/src/panicking.rs:573:43
[INFO] [stdout]   31:     0x5c0f9f9cb5e5 - std[617be2ca0a6fd877]::panicking::catch_unwind::<core[a373ad73a504971]::result::Result<(), alloc[2e1b2a31b91974c5]::string::String>, core[a373ad73a504971]::panic::unwind_safe::AssertUnwindSafe<test[aada8e7e76ba119b]::run_test_in_process::{closure#0}>>
[INFO] [stdout]                                at /rustc/e3feeb59cd1bdd011a2bfcc0747b55125d9b8527/library/std/src/panicking.rs:541:19
[INFO] [stdout]   32:     0x5c0f9f9cb5e5 - std[617be2ca0a6fd877]::panic::catch_unwind::<core[a373ad73a504971]::panic::unwind_safe::AssertUnwindSafe<test[aada8e7e76ba119b]::run_test_in_process::{closure#0}>, core[a373ad73a504971]::result::Result<(), alloc[2e1b2a31b91974c5]::string::String>>
[INFO] [stdout]                                at /rustc/e3feeb59cd1bdd011a2bfcc0747b55125d9b8527/library/std/src/panic.rs:359:14
[INFO] [stdout]   33:     0x5c0f9f9cb5e5 - test[aada8e7e76ba119b]::run_test_in_process
[INFO] [stdout]                                at /rustc/e3feeb59cd1bdd011a2bfcc0747b55125d9b8527/library/test/src/lib.rs:724:27
[INFO] [stdout]   34:     0x5c0f9f9cb5e5 - test[aada8e7e76ba119b]::run_test::{closure#0}
[INFO] [stdout]                                at /rustc/e3feeb59cd1bdd011a2bfcc0747b55125d9b8527/library/test/src/lib.rs:645:43
[INFO] [stdout]   35:     0x5c0f9f9c4ed4 - test[aada8e7e76ba119b]::run_test::{closure#1}
[INFO] [stdout]                                at /rustc/e3feeb59cd1bdd011a2bfcc0747b55125d9b8527/library/test/src/lib.rs:675:41
[INFO] [stdout]   36:     0x5c0f9f9c4ed4 - std[617be2ca0a6fd877]::sys::backtrace::__rust_begin_short_backtrace::<test[aada8e7e76ba119b]::run_test::{closure#1}, ()>
[INFO] [stdout]                                at /rustc/e3feeb59cd1bdd011a2bfcc0747b55125d9b8527/library/std/src/sys/backtrace.rs:166:18
[INFO] [stdout]   37:     0x5c0f9f9ce672 - std[617be2ca0a6fd877]::thread::lifecycle::spawn_unchecked::<test[aada8e7e76ba119b]::run_test::{closure#1}, ()>::{closure#1}::{closure#0}
[INFO] [stdout]                                at /rustc/e3feeb59cd1bdd011a2bfcc0747b55125d9b8527/library/std/src/thread/lifecycle.rs:70:13
[INFO] [stdout]   38:     0x5c0f9f9ce672 - <core[a373ad73a504971]::panic::unwind_safe::AssertUnwindSafe<std[617be2ca0a6fd877]::thread::lifecycle::spawn_unchecked<test[aada8e7e76ba119b]::run_test::{closure#1}, ()>::{closure#1}::{closure#0}> as core[a373ad73a504971]::ops::function::FnOnce<()>>::call_once
[INFO] [stdout]                                at /rustc/e3feeb59cd1bdd011a2bfcc0747b55125d9b8527/library/core/src/panic/unwind_safe.rs:275:9
[INFO] [stdout]   39:     0x5c0f9f9ce672 - std[617be2ca0a6fd877]::panicking::catch_unwind::do_call::<core[a373ad73a504971]::panic::unwind_safe::AssertUnwindSafe<std[617be2ca0a6fd877]::thread::lifecycle::spawn_unchecked<test[aada8e7e76ba119b]::run_test::{closure#1}, ()>::{closure#1}::{closure#0}>, ()>
[INFO] [stdout]                                at /rustc/e3feeb59cd1bdd011a2bfcc0747b55125d9b8527/library/std/src/panicking.rs:573:43
[INFO] [stdout]   40:     0x5c0f9f9ce672 - std[617be2ca0a6fd877]::panicking::catch_unwind::<(), core[a373ad73a504971]::panic::unwind_safe::AssertUnwindSafe<std[617be2ca0a6fd877]::thread::lifecycle::spawn_unchecked<test[aada8e7e76ba119b]::run_test::{closure#1}, ()>::{closure#1}::{closure#0}>>
[INFO] [stdout]                                at /rustc/e3feeb59cd1bdd011a2bfcc0747b55125d9b8527/library/std/src/panicking.rs:541:19
[INFO] [stdout]   41:     0x5c0f9f9ce672 - std[617be2ca0a6fd877]::panic::catch_unwind::<core[a373ad73a504971]::panic::unwind_safe::AssertUnwindSafe<std[617be2ca0a6fd877]::thread::lifecycle::spawn_unchecked<test[aada8e7e76ba119b]::run_test::{closure#1}, ()>::{closure#1}::{closure#0}>, ()>
[INFO] [stdout]                                at /rustc/e3feeb59cd1bdd011a2bfcc0747b55125d9b8527/library/std/src/panic.rs:359:14
[INFO] [stdout]   42:     0x5c0f9f9ce672 - std[617be2ca0a6fd877]::thread::lifecycle::spawn_unchecked::<test[aada8e7e76ba119b]::run_test::{closure#1}, ()>::{closure#1}
[INFO] [stdout]                                at /rustc/e3feeb59cd1bdd011a2bfcc0747b55125d9b8527/library/std/src/thread/lifecycle.rs:68:26
[INFO] [stdout]   43:     0x5c0f9f9ce672 - <std[617be2ca0a6fd877]::thread::lifecycle::spawn_unchecked<test[aada8e7e76ba119b]::run_test::{closure#1}, ()>::{closure#1} as core[a373ad73a504971]::ops::function::FnOnce<()>>::call_once::{shim:vtable#0}
[INFO] [stdout]                                at /rustc/e3feeb59cd1bdd011a2bfcc0747b55125d9b8527/library/core/src/ops/function.rs:250:5
[INFO] [stdout]   44:     0x5c0f9fca7e6f - <alloc[2e1b2a31b91974c5]::boxed::Box<dyn core[a373ad73a504971]::ops::function::FnOnce<(), Output = ()> + core[a373ad73a504971]::marker::Send> as core[a373ad73a504971]::ops::function::FnOnce<()>>::call_once
[INFO] [stdout]                                at /rustc/e3feeb59cd1bdd011a2bfcc0747b55125d9b8527/library/alloc/src/boxed.rs:2314:9
[INFO] [stdout]   45:     0x5c0f9fca7e6f - <std[617be2ca0a6fd877]::sys::thread::unix::Thread>::new::thread_start
[INFO] [stdout]                                at /rustc/e3feeb59cd1bdd011a2bfcc0747b55125d9b8527/library/std/src/sys/thread/unix.rs:127:17
[INFO] [stdout]   46:     0x70fcc4602dfa - <unknown>
[INFO] [stdout]   47:     0x70fcc46963d4 - clone
[INFO] [stdout]   48:                0x0 - <unknown>
[INFO] [stdout] 
[INFO] [stdout] 
[INFO] [stdout] failures:
[INFO] [stdout]     pack_selects_what_it_has_always_selected
[INFO] [stdout] 
[INFO] [stdout] test result: FAILED. 0 passed; 1 failed; 0 ignored; 0 measured; 0 filtered out; finished in 0.03s
[INFO] [stdout] 
[INFO] running `Command { std: "docker" "inspect" "4b4c042c677327c9dd77132e540f947b8e1a090b4517deb6e6ce668bc4d499db", kill_on_drop: false }`
[INFO] running `Command { std: "docker" "rm" "-f" "4b4c042c677327c9dd77132e540f947b8e1a090b4517deb6e6ce668bc4d499db", kill_on_drop: false }`
[INFO] [stdout] 4b4c042c677327c9dd77132e540f947b8e1a090b4517deb6e6ce668bc4d499db
