[INFO] fetching crate smelt-specialize 0.1.1...
[INFO] testing smelt-specialize-0.1.1 against 1.100.0-beta.1 for beta-1.100-2
[INFO] extracting crate smelt-specialize 0.1.1 into /workspace/builds/worker-0-tc2/source
[INFO] started tweaking crates.io crate smelt-specialize 0.1.1
[INFO] removed 0 missing tests
[INFO] finished tweaking crates.io crate smelt-specialize 0.1.1
[INFO] tweaked toml for crates.io crate smelt-specialize 0.1.1 written to /workspace/builds/worker-0-tc2/source/Cargo.toml
[INFO] validating manifest of crates.io crate smelt-specialize 0.1.1 on toolchain 1.100.0-beta.1
[INFO] running `Command { std: CARGO_HOME="/workspace/cargo-home" RUSTUP_HOME="/workspace/rustup-home" "/workspace/cargo-home/bin/cargo" "+1.100.0-beta.1" "metadata" "--manifest-path" "Cargo.toml" "--no-deps", kill_on_drop: false }`
[INFO] crate crates.io crate smelt-specialize 0.1.1 already has a lockfile, it will not be regenerated
[INFO] running `Command { std: CARGO_HOME="/workspace/cargo-home" RUSTUP_HOME="/workspace/rustup-home" "/workspace/cargo-home/bin/cargo" "+1.100.0-beta.1" "fetch" "--manifest-path" "Cargo.toml", kill_on_drop: false }`
[INFO] [stderr] warning: `package.homepage` is redundant with `package.repository`
[INFO] [stderr]    --> Cargo.toml:115:12
[INFO] [stderr]     |
[INFO] [stderr] 115 | homepage = "https://github.com/Bombatomica64/smelt"
[INFO] [stderr]     |            ^^^^^^^^^^^^^^^^^^^^^^^^^^^^^^^^^^^^^^^^
[INFO] [stderr] ...
[INFO] [stderr] 120 | repository = "https://github.com/Bombatomica64/smelt"
[INFO] [stderr]     |              ----------------------------------------
[INFO] [stderr]     |
[INFO] [stderr]     = note: `cargo::redundant_homepage` is set to `warn` by default
[INFO] [stderr] help: consider removing `package.homepage`
[INFO] [stderr] warning: `smelt-specialize` (manifest) generated 1 warning
[INFO] running `Command { std: "docker" "create" "-v" "/var/lib/crater-agent-workspace/builds/worker-0-tc2/source:/opt/rustwide/workdir:ro,Z" "-v" "/var/lib/crater-agent-workspace/builds/worker-0-tc2/target:/opt/rustwide/target:rw,Z" "-v" "/var/lib/crater-agent-workspace/cargo-home:/opt/rustwide/cargo-home:ro,Z" "-v" "/var/lib/crater-agent-workspace/rustup-home:/opt/rustwide/rustup-home:ro,Z" "-m" "1610612736" "--network" "none" "ghcr.io/rust-lang/crates-build-env/linux@sha256:3111399a4047eeb3a02b7a90e478d715f38a8c6669b5c4b49d30a17385265909" "sleep" "infinity", kill_on_drop: false }`
[INFO] [stdout] e64f8bf6e9ba30f95a0b2ef8fd1e55b00ea3c34266f1560f48aad7ec4ddb782c
[INFO] running `Command { std: "docker" "start" "e64f8bf6e9ba30f95a0b2ef8fd1e55b00ea3c34266f1560f48aad7ec4ddb782c", kill_on_drop: false }`
[INFO] running `Command { std: "docker" "inspect" "e64f8bf6e9ba30f95a0b2ef8fd1e55b00ea3c34266f1560f48aad7ec4ddb782c", kill_on_drop: false }`
[INFO] running `Command { std: "docker" "exec" "-e" "SOURCE_DIR=/opt/rustwide/workdir" "-e" "CARGO_HOME=/opt/rustwide/cargo-home" "-e" "RUSTUP_HOME=/opt/rustwide/rustup-home" "-e" "CARGO_TARGET_DIR=/opt/rustwide/target" "-w" "/opt/rustwide/workdir" "--user" "0:0" "e64f8bf6e9ba30f95a0b2ef8fd1e55b00ea3c34266f1560f48aad7ec4ddb782c" "/opt/rustwide/cargo-home/bin/cargo" "+1.100.0-beta.1" "metadata" "--no-deps" "--format-version=1", kill_on_drop: false }`
[INFO] running `Command { std: "docker" "inspect" "e64f8bf6e9ba30f95a0b2ef8fd1e55b00ea3c34266f1560f48aad7ec4ddb782c", kill_on_drop: false }`
[INFO] running `Command { std: "docker" "exec" "-e" "SOURCE_DIR=/opt/rustwide/workdir" "-e" "CARGO_HOME=/opt/rustwide/cargo-home" "-e" "RUSTUP_HOME=/opt/rustwide/rustup-home" "-e" "CARGO_TARGET_DIR=/opt/rustwide/target" "-e" "CARGO_INCREMENTAL=0" "-e" "RUST_BACKTRACE=full" "-e" "RUSTFLAGS=--cap-lints=warn" "-e" "RUSTDOCFLAGS=--cap-lints=warn" "-w" "/opt/rustwide/workdir" "--user" "0:0" "e64f8bf6e9ba30f95a0b2ef8fd1e55b00ea3c34266f1560f48aad7ec4ddb782c" "/opt/rustwide/cargo-home/bin/cargo" "+1.100.0-beta.1" "build" "--frozen" "--message-format=json", kill_on_drop: false }`
[INFO] [stderr] warning: `package.homepage` is redundant with `package.repository`
[INFO] [stderr]    --> Cargo.toml:115:12
[INFO] [stderr]     |
[INFO] [stderr] 115 | homepage = "https://github.com/Bombatomica64/smelt"
[INFO] [stderr]     |            ^^^^^^^^^^^^^^^^^^^^^^^^^^^^^^^^^^^^^^^^
[INFO] [stderr] ...
[INFO] [stderr] 120 | repository = "https://github.com/Bombatomica64/smelt"
[INFO] [stderr]     |              ----------------------------------------
[INFO] [stderr]     |
[INFO] [stderr]     = note: `cargo::redundant_homepage` is set to `warn` by default
[INFO] [stderr] help: consider removing `package.homepage`
[INFO] [stderr] warning: `smelt-specialize` (manifest) generated 1 warning
[INFO] [stderr]    Compiling proc-macro2 v1.0.106
[INFO] [stderr]    Compiling quote v1.0.46
[INFO] [stderr]    Compiling serde_core v1.0.228
[INFO] [stderr]    Compiling serde_json v1.0.150
[INFO] [stderr]    Compiling hybrid-array v0.4.13
[INFO] [stderr]    Compiling memchr v2.8.2
[INFO] [stderr]    Compiling hex v0.4.3
[INFO] [stderr]    Compiling block-buffer v0.12.1
[INFO] [stderr]    Compiling crypto-common v0.2.2
[INFO] [stderr]    Compiling syn v2.0.118
[INFO] [stderr]    Compiling digest v0.11.3
[INFO] [stderr]    Compiling sha2 v0.11.0
[INFO] [stderr]    Compiling serde_derive v1.0.228
[INFO] [stderr]    Compiling serde v1.0.228
[INFO] [stderr]    Compiling smelt-specialize v0.1.1 (/opt/rustwide/workdir)
[INFO] [stderr]     Finished `dev` profile [unoptimized + debuginfo] target(s) in 19.09s
[INFO] running `Command { std: "docker" "inspect" "e64f8bf6e9ba30f95a0b2ef8fd1e55b00ea3c34266f1560f48aad7ec4ddb782c", kill_on_drop: false }`
[INFO] running `Command { std: "docker" "exec" "-e" "SOURCE_DIR=/opt/rustwide/workdir" "-e" "CARGO_HOME=/opt/rustwide/cargo-home" "-e" "RUSTUP_HOME=/opt/rustwide/rustup-home" "-e" "CARGO_TARGET_DIR=/opt/rustwide/target" "-e" "CARGO_INCREMENTAL=0" "-e" "RUST_BACKTRACE=full" "-e" "RUSTFLAGS=--cap-lints=warn" "-e" "RUSTDOCFLAGS=--cap-lints=warn" "-w" "/opt/rustwide/workdir" "--user" "0:0" "e64f8bf6e9ba30f95a0b2ef8fd1e55b00ea3c34266f1560f48aad7ec4ddb782c" "/opt/rustwide/cargo-home/bin/cargo" "+1.100.0-beta.1" "test" "--frozen" "--no-run" "--message-format=json", kill_on_drop: false }`
[INFO] [stderr] warning: `package.homepage` is redundant with `package.repository`
[INFO] [stderr]    --> Cargo.toml:115:12
[INFO] [stderr]     |
[INFO] [stderr] 115 | homepage = "https://github.com/Bombatomica64/smelt"
[INFO] [stderr]     |            ^^^^^^^^^^^^^^^^^^^^^^^^^^^^^^^^^^^^^^^^
[INFO] [stderr] ...
[INFO] [stderr] 120 | repository = "https://github.com/Bombatomica64/smelt"
[INFO] [stderr]     |              ----------------------------------------
[INFO] [stderr]     |
[INFO] [stderr]     = note: `cargo::redundant_homepage` is set to `warn` by default
[INFO] [stderr] help: consider removing `package.homepage`
[INFO] [stderr] warning: `smelt-specialize` (manifest) generated 1 warning
[INFO] [stderr]    Compiling libc v0.2.186
[INFO] [stderr]    Compiling rustix v1.1.4
[INFO] [stderr]    Compiling bitflags v2.13.0
[INFO] [stderr]    Compiling fastrand v2.4.1
[INFO] [stderr]    Compiling getrandom v0.4.3
[INFO] [stderr]    Compiling tempfile v3.27.0
[INFO] [stderr]    Compiling smelt-specialize v0.1.1 (/opt/rustwide/workdir)
[INFO] [stderr]     Finished `test` profile [unoptimized + debuginfo] target(s) in 11.44s
[INFO] running `Command { std: "docker" "inspect" "e64f8bf6e9ba30f95a0b2ef8fd1e55b00ea3c34266f1560f48aad7ec4ddb782c", kill_on_drop: false }`
[INFO] running `Command { std: "docker" "exec" "-e" "SOURCE_DIR=/opt/rustwide/workdir" "-e" "CARGO_HOME=/opt/rustwide/cargo-home" "-e" "RUSTUP_HOME=/opt/rustwide/rustup-home" "-e" "CARGO_TARGET_DIR=/opt/rustwide/target" "-e" "CARGO_INCREMENTAL=0" "-e" "RUST_BACKTRACE=full" "-e" "RUSTFLAGS=--cap-lints=warn" "-e" "RUSTDOCFLAGS=--cap-lints=warn" "-w" "/opt/rustwide/workdir" "--user" "0:0" "e64f8bf6e9ba30f95a0b2ef8fd1e55b00ea3c34266f1560f48aad7ec4ddb782c" "/opt/rustwide/cargo-home/bin/cargo" "+1.100.0-beta.1" "test" "--frozen", kill_on_drop: false }`
[INFO] [stderr] warning: `package.homepage` is redundant with `package.repository`
[INFO] [stderr]    --> Cargo.toml:115:12
[INFO] [stderr]     |
[INFO] [stderr] 115 | homepage = "https://github.com/Bombatomica64/smelt"
[INFO] [stderr]     |            ^^^^^^^^^^^^^^^^^^^^^^^^^^^^^^^^^^^^^^^^
[INFO] [stderr] ...
[INFO] [stderr] 120 | repository = "https://github.com/Bombatomica64/smelt"
[INFO] [stderr]     |              ----------------------------------------
[INFO] [stderr]     |
[INFO] [stderr]     = note: `cargo::redundant_homepage` is set to `warn` by default
[INFO] [stderr] help: consider removing `package.homepage`
[INFO] [stderr] warning: `smelt-specialize` (manifest) generated 1 warning
[INFO] [stderr]     Finished `test` profile [unoptimized + debuginfo] target(s) in 0.05s
[INFO] [stderr]      Running unittests src/lib.rs (/opt/rustwide/target/debug/build/smelt-specialize/264e59fb42242543/out/smelt_specialize-264e59fb42242543)
[INFO] [stdout] 
[INFO] [stdout] running 28 tests
[INFO] [stdout] test detection::tests::detects_typescript_member_decorators ... ok
[INFO] [stdout] test detection::tests::detects_python_definition_hooks_and_propagates_dependents ... ok
[INFO] [stdout] test adapter::tests::registry_requires_exact_adapter_versions ... ok
[INFO] [stdout] test artifact::tests::cache_hit_skips_the_specialization_producer ... ok
[INFO] [stdout] test artifact::tests::artifact_round_trip_preserves_cycles_and_identity ... ok
[INFO] [stdout] test detection::tests::detects_same_line_typescript_member_decorators ... ok
[INFO] [stdout] test detection::tests::ignores_ordinary_undecorated_modules ... ok
[INFO] [stdout] test manifest::tests::adapter_ids_reject_surrounding_whitespace ... ok
[INFO] [stdout] test detection::tests::ignores_typescript_doc_tags_and_string_at_signs ... ok
[INFO] [stdout] test node::tests::sandboxed_guest_materializes_decorated_class_metadata_and_cycles ... ok
[INFO] [stdout] test artifact::tests::packaged_artifact_uses_the_cache_layout ... ok
[INFO] [stdout] test cache_key::tests::cache_key_is_deterministic_and_sensitive_to_inputs ... ok
[INFO] [stdout] test detection::tests::ignores_ordinary_python_class_instances ... ok
[INFO] [stdout] test manifest::tests::schema_version_mismatch_is_precise ... ok
[INFO] [stdout] test manifest::tests::identity_cycles_round_trip_and_validate ... ok
[INFO] [stdout] test manifest::tests::missing_graph_references_are_reported ... ok
[INFO] [stdout] test node::tests::sandboxed_guest_rejects_legacy_decorator_abi ... FAILED
[INFO] [stdout] test sandbox::tests::linux_plan_denies_network_and_clears_environment ... ok
[INFO] [stdout] test node::tests::sandboxed_guest_rejects_accessors_and_proxies_as_dynamic_objects ... FAILED
[INFO] [stdout] test sandbox::tests::macos_profile_rejects_network_and_limits_writes ... ok
[INFO] [stdout] test sandbox::tests::unavailable_backend_fails_closed ... ok
[INFO] [stdout] test sandbox::tests::network_enabled_policy_is_rejected_before_launch ... ok
[INFO] [stdout] test python::tests::sandboxed_specializer_runs_when_backend_is_available ... FAILED
[INFO] [stdout] test python::tests::guest_source_is_valid_python ... ok
[INFO] [stdout] test python::tests::guest_preserves_import_cycles_reexports_and_singleton_identity ... ok
[INFO] [stdout] test python::tests::guest_materializes_wrappers_descriptors_and_cycles ... ok
[INFO] [stdout] test python::tests::guest_rejects_runtime_dynamic_attribute_objects ... ok
[INFO] [stdout] test node::tests::guest_source_is_valid_javascript ... ok
[INFO] [stderr] error: test failed, to rerun pass `--lib`
[INFO] [stdout] 
[INFO] [stdout] failures:
[INFO] [stdout] 
[INFO] [stdout] ---- node::tests::sandboxed_guest_rejects_legacy_decorator_abi stdout ----
[INFO] [stdout] Error: "unexpected legacy decorator diagnostic: Node specialization guest exited with status 1: bwrap: No permissions to create a new namespace, likely because the kernel does not allow non-privileged user namespaces. See <https://deb.li/bubblewrap> or <file:///usr/share/doc/bubblewrap/README.Debian.gz>.\n"
[INFO] [stdout] 
[INFO] [stdout] ---- node::tests::sandboxed_guest_rejects_accessors_and_proxies_as_dynamic_objects stdout ----
[INFO] [stdout] Error: "unexpected accessor diagnostic: Node specialization guest exited with status 1: bwrap: No permissions to create a new namespace, likely because the kernel does not allow non-privileged user namespaces. See <https://deb.li/bubblewrap> or <file:///usr/share/doc/bubblewrap/README.Debian.gz>.\n"
[INFO] [stdout] 
[INFO] [stdout] ---- python::tests::sandboxed_specializer_runs_when_backend_is_available stdout ----
[INFO] [stdout] Error: "Python specialization guest exited with status 1: bwrap: No permissions to create a new namespace, likely because the kernel does not allow non-privileged user namespaces. See <https://deb.li/bubblewrap> or <file:///usr/share/doc/bubblewrap/README.Debian.gz>.\n"
[INFO] [stdout] 
[INFO] [stdout] 
[INFO] [stdout] failures:
[INFO] [stdout]     node::tests::sandboxed_guest_rejects_accessors_and_proxies_as_dynamic_objects
[INFO] [stdout]     node::tests::sandboxed_guest_rejects_legacy_decorator_abi
[INFO] [stdout]     python::tests::sandboxed_specializer_runs_when_backend_is_available
[INFO] [stdout] 
[INFO] [stdout] test result: FAILED. 25 passed; 3 failed; 0 ignored; 0 measured; 0 filtered out; finished in 0.68s
[INFO] [stdout] 
[INFO] running `Command { std: "docker" "inspect" "e64f8bf6e9ba30f95a0b2ef8fd1e55b00ea3c34266f1560f48aad7ec4ddb782c", kill_on_drop: false }`
[INFO] running `Command { std: "docker" "rm" "-f" "e64f8bf6e9ba30f95a0b2ef8fd1e55b00ea3c34266f1560f48aad7ec4ddb782c", kill_on_drop: false }`
[INFO] [stdout] e64f8bf6e9ba30f95a0b2ef8fd1e55b00ea3c34266f1560f48aad7ec4ddb782c
