[INFO] fetching crate slpc 0.4.0...
[INFO] testing slpc-0.4.0 against 1.99.0-beta.8 for beta-1.100-2
[INFO] extracting crate slpc 0.4.0 into /workspace/builds/worker-7-tc1/source
[INFO] started tweaking crates.io crate slpc 0.4.0
[INFO] removed 0 missing tests
[INFO] finished tweaking crates.io crate slpc 0.4.0
[INFO] tweaked toml for crates.io crate slpc 0.4.0 written to /workspace/builds/worker-7-tc1/source/Cargo.toml
[INFO] validating manifest of crates.io crate slpc 0.4.0 on toolchain 1.99.0-beta.8
[INFO] running `Command { std: CARGO_HOME="/workspace/cargo-home" RUSTUP_HOME="/workspace/rustup-home" "/workspace/cargo-home/bin/cargo" "+1.99.0-beta.8" "metadata" "--manifest-path" "Cargo.toml" "--no-deps", kill_on_drop: false }`
[INFO] crate crates.io crate slpc 0.4.0 already has a lockfile, it will not be regenerated
[INFO] running `Command { std: CARGO_HOME="/workspace/cargo-home" RUSTUP_HOME="/workspace/rustup-home" "/workspace/cargo-home/bin/cargo" "+1.99.0-beta.8" "fetch" "--manifest-path" "Cargo.toml", kill_on_drop: false }`
[INFO] [stderr]     Updating crates.io index
[INFO] [stderr]  Downloading crates ...
[INFO] [stderr]   Downloaded typed-path v0.12.3
[INFO] [stderr]   Downloaded zip v8.6.0
[INFO] running `Command { std: "docker" "create" "-v" "/var/lib/crater-agent-workspace/builds/worker-7-tc1/source:/opt/rustwide/workdir:ro,Z" "-v" "/var/lib/crater-agent-workspace/builds/worker-7-tc1/target:/opt/rustwide/target:rw,Z" "-v" "/var/lib/crater-agent-workspace/cargo-home:/opt/rustwide/cargo-home:ro,Z" "-v" "/var/lib/crater-agent-workspace/rustup-home:/opt/rustwide/rustup-home:ro,Z" "-m" "1610612736" "--network" "none" "ghcr.io/rust-lang/crates-build-env/linux@sha256:3111399a4047eeb3a02b7a90e478d715f38a8c6669b5c4b49d30a17385265909" "sleep" "infinity", kill_on_drop: false }`
[INFO] [stdout] 979448f48d2999ef7914faba01d0c5d2030d33cc9acaf9d1f343cfea6aa2956a
[INFO] running `Command { std: "docker" "start" "979448f48d2999ef7914faba01d0c5d2030d33cc9acaf9d1f343cfea6aa2956a", kill_on_drop: false }`
[INFO] running `Command { std: "docker" "inspect" "979448f48d2999ef7914faba01d0c5d2030d33cc9acaf9d1f343cfea6aa2956a", kill_on_drop: false }`
[INFO] running `Command { std: "docker" "exec" "-e" "SOURCE_DIR=/opt/rustwide/workdir" "-e" "CARGO_HOME=/opt/rustwide/cargo-home" "-e" "RUSTUP_HOME=/opt/rustwide/rustup-home" "-e" "CARGO_TARGET_DIR=/opt/rustwide/target" "-w" "/opt/rustwide/workdir" "--user" "0:0" "979448f48d2999ef7914faba01d0c5d2030d33cc9acaf9d1f343cfea6aa2956a" "/opt/rustwide/cargo-home/bin/cargo" "+1.99.0-beta.8" "metadata" "--no-deps" "--format-version=1", kill_on_drop: false }`
[INFO] running `Command { std: "docker" "inspect" "979448f48d2999ef7914faba01d0c5d2030d33cc9acaf9d1f343cfea6aa2956a", kill_on_drop: false }`
[INFO] running `Command { std: "docker" "exec" "-e" "SOURCE_DIR=/opt/rustwide/workdir" "-e" "CARGO_HOME=/opt/rustwide/cargo-home" "-e" "RUSTUP_HOME=/opt/rustwide/rustup-home" "-e" "CARGO_TARGET_DIR=/opt/rustwide/target" "-e" "CARGO_INCREMENTAL=0" "-e" "RUST_BACKTRACE=full" "-e" "RUSTFLAGS=--cap-lints=warn" "-e" "RUSTDOCFLAGS=--cap-lints=warn" "-w" "/opt/rustwide/workdir" "--user" "0:0" "979448f48d2999ef7914faba01d0c5d2030d33cc9acaf9d1f343cfea6aa2956a" "/opt/rustwide/cargo-home/bin/cargo" "+1.99.0-beta.8" "build" "--frozen" "--message-format=json", kill_on_drop: false }`
[INFO] [stderr]    Compiling crc32fast v1.5.2
[INFO] [stderr]    Compiling winnow v1.0.4
[INFO] [stderr]    Compiling zlib-rs v0.6.7
[INFO] [stderr]    Compiling toml_writer v1.1.2+spec-1.1.0
[INFO] [stderr]    Compiling toml_datetime v1.1.1+spec-1.1.0
[INFO] [stderr]    Compiling typed-path v0.12.3
[INFO] [stderr]    Compiling toml_parser v1.1.3+spec-1.1.0
[INFO] [stderr]    Compiling toml_edit v0.25.15+spec-1.1.0
[INFO] [stderr]    Compiling flate2 v1.1.9
[INFO] [stderr]    Compiling zip v8.6.0
[INFO] [stderr]    Compiling slpc v0.4.0 (/opt/rustwide/workdir)
[INFO] [stderr]     Finished `dev` profile [unoptimized + debuginfo] target(s) in 7.04s
[INFO] running `Command { std: "docker" "inspect" "979448f48d2999ef7914faba01d0c5d2030d33cc9acaf9d1f343cfea6aa2956a", kill_on_drop: false }`
[INFO] running `Command { std: "docker" "exec" "-e" "SOURCE_DIR=/opt/rustwide/workdir" "-e" "CARGO_HOME=/opt/rustwide/cargo-home" "-e" "RUSTUP_HOME=/opt/rustwide/rustup-home" "-e" "CARGO_TARGET_DIR=/opt/rustwide/target" "-e" "CARGO_INCREMENTAL=0" "-e" "RUST_BACKTRACE=full" "-e" "RUSTFLAGS=--cap-lints=warn" "-e" "RUSTDOCFLAGS=--cap-lints=warn" "-w" "/opt/rustwide/workdir" "--user" "0:0" "979448f48d2999ef7914faba01d0c5d2030d33cc9acaf9d1f343cfea6aa2956a" "/opt/rustwide/cargo-home/bin/cargo" "+1.99.0-beta.8" "test" "--frozen" "--no-run" "--message-format=json", kill_on_drop: false }`
[INFO] [stderr]    Compiling libc v0.2.189
[INFO] [stderr]    Compiling getrandom v0.4.3
[INFO] [stderr]    Compiling bitflags v2.13.1
[INFO] [stderr]    Compiling fastrand v2.5.0
[INFO] [stderr]    Compiling rustix v1.1.4
[INFO] [stderr]    Compiling tempfile v3.27.0
[INFO] [stderr]    Compiling slpc v0.4.0 (/opt/rustwide/workdir)
[INFO] [stderr]     Finished `test` profile [unoptimized + debuginfo] target(s) in 4.51s
[INFO] running `Command { std: "docker" "inspect" "979448f48d2999ef7914faba01d0c5d2030d33cc9acaf9d1f343cfea6aa2956a", kill_on_drop: false }`
[INFO] running `Command { std: "docker" "exec" "-e" "SOURCE_DIR=/opt/rustwide/workdir" "-e" "CARGO_HOME=/opt/rustwide/cargo-home" "-e" "RUSTUP_HOME=/opt/rustwide/rustup-home" "-e" "CARGO_TARGET_DIR=/opt/rustwide/target" "-e" "CARGO_INCREMENTAL=0" "-e" "RUST_BACKTRACE=full" "-e" "RUSTFLAGS=--cap-lints=warn" "-e" "RUSTDOCFLAGS=--cap-lints=warn" "-w" "/opt/rustwide/workdir" "--user" "0:0" "979448f48d2999ef7914faba01d0c5d2030d33cc9acaf9d1f343cfea6aa2956a" "/opt/rustwide/cargo-home/bin/cargo" "+1.99.0-beta.8" "test" "--frozen", kill_on_drop: false }`
[INFO] [stderr]     Finished `test` profile [unoptimized + debuginfo] target(s) in 0.04s
[INFO] [stderr]      Running unittests src/lib.rs (/opt/rustwide/target/debug/deps/slpc-cf76ce115f054cf6)
[INFO] [stdout] 
[INFO] [stdout] running 14 tests
[INFO] [stdout] test central::tests::a_replacement_character_someone_meant_is_a_name_like_any_other ... ok
[INFO] [stdout] test central::tests::comparison_is_exact_over_code_points ... ok
[INFO] [stdout] test central::tests::a_name_flagged_utf8_that_is_not_utf8_equals_nothing ... ok
[INFO] [stdout] test name::tests::an_ordinary_name_is_not_copied ... ok
[INFO] [stdout] test name::tests::rejects_every_control_character ... ok
[INFO] [stdout] test name::tests::the_rendering_does_not_collide ... ok
[INFO] [stdout] test central::tests::cp437_covers_every_byte_and_repeats_none ... ok
[INFO] [stdout] test central::tests::a_name_decodes_to_itself ... ok
[INFO] [stdout] test name::tests::every_bidi_formatting_character_is_escaped ... ok
[INFO] [stdout] test name::tests::neighbouring_characters_are_left_alone ... ok
[INFO] [stdout] test name::tests::accepts_a_plain_filename ... ok
[INFO] [stdout] test name::tests::rejects_each_rule_in_2_3 ... ok
[INFO] [stdout] test name::tests::a_double_dot_is_only_excluded_as_the_whole_name ... ok
[INFO] [stdout] test name::tests::an_override_no_longer_hides_the_extension ... ok
[INFO] [stderr]      Running tests/dest.rs (/opt/rustwide/target/debug/deps/dest-830bb6a8d230dee9)
[INFO] [stdout] 
[INFO] [stdout] test result: ok. 14 passed; 0 failed; 0 ignored; 0 measured; 0 filtered out; finished in 0.00s
[INFO] [stdout] 
[INFO] [stdout] 
[INFO] [stdout] running 0 tests
[INFO] [stdout] 
[INFO] [stdout] test result: ok. 0 passed; 0 failed; 0 ignored; 0 measured; 0 filtered out; finished in 0.00s
[INFO] [stdout] 
[INFO] [stderr]      Running tests/read.rs (/opt/rustwide/target/debug/deps/read-a7ef0777da9644b3)
[INFO] [stdout] 
[INFO] [stdout] running 57 tests
[INFO] [stdout] test a_content_of_zero_length_has_a_crc_and_not_an_error ... ok
[INFO] [stdout] test a_lying_recorded_size_does_not_get_past_the_bound ... ok
[INFO] [stdout] test a_content_compressed_beyond_this_build_still_validates ... ok
[INFO] [stdout] test an_encrypted_content_is_not_readable_and_the_container_still_conforms ... ok
[INFO] [stdout] test a_multi_disk_archive_is_refused ... ok
[INFO] [stdout] test a_flyleaf_member_over_the_bound_is_undetermined ... ok
[INFO] [stdout] test a_content_of_zero_length_has_a_size_and_not_an_error ... ok
[INFO] [stdout] test an_unrecognised_version_has_no_content_to_check ... ok
[INFO] [stdout] test a_container_may_be_its_own_content ... ok
[INFO] [stdout] test a_content_that_is_both_encrypted_and_unreadable_reports_the_encryption ... ok
[INFO] [stdout] test a_content_compressed_beyond_this_build_is_not_readable ... ok
[INFO] [stdout] test a_member_cannot_be_renamed_by_an_extra_field ... ok
[INFO] [stdout] test a_container_recording_no_mode_says_nothing ... ok
[INFO] [stdout] test an_entry_made_on_dos_is_not_taken_for_a_symlink ... ok
[INFO] [stdout] test a_recorded_mode_comes_back_without_its_file_type_bits ... ok
[INFO] [stdout] test an_unrecognized_version_has_no_content_to_size ... ok
[INFO] [stdout] test an_unrecognized_version_has_no_content_to_checksum ... ok
[INFO] [stdout] test hands_back_the_document_when_a_required_key_is_absent ... ok
[INFO] [stdout] test hands_back_the_document_of_a_conformant_container ... ok
[INFO] [stdout] test a_content_this_build_can_decode_is_readable ... ok
[INFO] [stdout] test never_matches_a_name_the_crate_decoded_lossily ... ok
[INFO] [stdout] test an_unrecognised_version_parses_and_reports_but_yields_no_content ... ok
[INFO] [stdout] test a_setuid_content_is_reported ... ok
[INFO] [stdout] test flyleaf_bytes_are_the_member_as_stored ... ok
[INFO] [stdout] test ordinary_extra_fields_are_not_refused ... ok
[INFO] [stdout] test reads_a_container ... ok
[INFO] [stdout] test matches_a_name_stored_as_cp437 ... ok
[INFO] [stdout] test passes_through_keys_and_members_it_does_not_recognise ... ok
[INFO] [stdout] test an_encrypted_content_still_validates ... ok
[INFO] [stdout] test rejects_a_content_file_containing_a_control_character ... ok
[INFO] [stdout] test rejects_a_content_file_that_is_not_a_plain_filename ... ok
[INFO] [stdout] test rejects_an_archive_with_no_flyleaf_member ... ok
[INFO] [stdout] test hands_back_the_document_when_content_file_is_a_path ... ok
[INFO] [stdout] test rejects_a_content_file_that_names_nothing ... ok
[INFO] [stdout] test rejects_flyleaf_missing_either_required_key ... ok
[INFO] [stdout] test member_order_does_not_matter ... ok
[INFO] [stdout] test refuses_what_spec_2_2_requires_of_the_member_itself ... ok
[INFO] [stdout] test rejects_flyleaf_that_is_not_toml ... ok
[INFO] [stdout] test hands_back_the_document_when_content_file_names_no_member ... ok
[INFO] [stdout] test keeps_comments_and_key_order ... ok
[INFO] [stdout] test flyleaf_of_is_bounded_as_well ... ok
[INFO] [stdout] test rejects_flyleaf_that_is_not_utf8 ... ok
[INFO] [stdout] test rejects_a_content_that_is_not_a_regular_file_entry ... ok
[INFO] [stdout] test rejects_more_than_one_member_of_either_name ... ok
[INFO] [stdout] test reports_the_contents_uncompressed_size ... ok
[INFO] [stdout] test rejects_required_keys_that_are_not_strings ... ok
[INFO] [stdout] test reports_the_crc_the_archive_recorded_for_the_content ... ok
[INFO] [stdout] test the_crc_is_the_contents_and_not_the_flyleafs ... ok
[INFO] [stdout] test the_name_and_the_check_can_be_asked_for_together ... ok
[INFO] [stdout] test the_name_and_the_size_can_be_asked_for_together ... ok
[INFO] [stdout] test the_crc_is_of_the_uncompressed_content ... ok
[INFO] [stdout] test the_record_must_end_the_file ... ok
[INFO] [stdout] test the_size_is_the_uncompressed_one ... ok
[INFO] [stdout] test the_zip64_record_is_consulted_on_the_size_sentinel ... ok
[INFO] [stdout] test the_two_entry_counts_must_agree ... ok
[INFO] [stdout] test reads_a_deflated_content ... ok
[INFO] [stdout] test the_check_agrees_with_what_extraction_does ... ok
[INFO] [stdout] 
[INFO] [stdout] test result: ok. 57 passed; 0 failed; 0 ignored; 0 measured; 0 filtered out; finished in 0.02s
[INFO] [stdout] 
[INFO] [stderr]      Running tests/write.rs (/opt/rustwide/target/debug/deps/write-4197f53b7eb5ceb6)
[INFO] [stdout] 
[INFO] [stdout] running 43 tests
[INFO] [stdout] test a_non_ascii_content_name_round_trips ... ok
[INFO] [stdout] test pack_file_names_the_path_when_the_file_cannot_be_packed_as_itself ... ok
[INFO] [stdout] test packs_a_container_that_reads_back ... ok
[INFO] [stdout] test accepts_flyleaf_that_already_agrees ... ok
[INFO] [stdout] test passes_everything_else_in_the_flyleaf_through ... ok
[INFO] [stdout] test refuses_a_content_name_that_is_not_a_plain_filename ... ok
[INFO] [stdout] test refuses_flyleaf_whose_content_is_not_a_table ... ok
[INFO] [stdout] test refuses_flyleaf_that_claims_a_different_version ... ok
[INFO] [stdout] test a_rewrite_survives_a_second_rewrite ... ok
[INFO] [stdout] test refuses_flyleaf_that_names_a_different_content ... ok
[INFO] [stdout] test repacking_a_content_under_its_own_name_does_not_touch_the_flyleaf_member ... ok
[INFO] [stdout] test pack_file_takes_the_name_from_the_path ... ok
[INFO] [stdout] test repacking_keeps_the_comments_and_the_keys_it_does_not_know ... ok
[INFO] [stdout] test repacking_nothing_copies_the_container_through ... ok
[INFO] [stdout] test repacking_changes_both_halves_at_once ... ok
[INFO] [stdout] test repacking_refuses_a_source_whose_version_it_does_not_recognise ... ok
[INFO] [stdout] test repacking_copies_a_member_it_cannot_decompress ... ok
[INFO] [stdout] test repacking_leaves_no_member_promising_a_data_descriptor ... ok
[INFO] [stdout] test repacking_refuses_a_content_name_that_is_not_a_plain_filename ... ok
[INFO] [stdout] test repacking_refuses_a_name_another_member_already_carries ... ok
[INFO] [stdout] test repacking_under_a_new_name_moves_content_file_with_it ... ok
[INFO] [stdout] test repacking_under_the_name_the_document_already_carries_rewrites_nothing ... ok
[INFO] [stdout] test rewriting_copies_a_member_it_cannot_decompress ... ok
[INFO] [stdout] test rewriting_from_a_document_keeps_its_formatting ... ok
[INFO] [stdout] test repointing_content_file_keeps_the_comment_beside_it ... ok
[INFO] [stdout] test repointing_content_file_keeps_the_whitespace_of_a_multiline_inline_table ... ok
[INFO] [stdout] test rewriting_may_repoint_the_content_at_another_member ... ok
[INFO] [stdout] test rewriting_refuses_a_source_whose_version_it_does_not_recognise ... ok
[INFO] [stdout] test repacking_replaces_the_content_and_keeps_everything_else ... ok
[INFO] [stdout] test rewriting_refuses_a_source_that_is_not_a_container ... ok
[INFO] [stdout] test repacking_takes_a_content_name_from_a_path ... ok
[INFO] [stdout] test repacking_sets_content_file_in_a_document_and_refuses_bytes_that_disagree ... ok
[INFO] [stdout] test rewriting_stores_the_bytes_exactly_as_handed_in ... ok
[INFO] [stdout] test rewriting_replaces_the_flyleaf_and_keeps_everything_else ... ok
[INFO] [stdout] test sets_both_required_keys_itself ... ok
[INFO] [stdout] test rewriting_refuses_flyleaf_naming_a_member_that_is_not_there ... ok
[INFO] [stdout] test rewriting_refuses_flyleaf_that_claims_a_version_this_build_does_not_write ... ok
[INFO] [stdout] test what_it_repacks_it_validates ... ok
[INFO] [stdout] test rewriting_refuses_flyleaf_that_is_not_a_conformant_document ... ok
[INFO] [stdout] test repacking_streams_a_content_of_unknown_length_into_a_writer_that_cannot_seek ... ok
[INFO] [stdout] test what_it_packs_it_validates ... ok
[INFO] [stdout] test the_flyleaf_it_generates_looks_like_the_specification_example ... ok
[INFO] [stdout] test packs_a_content_of_unknown_length_into_a_writer_that_cannot_seek ... ok
[INFO] [stdout] 
[INFO] [stdout] test result: ok. 43 passed; 0 failed; 0 ignored; 0 measured; 0 filtered out; finished in 0.05s
[INFO] [stdout] 
[INFO] [stderr]    Doc-tests slpc
[INFO] [stdout] 
[INFO] [stdout] running 13 tests
[INFO] [stdout] test src/container.rs - container::Container<R>::content_crc (line 317) - compile ... ok
[INFO] [stdout] test src/container.rs - container::Container<R>::check_content_readable (line 427) - compile ... ok
[INFO] [stdout] test src/lib.rs - (line 152) - compile ... ok
[INFO] [stdout] test src/container.rs - container::Container<R>::content_size (line 285) - compile ... ok
[INFO] [stdout] test src/lib.rs - (line 131) - compile ... FAILED
[INFO] [stdout] test src/lib.rs - (line 63) - compile ... ok
[INFO] [stdout] test src/write.rs - write::Repack (line 98) - compile ... ok
[INFO] [stdout] test src/lib.rs - (line 16) - compile ... ok
[INFO] [stdout] test src/lib.rs - (line 36) - compile ... ok
[INFO] [stdout] test src/container.rs - container::Container<R>::content_mode (line 365) - compile ... ok
[INFO] [stdout] test src/limits.rs - limits::Limits::DEFAULT (line 88) ... ok
[INFO] [stdout] test src/name.rs - name::display_name (line 82) ... ok
[INFO] [stdout] test src/limits.rs - limits::Limits (line 28) ... ok
[INFO] [stdout] 
[INFO] [stdout] failures:
[INFO] [stdout] 
[INFO] [stdout] ---- src/lib.rs - (line 131) stdout ----
[INFO] [stdout] error[E0432]: unresolved import `slpc::provenance`
[INFO] [stdout]    --> src/lib.rs:133:11
[INFO] [stdout]     |
[INFO] [stdout] 133 | use slpc::provenance::{carry, Mark};
[INFO] [stdout]     |           ^^^^^^^^^^ could not find `provenance` in `slpc`
[INFO] [stdout]     |
[INFO] [stdout] note: found an item that was configured out
[INFO] [stdout]    --> src/lib.rs:21:9
[INFO] [stdout]     |
[INFO] [stdout]  20 | #[cfg(feature = "provenance")]
[INFO] [stdout]     |       ---------------------- the item is gated behind the `provenance` feature
[INFO] [stdout]  21 | pub mod provenance;
[INFO] [stdout]     |         ^^^^^^^^^^
[INFO] [stdout] 
[INFO] [stdout] error: aborting due to 1 previous error
[INFO] [stdout] 
[INFO] [stdout] For more information about this error, try `rustc --explain E0432`.
[INFO] [stdout] Couldn't compile the test.
[INFO] [stdout] 
[INFO] [stdout] failures:
[INFO] [stdout]     src/lib.rs - (line 131)
[INFO] [stdout] 
[INFO] [stdout] test result: FAILED. 12 passed; 1 failed; 0 ignored; 0 measured; 0 filtered out; finished in 0.35s
[INFO] [stdout] 
[INFO] [stderr] error: doctest failed, to rerun pass `--doc`
[INFO] running `Command { std: "docker" "inspect" "979448f48d2999ef7914faba01d0c5d2030d33cc9acaf9d1f343cfea6aa2956a", kill_on_drop: false }`
[INFO] running `Command { std: "docker" "rm" "-f" "979448f48d2999ef7914faba01d0c5d2030d33cc9acaf9d1f343cfea6aa2956a", kill_on_drop: false }`
[INFO] [stdout] 979448f48d2999ef7914faba01d0c5d2030d33cc9acaf9d1f343cfea6aa2956a
