[INFO] fetching crate simple-concurrent-get 0.3.1...
[INFO] testing simple-concurrent-get-0.3.1 against 1.99.0-beta.8 for beta-1.100-2
[INFO] extracting crate simple-concurrent-get 0.3.1 into /workspace/builds/worker-6-tc1/source
[INFO] started tweaking crates.io crate simple-concurrent-get 0.3.1
[INFO] removed 0 missing examples
[INFO] finished tweaking crates.io crate simple-concurrent-get 0.3.1
[INFO] tweaked toml for crates.io crate simple-concurrent-get 0.3.1 written to /workspace/builds/worker-6-tc1/source/Cargo.toml
[INFO] validating manifest of crates.io crate simple-concurrent-get 0.3.1 on toolchain 1.99.0-beta.8
[INFO] running `Command { std: CARGO_HOME="/workspace/cargo-home" RUSTUP_HOME="/workspace/rustup-home" "/workspace/cargo-home/bin/cargo" "+1.99.0-beta.8" "metadata" "--manifest-path" "Cargo.toml" "--no-deps", kill_on_drop: false }`
[INFO] crate crates.io crate simple-concurrent-get 0.3.1 already has a lockfile, it will not be regenerated
[INFO] running `Command { std: CARGO_HOME="/workspace/cargo-home" RUSTUP_HOME="/workspace/rustup-home" "/workspace/cargo-home/bin/cargo" "+1.99.0-beta.8" "fetch" "--manifest-path" "Cargo.toml", kill_on_drop: false }`
[INFO] [stderr]  Downloading crates ...
[INFO] [stderr]   Downloaded derive_more v0.99.18
[INFO] [stderr]   Downloaded markup5ever v0.14.0
[INFO] [stderr]   Downloaded itoa v1.0.13
[INFO] [stderr]   Downloaded servo_arc v0.4.0
[INFO] [stderr]   Downloaded string_cache v0.8.7
[INFO] [stderr]   Downloaded html5ever v0.29.0
[INFO] [stderr]   Downloaded rustix v0.38.41
[INFO] [stderr]   Downloaded hyper v1.5.1
[INFO] [stderr]   Downloaded async-compression v0.4.13
[INFO] [stderr]   Downloaded rustls v0.23.18
[INFO] running `Command { std: "docker" "create" "-v" "/var/lib/crater-agent-workspace/builds/worker-6-tc1/source:/opt/rustwide/workdir:ro,Z" "-v" "/var/lib/crater-agent-workspace/builds/worker-6-tc1/target:/opt/rustwide/target:rw,Z" "-v" "/var/lib/crater-agent-workspace/cargo-home:/opt/rustwide/cargo-home:ro,Z" "-v" "/var/lib/crater-agent-workspace/rustup-home:/opt/rustwide/rustup-home:ro,Z" "-m" "1610612736" "--network" "none" "ghcr.io/rust-lang/crates-build-env/linux@sha256:3111399a4047eeb3a02b7a90e478d715f38a8c6669b5c4b49d30a17385265909" "sleep" "infinity", kill_on_drop: false }`
[INFO] [stdout] 9e39dce13ddb6f2df238c36754d42f1ddea606fa5346163b87c75cd886e90b58
[INFO] running `Command { std: "docker" "start" "9e39dce13ddb6f2df238c36754d42f1ddea606fa5346163b87c75cd886e90b58", kill_on_drop: false }`
[INFO] running `Command { std: "docker" "inspect" "9e39dce13ddb6f2df238c36754d42f1ddea606fa5346163b87c75cd886e90b58", kill_on_drop: false }`
[INFO] running `Command { std: "docker" "exec" "-e" "SOURCE_DIR=/opt/rustwide/workdir" "-e" "CARGO_HOME=/opt/rustwide/cargo-home" "-e" "RUSTUP_HOME=/opt/rustwide/rustup-home" "-e" "CARGO_TARGET_DIR=/opt/rustwide/target" "-w" "/opt/rustwide/workdir" "--user" "0:0" "9e39dce13ddb6f2df238c36754d42f1ddea606fa5346163b87c75cd886e90b58" "/opt/rustwide/cargo-home/bin/cargo" "+1.99.0-beta.8" "metadata" "--no-deps" "--format-version=1", kill_on_drop: false }`
[INFO] running `Command { std: "docker" "inspect" "9e39dce13ddb6f2df238c36754d42f1ddea606fa5346163b87c75cd886e90b58", kill_on_drop: false }`
[INFO] running `Command { std: "docker" "exec" "-e" "SOURCE_DIR=/opt/rustwide/workdir" "-e" "CARGO_HOME=/opt/rustwide/cargo-home" "-e" "RUSTUP_HOME=/opt/rustwide/rustup-home" "-e" "CARGO_TARGET_DIR=/opt/rustwide/target" "-e" "CARGO_INCREMENTAL=0" "-e" "RUST_BACKTRACE=full" "-e" "RUSTFLAGS=--cap-lints=warn" "-e" "RUSTDOCFLAGS=--cap-lints=warn" "-w" "/opt/rustwide/workdir" "--user" "0:0" "9e39dce13ddb6f2df238c36754d42f1ddea606fa5346163b87c75cd886e90b58" "/opt/rustwide/cargo-home/bin/cargo" "+1.99.0-beta.8" "build" "--frozen" "--message-format=json", kill_on_drop: false }`
[INFO] [stderr]    Compiling proc-macro2 v1.0.92
[INFO] [stderr]    Compiling unicode-ident v1.0.14
[INFO] [stderr]    Compiling libc v0.2.164
[INFO] [stderr]    Compiling futures-core v0.3.31
[INFO] [stderr]    Compiling cc v1.2.1
[INFO] [stderr]    Compiling writeable v0.5.5
[INFO] [stderr]    Compiling litemap v0.7.4
[INFO] [stderr]    Compiling itoa v1.0.13
[INFO] [stderr]    Compiling openssl-sys v0.9.104
[INFO] [stderr]    Compiling smallvec v1.13.2
[INFO] [stderr]    Compiling icu_locid_transform_data v1.5.0
[INFO] [stderr]    Compiling tracing-core v0.1.32
[INFO] [stderr]    Compiling equivalent v1.0.1
[INFO] [stderr]    Compiling http v1.1.0
[INFO] [stderr]    Compiling quote v1.0.37
[INFO] [stderr]    Compiling futures-sink v0.3.31
[INFO] [stderr]    Compiling openssl v0.10.68
[INFO] [stderr]    Compiling hashbrown v0.15.1
[INFO] [stderr]    Compiling syn v2.0.89
[INFO] [stderr]    Compiling icu_properties_data v1.5.0
[INFO] [stderr]    Compiling httparse v1.9.5
[INFO] [stderr]    Compiling utf16_iter v1.0.5
[INFO] [stderr]    Compiling tracing v0.1.40
[INFO] [stderr]    Compiling native-tls v0.2.12
[INFO] [stderr]    Compiling socket2 v0.5.7
[INFO] [stderr]    Compiling mio v1.0.2
[INFO] [stderr]    Compiling icu_normalizer_data v1.5.0
[INFO] [stderr]    Compiling indexmap v2.6.0
[INFO] [stderr]    Compiling write16 v1.0.0
[INFO] [stderr]    Compiling futures-channel v0.3.31
[INFO] [stderr]    Compiling tokio v1.41.1
[INFO] [stderr]    Compiling serde v1.0.215
[INFO] [stderr]    Compiling openssl-probe v0.1.5
[INFO] [stderr]    Compiling http-body v1.0.1
[INFO] [stderr]    Compiling miniz_oxide v0.8.0
[INFO] [stderr]    Compiling form_urlencoded v1.2.1
[INFO] [stderr]    Compiling rustls-pki-types v1.10.0
[INFO] [stderr]    Compiling flate2 v1.0.35
[INFO] [stderr]    Compiling rustls-pemfile v2.2.0
[INFO] [stderr]    Compiling encoding_rs v0.8.35
[INFO] [stderr]    Compiling sync_wrapper v1.0.2
[INFO] [stderr]    Compiling ipnet v2.10.1
[INFO] [stderr]    Compiling synstructure v0.13.1
[INFO] [stderr]    Compiling zerofrom-derive v0.1.5
[INFO] [stderr]    Compiling yoke-derive v0.7.5
[INFO] [stderr]    Compiling zerovec-derive v0.10.3
[INFO] [stderr]    Compiling displaydoc v0.2.5
[INFO] [stderr]    Compiling icu_provider_macros v1.5.0
[INFO] [stderr]    Compiling futures-macro v0.3.31
[INFO] [stderr]    Compiling openssl-macros v0.1.1
[INFO] [stderr]    Compiling serde_urlencoded v0.7.1
[INFO] [stderr]    Compiling futures-util v0.3.31
[INFO] [stderr]    Compiling zerofrom v0.1.5
[INFO] [stderr]    Compiling tokio-util v0.7.12
[INFO] [stderr]    Compiling async-compression v0.4.13
[INFO] [stderr]    Compiling yoke v0.7.5
[INFO] [stderr]    Compiling h2 v0.4.7
[INFO] [stderr]    Compiling zerovec v0.10.4
[INFO] [stderr]    Compiling http-body-util v0.1.2
[INFO] [stderr]    Compiling tinystr v0.7.6
[INFO] [stderr]    Compiling icu_collections v1.5.0
[INFO] [stderr]    Compiling icu_locid v1.5.0
[INFO] [stderr]    Compiling hyper v1.5.1
[INFO] [stderr]    Compiling icu_provider v1.5.0
[INFO] [stderr]    Compiling icu_locid_transform v1.5.0
[INFO] [stderr]    Compiling hyper-util v0.1.10
[INFO] [stderr]    Compiling tokio-native-tls v0.3.1
[INFO] [stderr]    Compiling icu_properties v1.5.1
[INFO] [stderr]    Compiling hyper-tls v0.6.0
[INFO] [stderr]    Compiling icu_normalizer v1.5.0
[INFO] [stderr]    Compiling idna_adapter v1.2.0
[INFO] [stderr]    Compiling idna v1.0.3
[INFO] [stderr]    Compiling url v2.5.4
[INFO] [stderr]    Compiling reqwest v0.12.9
[INFO] [stderr]    Compiling simple-concurrent-get v0.3.1 (/opt/rustwide/workdir)
[INFO] [stderr]     Finished `dev` profile [unoptimized + debuginfo] target(s) in 1m 03s
[INFO] running `Command { std: "docker" "inspect" "9e39dce13ddb6f2df238c36754d42f1ddea606fa5346163b87c75cd886e90b58", kill_on_drop: false }`
[INFO] running `Command { std: "docker" "exec" "-e" "SOURCE_DIR=/opt/rustwide/workdir" "-e" "CARGO_HOME=/opt/rustwide/cargo-home" "-e" "RUSTUP_HOME=/opt/rustwide/rustup-home" "-e" "CARGO_TARGET_DIR=/opt/rustwide/target" "-e" "CARGO_INCREMENTAL=0" "-e" "RUST_BACKTRACE=full" "-e" "RUSTFLAGS=--cap-lints=warn" "-e" "RUSTDOCFLAGS=--cap-lints=warn" "-w" "/opt/rustwide/workdir" "--user" "0:0" "9e39dce13ddb6f2df238c36754d42f1ddea606fa5346163b87c75cd886e90b58" "/opt/rustwide/cargo-home/bin/cargo" "+1.99.0-beta.8" "test" "--frozen" "--no-run" "--message-format=json", kill_on_drop: false }`
[INFO] [stderr]    Compiling libc v0.2.164
[INFO] [stderr]    Compiling zerocopy-derive v0.7.35
[INFO] [stderr]    Compiling byteorder v1.5.0
[INFO] [stderr]    Compiling stable_deref_trait v1.2.0
[INFO] [stderr]    Compiling tokio-macros v2.4.0
[INFO] [stderr]    Compiling phf_shared v0.10.0
[INFO] [stderr]    Compiling new_debug_unreachable v1.0.6
[INFO] [stderr]    Compiling parking_lot_core v0.9.10
[INFO] [stderr]    Compiling yoke v0.7.5
[INFO] [stderr]    Compiling mac v0.1.1
[INFO] [stderr]    Compiling precomputed-hash v0.1.1
[INFO] [stderr]    Compiling parking_lot v0.12.3
[INFO] [stderr]    Compiling futf v0.1.5
[INFO] [stderr]    Compiling zerovec v0.10.4
[INFO] [stderr]    Compiling dtoa v1.0.9
[INFO] [stderr]    Compiling ahash v0.8.11
[INFO] [stderr]    Compiling tendril v0.4.3
[INFO] [stderr]    Compiling cssparser-macros v0.6.1
[INFO] [stderr]    Compiling html5ever v0.29.0
[INFO] [stderr]    Compiling dtoa-short v0.3.5
[INFO] [stderr]    Compiling string_cache v0.8.7
[INFO] [stderr]    Compiling servo_arc v0.4.0
[INFO] [stderr]    Compiling getrandom v0.2.15
[INFO] [stderr]    Compiling tinystr v0.7.6
[INFO] [stderr]    Compiling icu_collections v1.5.0
[INFO] [stderr]    Compiling tokio v1.41.1
[INFO] [stderr]    Compiling derive_more v0.99.18
[INFO] [stderr]    Compiling zerocopy v0.7.35
[INFO] [stderr]    Compiling icu_locid v1.5.0
[INFO] [stderr]    Compiling getopts v0.2.21
[INFO] [stderr]    Compiling rand_core v0.6.4
[INFO] [stderr]    Compiling either v1.13.0
[INFO] [stderr]    Compiling ego-tree v0.9.0
[INFO] [stderr]    Compiling icu_provider v1.5.0
[INFO] [stderr]    Compiling itertools v0.13.0
[INFO] [stderr]    Compiling futures-executor v0.3.31
[INFO] [stderr]    Compiling ppv-lite86 v0.2.20
[INFO] [stderr]    Compiling icu_locid_transform v1.5.0
[INFO] [stderr]    Compiling rand_chacha v0.3.1
[INFO] [stderr]    Compiling rand v0.8.5
[INFO] [stderr]    Compiling phf_generator v0.11.2
[INFO] [stderr]    Compiling phf_generator v0.10.0
[INFO] [stderr]    Compiling phf_codegen v0.11.2
[INFO] [stderr]    Compiling icu_properties v1.5.1
[INFO] [stderr]    Compiling phf_macros v0.11.2
[INFO] [stderr]    Compiling string_cache_codegen v0.5.2
[INFO] [stderr]    Compiling selectors v0.26.0
[INFO] [stderr]    Compiling phf v0.11.2
[INFO] [stderr]    Compiling markup5ever v0.14.0
[INFO] [stderr]    Compiling cssparser v0.34.0
[INFO] [stderr]    Compiling tokio-util v0.7.12
[INFO] [stderr]    Compiling tokio-native-tls v0.3.1
[INFO] [stderr]    Compiling async-compression v0.4.13
[INFO] [stderr]    Compiling h2 v0.4.7
[INFO] [stderr]    Compiling icu_normalizer v1.5.0
[INFO] [stderr]    Compiling scraper v0.21.0
[INFO] [stderr]    Compiling idna_adapter v1.2.0
[INFO] [stderr]    Compiling idna v1.0.3
[INFO] [stderr]    Compiling url v2.5.4
[INFO] [stderr]    Compiling hyper v1.5.1
[INFO] [stderr]    Compiling hyper-util v0.1.10
[INFO] [stderr]    Compiling hyper-tls v0.6.0
[INFO] [stderr]    Compiling reqwest v0.12.9
[INFO] [stderr]    Compiling simple-concurrent-get v0.3.1 (/opt/rustwide/workdir)
[INFO] [stderr]     Finished `test` profile [unoptimized + debuginfo] target(s) in 58.20s
[INFO] running `Command { std: "docker" "inspect" "9e39dce13ddb6f2df238c36754d42f1ddea606fa5346163b87c75cd886e90b58", kill_on_drop: false }`
[INFO] running `Command { std: "docker" "exec" "-e" "SOURCE_DIR=/opt/rustwide/workdir" "-e" "CARGO_HOME=/opt/rustwide/cargo-home" "-e" "RUSTUP_HOME=/opt/rustwide/rustup-home" "-e" "CARGO_TARGET_DIR=/opt/rustwide/target" "-e" "CARGO_INCREMENTAL=0" "-e" "RUST_BACKTRACE=full" "-e" "RUSTFLAGS=--cap-lints=warn" "-e" "RUSTDOCFLAGS=--cap-lints=warn" "-w" "/opt/rustwide/workdir" "--user" "0:0" "9e39dce13ddb6f2df238c36754d42f1ddea606fa5346163b87c75cd886e90b58" "/opt/rustwide/cargo-home/bin/cargo" "+1.99.0-beta.8" "test" "--frozen", kill_on_drop: false }`
[INFO] [stderr]     Finished `test` profile [unoptimized + debuginfo] target(s) in 0.39s
[INFO] [stderr]      Running unittests src/lib.rs (/opt/rustwide/target/debug/deps/simple_concurrent_get-9f15ac5c042e4db0)
[INFO] [stdout] 
[INFO] [stdout] running 4 tests
[INFO] [stdout] test tests::unordered::test_unordered_concurrent_get_foreach ... FAILED
[INFO] [stdout] test tests::ordered::test_ordered_concurrent_get ... FAILED
[INFO] [stdout] test tests::unordered::test_unordered_concurrent_get ... FAILED
[INFO] [stdout] test tests::ordered::test_ordered_concurrent_get_foreach ... FAILED
[INFO] [stdout] 
[INFO] [stdout] failures:
[INFO] [stdout] 
[INFO] [stdout] ---- tests::unordered::test_unordered_concurrent_get_foreach stdout ----
[INFO] [stdout] 
[INFO] [stdout] thread 'tests::unordered::test_unordered_concurrent_get_foreach' (1931) panicked at src/tests/unordered.rs:79:35:
[INFO] [stdout] called `Result::unwrap()` on an `Err` value: reqwest::Error { kind: Request, url: "https://evemaps.dotlan.net/route/3:Jita:Dodixie:Hek:Rens:Nisuwa", source: hyper_util::client::legacy::Error(Connect, ConnectError("dns error", Custom { kind: Uncategorized, error: "failed to lookup address information: Temporary failure in name resolution" })) }
[INFO] [stdout] stack backtrace:
[INFO] [stdout]    0:     0x6096719b0a11 - std[70759c8f55707aa4]::backtrace_rs::backtrace::libunwind::trace
[INFO] [stdout]                                at /rustc/dfb0accb7f508ae8be965d8629557221c889dd98/library/std/src/../../backtrace/src/backtrace/libunwind.rs:117:9
[INFO] [stdout]    1:     0x6096719b0a11 - std[70759c8f55707aa4]::backtrace_rs::backtrace::trace_unsynchronized::<std[70759c8f55707aa4]::sys::backtrace::_print_fmt::{closure#1}>
[INFO] [stdout]                                at /rustc/dfb0accb7f508ae8be965d8629557221c889dd98/library/std/src/../../backtrace/src/backtrace/mod.rs:66:14
[INFO] [stdout]    2:     0x6096719b0a11 - std[70759c8f55707aa4]::sys::backtrace::_print_fmt
[INFO] [stdout]                                at /rustc/dfb0accb7f508ae8be965d8629557221c889dd98/library/std/src/sys/backtrace.rs:74:9
[INFO] [stdout]    3:     0x6096719b0a11 - <<std[70759c8f55707aa4]::sys::backtrace::BacktraceLock>::print::DisplayBacktrace as core[df12db4294e9bfd3]::fmt::Display>::fmt
[INFO] [stdout]                                at /rustc/dfb0accb7f508ae8be965d8629557221c889dd98/library/std/src/sys/backtrace.rs:44:26
[INFO] [stdout]    4:     0x6096719c75fa - <core[df12db4294e9bfd3]::fmt::rt::Argument>::fmt
[INFO] [stdout]                                at /rustc/dfb0accb7f508ae8be965d8629557221c889dd98/library/core/src/fmt/rt.rs:152:76
[INFO] [stdout]    5:     0x6096719c75fa - core[df12db4294e9bfd3]::fmt::write
[INFO] [stdout]    6:     0x6096719b550c - core[df12db4294e9bfd3]::io::write::default_write_fmt::<alloc[2182bb758b4b3781]::vec::Vec<u8>>
[INFO] [stdout]                                at /rustc/dfb0accb7f508ae8be965d8629557221c889dd98/library/core/src/io/write.rs:402:11
[INFO] [stdout]    7:     0x6096719b550c - <alloc[2182bb758b4b3781]::vec::Vec<u8> as core[df12db4294e9bfd3]::io::write::Write>::write_fmt
[INFO] [stdout]                                at /rustc/dfb0accb7f508ae8be965d8629557221c889dd98/library/core/src/io/write.rs:335:13
[INFO] [stdout]    8:     0x60967198bb26 - <std[70759c8f55707aa4]::sys::backtrace::BacktraceLock>::print
[INFO] [stdout]                                at /rustc/dfb0accb7f508ae8be965d8629557221c889dd98/library/std/src/sys/backtrace.rs:47:9
[INFO] [stdout]    9:     0x60967198bb26 - std[70759c8f55707aa4]::panicking::default_hook::{closure#0}
[INFO] [stdout]                                at /rustc/dfb0accb7f508ae8be965d8629557221c889dd98/library/std/src/panicking.rs:292:27
[INFO] [stdout]   10:     0x6096719a8949 - std[70759c8f55707aa4]::panicking::default_hook
[INFO] [stdout]                                at /rustc/dfb0accb7f508ae8be965d8629557221c889dd98/library/std/src/panicking.rs:316:9
[INFO] [stdout]   11:     0x6096714ce220 - <alloc[2182bb758b4b3781]::boxed::Box<dyn for<'a, 'b> core[df12db4294e9bfd3]::ops::function::Fn<(&'a std[70759c8f55707aa4]::panic::PanicHookInfo<'b>,), Output = ()> + core[df12db4294e9bfd3]::marker::Send + core[df12db4294e9bfd3]::marker::Sync> as core[df12db4294e9bfd3]::ops::function::Fn<(&std[70759c8f55707aa4]::panic::PanicHookInfo,)>>::call
[INFO] [stdout]                                at /rustc/dfb0accb7f508ae8be965d8629557221c889dd98/library/alloc/src/boxed.rs:2334:9
[INFO] [stdout]   12:     0x6096714ce220 - test[9d35eded1c95d3be]::test_main_inner::<test[9d35eded1c95d3be]::test_main_static::{closure#0}>::{closure#0}
[INFO] [stdout]                                at /rustc/dfb0accb7f508ae8be965d8629557221c889dd98/library/test/src/lib.rs:155:21
[INFO] [stdout]   13:     0x6096719a8c72 - <alloc[2182bb758b4b3781]::boxed::Box<dyn for<'a, 'b> core[df12db4294e9bfd3]::ops::function::Fn<(&'a std[70759c8f55707aa4]::panic::PanicHookInfo<'b>,), Output = ()> + core[df12db4294e9bfd3]::marker::Send + core[df12db4294e9bfd3]::marker::Sync> as core[df12db4294e9bfd3]::ops::function::Fn<(&std[70759c8f55707aa4]::panic::PanicHookInfo,)>>::call
[INFO] [stdout]                                at /rustc/dfb0accb7f508ae8be965d8629557221c889dd98/library/alloc/src/boxed.rs:2334:9
[INFO] [stdout]   14:     0x6096719a8c72 - std[70759c8f55707aa4]::panicking::panic_with_hook
[INFO] [stdout]                                at /rustc/dfb0accb7f508ae8be965d8629557221c889dd98/library/std/src/panicking.rs:823:13
[INFO] [stdout]   15:     0x60967198bbd2 - std[70759c8f55707aa4]::panicking::panic_handler::{closure#0}
[INFO] [stdout]                                at /rustc/dfb0accb7f508ae8be965d8629557221c889dd98/library/std/src/panicking.rs:688:13
[INFO] [stdout]   16:     0x609671984639 - std[70759c8f55707aa4]::sys::backtrace::__rust_end_short_backtrace::<std[70759c8f55707aa4]::panicking::panic_handler::{closure#0}, !>
[INFO] [stdout]                                at /rustc/dfb0accb7f508ae8be965d8629557221c889dd98/library/std/src/sys/backtrace.rs:182:18
[INFO] [stdout]   17:     0x60967198ca5d - __rustc[8fa7c3cbc660c2b3]::rust_begin_unwind
[INFO] [stdout]                                at /rustc/dfb0accb7f508ae8be965d8629557221c889dd98/library/std/src/panicking.rs:679:5
[INFO] [stdout]   18:     0x6096719c7e4c - core[df12db4294e9bfd3]::panicking::panic_fmt
[INFO] [stdout]                                at /rustc/dfb0accb7f508ae8be965d8629557221c889dd98/library/core/src/panicking.rs:80:14
[INFO] [stdout]   19:     0x6096719c7b72 - core[df12db4294e9bfd3]::result::unwrap_failed
[INFO] [stdout]                                at /rustc/dfb0accb7f508ae8be965d8629557221c889dd98/library/core/src/result.rs:1871:5
[INFO] [stdout]   20:     0x6096714710c2 - <core[df12db4294e9bfd3]::result::Result<reqwest[9977f0bb995fead3]::async_impl::response::Response, reqwest[9977f0bb995fead3]::error::Error>>::unwrap
[INFO] [stdout]                                at /rustc/dfb0accb7f508ae8be965d8629557221c889dd98/library/core/src/result.rs:1232:23
[INFO] [stdout]   21:     0x6096714710c2 - simple_concurrent_get[74878efbec1ea83c]::tests::unordered::test_unordered_concurrent_get_foreach::{closure#0}::{closure#0}
[INFO] [stdout]                                at /opt/rustwide/workdir/src/tests/unordered.rs:79:35
[INFO] [stdout]   22:     0x6096714b8bc7 - simple_concurrent_get[74878efbec1ea83c]::unordered::get_foreach::concurrent_get_foreach::<core[df12db4294e9bfd3]::iter::adapters::map::Map<core[df12db4294e9bfd3]::slice::iter::Iter<&str>, simple_concurrent_get[74878efbec1ea83c]::tests::utils::make_url_lownull<&&str>>, alloc[2182bb758b4b3781]::string::String, simple_concurrent_get[74878efbec1ea83c]::tests::unordered::test_unordered_concurrent_get_foreach::{closure#0}::{closure#0}, (u64, alloc[2182bb758b4b3781]::string::String)>::{closure#0}::{closure#0}::{closure#0}
[INFO] [stdout]                                at /opt/rustwide/workdir/src/unordered/get_foreach.rs:30:17
[INFO] [stdout]   23:     0x60967148354f - <futures_util[9b1887257a1a38e4]::stream::futures_unordered::FuturesUnordered<simple_concurrent_get[74878efbec1ea83c]::unordered::get_foreach::concurrent_get_foreach<core[df12db4294e9bfd3]::iter::adapters::map::Map<core[df12db4294e9bfd3]::slice::iter::Iter<&str>, simple_concurrent_get[74878efbec1ea83c]::tests::utils::make_url_lownull<&&str>>, alloc[2182bb758b4b3781]::string::String, simple_concurrent_get[74878efbec1ea83c]::tests::unordered::test_unordered_concurrent_get_foreach::{closure#0}::{closure#0}, (u64, alloc[2182bb758b4b3781]::string::String)>::{closure#0}::{closure#0}::{closure#0}> as futures_core[891e680371f66a2b]::stream::Stream>::poll_next
[INFO] [stdout]                                at /opt/rustwide/cargo-home/registry/src/index.crates.io-1949cf8c6b5b557f/futures-util-0.3.31/src/stream/futures_unordered/mod.rs:528:24
[INFO] [stdout]   24:     0x609671484860 - <futures_util[9b1887257a1a38e4]::stream::futures_unordered::FuturesUnordered<simple_concurrent_get[74878efbec1ea83c]::unordered::get_foreach::concurrent_get_foreach<core[df12db4294e9bfd3]::iter::adapters::map::Map<core[df12db4294e9bfd3]::slice::iter::Iter<&str>, simple_concurrent_get[74878efbec1ea83c]::tests::utils::make_url_lownull<&&str>>, alloc[2182bb758b4b3781]::string::String, simple_concurrent_get[74878efbec1ea83c]::tests::unordered::test_unordered_concurrent_get_foreach::{closure#0}::{closure#0}, (u64, alloc[2182bb758b4b3781]::string::String)>::{closure#0}::{closure#0}::{closure#0}> as futures_util[9b1887257a1a38e4]::stream::stream::StreamExt>::poll_next_unpin
[INFO] [stdout]                                at /opt/rustwide/cargo-home/registry/src/index.crates.io-1949cf8c6b5b557f/futures-util-0.3.31/src/stream/stream/mod.rs:1638:24
[INFO] [stdout]   25:     0x60967148ac0b - <futures_util[9b1887257a1a38e4]::stream::stream::buffer_unordered::BufferUnordered<futures_util[9b1887257a1a38e4]::stream::stream::map::Map<futures_util[9b1887257a1a38e4]::stream::iter::Iter<core[df12db4294e9bfd3]::iter::adapters::map::Map<core[df12db4294e9bfd3]::slice::iter::Iter<&str>, simple_concurrent_get[74878efbec1ea83c]::tests::utils::make_url_lownull<&&str>>>, simple_concurrent_get[74878efbec1ea83c]::unordered::get_foreach::concurrent_get_foreach<core[df12db4294e9bfd3]::iter::adapters::map::Map<core[df12db4294e9bfd3]::slice::iter::Iter<&str>, simple_concurrent_get[74878efbec1ea83c]::tests::utils::make_url_lownull<&&str>>, alloc[2182bb758b4b3781]::string::String, simple_concurrent_get[74878efbec1ea83c]::tests::unordered::test_unordered_concurrent_get_foreach::{closure#0}::{closure#0}, (u64, alloc[2182bb758b4b3781]::string::String)>::{closure#0}::{closure#0}>> as futures_core[891e680371f66a2b]::stream::Stream>::poll_next
[INFO] [stdout]                                at /opt/rustwide/cargo-home/registry/src/index.crates.io-1949cf8c6b5b557f/futures-util-0.3.31/src/stream/stream/buffer_unordered.rs:75:38
[INFO] [stdout]   26:     0x609671479e1d - <futures_util[9b1887257a1a38e4]::stream::stream::for_each::ForEach<futures_util[9b1887257a1a38e4]::stream::stream::buffer_unordered::BufferUnordered<futures_util[9b1887257a1a38e4]::stream::stream::map::Map<futures_util[9b1887257a1a38e4]::stream::iter::Iter<core[df12db4294e9bfd3]::iter::adapters::map::Map<core[df12db4294e9bfd3]::slice::iter::Iter<&str>, simple_concurrent_get[74878efbec1ea83c]::tests::utils::make_url_lownull<&&str>>>, simple_concurrent_get[74878efbec1ea83c]::unordered::get_foreach::concurrent_get_foreach<core[df12db4294e9bfd3]::iter::adapters::map::Map<core[df12db4294e9bfd3]::slice::iter::Iter<&str>, simple_concurrent_get[74878efbec1ea83c]::tests::utils::make_url_lownull<&&str>>, alloc[2182bb758b4b3781]::string::String, simple_concurrent_get[74878efbec1ea83c]::tests::unordered::test_unordered_concurrent_get_foreach::{closure#0}::{closure#0}, (u64, alloc[2182bb758b4b3781]::string::String)>::{closure#0}::{closure#0}>>, simple_concurrent_get[74878efbec1ea83c]::unordered::get_foreach::concurrent_get_foreach<core[df12db4294e9bfd3]::iter::adapters::map::Map<core[df12db4294e9bfd3]::slice::iter::Iter<&str>, simple_concurrent_get[74878efbec1ea83c]::tests::utils::make_url_lownull<&&str>>, alloc[2182bb758b4b3781]::string::String, simple_concurrent_get[74878efbec1ea83c]::tests::unordered::test_unordered_concurrent_get_foreach::{closure#0}::{closure#0}, (u64, alloc[2182bb758b4b3781]::string::String)>::{closure#0}::{closure#1}::{closure#0}, simple_concurrent_get[74878efbec1ea83c]::unordered::get_foreach::concurrent_get_foreach<core[df12db4294e9bfd3]::iter::adapters::map::Map<core[df12db4294e9bfd3]::slice::iter::Iter<&str>, simple_concurrent_get[74878efbec1ea83c]::tests::utils::make_url_lownull<&&str>>, alloc[2182bb758b4b3781]::string::String, simple_concurrent_get[74878efbec1ea83c]::tests::unordered::test_unordered_concurrent_get_foreach::{closure#0}::{closure#0}, (u64, alloc[2182bb758b4b3781]::string::String)>::{closure#0}::{closure#1}> as core[df12db4294e9bfd3]::future::future::Future>::poll
[INFO] [stdout]                                at /opt/rustwide/cargo-home/registry/src/index.crates.io-1949cf8c6b5b557f/futures-util-0.3.31/src/stream/stream/for_each.rs:70:68
[INFO] [stdout]   27:     0x6096714b801d - simple_concurrent_get[74878efbec1ea83c]::unordered::get_foreach::concurrent_get_foreach::<core[df12db4294e9bfd3]::iter::adapters::map::Map<core[df12db4294e9bfd3]::slice::iter::Iter<&str>, simple_concurrent_get[74878efbec1ea83c]::tests::utils::make_url_lownull<&&str>>, alloc[2182bb758b4b3781]::string::String, simple_concurrent_get[74878efbec1ea83c]::tests::unordered::test_unordered_concurrent_get_foreach::{closure#0}::{closure#0}, (u64, alloc[2182bb758b4b3781]::string::String)>::{closure#0}
[INFO] [stdout]                                at /opt/rustwide/workdir/src/unordered/get_foreach.rs:44:10
[INFO] [stdout]   28:     0x609671474871 - simple_concurrent_get[74878efbec1ea83c]::tests::unordered::test_unordered_concurrent_get_foreach::{closure#0}
[INFO] [stdout]                                at /opt/rustwide/workdir/src/tests/unordered.rs:88:10
[INFO] [stdout]   29:     0x609671497f52 - <core[df12db4294e9bfd3]::pin::Pin<&mut dyn core[df12db4294e9bfd3]::future::future::Future<Output = ()>> as core[df12db4294e9bfd3]::future::future::Future>::poll
[INFO] [stdout]                                at /rustc/dfb0accb7f508ae8be965d8629557221c889dd98/library/core/src/future/future.rs:133:9
[INFO] [stdout]   30:     0x6096714875ed - <tokio[6bc14727e2c8973b]::runtime::park::CachedParkThread>::block_on::<core[df12db4294e9bfd3]::pin::Pin<&mut dyn core[df12db4294e9bfd3]::future::future::Future<Output = ()>>>::{closure#0}
[INFO] [stdout]                                at /opt/rustwide/cargo-home/registry/src/index.crates.io-1949cf8c6b5b557f/tokio-1.41.1/src/runtime/park.rs:281:74
[INFO] [stdout]   31:     0x60967148554e - tokio[6bc14727e2c8973b]::runtime::coop::with_budget::<core[df12db4294e9bfd3]::task::poll::Poll<()>, <tokio[6bc14727e2c8973b]::runtime::park::CachedParkThread>::block_on<core[df12db4294e9bfd3]::pin::Pin<&mut dyn core[df12db4294e9bfd3]::future::future::Future<Output = ()>>>::{closure#0}>
[INFO] [stdout]                                at /opt/rustwide/cargo-home/registry/src/index.crates.io-1949cf8c6b5b557f/tokio-1.41.1/src/runtime/coop.rs:107:5
[INFO] [stdout]   32:     0x60967148554e - tokio[6bc14727e2c8973b]::runtime::coop::budget::<core[df12db4294e9bfd3]::task::poll::Poll<()>, <tokio[6bc14727e2c8973b]::runtime::park::CachedParkThread>::block_on<core[df12db4294e9bfd3]::pin::Pin<&mut dyn core[df12db4294e9bfd3]::future::future::Future<Output = ()>>>::{closure#0}>
[INFO] [stdout]                                at /opt/rustwide/cargo-home/registry/src/index.crates.io-1949cf8c6b5b557f/tokio-1.41.1/src/runtime/coop.rs:73:5
[INFO] [stdout]   33:     0x60967148554e - <tokio[6bc14727e2c8973b]::runtime::park::CachedParkThread>::block_on::<core[df12db4294e9bfd3]::pin::Pin<&mut dyn core[df12db4294e9bfd3]::future::future::Future<Output = ()>>>
[INFO] [stdout]                                at /opt/rustwide/cargo-home/registry/src/index.crates.io-1949cf8c6b5b557f/tokio-1.41.1/src/runtime/park.rs:281:31
[INFO] [stdout]   34:     0x60967148df86 - <tokio[6bc14727e2c8973b]::runtime::context::blocking::BlockingRegionGuard>::block_on::<core[df12db4294e9bfd3]::pin::Pin<&mut dyn core[df12db4294e9bfd3]::future::future::Future<Output = ()>>>
[INFO] [stdout]                                at /opt/rustwide/cargo-home/registry/src/index.crates.io-1949cf8c6b5b557f/tokio-1.41.1/src/runtime/context/blocking.rs:66:14
[INFO] [stdout]   35:     0x60967149b628 - <tokio[6bc14727e2c8973b]::runtime::scheduler::multi_thread::MultiThread>::block_on::<core[df12db4294e9bfd3]::pin::Pin<&mut dyn core[df12db4294e9bfd3]::future::future::Future<Output = ()>>>::{closure#0}
[INFO] [stdout]                                at /opt/rustwide/cargo-home/registry/src/index.crates.io-1949cf8c6b5b557f/tokio-1.41.1/src/runtime/scheduler/multi_thread/mod.rs:87:22
[INFO] [stdout]   36:     0x60967146d403 - tokio[6bc14727e2c8973b]::runtime::context::runtime::enter_runtime::<<tokio[6bc14727e2c8973b]::runtime::scheduler::multi_thread::MultiThread>::block_on<core[df12db4294e9bfd3]::pin::Pin<&mut dyn core[df12db4294e9bfd3]::future::future::Future<Output = ()>>>::{closure#0}, ()>
[INFO] [stdout]                                at /opt/rustwide/cargo-home/registry/src/index.crates.io-1949cf8c6b5b557f/tokio-1.41.1/src/runtime/context/runtime.rs:65:16
[INFO] [stdout]   37:     0x609671498ae4 - <tokio[6bc14727e2c8973b]::runtime::scheduler::multi_thread::MultiThread>::block_on::<core[df12db4294e9bfd3]::pin::Pin<&mut dyn core[df12db4294e9bfd3]::future::future::Future<Output = ()>>>
[INFO] [stdout]                                at /opt/rustwide/cargo-home/registry/src/index.crates.io-1949cf8c6b5b557f/tokio-1.41.1/src/runtime/scheduler/multi_thread/mod.rs:86:9
[INFO] [stdout]   38:     0x6096714b5bff - <tokio[6bc14727e2c8973b]::runtime::runtime::Runtime>::block_on_inner::<core[df12db4294e9bfd3]::pin::Pin<&mut dyn core[df12db4294e9bfd3]::future::future::Future<Output = ()>>>
[INFO] [stdout]                                at /opt/rustwide/cargo-home/registry/src/index.crates.io-1949cf8c6b5b557f/tokio-1.41.1/src/runtime/runtime.rs:370:50
[INFO] [stdout]   39:     0x6096714b5d76 - <tokio[6bc14727e2c8973b]::runtime::runtime::Runtime>::block_on::<core[df12db4294e9bfd3]::pin::Pin<&mut dyn core[df12db4294e9bfd3]::future::future::Future<Output = ()>>>
[INFO] [stdout]                                at /opt/rustwide/cargo-home/registry/src/index.crates.io-1949cf8c6b5b557f/tokio-1.41.1/src/runtime/runtime.rs:342:18
[INFO] [stdout]   40:     0x609671478944 - simple_concurrent_get[74878efbec1ea83c]::tests::unordered::test_unordered_concurrent_get_foreach
[INFO] [stdout]                                at /opt/rustwide/workdir/src/tests/unordered.rs:107:6
[INFO] [stdout]   41:     0x609671473727 - simple_concurrent_get[74878efbec1ea83c]::tests::unordered::test_unordered_concurrent_get_foreach::{closure#0}
[INFO] [stdout]                                at /opt/rustwide/workdir/src/tests/unordered.rs:70:49
[INFO] [stdout]   42:     0x6096714b5a06 - <simple_concurrent_get[74878efbec1ea83c]::tests::unordered::test_unordered_concurrent_get_foreach::{closure#0} as core[df12db4294e9bfd3]::ops::function::FnOnce<()>>::call_once
[INFO] [stdout]                                at /rustc/dfb0accb7f508ae8be965d8629557221c889dd98/library/core/src/ops/function.rs:250:5
[INFO] [stdout]   43:     0x6096714c150b - <fn() -> core[df12db4294e9bfd3]::result::Result<(), alloc[2182bb758b4b3781]::string::String> as core[df12db4294e9bfd3]::ops::function::FnOnce<()>>::call_once
[INFO] [stdout]                                at /rustc/dfb0accb7f508ae8be965d8629557221c889dd98/library/core/src/ops/function.rs:250:5
[INFO] [stdout]   44:     0x6096714c150b - test[9d35eded1c95d3be]::__rust_begin_short_backtrace::<core[df12db4294e9bfd3]::result::Result<(), alloc[2182bb758b4b3781]::string::String>, fn() -> core[df12db4294e9bfd3]::result::Result<(), alloc[2182bb758b4b3781]::string::String>>
[INFO] [stdout]                                at /rustc/dfb0accb7f508ae8be965d8629557221c889dd98/library/test/src/lib.rs:733:18
[INFO] [stdout]   45:     0x6096714ceb75 - test[9d35eded1c95d3be]::run_test_in_process::{closure#0}
[INFO] [stdout]                                at /rustc/dfb0accb7f508ae8be965d8629557221c889dd98/library/test/src/lib.rs:756:74
[INFO] [stdout]   46:     0x6096714ceb75 - <core[df12db4294e9bfd3]::panic::unwind_safe::AssertUnwindSafe<test[9d35eded1c95d3be]::run_test_in_process::{closure#0}> as core[df12db4294e9bfd3]::ops::function::FnOnce<()>>::call_once
[INFO] [stdout]                                at /rustc/dfb0accb7f508ae8be965d8629557221c889dd98/library/core/src/panic/unwind_safe.rs:275:9
[INFO] [stdout]   47:     0x6096714ceb75 - std[70759c8f55707aa4]::panicking::catch_unwind::do_call::<core[df12db4294e9bfd3]::panic::unwind_safe::AssertUnwindSafe<test[9d35eded1c95d3be]::run_test_in_process::{closure#0}>, core[df12db4294e9bfd3]::result::Result<(), alloc[2182bb758b4b3781]::string::String>>
[INFO] [stdout]                                at /rustc/dfb0accb7f508ae8be965d8629557221c889dd98/library/std/src/panicking.rs:576:43
[INFO] [stdout]   48:     0x6096714ceb75 - std[70759c8f55707aa4]::panicking::catch_unwind::<core[df12db4294e9bfd3]::result::Result<(), alloc[2182bb758b4b3781]::string::String>, core[df12db4294e9bfd3]::panic::unwind_safe::AssertUnwindSafe<test[9d35eded1c95d3be]::run_test_in_process::{closure#0}>>
[INFO] [stdout]                                at /rustc/dfb0accb7f508ae8be965d8629557221c889dd98/library/std/src/panicking.rs:544:19
[INFO] [stdout]   49:     0x6096714ceb75 - std[70759c8f55707aa4]::panic::catch_unwind::<core[df12db4294e9bfd3]::panic::unwind_safe::AssertUnwindSafe<test[9d35eded1c95d3be]::run_test_in_process::{closure#0}>, core[df12db4294e9bfd3]::result::Result<(), alloc[2182bb758b4b3781]::string::String>>
[INFO] [stdout]                                at /rustc/dfb0accb7f508ae8be965d8629557221c889dd98/library/std/src/panic.rs:359:14
[INFO] [stdout]   50:     0x6096714ceb75 - test[9d35eded1c95d3be]::run_test_in_process
[INFO] [stdout]                                at /rustc/dfb0accb7f508ae8be965d8629557221c889dd98/library/test/src/lib.rs:756:27
[INFO] [stdout]   51:     0x6096714ceb75 - test[9d35eded1c95d3be]::run_test::{closure#0}
[INFO] [stdout]                                at /rustc/dfb0accb7f508ae8be965d8629557221c889dd98/library/test/src/lib.rs:677:43
[INFO] [stdout]   52:     0x6096714c8434 - test[9d35eded1c95d3be]::run_test::{closure#1}
[INFO] [stdout]                                at /rustc/dfb0accb7f508ae8be965d8629557221c889dd98/library/test/src/lib.rs:707:41
[INFO] [stdout]   53:     0x6096714c8434 - std[70759c8f55707aa4]::sys::backtrace::__rust_begin_short_backtrace::<test[9d35eded1c95d3be]::run_test::{closure#1}, ()>
[INFO] [stdout]                                at /rustc/dfb0accb7f508ae8be965d8629557221c889dd98/library/std/src/sys/backtrace.rs:166:18
[INFO] [stdout]   54:     0x6096714d1cd2 - std[70759c8f55707aa4]::thread::lifecycle::spawn_unchecked::<test[9d35eded1c95d3be]::run_test::{closure#1}, ()>::{closure#1}::{closure#0}
[INFO] [stdout]                                at /rustc/dfb0accb7f508ae8be965d8629557221c889dd98/library/std/src/thread/lifecycle.rs:70:13
[INFO] [stdout]   55:     0x6096714d1cd2 - <core[df12db4294e9bfd3]::panic::unwind_safe::AssertUnwindSafe<std[70759c8f55707aa4]::thread::lifecycle::spawn_unchecked<test[9d35eded1c95d3be]::run_test::{closure#1}, ()>::{closure#1}::{closure#0}> as core[df12db4294e9bfd3]::ops::function::FnOnce<()>>::call_once
[INFO] [stdout]                                at /rustc/dfb0accb7f508ae8be965d8629557221c889dd98/library/core/src/panic/unwind_safe.rs:275:9
[INFO] [stdout]   56:     0x6096714d1cd2 - std[70759c8f55707aa4]::panicking::catch_unwind::do_call::<core[df12db4294e9bfd3]::panic::unwind_safe::AssertUnwindSafe<std[70759c8f55707aa4]::thread::lifecycle::spawn_unchecked<test[9d35eded1c95d3be]::run_test::{closure#1}, ()>::{closure#1}::{closure#0}>, ()>
[INFO] [stdout]                                at /rustc/dfb0accb7f508ae8be965d8629557221c889dd98/library/std/src/panicking.rs:576:43
[INFO] [stdout]   57:     0x6096714d1cd2 - std[70759c8f55707aa4]::panicking::catch_unwind::<(), core[df12db4294e9bfd3]::panic::unwind_safe::AssertUnwindSafe<std[70759c8f55707aa4]::thread::lifecycle::spawn_unchecked<test[9d35eded1c95d3be]::run_test::{closure#1}, ()>::{closure#1}::{closure#0}>>
[INFO] [stdout]                                at /rustc/dfb0accb7f508ae8be965d8629557221c889dd98/library/std/src/panicking.rs:544:19
[INFO] [stdout]   58:     0x6096714d1cd2 - std[70759c8f55707aa4]::panic::catch_unwind::<core[df12db4294e9bfd3]::panic::unwind_safe::AssertUnwindSafe<std[70759c8f55707aa4]::thread::lifecycle::spawn_unchecked<test[9d35eded1c95d3be]::run_test::{closure#1}, ()>::{closure#1}::{closure#0}>, ()>
[INFO] [stdout]                                at /rustc/dfb0accb7f508ae8be965d8629557221c889dd98/library/std/src/panic.rs:359:14
[INFO] [stdout]   59:     0x6096714d1cd2 - std[70759c8f55707aa4]::thread::lifecycle::spawn_unchecked::<test[9d35eded1c95d3be]::run_test::{closure#1}, ()>::{closure#1}
[INFO] [stdout]                                at /rustc/dfb0accb7f508ae8be965d8629557221c889dd98/library/std/src/thread/lifecycle.rs:68:26
[INFO] [stdout]   60:     0x6096714d1cd2 - <std[70759c8f55707aa4]::thread::lifecycle::spawn_unchecked<test[9d35eded1c95d3be]::run_test::{closure#1}, ()>::{closure#1} as core[df12db4294e9bfd3]::ops::function::FnOnce<()>>::call_once::{shim:vtable#0}
[INFO] [stdout]                                at /rustc/dfb0accb7f508ae8be965d8629557221c889dd98/library/core/src/ops/function.rs:250:5
[INFO] [stdout]   61:     0x6096719aff39 - <alloc[2182bb758b4b3781]::boxed::Box<dyn core[df12db4294e9bfd3]::ops::function::FnOnce<(), Output = ()> + core[df12db4294e9bfd3]::marker::Send> as core[df12db4294e9bfd3]::ops::function::FnOnce<()>>::call_once
[INFO] [stdout]                                at /rustc/dfb0accb7f508ae8be965d8629557221c889dd98/library/alloc/src/boxed.rs:2320:9
[INFO] [stdout]   62:     0x6096719aff39 - <std[70759c8f55707aa4]::sys::thread::unix::Thread>::new::thread_start
[INFO] [stdout]                                at /rustc/dfb0accb7f508ae8be965d8629557221c889dd98/library/std/src/sys/thread/unix.rs:123:17
[INFO] [stdout]   63:     0x7e7fd39bddfa - <unknown>
[INFO] [stdout]   64:     0x7e7fd3a513d4 - clone
[INFO] [stdout]   65:                0x0 - <unknown>
[INFO] [stdout] 
[INFO] [stdout] ---- tests::ordered::test_ordered_concurrent_get stdout ----
[INFO] [stdout] 
[INFO] [stdout] thread 'tests::ordered::test_ordered_concurrent_get' (1928) panicked at src/tests/ordered.rs:38:31:
[INFO] [stdout] called `Result::unwrap()` on an `Err` value: reqwest::Error { kind: Request, url: "https://evemaps.dotlan.net/route/3:Amarr:Jita:Dodixie:Hek:Rens:Nisuwa", source: hyper_util::client::legacy::Error(Connect, ConnectError("dns error", Custom { kind: Uncategorized, error: "failed to lookup address information: Temporary failure in name resolution" })) }
[INFO] [stdout] stack backtrace:
[INFO] [stdout]    0:     0x6096719b0a11 - std[70759c8f55707aa4]::backtrace_rs::backtrace::libunwind::trace
[INFO] [stdout]                                at /rustc/dfb0accb7f508ae8be965d8629557221c889dd98/library/std/src/../../backtrace/src/backtrace/libunwind.rs:117:9
[INFO] [stdout]    1:     0x6096719b0a11 - std[70759c8f55707aa4]::backtrace_rs::backtrace::trace_unsynchronized::<std[70759c8f55707aa4]::sys::backtrace::_print_fmt::{closure#1}>
[INFO] [stdout]                                at /rustc/dfb0accb7f508ae8be965d8629557221c889dd98/library/std/src/../../backtrace/src/backtrace/mod.rs:66:14
[INFO] [stdout]    2:     0x6096719b0a11 - std[70759c8f55707aa4]::sys::backtrace::_print_fmt
[INFO] [stdout]                                at /rustc/dfb0accb7f508ae8be965d8629557221c889dd98/library/std/src/sys/backtrace.rs:74:9
[INFO] [stdout]    3:     0x6096719b0a11 - <<std[70759c8f55707aa4]::sys::backtrace::BacktraceLock>::print::DisplayBacktrace as core[df12db4294e9bfd3]::fmt::Display>::fmt
[INFO] [stdout]                                at /rustc/dfb0accb7f508ae8be965d8629557221c889dd98/library/std/src/sys/backtrace.rs:44:26
[INFO] [stdout]    4:     0x6096719c75fa - <core[df12db4294e9bfd3]::fmt::rt::Argument>::fmt
[INFO] [stdout]                                at /rustc/dfb0accb7f508ae8be965d8629557221c889dd98/library/core/src/fmt/rt.rs:152:76
[INFO] [stdout]    5:     0x6096719c75fa - core[df12db4294e9bfd3]::fmt::write
[INFO] [stdout]    6:     0x6096719b550c - core[df12db4294e9bfd3]::io::write::default_write_fmt::<alloc[2182bb758b4b3781]::vec::Vec<u8>>
[INFO] [stdout]                                at /rustc/dfb0accb7f508ae8be965d8629557221c889dd98/library/core/src/io/write.rs:402:11
[INFO] [stdout]    7:     0x6096719b550c - <alloc[2182bb758b4b3781]::vec::Vec<u8> as core[df12db4294e9bfd3]::io::write::Write>::write_fmt
[INFO] [stdout]                                at /rustc/dfb0accb7f508ae8be965d8629557221c889dd98/library/core/src/io/write.rs:335:13
[INFO] [stdout]    8:     0x60967198bb26 - <std[70759c8f55707aa4]::sys::backtrace::BacktraceLock>::print
[INFO] [stdout]                                at /rustc/dfb0accb7f508ae8be965d8629557221c889dd98/library/std/src/sys/backtrace.rs:47:9
[INFO] [stdout]    9:     0x60967198bb26 - std[70759c8f55707aa4]::panicking::default_hook::{closure#0}
[INFO] [stdout]                                at /rustc/dfb0accb7f508ae8be965d8629557221c889dd98/library/std/src/panicking.rs:292:27
[INFO] [stdout]   10:     0x6096719a8949 - std[70759c8f55707aa4]::panicking::default_hook
[INFO] [stdout]                                at /rustc/dfb0accb7f508ae8be965d8629557221c889dd98/library/std/src/panicking.rs:316:9
[INFO] [stdout]   11:     0x6096714ce220 - <alloc[2182bb758b4b3781]::boxed::Box<dyn for<'a, 'b> core[df12db4294e9bfd3]::ops::function::Fn<(&'a std[70759c8f55707aa4]::panic::PanicHookInfo<'b>,), Output = ()> + core[df12db4294e9bfd3]::marker::Send + core[df12db4294e9bfd3]::marker::Sync> as core[df12db4294e9bfd3]::ops::function::Fn<(&std[70759c8f55707aa4]::panic::PanicHookInfo,)>>::call
[INFO] [stdout]                                at /rustc/dfb0accb7f508ae8be965d8629557221c889dd98/library/alloc/src/boxed.rs:2334:9
[INFO] [stdout]   12:     0x6096714ce220 - test[9d35eded1c95d3be]::test_main_inner::<test[9d35eded1c95d3be]::test_main_static::{closure#0}>::{closure#0}
[INFO] [stdout]                                at /rustc/dfb0accb7f508ae8be965d8629557221c889dd98/library/test/src/lib.rs:155:21
[INFO] [stdout]   13:     0x6096719a8c72 - <alloc[2182bb758b4b3781]::boxed::Box<dyn for<'a, 'b> core[df12db4294e9bfd3]::ops::function::Fn<(&'a std[70759c8f55707aa4]::panic::PanicHookInfo<'b>,), Output = ()> + core[df12db4294e9bfd3]::marker::Send + core[df12db4294e9bfd3]::marker::Sync> as core[df12db4294e9bfd3]::ops::function::Fn<(&std[70759c8f55707aa4]::panic::PanicHookInfo,)>>::call
[INFO] [stdout]                                at /rustc/dfb0accb7f508ae8be965d8629557221c889dd98/library/alloc/src/boxed.rs:2334:9
[INFO] [stdout]   14:     0x6096719a8c72 - std[70759c8f55707aa4]::panicking::panic_with_hook
[INFO] [stdout]                                at /rustc/dfb0accb7f508ae8be965d8629557221c889dd98/library/std/src/panicking.rs:823:13
[INFO] [stdout]   15:     0x60967198bbd2 - std[70759c8f55707aa4]::panicking::panic_handler::{closure#0}
[INFO] [stdout]                                at /rustc/dfb0accb7f508ae8be965d8629557221c889dd98/library/std/src/panicking.rs:688:13
[INFO] [stdout]   16:     0x609671984639 - std[70759c8f55707aa4]::sys::backtrace::__rust_end_short_backtrace::<std[70759c8f55707aa4]::panicking::panic_handler::{closure#0}, !>
[INFO] [stdout]                                at /rustc/dfb0accb7f508ae8be965d8629557221c889dd98/library/std/src/sys/backtrace.rs:182:18
[INFO] [stdout]   17:     0x60967198ca5d - __rustc[8fa7c3cbc660c2b3]::rust_begin_unwind
[INFO] [stdout]                                at /rustc/dfb0accb7f508ae8be965d8629557221c889dd98/library/std/src/panicking.rs:679:5
[INFO] [stdout]   18:     0x6096719c7e4c - core[df12db4294e9bfd3]::panicking::panic_fmt
[INFO] [stdout]                                at /rustc/dfb0accb7f508ae8be965d8629557221c889dd98/library/core/src/panicking.rs:80:14
[INFO] [stdout]   19:     0x6096719c7b72 - core[df12db4294e9bfd3]::result::unwrap_failed
[INFO] [stdout]                                at /rustc/dfb0accb7f508ae8be965d8629557221c889dd98/library/core/src/result.rs:1871:5
[INFO] [stdout]   20:     0x609671470647 - <core[df12db4294e9bfd3]::result::Result<reqwest[9977f0bb995fead3]::async_impl::response::Response, reqwest[9977f0bb995fead3]::error::Error>>::unwrap
[INFO] [stdout]                                at /rustc/dfb0accb7f508ae8be965d8629557221c889dd98/library/core/src/result.rs:1232:23
[INFO] [stdout]   21:     0x609671470647 - simple_concurrent_get[74878efbec1ea83c]::tests::ordered::test_ordered_concurrent_get::{closure#0}::{closure#0}
[INFO] [stdout]                                at /opt/rustwide/workdir/src/tests/ordered.rs:38:31
[INFO] [stdout]   22:     0x6096714a09c6 - <&mut simple_concurrent_get[74878efbec1ea83c]::tests::ordered::test_ordered_concurrent_get::{closure#0}::{closure#0} as core[df12db4294e9bfd3]::ops::function::FnOnce<(core[df12db4294e9bfd3]::result::Result<reqwest[9977f0bb995fead3]::async_impl::response::Response, reqwest[9977f0bb995fead3]::error::Error>,)>>::call_once
[INFO] [stdout]                                at /rustc/dfb0accb7f508ae8be965d8629557221c889dd98/library/core/src/ops/function.rs:310:21
[INFO] [stdout]   23:     0x6096714a09c6 - <core[df12db4294e9bfd3]::option::Option<core[df12db4294e9bfd3]::result::Result<reqwest[9977f0bb995fead3]::async_impl::response::Response, reqwest[9977f0bb995fead3]::error::Error>>>::map::<(u64, alloc[2182bb758b4b3781]::string::String), &mut simple_concurrent_get[74878efbec1ea83c]::tests::ordered::test_ordered_concurrent_get::{closure#0}::{closure#0}>
[INFO] [stdout]                                at /rustc/dfb0accb7f508ae8be965d8629557221c889dd98/library/core/src/option.rs:1163:29
[INFO] [stdout]   24:     0x6096714a09c6 - <core[df12db4294e9bfd3]::iter::adapters::map::Map<std[70759c8f55707aa4]::sync::mpsc::IntoIter<core[df12db4294e9bfd3]::result::Result<reqwest[9977f0bb995fead3]::async_impl::response::Response, reqwest[9977f0bb995fead3]::error::Error>>, simple_concurrent_get[74878efbec1ea83c]::tests::ordered::test_ordered_concurrent_get::{closure#0}::{closure#0}> as core[df12db4294e9bfd3]::iter::traits::iterator::Iterator>::next
[INFO] [stdout]                                at /rustc/dfb0accb7f508ae8be965d8629557221c889dd98/library/core/src/iter/adapters/map.rs:107:26
[INFO] [stdout]   25:     0x6096714bdcd2 - <alloc[2182bb758b4b3781]::vec::Vec<(u64, alloc[2182bb758b4b3781]::string::String)> as alloc[2182bb758b4b3781]::vec::spec_from_iter_nested::SpecFromIterNested<(u64, alloc[2182bb758b4b3781]::string::String), core[df12db4294e9bfd3]::iter::adapters::map::Map<std[70759c8f55707aa4]::sync::mpsc::IntoIter<core[df12db4294e9bfd3]::result::Result<reqwest[9977f0bb995fead3]::async_impl::response::Response, reqwest[9977f0bb995fead3]::error::Error>>, simple_concurrent_get[74878efbec1ea83c]::tests::ordered::test_ordered_concurrent_get::{closure#0}::{closure#0}>>>::from_iter
[INFO] [stdout]                                at /rustc/dfb0accb7f508ae8be965d8629557221c889dd98/library/alloc/src/vec/spec_from_iter_nested.rs:24:41
[INFO] [stdout]   26:     0x6096714bd90a - <alloc[2182bb758b4b3781]::vec::Vec<(u64, alloc[2182bb758b4b3781]::string::String)> as alloc[2182bb758b4b3781]::vec::spec_from_iter::SpecFromIter<(u64, alloc[2182bb758b4b3781]::string::String), core[df12db4294e9bfd3]::iter::adapters::map::Map<std[70759c8f55707aa4]::sync::mpsc::IntoIter<core[df12db4294e9bfd3]::result::Result<reqwest[9977f0bb995fead3]::async_impl::response::Response, reqwest[9977f0bb995fead3]::error::Error>>, simple_concurrent_get[74878efbec1ea83c]::tests::ordered::test_ordered_concurrent_get::{closure#0}::{closure#0}>>>::from_iter
[INFO] [stdout]                                at /rustc/dfb0accb7f508ae8be965d8629557221c889dd98/library/alloc/src/vec/spec_from_iter.rs:33:9
[INFO] [stdout]   27:     0x6096714b7a54 - <alloc[2182bb758b4b3781]::vec::Vec<(u64, alloc[2182bb758b4b3781]::string::String)> as core[df12db4294e9bfd3]::iter::traits::collect::FromIterator<(u64, alloc[2182bb758b4b3781]::string::String)>>::from_iter::<core[df12db4294e9bfd3]::iter::adapters::map::Map<std[70759c8f55707aa4]::sync::mpsc::IntoIter<core[df12db4294e9bfd3]::result::Result<reqwest[9977f0bb995fead3]::async_impl::response::Response, reqwest[9977f0bb995fead3]::error::Error>>, simple_concurrent_get[74878efbec1ea83c]::tests::ordered::test_ordered_concurrent_get::{closure#0}::{closure#0}>>
[INFO] [stdout]                                at /rustc/dfb0accb7f508ae8be965d8629557221c889dd98/library/alloc/src/vec/mod.rs:3996:9
[INFO] [stdout]   28:     0x60967149b3ca - <core[df12db4294e9bfd3]::iter::adapters::map::Map<std[70759c8f55707aa4]::sync::mpsc::IntoIter<core[df12db4294e9bfd3]::result::Result<reqwest[9977f0bb995fead3]::async_impl::response::Response, reqwest[9977f0bb995fead3]::error::Error>>, simple_concurrent_get[74878efbec1ea83c]::tests::ordered::test_ordered_concurrent_get::{closure#0}::{closure#0}> as core[df12db4294e9bfd3]::iter::traits::iterator::Iterator>::collect::<alloc[2182bb758b4b3781]::vec::Vec<(u64, alloc[2182bb758b4b3781]::string::String)>>
[INFO] [stdout]                                at /rustc/dfb0accb7f508ae8be965d8629557221c889dd98/library/core/src/iter/traits/iterator.rs:2086:9
[INFO] [stdout]   29:     0x609671471a86 - simple_concurrent_get[74878efbec1ea83c]::tests::ordered::test_ordered_concurrent_get::{closure#0}
[INFO] [stdout]                                at /opt/rustwide/workdir/src/tests/ordered.rs:46:10
[INFO] [stdout]   30:     0x609671497f52 - <core[df12db4294e9bfd3]::pin::Pin<&mut dyn core[df12db4294e9bfd3]::future::future::Future<Output = ()>> as core[df12db4294e9bfd3]::future::future::Future>::poll
[INFO] [stdout]                                at /rustc/dfb0accb7f508ae8be965d8629557221c889dd98/library/core/src/future/future.rs:133:9
[INFO] [stdout]   31:     0x6096714875ed - <tokio[6bc14727e2c8973b]::runtime::park::CachedParkThread>::block_on::<core[df12db4294e9bfd3]::pin::Pin<&mut dyn core[df12db4294e9bfd3]::future::future::Future<Output = ()>>>::{closure#0}
[INFO] [stdout]                                at /opt/rustwide/cargo-home/registry/src/index.crates.io-1949cf8c6b5b557f/tokio-1.41.1/src/runtime/park.rs:281:74
[INFO] [stdout]   32:     0x60967148554e - tokio[6bc14727e2c8973b]::runtime::coop::with_budget::<core[df12db4294e9bfd3]::task::poll::Poll<()>, <tokio[6bc14727e2c8973b]::runtime::park::CachedParkThread>::block_on<core[df12db4294e9bfd3]::pin::Pin<&mut dyn core[df12db4294e9bfd3]::future::future::Future<Output = ()>>>::{closure#0}>
[INFO] [stdout]                                at /opt/rustwide/cargo-home/registry/src/index.crates.io-1949cf8c6b5b557f/tokio-1.41.1/src/runtime/coop.rs:107:5
[INFO] [stdout]   33:     0x60967148554e - tokio[6bc14727e2c8973b]::runtime::coop::budget::<core[df12db4294e9bfd3]::task::poll::Poll<()>, <tokio[6bc14727e2c8973b]::runtime::park::CachedParkThread>::block_on<core[df12db4294e9bfd3]::pin::Pin<&mut dyn core[df12db4294e9bfd3]::future::future::Future<Output = ()>>>::{closure#0}>
[INFO] [stdout]                                at /opt/rustwide/cargo-home/registry/src/index.crates.io-1949cf8c6b5b557f/tokio-1.41.1/src/runtime/coop.rs:73:5
[INFO] [stdout]   34:     0x60967148554e - <tokio[6bc14727e2c8973b]::runtime::park::CachedParkThread>::block_on::<core[df12db4294e9bfd3]::pin::Pin<&mut dyn core[df12db4294e9bfd3]::future::future::Future<Output = ()>>>
[INFO] [stdout]                                at /opt/rustwide/cargo-home/registry/src/index.crates.io-1949cf8c6b5b557f/tokio-1.41.1/src/runtime/park.rs:281:31
[INFO] [stdout]   35:     0x60967148df86 - <tokio[6bc14727e2c8973b]::runtime::context::blocking::BlockingRegionGuard>::block_on::<core[df12db4294e9bfd3]::pin::Pin<&mut dyn core[df12db4294e9bfd3]::future::future::Future<Output = ()>>>
[INFO] [stdout]                                at /opt/rustwide/cargo-home/registry/src/index.crates.io-1949cf8c6b5b557f/tokio-1.41.1/src/runtime/context/blocking.rs:66:14
[INFO] [stdout]   36:     0x60967149b628 - <tokio[6bc14727e2c8973b]::runtime::scheduler::multi_thread::MultiThread>::block_on::<core[df12db4294e9bfd3]::pin::Pin<&mut dyn core[df12db4294e9bfd3]::future::future::Future<Output = ()>>>::{closure#0}
[INFO] [stdout]                                at /opt/rustwide/cargo-home/registry/src/index.crates.io-1949cf8c6b5b557f/tokio-1.41.1/src/runtime/scheduler/multi_thread/mod.rs:87:22
[INFO] [stdout]   37:     0x60967146d403 - tokio[6bc14727e2c8973b]::runtime::context::runtime::enter_runtime::<<tokio[6bc14727e2c8973b]::runtime::scheduler::multi_thread::MultiThread>::block_on<core[df12db4294e9bfd3]::pin::Pin<&mut dyn core[df12db4294e9bfd3]::future::future::Future<Output = ()>>>::{closure#0}, ()>
[INFO] [stdout]                                at /opt/rustwide/cargo-home/registry/src/index.crates.io-1949cf8c6b5b557f/tokio-1.41.1/src/runtime/context/runtime.rs:65:16
[INFO] [stdout]   38:     0x609671498ae4 - <tokio[6bc14727e2c8973b]::runtime::scheduler::multi_thread::MultiThread>::block_on::<core[df12db4294e9bfd3]::pin::Pin<&mut dyn core[df12db4294e9bfd3]::future::future::Future<Output = ()>>>
[INFO] [stdout]                                at /opt/rustwide/cargo-home/registry/src/index.crates.io-1949cf8c6b5b557f/tokio-1.41.1/src/runtime/scheduler/multi_thread/mod.rs:86:9
[INFO] [stdout]   39:     0x6096714b5bff - <tokio[6bc14727e2c8973b]::runtime::runtime::Runtime>::block_on_inner::<core[df12db4294e9bfd3]::pin::Pin<&mut dyn core[df12db4294e9bfd3]::future::future::Future<Output = ()>>>
[INFO] [stdout]                                at /opt/rustwide/cargo-home/registry/src/index.crates.io-1949cf8c6b5b557f/tokio-1.41.1/src/runtime/runtime.rs:370:50
[INFO] [stdout]   40:     0x6096714b5d76 - <tokio[6bc14727e2c8973b]::runtime::runtime::Runtime>::block_on::<core[df12db4294e9bfd3]::pin::Pin<&mut dyn core[df12db4294e9bfd3]::future::future::Future<Output = ()>>>
[INFO] [stdout]                                at /opt/rustwide/cargo-home/registry/src/index.crates.io-1949cf8c6b5b557f/tokio-1.41.1/src/runtime/runtime.rs:342:18
[INFO] [stdout]   41:     0x6096714783a4 - simple_concurrent_get[74878efbec1ea83c]::tests::ordered::test_ordered_concurrent_get
[INFO] [stdout]                                at /opt/rustwide/workdir/src/tests/ordered.rs:64:6
[INFO] [stdout]   42:     0x6096714717c7 - simple_concurrent_get[74878efbec1ea83c]::tests::ordered::test_ordered_concurrent_get::{closure#0}
[INFO] [stdout]                                at /opt/rustwide/workdir/src/tests/ordered.rs:30:39
[INFO] [stdout]   43:     0x6096714b59a6 - <simple_concurrent_get[74878efbec1ea83c]::tests::ordered::test_ordered_concurrent_get::{closure#0} as core[df12db4294e9bfd3]::ops::function::FnOnce<()>>::call_once
[INFO] [stdout]                                at /rustc/dfb0accb7f508ae8be965d8629557221c889dd98/library/core/src/ops/function.rs:250:5
[INFO] [stdout]   44:     0x6096714c150b - <fn() -> core[df12db4294e9bfd3]::result::Result<(), alloc[2182bb758b4b3781]::string::String> as core[df12db4294e9bfd3]::ops::function::FnOnce<()>>::call_once
[INFO] [stdout]                                at /rustc/dfb0accb7f508ae8be965d8629557221c889dd98/library/core/src/ops/function.rs:250:5
[INFO] [stdout]   45:     0x6096714c150b - test[9d35eded1c95d3be]::__rust_begin_short_backtrace::<core[df12db4294e9bfd3]::result::Result<(), alloc[2182bb758b4b3781]::string::String>, fn() -> core[df12db4294e9bfd3]::result::Result<(), alloc[2182bb758b4b3781]::string::String>>
[INFO] [stdout]                                at /rustc/dfb0accb7f508ae8be965d8629557221c889dd98/library/test/src/lib.rs:733:18
[INFO] [stdout]   46:     0x6096714ceb75 - test[9d35eded1c95d3be]::run_test_in_process::{closure#0}
[INFO] [stdout]                                at /rustc/dfb0accb7f508ae8be965d8629557221c889dd98/library/test/src/lib.rs:756:74
[INFO] [stdout]   47:     0x6096714ceb75 - <core[df12db4294e9bfd3]::panic::unwind_safe::AssertUnwindSafe<test[9d35eded1c95d3be]::run_test_in_process::{closure#0}> as core[df12db4294e9bfd3]::ops::function::FnOnce<()>>::call_once
[INFO] [stdout]                                at /rustc/dfb0accb7f508ae8be965d8629557221c889dd98/library/core/src/panic/unwind_safe.rs:275:9
[INFO] [stdout]   48:     0x6096714ceb75 - std[70759c8f55707aa4]::panicking::catch_unwind::do_call::<core[df12db4294e9bfd3]::panic::unwind_safe::AssertUnwindSafe<test[9d35eded1c95d3be]::run_test_in_process::{closure#0}>, core[df12db4294e9bfd3]::result::Result<(), alloc[2182bb758b4b3781]::string::String>>
[INFO] [stdout]                                at /rustc/dfb0accb7f508ae8be965d8629557221c889dd98/library/std/src/panicking.rs:576:43
[INFO] [stdout]   49:     0x6096714ceb75 - std[70759c8f55707aa4]::panicking::catch_unwind::<core[df12db4294e9bfd3]::result::Result<(), alloc[2182bb758b4b3781]::string::String>, core[df12db4294e9bfd3]::panic::unwind_safe::AssertUnwindSafe<test[9d35eded1c95d3be]::run_test_in_process::{closure#0}>>
[INFO] [stdout]                                at /rustc/dfb0accb7f508ae8be965d8629557221c889dd98/library/std/src/panicking.rs:544:19
[INFO] [stdout]   50:     0x6096714ceb75 - std[70759c8f55707aa4]::panic::catch_unwind::<core[df12db4294e9bfd3]::panic::unwind_safe::AssertUnwindSafe<test[9d35eded1c95d3be]::run_test_in_process::{closure#0}>, core[df12db4294e9bfd3]::result::Result<(), alloc[2182bb758b4b3781]::string::String>>
[INFO] [stdout]                                at /rustc/dfb0accb7f508ae8be965d8629557221c889dd98/library/std/src/panic.rs:359:14
[INFO] [stdout]   51:     0x6096714ceb75 - test[9d35eded1c95d3be]::run_test_in_process
[INFO] [stdout]                                at /rustc/dfb0accb7f508ae8be965d8629557221c889dd98/library/test/src/lib.rs:756:27
[INFO] [stdout]   52:     0x6096714ceb75 - test[9d35eded1c95d3be]::run_test::{closure#0}
[INFO] [stdout]                                at /rustc/dfb0accb7f508ae8be965d8629557221c889dd98/library/test/src/lib.rs:677:43
[INFO] [stdout]   53:     0x6096714c8434 - test[9d35eded1c95d3be]::run_test::{closure#1}
[INFO] [stdout]                                at /rustc/dfb0accb7f508ae8be965d8629557221c889dd98/library/test/src/lib.rs:707:41
[INFO] [stdout]   54:     0x6096714c8434 - std[70759c8f55707aa4]::sys::backtrace::__rust_begin_short_backtrace::<test[9d35eded1c95d3be]::run_test::{closure#1}, ()>
[INFO] [stdout]                                at /rustc/dfb0accb7f508ae8be965d8629557221c889dd98/library/std/src/sys/backtrace.rs:166:18
[INFO] [stdout]   55:     0x6096714d1cd2 - std[70759c8f55707aa4]::thread::lifecycle::spawn_unchecked::<test[9d35eded1c95d3be]::run_test::{closure#1}, ()>::{closure#1}::{closure#0}
[INFO] [stdout]                                at /rustc/dfb0accb7f508ae8be965d8629557221c889dd98/library/std/src/thread/lifecycle.rs:70:13
[INFO] [stdout]   56:     0x6096714d1cd2 - <core[df12db4294e9bfd3]::panic::unwind_safe::AssertUnwindSafe<std[70759c8f55707aa4]::thread::lifecycle::spawn_unchecked<test[9d35eded1c95d3be]::run_test::{closure#1}, ()>::{closure#1}::{closure#0}> as core[df12db4294e9bfd3]::ops::function::FnOnce<()>>::call_once
[INFO] [stdout]                                at /rustc/dfb0accb7f508ae8be965d8629557221c889dd98/library/core/src/panic/unwind_safe.rs:275:9
[INFO] [stdout]   57:     0x6096714d1cd2 - std[70759c8f55707aa4]::panicking::catch_unwind::do_call::<core[df12db4294e9bfd3]::panic::unwind_safe::AssertUnwindSafe<std[70759c8f55707aa4]::thread::lifecycle::spawn_unchecked<test[9d35eded1c95d3be]::run_test::{closure#1}, ()>::{closure#1}::{closure#0}>, ()>
[INFO] [stdout]                                at /rustc/dfb0accb7f508ae8be965d8629557221c889dd98/library/std/src/panicking.rs:576:43
[INFO] [stdout]   58:     0x6096714d1cd2 - std[70759c8f55707aa4]::panicking::catch_unwind::<(), core[df12db4294e9bfd3]::panic::unwind_safe::AssertUnwindSafe<std[70759c8f55707aa4]::thread::lifecycle::spawn_unchecked<test[9d35eded1c95d3be]::run_test::{closure#1}, ()>::{closure#1}::{closure#0}>>
[INFO] [stdout]                                at /rustc/dfb0accb7f508ae8be965d8629557221c889dd98/library/std/src/panicking.rs:544:19
[INFO] [stdout]   59:     0x6096714d1cd2 - std[70759c8f55707aa4]::panic::catch_unwind::<core[df12db4294e9bfd3]::panic::unwind_safe::AssertUnwindSafe<std[70759c8f55707aa4]::thread::lifecycle::spawn_unchecked<test[9d35eded1c95d3be]::run_test::{closure#1}, ()>::{closure#1}::{closure#0}>, ()>
[INFO] [stdout]                                at /rustc/dfb0accb7f508ae8be965d8629557221c889dd98/library/std/src/panic.rs:359:14
[INFO] [stdout]   60:     0x6096714d1cd2 - std[70759c8f55707aa4]::thread::lifecycle::spawn_unchecked::<test[9d35eded1c95d3be]::run_test::{closure#1}, ()>::{closure#1}
[INFO] [stdout]                                at /rustc/dfb0accb7f508ae8be965d8629557221c889dd98/library/std/src/thread/lifecycle.rs:68:26
[INFO] [stdout]   61:     0x6096714d1cd2 - <std[70759c8f55707aa4]::thread::lifecycle::spawn_unchecked<test[9d35eded1c95d3be]::run_test::{closure#1}, ()>::{closure#1} as core[df12db4294e9bfd3]::ops::function::FnOnce<()>>::call_once::{shim:vtable#0}
[INFO] [stdout]                                at /rustc/dfb0accb7f508ae8be965d8629557221c889dd98/library/core/src/ops/function.rs:250:5
[INFO] [stdout]   62:     0x6096719aff39 - <alloc[2182bb758b4b3781]::boxed::Box<dyn core[df12db4294e9bfd3]::ops::function::FnOnce<(), Output = ()> + core[df12db4294e9bfd3]::marker::Send> as core[df12db4294e9bfd3]::ops::function::FnOnce<()>>::call_once
[INFO] [stdout]                                at /rustc/dfb0accb7f508ae8be965d8629557221c889dd98/library/alloc/src/boxed.rs:2320:9
[INFO] [stdout]   63:     0x6096719aff39 - <std[70759c8f55707aa4]::sys::thread::unix::Thread>::new::thread_start
[INFO] [stdout]                                at /rustc/dfb0accb7f508ae8be965d8629557221c889dd98/library/std/src/sys/thread/unix.rs:123:17
[INFO] [stdout]   64:     0x7e7fd39bddfa - <unknown>
[INFO] [stdout]   65:     0x7e7fd3a513d4 - clone
[INFO] [stdout]   66:                0x0 - <unknown>
[INFO] [stdout] 
[INFO] [stdout] ---- tests::unordered::test_unordered_concurrent_get stdout ----
[INFO] [stdout] 
[INFO] [stdout] thread 'tests::unordered::test_unordered_concurrent_get' (1930) panicked at src/tests/unordered.rs:40:31:
[INFO] [stdout] called `Result::unwrap()` on an `Err` value: reqwest::Error { kind: Request, url: "https://evemaps.dotlan.net/route/3:Amarr:Jita:Dodixie:Hek:Rens:Nisuwa", source: hyper_util::client::legacy::Error(Connect, ConnectError("dns error", Custom { kind: Uncategorized, error: "failed to lookup address information: Temporary failure in name resolution" })) }
[INFO] [stdout] stack backtrace:
[INFO] [stdout]    0:     0x6096719b0a11 - std[70759c8f55707aa4]::backtrace_rs::backtrace::libunwind::trace
[INFO] [stdout]                                at /rustc/dfb0accb7f508ae8be965d8629557221c889dd98/library/std/src/../../backtrace/src/backtrace/libunwind.rs:117:9
[INFO] [stdout]    1:     0x6096719b0a11 - std[70759c8f55707aa4]::backtrace_rs::backtrace::trace_unsynchronized::<std[70759c8f55707aa4]::sys::backtrace::_print_fmt::{closure#1}>
[INFO] [stdout]                                at /rustc/dfb0accb7f508ae8be965d8629557221c889dd98/library/std/src/../../backtrace/src/backtrace/mod.rs:66:14
[INFO] [stdout]    2:     0x6096719b0a11 - std[70759c8f55707aa4]::sys::backtrace::_print_fmt
[INFO] [stdout]                                at /rustc/dfb0accb7f508ae8be965d8629557221c889dd98/library/std/src/sys/backtrace.rs:74:9
[INFO] [stdout]    3:     0x6096719b0a11 - <<std[70759c8f55707aa4]::sys::backtrace::BacktraceLock>::print::DisplayBacktrace as core[df12db4294e9bfd3]::fmt::Display>::fmt
[INFO] [stdout]                                at /rustc/dfb0accb7f508ae8be965d8629557221c889dd98/library/std/src/sys/backtrace.rs:44:26
[INFO] [stdout]    4:     0x6096719c75fa - <core[df12db4294e9bfd3]::fmt::rt::Argument>::fmt
[INFO] [stdout]                                at /rustc/dfb0accb7f508ae8be965d8629557221c889dd98/library/core/src/fmt/rt.rs:152:76
[INFO] [stdout]    5:     0x6096719c75fa - core[df12db4294e9bfd3]::fmt::write
[INFO] [stdout]    6:     0x6096719b550c - core[df12db4294e9bfd3]::io::write::default_write_fmt::<alloc[2182bb758b4b3781]::vec::Vec<u8>>
[INFO] [stdout]                                at /rustc/dfb0accb7f508ae8be965d8629557221c889dd98/library/core/src/io/write.rs:402:11
[INFO] [stdout]    7:     0x6096719b550c - <alloc[2182bb758b4b3781]::vec::Vec<u8> as core[df12db4294e9bfd3]::io::write::Write>::write_fmt
[INFO] [stdout]                                at /rustc/dfb0accb7f508ae8be965d8629557221c889dd98/library/core/src/io/write.rs:335:13
[INFO] [stdout]    8:     0x60967198bb26 - <std[70759c8f55707aa4]::sys::backtrace::BacktraceLock>::print
[INFO] [stdout]                                at /rustc/dfb0accb7f508ae8be965d8629557221c889dd98/library/std/src/sys/backtrace.rs:47:9
[INFO] [stdout]    9:     0x60967198bb26 - std[70759c8f55707aa4]::panicking::default_hook::{closure#0}
[INFO] [stdout]                                at /rustc/dfb0accb7f508ae8be965d8629557221c889dd98/library/std/src/panicking.rs:292:27
[INFO] [stdout]   10:     0x6096719a8949 - std[70759c8f55707aa4]::panicking::default_hook
[INFO] [stdout]                                at /rustc/dfb0accb7f508ae8be965d8629557221c889dd98/library/std/src/panicking.rs:316:9
[INFO] [stdout]   11:     0x6096714ce220 - <alloc[2182bb758b4b3781]::boxed::Box<dyn for<'a, 'b> core[df12db4294e9bfd3]::ops::function::Fn<(&'a std[70759c8f55707aa4]::panic::PanicHookInfo<'b>,), Output = ()> + core[df12db4294e9bfd3]::marker::Send + core[df12db4294e9bfd3]::marker::Sync> as core[df12db4294e9bfd3]::ops::function::Fn<(&std[70759c8f55707aa4]::panic::PanicHookInfo,)>>::call
[INFO] [stdout]                                at /rustc/dfb0accb7f508ae8be965d8629557221c889dd98/library/alloc/src/boxed.rs:2334:9
[INFO] [stdout]   12:     0x6096714ce220 - test[9d35eded1c95d3be]::test_main_inner::<test[9d35eded1c95d3be]::test_main_static::{closure#0}>::{closure#0}
[INFO] [stdout]                                at /rustc/dfb0accb7f508ae8be965d8629557221c889dd98/library/test/src/lib.rs:155:21
[INFO] [stdout]   13:     0x6096719a8c72 - <alloc[2182bb758b4b3781]::boxed::Box<dyn for<'a, 'b> core[df12db4294e9bfd3]::ops::function::Fn<(&'a std[70759c8f55707aa4]::panic::PanicHookInfo<'b>,), Output = ()> + core[df12db4294e9bfd3]::marker::Send + core[df12db4294e9bfd3]::marker::Sync> as core[df12db4294e9bfd3]::ops::function::Fn<(&std[70759c8f55707aa4]::panic::PanicHookInfo,)>>::call
[INFO] [stdout]                                at /rustc/dfb0accb7f508ae8be965d8629557221c889dd98/library/alloc/src/boxed.rs:2334:9
[INFO] [stdout]   14:     0x6096719a8c72 - std[70759c8f55707aa4]::panicking::panic_with_hook
[INFO] [stdout]                                at /rustc/dfb0accb7f508ae8be965d8629557221c889dd98/library/std/src/panicking.rs:823:13
[INFO] [stdout]   15:     0x60967198bbd2 - std[70759c8f55707aa4]::panicking::panic_handler::{closure#0}
[INFO] [stdout]                                at /rustc/dfb0accb7f508ae8be965d8629557221c889dd98/library/std/src/panicking.rs:688:13
[INFO] [stdout]   16:     0x609671984639 - std[70759c8f55707aa4]::sys::backtrace::__rust_end_short_backtrace::<std[70759c8f55707aa4]::panicking::panic_handler::{closure#0}, !>
[INFO] [stdout]                                at /rustc/dfb0accb7f508ae8be965d8629557221c889dd98/library/std/src/sys/backtrace.rs:182:18
[INFO] [stdout]   17:     0x60967198ca5d - __rustc[8fa7c3cbc660c2b3]::rust_begin_unwind
[INFO] [stdout]                                at /rustc/dfb0accb7f508ae8be965d8629557221c889dd98/library/std/src/panicking.rs:679:5
[INFO] [stdout]   18:     0x6096719c7e4c - core[df12db4294e9bfd3]::panicking::panic_fmt
[INFO] [stdout]                                at /rustc/dfb0accb7f508ae8be965d8629557221c889dd98/library/core/src/panicking.rs:80:14
[INFO] [stdout]   19:     0x6096719c7b72 - core[df12db4294e9bfd3]::result::unwrap_failed
[INFO] [stdout]                                at /rustc/dfb0accb7f508ae8be965d8629557221c889dd98/library/core/src/result.rs:1871:5
[INFO] [stdout]   20:     0x609671470d47 - <core[df12db4294e9bfd3]::result::Result<reqwest[9977f0bb995fead3]::async_impl::response::Response, reqwest[9977f0bb995fead3]::error::Error>>::unwrap
[INFO] [stdout]                                at /rustc/dfb0accb7f508ae8be965d8629557221c889dd98/library/core/src/result.rs:1232:23
[INFO] [stdout]   21:     0x609671470d47 - simple_concurrent_get[74878efbec1ea83c]::tests::unordered::test_unordered_concurrent_get::{closure#0}::{closure#0}
[INFO] [stdout]                                at /opt/rustwide/workdir/src/tests/unordered.rs:40:31
[INFO] [stdout]   22:     0x6096714a0ae6 - <&mut simple_concurrent_get[74878efbec1ea83c]::tests::unordered::test_unordered_concurrent_get::{closure#0}::{closure#0} as core[df12db4294e9bfd3]::ops::function::FnOnce<(core[df12db4294e9bfd3]::result::Result<reqwest[9977f0bb995fead3]::async_impl::response::Response, reqwest[9977f0bb995fead3]::error::Error>,)>>::call_once
[INFO] [stdout]                                at /rustc/dfb0accb7f508ae8be965d8629557221c889dd98/library/core/src/ops/function.rs:310:21
[INFO] [stdout]   23:     0x6096714a0ae6 - <core[df12db4294e9bfd3]::option::Option<core[df12db4294e9bfd3]::result::Result<reqwest[9977f0bb995fead3]::async_impl::response::Response, reqwest[9977f0bb995fead3]::error::Error>>>::map::<(u64, alloc[2182bb758b4b3781]::string::String), &mut simple_concurrent_get[74878efbec1ea83c]::tests::unordered::test_unordered_concurrent_get::{closure#0}::{closure#0}>
[INFO] [stdout]                                at /rustc/dfb0accb7f508ae8be965d8629557221c889dd98/library/core/src/option.rs:1163:29
[INFO] [stdout]   24:     0x6096714a0ae6 - <core[df12db4294e9bfd3]::iter::adapters::map::Map<std[70759c8f55707aa4]::sync::mpsc::IntoIter<core[df12db4294e9bfd3]::result::Result<reqwest[9977f0bb995fead3]::async_impl::response::Response, reqwest[9977f0bb995fead3]::error::Error>>, simple_concurrent_get[74878efbec1ea83c]::tests::unordered::test_unordered_concurrent_get::{closure#0}::{closure#0}> as core[df12db4294e9bfd3]::iter::traits::iterator::Iterator>::next
[INFO] [stdout]                                at /rustc/dfb0accb7f508ae8be965d8629557221c889dd98/library/core/src/iter/adapters/map.rs:107:26
[INFO] [stdout]   25:     0x6096714bdff2 - <alloc[2182bb758b4b3781]::vec::Vec<(u64, alloc[2182bb758b4b3781]::string::String)> as alloc[2182bb758b4b3781]::vec::spec_from_iter_nested::SpecFromIterNested<(u64, alloc[2182bb758b4b3781]::string::String), core[df12db4294e9bfd3]::iter::adapters::map::Map<std[70759c8f55707aa4]::sync::mpsc::IntoIter<core[df12db4294e9bfd3]::result::Result<reqwest[9977f0bb995fead3]::async_impl::response::Response, reqwest[9977f0bb995fead3]::error::Error>>, simple_concurrent_get[74878efbec1ea83c]::tests::unordered::test_unordered_concurrent_get::{closure#0}::{closure#0}>>>::from_iter
[INFO] [stdout]                                at /rustc/dfb0accb7f508ae8be965d8629557221c889dd98/library/alloc/src/vec/spec_from_iter_nested.rs:24:41
[INFO] [stdout]   26:     0x6096714bd93a - <alloc[2182bb758b4b3781]::vec::Vec<(u64, alloc[2182bb758b4b3781]::string::String)> as alloc[2182bb758b4b3781]::vec::spec_from_iter::SpecFromIter<(u64, alloc[2182bb758b4b3781]::string::String), core[df12db4294e9bfd3]::iter::adapters::map::Map<std[70759c8f55707aa4]::sync::mpsc::IntoIter<core[df12db4294e9bfd3]::result::Result<reqwest[9977f0bb995fead3]::async_impl::response::Response, reqwest[9977f0bb995fead3]::error::Error>>, simple_concurrent_get[74878efbec1ea83c]::tests::unordered::test_unordered_concurrent_get::{closure#0}::{closure#0}>>>::from_iter
[INFO] [stdout]                                at /rustc/dfb0accb7f508ae8be965d8629557221c889dd98/library/alloc/src/vec/spec_from_iter.rs:33:9
[INFO] [stdout]   27:     0x6096714b7aa4 - <alloc[2182bb758b4b3781]::vec::Vec<(u64, alloc[2182bb758b4b3781]::string::String)> as core[df12db4294e9bfd3]::iter::traits::collect::FromIterator<(u64, alloc[2182bb758b4b3781]::string::String)>>::from_iter::<core[df12db4294e9bfd3]::iter::adapters::map::Map<std[70759c8f55707aa4]::sync::mpsc::IntoIter<core[df12db4294e9bfd3]::result::Result<reqwest[9977f0bb995fead3]::async_impl::response::Response, reqwest[9977f0bb995fead3]::error::Error>>, simple_concurrent_get[74878efbec1ea83c]::tests::unordered::test_unordered_concurrent_get::{closure#0}::{closure#0}>>
[INFO] [stdout]                                at /rustc/dfb0accb7f508ae8be965d8629557221c889dd98/library/alloc/src/vec/mod.rs:3996:9
[INFO] [stdout]   28:     0x6096714a1dce - <core[df12db4294e9bfd3]::iter::adapters::map::Map<std[70759c8f55707aa4]::sync::mpsc::IntoIter<core[df12db4294e9bfd3]::result::Result<reqwest[9977f0bb995fead3]::async_impl::response::Response, reqwest[9977f0bb995fead3]::error::Error>>, simple_concurrent_get[74878efbec1ea83c]::tests::unordered::test_unordered_concurrent_get::{closure#0}::{closure#0}> as itertools[f87c3fe0581dcb1e]::Itertools>::sorted
[INFO] [stdout]                                at /opt/rustwide/cargo-home/registry/src/index.crates.io-1949cf8c6b5b557f/itertools-0.13.0/src/lib.rs:2875:21
[INFO] [stdout]   29:     0x6096714739b6 - simple_concurrent_get[74878efbec1ea83c]::tests::unordered::test_unordered_concurrent_get::{closure#0}
[INFO] [stdout]                                at /opt/rustwide/workdir/src/tests/unordered.rs:48:10
[INFO] [stdout]   30:     0x609671497f52 - <core[df12db4294e9bfd3]::pin::Pin<&mut dyn core[df12db4294e9bfd3]::future::future::Future<Output = ()>> as core[df12db4294e9bfd3]::future::future::Future>::poll
[INFO] [stdout]                                at /rustc/dfb0accb7f508ae8be965d8629557221c889dd98/library/core/src/future/future.rs:133:9
[INFO] [stdout]   31:     0x6096714875ed - <tokio[6bc14727e2c8973b]::runtime::park::CachedParkThread>::block_on::<core[df12db4294e9bfd3]::pin::Pin<&mut dyn core[df12db4294e9bfd3]::future::future::Future<Output = ()>>>::{closure#0}
[INFO] [stdout]                                at /opt/rustwide/cargo-home/registry/src/index.crates.io-1949cf8c6b5b557f/tokio-1.41.1/src/runtime/park.rs:281:74
[INFO] [stdout]   32:     0x60967148554e - tokio[6bc14727e2c8973b]::runtime::coop::with_budget::<core[df12db4294e9bfd3]::task::poll::Poll<()>, <tokio[6bc14727e2c8973b]::runtime::park::CachedParkThread>::block_on<core[df12db4294e9bfd3]::pin::Pin<&mut dyn core[df12db4294e9bfd3]::future::future::Future<Output = ()>>>::{closure#0}>
[INFO] [stdout]                                at /opt/rustwide/cargo-home/registry/src/index.crates.io-1949cf8c6b5b557f/tokio-1.41.1/src/runtime/coop.rs:107:5
[INFO] [stdout]   33:     0x60967148554e - tokio[6bc14727e2c8973b]::runtime::coop::budget::<core[df12db4294e9bfd3]::task::poll::Poll<()>, <tokio[6bc14727e2c8973b]::runtime::park::CachedParkThread>::block_on<core[df12db4294e9bfd3]::pin::Pin<&mut dyn core[df12db4294e9bfd3]::future::future::Future<Output = ()>>>::{closure#0}>
[INFO] [stdout]                                at /opt/rustwide/cargo-home/registry/src/index.crates.io-1949cf8c6b5b557f/tokio-1.41.1/src/runtime/coop.rs:73:5
[INFO] [stdout]   34:     0x60967148554e - <tokio[6bc14727e2c8973b]::runtime::park::CachedParkThread>::block_on::<core[df12db4294e9bfd3]::pin::Pin<&mut dyn core[df12db4294e9bfd3]::future::future::Future<Output = ()>>>
[INFO] [stdout]                                at /opt/rustwide/cargo-home/registry/src/index.crates.io-1949cf8c6b5b557f/tokio-1.41.1/src/runtime/park.rs:281:31
[INFO] [stdout]   35:     0x60967148df86 - <tokio[6bc14727e2c8973b]::runtime::context::blocking::BlockingRegionGuard>::block_on::<core[df12db4294e9bfd3]::pin::Pin<&mut dyn core[df12db4294e9bfd3]::future::future::Future<Output = ()>>>
[INFO] [stdout]                                at /opt/rustwide/cargo-home/registry/src/index.crates.io-1949cf8c6b5b557f/tokio-1.41.1/src/runtime/context/blocking.rs:66:14
[INFO] [stdout]   36:     0x60967149b628 - <tokio[6bc14727e2c8973b]::runtime::scheduler::multi_thread::MultiThread>::block_on::<core[df12db4294e9bfd3]::pin::Pin<&mut dyn core[df12db4294e9bfd3]::future::future::Future<Output = ()>>>::{closure#0}
[INFO] [stdout]                                at /opt/rustwide/cargo-home/registry/src/index.crates.io-1949cf8c6b5b557f/tokio-1.41.1/src/runtime/scheduler/multi_thread/mod.rs:87:22
[INFO] [stdout]   37:     0x60967146d403 - tokio[6bc14727e2c8973b]::runtime::context::runtime::enter_runtime::<<tokio[6bc14727e2c8973b]::runtime::scheduler::multi_thread::MultiThread>::block_on<core[df12db4294e9bfd3]::pin::Pin<&mut dyn core[df12db4294e9bfd3]::future::future::Future<Output = ()>>>::{closure#0}, ()>
[INFO] [stdout]                                at /opt/rustwide/cargo-home/registry/src/index.crates.io-1949cf8c6b5b557f/tokio-1.41.1/src/runtime/context/runtime.rs:65:16
[INFO] [stdout]   38:     0x609671498ae4 - <tokio[6bc14727e2c8973b]::runtime::scheduler::multi_thread::MultiThread>::block_on::<core[df12db4294e9bfd3]::pin::Pin<&mut dyn core[df12db4294e9bfd3]::future::future::Future<Output = ()>>>
[INFO] [stdout]                                at /opt/rustwide/cargo-home/registry/src/index.crates.io-1949cf8c6b5b557f/tokio-1.41.1/src/runtime/scheduler/multi_thread/mod.rs:86:9
[INFO] [stdout]   39:     0x6096714b5bff - <tokio[6bc14727e2c8973b]::runtime::runtime::Runtime>::block_on_inner::<core[df12db4294e9bfd3]::pin::Pin<&mut dyn core[df12db4294e9bfd3]::future::future::Future<Output = ()>>>
[INFO] [stdout]                                at /opt/rustwide/cargo-home/registry/src/index.crates.io-1949cf8c6b5b557f/tokio-1.41.1/src/runtime/runtime.rs:370:50
[INFO] [stdout]   40:     0x6096714b5d76 - <tokio[6bc14727e2c8973b]::runtime::runtime::Runtime>::block_on::<core[df12db4294e9bfd3]::pin::Pin<&mut dyn core[df12db4294e9bfd3]::future::future::Future<Output = ()>>>
[INFO] [stdout]                                at /opt/rustwide/cargo-home/registry/src/index.crates.io-1949cf8c6b5b557f/tokio-1.41.1/src/runtime/runtime.rs:342:18
[INFO] [stdout]   41:     0x609671478764 - simple_concurrent_get[74878efbec1ea83c]::tests::unordered::test_unordered_concurrent_get
[INFO] [stdout]                                at /opt/rustwide/workdir/src/tests/unordered.rs:66:6
[INFO] [stdout]   42:     0x6096714736f7 - simple_concurrent_get[74878efbec1ea83c]::tests::unordered::test_unordered_concurrent_get::{closure#0}
[INFO] [stdout]                                at /opt/rustwide/workdir/src/tests/unordered.rs:32:41
[INFO] [stdout]   43:     0x6096714b59e6 - <simple_concurrent_get[74878efbec1ea83c]::tests::unordered::test_unordered_concurrent_get::{closure#0} as core[df12db4294e9bfd3]::ops::function::FnOnce<()>>::call_once
[INFO] [stdout]                                at /rustc/dfb0accb7f508ae8be965d8629557221c889dd98/library/core/src/ops/function.rs:250:5
[INFO] [stdout]   44:     0x6096714c150b - <fn() -> core[df12db4294e9bfd3]::result::Result<(), alloc[2182bb758b4b3781]::string::String> as core[df12db4294e9bfd3]::ops::function::FnOnce<()>>::call_once
[INFO] [stdout]                                at /rustc/dfb0accb7f508ae8be965d8629557221c889dd98/library/core/src/ops/function.rs:250:5
[INFO] [stdout]   45:     0x6096714c150b - test[9d35eded1c95d3be]::__rust_begin_short_backtrace::<core[df12db4294e9bfd3]::result::Result<(), alloc[2182bb758b4b3781]::string::String>, fn() -> core[df12db4294e9bfd3]::result::Result<(), alloc[2182bb758b4b3781]::string::String>>
[INFO] [stdout]                                at /rustc/dfb0accb7f508ae8be965d8629557221c889dd98/library/test/src/lib.rs:733:18
[INFO] [stdout]   46:     0x6096714ceb75 - test[9d35eded1c95d3be]::run_test_in_process::{closure#0}
[INFO] [stdout]                                at /rustc/dfb0accb7f508ae8be965d8629557221c889dd98/library/test/src/lib.rs:756:74
[INFO] [stdout]   47:     0x6096714ceb75 - <core[df12db4294e9bfd3]::panic::unwind_safe::AssertUnwindSafe<test[9d35eded1c95d3be]::run_test_in_process::{closure#0}> as core[df12db4294e9bfd3]::ops::function::FnOnce<()>>::call_once
[INFO] [stdout]                                at /rustc/dfb0accb7f508ae8be965d8629557221c889dd98/library/core/src/panic/unwind_safe.rs:275:9
[INFO] [stdout]   48:     0x6096714ceb75 - std[70759c8f55707aa4]::panicking::catch_unwind::do_call::<core[df12db4294e9bfd3]::panic::unwind_safe::AssertUnwindSafe<test[9d35eded1c95d3be]::run_test_in_process::{closure#0}>, core[df12db4294e9bfd3]::result::Result<(), alloc[2182bb758b4b3781]::string::String>>
[INFO] [stdout]                                at /rustc/dfb0accb7f508ae8be965d8629557221c889dd98/library/std/src/panicking.rs:576:43
[INFO] [stdout]   49:     0x6096714ceb75 - std[70759c8f55707aa4]::panicking::catch_unwind::<core[df12db4294e9bfd3]::result::Result<(), alloc[2182bb758b4b3781]::string::String>, core[df12db4294e9bfd3]::panic::unwind_safe::AssertUnwindSafe<test[9d35eded1c95d3be]::run_test_in_process::{closure#0}>>
[INFO] [stdout]                                at /rustc/dfb0accb7f508ae8be965d8629557221c889dd98/library/std/src/panicking.rs:544:19
[INFO] [stdout]   50:     0x6096714ceb75 - std[70759c8f55707aa4]::panic::catch_unwind::<core[df12db4294e9bfd3]::panic::unwind_safe::AssertUnwindSafe<test[9d35eded1c95d3be]::run_test_in_process::{closure#0}>, core[df12db4294e9bfd3]::result::Result<(), alloc[2182bb758b4b3781]::string::String>>
[INFO] [stdout]                                at /rustc/dfb0accb7f508ae8be965d8629557221c889dd98/library/std/src/panic.rs:359:14
[INFO] [stdout]   51:     0x6096714ceb75 - test[9d35eded1c95d3be]::run_test_in_process
[INFO] [stdout]                                at /rustc/dfb0accb7f508ae8be965d8629557221c889dd98/library/test/src/lib.rs:756:27
[INFO] [stdout]   52:     0x6096714ceb75 - test[9d35eded1c95d3be]::run_test::{closure#0}
[INFO] [stdout]                                at /rustc/dfb0accb7f508ae8be965d8629557221c889dd98/library/test/src/lib.rs:677:43
[INFO] [stdout]   53:     0x6096714c8434 - test[9d35eded1c95d3be]::run_test::{closure#1}
[INFO] [stdout]                                at /rustc/dfb0accb7f508ae8be965d8629557221c889dd98/library/test/src/lib.rs:707:41
[INFO] [stdout]   54:     0x6096714c8434 - std[70759c8f55707aa4]::sys::backtrace::__rust_begin_short_backtrace::<test[9d35eded1c95d3be]::run_test::{closure#1}, ()>
[INFO] [stdout]                                at /rustc/dfb0accb7f508ae8be965d8629557221c889dd98/library/std/src/sys/backtrace.rs:166:18
[INFO] [stdout]   55:     0x6096714d1cd2 - std[70759c8f55707aa4]::thread::lifecycle::spawn_unchecked::<test[9d35eded1c95d3be]::run_test::{closure#1}, ()>::{closure#1}::{closure#0}
[INFO] [stdout]                                at /rustc/dfb0accb7f508ae8be965d8629557221c889dd98/library/std/src/thread/lifecycle.rs:70:13
[INFO] [stdout]   56:     0x6096714d1cd2 - <core[df12db4294e9bfd3]::panic::unwind_safe::AssertUnwindSafe<std[70759c8f55707aa4]::thread::lifecycle::spawn_unchecked<test[9d35eded1c95d3be]::run_test::{closure#1}, ()>::{closure#1}::{closure#0}> as core[df12db4294e9bfd3]::ops::function::FnOnce<()>>::call_once
[INFO] [stdout]                                at /rustc/dfb0accb7f508ae8be965d8629557221c889dd98/library/core/src/panic/unwind_safe.rs:275:9
[INFO] [stdout]   57:     0x6096714d1cd2 - std[70759c8f55707aa4]::panicking::catch_unwind::do_call::<core[df12db4294e9bfd3]::panic::unwind_safe::AssertUnwindSafe<std[70759c8f55707aa4]::thread::lifecycle::spawn_unchecked<test[9d35eded1c95d3be]::run_test::{closure#1}, ()>::{closure#1}::{closure#0}>, ()>
[INFO] [stdout]                                at /rustc/dfb0accb7f508ae8be965d8629557221c889dd98/library/std/src/panicking.rs:576:43
[INFO] [stdout]   58:     0x6096714d1cd2 - std[70759c8f55707aa4]::panicking::catch_unwind::<(), core[df12db4294e9bfd3]::panic::unwind_safe::AssertUnwindSafe<std[70759c8f55707aa4]::thread::lifecycle::spawn_unchecked<test[9d35eded1c95d3be]::run_test::{closure#1}, ()>::{closure#1}::{closure#0}>>
[INFO] [stdout]                                at /rustc/dfb0accb7f508ae8be965d8629557221c889dd98/library/std/src/panicking.rs:544:19
[INFO] [stdout]   59:     0x6096714d1cd2 - std[70759c8f55707aa4]::panic::catch_unwind::<core[df12db4294e9bfd3]::panic::unwind_safe::AssertUnwindSafe<std[70759c8f55707aa4]::thread::lifecycle::spawn_unchecked<test[9d35eded1c95d3be]::run_test::{closure#1}, ()>::{closure#1}::{closure#0}>, ()>
[INFO] [stdout]                                at /rustc/dfb0accb7f508ae8be965d8629557221c889dd98/library/std/src/panic.rs:359:14
[INFO] [stdout]   60:     0x6096714d1cd2 - std[70759c8f55707aa4]::thread::lifecycle::spawn_unchecked::<test[9d35eded1c95d3be]::run_test::{closure#1}, ()>::{closure#1}
[INFO] [stdout]                                at /rustc/dfb0accb7f508ae8be965d8629557221c889dd98/library/std/src/thread/lifecycle.rs:68:26
[INFO] [stdout]   61:     0x6096714d1cd2 - <std[70759c8f55707aa4]::thread::lifecycle::spawn_unchecked<test[9d35eded1c95d3be]::run_test::{closure#1}, ()>::{closure#1} as core[df12db4294e9bfd3]::ops::function::FnOnce<()>>::call_once::{shim:vtable#0}
[INFO] [stdout]                                at /rustc/dfb0accb7f508ae8be965d8629557221c889dd98/library/core/src/ops/function.rs:250:5
[INFO] [stdout]   62:     0x6096719aff39 - <alloc[2182bb758b4b3781]::boxed::Box<dyn core[df12db4294e9bfd3]::ops::function::FnOnce<(), Output = ()> + core[df12db4294e9bfd3]::marker::Send> as core[df12db4294e9bfd3]::ops::function::FnOnce<()>>::call_once
[INFO] [stdout]                                at /rustc/dfb0accb7f508ae8be965d8629557221c889dd98/library/alloc/src/boxed.rs:2320:9
[INFO] [stdout]   63:     0x6096719aff39 - <std[70759c8f55707aa4]::sys::thread::unix::Thread>::new::thread_start
[INFO] [stdout]                                at /rustc/dfb0accb7f508ae8be965d8629557221c889dd98/library/std/src/sys/thread/unix.rs:123:17
[INFO] [stdout]   64:     0x7e7fd39bddfa - <unknown>
[INFO] [stdout]   65:     0x7e7fd3a513d4 - clone
[INFO] [stdout]   66:                0x0 - <unknown>
[INFO] [stdout] 
[INFO] [stdout] ---- tests::ordered::test_ordered_concurrent_get_foreach stdout ----
[INFO] [stdout] 
[INFO] [stdout] thread 'tests::ordered::test_ordered_concurrent_get_foreach' (1929) panicked at src/tests/ordered.rs:77:35:
[INFO] [stdout] called `Result::unwrap()` on an `Err` value: reqwest::Error { kind: Request, url: "https://evemaps.dotlan.net/route/3:Amarr:Jita:Dodixie:Hek:Rens:Nisuwa", source: hyper_util::client::legacy::Error(Connect, ConnectError("dns error", Custom { kind: Uncategorized, error: "failed to lookup address information: Temporary failure in name resolution" })) }
[INFO] [stdout] stack backtrace:
[INFO] [stdout]    0:     0x6096719b0a11 - std[70759c8f55707aa4]::backtrace_rs::backtrace::libunwind::trace
[INFO] [stdout]                                at /rustc/dfb0accb7f508ae8be965d8629557221c889dd98/library/std/src/../../backtrace/src/backtrace/libunwind.rs:117:9
[INFO] [stdout]    1:     0x6096719b0a11 - std[70759c8f55707aa4]::backtrace_rs::backtrace::trace_unsynchronized::<std[70759c8f55707aa4]::sys::backtrace::_print_fmt::{closure#1}>
[INFO] [stdout]                                at /rustc/dfb0accb7f508ae8be965d8629557221c889dd98/library/std/src/../../backtrace/src/backtrace/mod.rs:66:14
[INFO] [stdout]    2:     0x6096719b0a11 - std[70759c8f55707aa4]::sys::backtrace::_print_fmt
[INFO] [stdout]                                at /rustc/dfb0accb7f508ae8be965d8629557221c889dd98/library/std/src/sys/backtrace.rs:74:9
[INFO] [stdout]    3:     0x6096719b0a11 - <<std[70759c8f55707aa4]::sys::backtrace::BacktraceLock>::print::DisplayBacktrace as core[df12db4294e9bfd3]::fmt::Display>::fmt
[INFO] [stdout]                                at /rustc/dfb0accb7f508ae8be965d8629557221c889dd98/library/std/src/sys/backtrace.rs:44:26
[INFO] [stdout]    4:     0x6096719c75fa - <core[df12db4294e9bfd3]::fmt::rt::Argument>::fmt
[INFO] [stdout]                                at /rustc/dfb0accb7f508ae8be965d8629557221c889dd98/library/core/src/fmt/rt.rs:152:76
[INFO] [stdout]    5:     0x6096719c75fa - core[df12db4294e9bfd3]::fmt::write
[INFO] [stdout]    6:     0x6096719b550c - core[df12db4294e9bfd3]::io::write::default_write_fmt::<alloc[2182bb758b4b3781]::vec::Vec<u8>>
[INFO] [stdout]                                at /rustc/dfb0accb7f508ae8be965d8629557221c889dd98/library/core/src/io/write.rs:402:11
[INFO] [stdout]    7:     0x6096719b550c - <alloc[2182bb758b4b3781]::vec::Vec<u8> as core[df12db4294e9bfd3]::io::write::Write>::write_fmt
[INFO] [stdout]                                at /rustc/dfb0accb7f508ae8be965d8629557221c889dd98/library/core/src/io/write.rs:335:13
[INFO] [stdout]    8:     0x60967198bb26 - <std[70759c8f55707aa4]::sys::backtrace::BacktraceLock>::print
[INFO] [stdout]                                at /rustc/dfb0accb7f508ae8be965d8629557221c889dd98/library/std/src/sys/backtrace.rs:47:9
[INFO] [stdout]    9:     0x60967198bb26 - std[70759c8f55707aa4]::panicking::default_hook::{closure#0}
[INFO] [stdout]                                at /rustc/dfb0accb7f508ae8be965d8629557221c889dd98/library/std/src/panicking.rs:292:27
[INFO] [stdout]   10:     0x6096719a8949 - std[70759c8f55707aa4]::panicking::default_hook
[INFO] [stdout]                                at /rustc/dfb0accb7f508ae8be965d8629557221c889dd98/library/std/src/panicking.rs:316:9
[INFO] [stdout]   11:     0x6096714ce220 - <alloc[2182bb758b4b3781]::boxed::Box<dyn for<'a, 'b> core[df12db4294e9bfd3]::ops::function::Fn<(&'a std[70759c8f55707aa4]::panic::PanicHookInfo<'b>,), Output = ()> + core[df12db4294e9bfd3]::marker::Send + core[df12db4294e9bfd3]::marker::Sync> as core[df12db4294e9bfd3]::ops::function::Fn<(&std[70759c8f55707aa4]::panic::PanicHookInfo,)>>::call
[INFO] [stdout]                                at /rustc/dfb0accb7f508ae8be965d8629557221c889dd98/library/alloc/src/boxed.rs:2334:9
[INFO] [stdout]   12:     0x6096714ce220 - test[9d35eded1c95d3be]::test_main_inner::<test[9d35eded1c95d3be]::test_main_static::{closure#0}>::{closure#0}
[INFO] [stdout]                                at /rustc/dfb0accb7f508ae8be965d8629557221c889dd98/library/test/src/lib.rs:155:21
[INFO] [stdout]   13:     0x6096719a8c72 - <alloc[2182bb758b4b3781]::boxed::Box<dyn for<'a, 'b> core[df12db4294e9bfd3]::ops::function::Fn<(&'a std[70759c8f55707aa4]::panic::PanicHookInfo<'b>,), Output = ()> + core[df12db4294e9bfd3]::marker::Send + core[df12db4294e9bfd3]::marker::Sync> as core[df12db4294e9bfd3]::ops::function::Fn<(&std[70759c8f55707aa4]::panic::PanicHookInfo,)>>::call
[INFO] [stdout]                                at /rustc/dfb0accb7f508ae8be965d8629557221c889dd98/library/alloc/src/boxed.rs:2334:9
[INFO] [stdout]   14:     0x6096719a8c72 - std[70759c8f55707aa4]::panicking::panic_with_hook
[INFO] [stdout]                                at /rustc/dfb0accb7f508ae8be965d8629557221c889dd98/library/std/src/panicking.rs:823:13
[INFO] [stdout]   15:     0x60967198bbd2 - std[70759c8f55707aa4]::panicking::panic_handler::{closure#0}
[INFO] [stdout]                                at /rustc/dfb0accb7f508ae8be965d8629557221c889dd98/library/std/src/panicking.rs:688:13
[INFO] [stdout]   16:     0x609671984639 - std[70759c8f55707aa4]::sys::backtrace::__rust_end_short_backtrace::<std[70759c8f55707aa4]::panicking::panic_handler::{closure#0}, !>
[INFO] [stdout]                                at /rustc/dfb0accb7f508ae8be965d8629557221c889dd98/library/std/src/sys/backtrace.rs:182:18
[INFO] [stdout]   17:     0x60967198ca5d - __rustc[8fa7c3cbc660c2b3]::rust_begin_unwind
[INFO] [stdout]                                at /rustc/dfb0accb7f508ae8be965d8629557221c889dd98/library/std/src/panicking.rs:679:5
[INFO] [stdout]   18:     0x6096719c7e4c - core[df12db4294e9bfd3]::panicking::panic_fmt
[INFO] [stdout]                                at /rustc/dfb0accb7f508ae8be965d8629557221c889dd98/library/core/src/panicking.rs:80:14
[INFO] [stdout]   19:     0x6096719c7b72 - core[df12db4294e9bfd3]::result::unwrap_failed
[INFO] [stdout]                                at /rustc/dfb0accb7f508ae8be965d8629557221c889dd98/library/core/src/result.rs:1871:5
[INFO] [stdout]   20:     0x6096714709c2 - <core[df12db4294e9bfd3]::result::Result<reqwest[9977f0bb995fead3]::async_impl::response::Response, reqwest[9977f0bb995fead3]::error::Error>>::unwrap
[INFO] [stdout]                                at /rustc/dfb0accb7f508ae8be965d8629557221c889dd98/library/core/src/result.rs:1232:23
[INFO] [stdout]   21:     0x6096714709c2 - simple_concurrent_get[74878efbec1ea83c]::tests::ordered::test_ordered_concurrent_get_foreach::{closure#0}::{closure#0}
[INFO] [stdout]                                at /opt/rustwide/workdir/src/tests/ordered.rs:77:35
[INFO] [stdout]   22:     0x609671487f47 - simple_concurrent_get[74878efbec1ea83c]::ordered::get_foreach::concurrent_get_foreach::<core[df12db4294e9bfd3]::iter::adapters::map::Map<core[df12db4294e9bfd3]::slice::iter::Iter<&str>, simple_concurrent_get[74878efbec1ea83c]::tests::utils::make_url_lownull<&&str>>, alloc[2182bb758b4b3781]::string::String, simple_concurrent_get[74878efbec1ea83c]::tests::ordered::test_ordered_concurrent_get_foreach::{closure#0}::{closure#0}, (u64, alloc[2182bb758b4b3781]::string::String)>::{closure#0}::{closure#0}::{closure#0}
[INFO] [stdout]                                at /opt/rustwide/workdir/src/ordered/get_foreach.rs:30:17
[INFO] [stdout]   23:     0x6096714b498f - <futures_util[9b1887257a1a38e4]::stream::futures_ordered::OrderWrapper<simple_concurrent_get[74878efbec1ea83c]::ordered::get_foreach::concurrent_get_foreach<core[df12db4294e9bfd3]::iter::adapters::map::Map<core[df12db4294e9bfd3]::slice::iter::Iter<&str>, simple_concurrent_get[74878efbec1ea83c]::tests::utils::make_url_lownull<&&str>>, alloc[2182bb758b4b3781]::string::String, simple_concurrent_get[74878efbec1ea83c]::tests::ordered::test_ordered_concurrent_get_foreach::{closure#0}::{closure#0}, (u64, alloc[2182bb758b4b3781]::string::String)>::{closure#0}::{closure#0}::{closure#0}> as core[df12db4294e9bfd3]::future::future::Future>::poll
[INFO] [stdout]                                at /opt/rustwide/cargo-home/registry/src/index.crates.io-1949cf8c6b5b557f/futures-util-0.3.31/src/stream/futures_ordered.rs:56:29
[INFO] [stdout]   24:     0x609671481fcf - <futures_util[9b1887257a1a38e4]::stream::futures_unordered::FuturesUnordered<futures_util[9b1887257a1a38e4]::stream::futures_ordered::OrderWrapper<simple_concurrent_get[74878efbec1ea83c]::ordered::get_foreach::concurrent_get_foreach<core[df12db4294e9bfd3]::iter::adapters::map::Map<core[df12db4294e9bfd3]::slice::iter::Iter<&str>, simple_concurrent_get[74878efbec1ea83c]::tests::utils::make_url_lownull<&&str>>, alloc[2182bb758b4b3781]::string::String, simple_concurrent_get[74878efbec1ea83c]::tests::ordered::test_ordered_concurrent_get_foreach::{closure#0}::{closure#0}, (u64, alloc[2182bb758b4b3781]::string::String)>::{closure#0}::{closure#0}::{closure#0}>> as futures_core[891e680371f66a2b]::stream::Stream>::poll_next
[INFO] [stdout]                                at /opt/rustwide/cargo-home/registry/src/index.crates.io-1949cf8c6b5b557f/futures-util-0.3.31/src/stream/futures_unordered/mod.rs:528:24
[INFO] [stdout]   25:     0x609671484800 - <futures_util[9b1887257a1a38e4]::stream::futures_unordered::FuturesUnordered<futures_util[9b1887257a1a38e4]::stream::futures_ordered::OrderWrapper<simple_concurrent_get[74878efbec1ea83c]::ordered::get_foreach::concurrent_get_foreach<core[df12db4294e9bfd3]::iter::adapters::map::Map<core[df12db4294e9bfd3]::slice::iter::Iter<&str>, simple_concurrent_get[74878efbec1ea83c]::tests::utils::make_url_lownull<&&str>>, alloc[2182bb758b4b3781]::string::String, simple_concurrent_get[74878efbec1ea83c]::tests::ordered::test_ordered_concurrent_get_foreach::{closure#0}::{closure#0}, (u64, alloc[2182bb758b4b3781]::string::String)>::{closure#0}::{closure#0}::{closure#0}>> as futures_util[9b1887257a1a38e4]::stream::stream::StreamExt>::poll_next_unpin
[INFO] [stdout]                                at /opt/rustwide/cargo-home/registry/src/index.crates.io-1949cf8c6b5b557f/futures-util-0.3.31/src/stream/stream/mod.rs:1638:24
[INFO] [stdout]   26:     0x6096714b4af0 - <futures_util[9b1887257a1a38e4]::stream::futures_ordered::FuturesOrdered<simple_concurrent_get[74878efbec1ea83c]::ordered::get_foreach::concurrent_get_foreach<core[df12db4294e9bfd3]::iter::adapters::map::Map<core[df12db4294e9bfd3]::slice::iter::Iter<&str>, simple_concurrent_get[74878efbec1ea83c]::tests::utils::make_url_lownull<&&str>>, alloc[2182bb758b4b3781]::string::String, simple_concurrent_get[74878efbec1ea83c]::tests::ordered::test_ordered_concurrent_get_foreach::{closure#0}::{closure#0}, (u64, alloc[2182bb758b4b3781]::string::String)>::{closure#0}::{closure#0}::{closure#0}> as futures_core[891e680371f66a2b]::stream::Stream>::poll_next
[INFO] [stdout]                                at /opt/rustwide/cargo-home/registry/src/index.crates.io-1949cf8c6b5b557f/futures-util-0.3.31/src/stream/futures_ordered.rs:195:49
[INFO] [stdout]   27:     0x6096714b57d0 - <futures_util[9b1887257a1a38e4]::stream::futures_ordered::FuturesOrdered<simple_concurrent_get[74878efbec1ea83c]::ordered::get_foreach::concurrent_get_foreach<core[df12db4294e9bfd3]::iter::adapters::map::Map<core[df12db4294e9bfd3]::slice::iter::Iter<&str>, simple_concurrent_get[74878efbec1ea83c]::tests::utils::make_url_lownull<&&str>>, alloc[2182bb758b4b3781]::string::String, simple_concurrent_get[74878efbec1ea83c]::tests::ordered::test_ordered_concurrent_get_foreach::{closure#0}::{closure#0}, (u64, alloc[2182bb758b4b3781]::string::String)>::{closure#0}::{closure#0}::{closure#0}> as futures_util[9b1887257a1a38e4]::stream::stream::StreamExt>::poll_next_unpin
[INFO] [stdout]                                at /opt/rustwide/cargo-home/registry/src/index.crates.io-1949cf8c6b5b557f/futures-util-0.3.31/src/stream/stream/mod.rs:1638:24
[INFO] [stdout]   28:     0x60967147978b - <futures_util[9b1887257a1a38e4]::stream::stream::buffered::Buffered<futures_util[9b1887257a1a38e4]::stream::stream::map::Map<futures_util[9b1887257a1a38e4]::stream::iter::Iter<core[df12db4294e9bfd3]::iter::adapters::map::Map<core[df12db4294e9bfd3]::slice::iter::Iter<&str>, simple_concurrent_get[74878efbec1ea83c]::tests::utils::make_url_lownull<&&str>>>, simple_concurrent_get[74878efbec1ea83c]::ordered::get_foreach::concurrent_get_foreach<core[df12db4294e9bfd3]::iter::adapters::map::Map<core[df12db4294e9bfd3]::slice::iter::Iter<&str>, simple_concurrent_get[74878efbec1ea83c]::tests::utils::make_url_lownull<&&str>>, alloc[2182bb758b4b3781]::string::String, simple_concurrent_get[74878efbec1ea83c]::tests::ordered::test_ordered_concurrent_get_foreach::{closure#0}::{closure#0}, (u64, alloc[2182bb758b4b3781]::string::String)>::{closure#0}::{closure#0}>> as futures_core[891e680371f66a2b]::stream::Stream>::poll_next
[INFO] [stdout]                                at /opt/rustwide/cargo-home/registry/src/index.crates.io-1949cf8c6b5b557f/futures-util-0.3.31/src/stream/stream/buffered.rs:73:42
[INFO] [stdout]   29:     0x60967147a64d - <futures_util[9b1887257a1a38e4]::stream::stream::for_each::ForEach<futures_util[9b1887257a1a38e4]::stream::stream::buffered::Buffered<futures_util[9b1887257a1a38e4]::stream::stream::map::Map<futures_util[9b1887257a1a38e4]::stream::iter::Iter<core[df12db4294e9bfd3]::iter::adapters::map::Map<core[df12db4294e9bfd3]::slice::iter::Iter<&str>, simple_concurrent_get[74878efbec1ea83c]::tests::utils::make_url_lownull<&&str>>>, simple_concurrent_get[74878efbec1ea83c]::ordered::get_foreach::concurrent_get_foreach<core[df12db4294e9bfd3]::iter::adapters::map::Map<core[df12db4294e9bfd3]::slice::iter::Iter<&str>, simple_concurrent_get[74878efbec1ea83c]::tests::utils::make_url_lownull<&&str>>, alloc[2182bb758b4b3781]::string::String, simple_concurrent_get[74878efbec1ea83c]::tests::ordered::test_ordered_concurrent_get_foreach::{closure#0}::{closure#0}, (u64, alloc[2182bb758b4b3781]::string::String)>::{closure#0}::{closure#0}>>, simple_concurrent_get[74878efbec1ea83c]::ordered::get_foreach::concurrent_get_foreach<core[df12db4294e9bfd3]::iter::adapters::map::Map<core[df12db4294e9bfd3]::slice::iter::Iter<&str>, simple_concurrent_get[74878efbec1ea83c]::tests::utils::make_url_lownull<&&str>>, alloc[2182bb758b4b3781]::string::String, simple_concurrent_get[74878efbec1ea83c]::tests::ordered::test_ordered_concurrent_get_foreach::{closure#0}::{closure#0}, (u64, alloc[2182bb758b4b3781]::string::String)>::{closure#0}::{closure#1}::{closure#0}, simple_concurrent_get[74878efbec1ea83c]::ordered::get_foreach::concurrent_get_foreach<core[df12db4294e9bfd3]::iter::adapters::map::Map<core[df12db4294e9bfd3]::slice::iter::Iter<&str>, simple_concurrent_get[74878efbec1ea83c]::tests::utils::make_url_lownull<&&str>>, alloc[2182bb758b4b3781]::string::String, simple_concurrent_get[74878efbec1ea83c]::tests::ordered::test_ordered_concurrent_get_foreach::{closure#0}::{closure#0}, (u64, alloc[2182bb758b4b3781]::string::String)>::{closure#0}::{closure#1}> as core[df12db4294e9bfd3]::future::future::Future>::poll
[INFO] [stdout]                                at /opt/rustwide/cargo-home/registry/src/index.crates.io-1949cf8c6b5b557f/futures-util-0.3.31/src/stream/stream/for_each.rs:70:68
[INFO] [stdout]   30:     0x6096714879f2 - simple_concurrent_get[74878efbec1ea83c]::ordered::get_foreach::concurrent_get_foreach::<core[df12db4294e9bfd3]::iter::adapters::map::Map<core[df12db4294e9bfd3]::slice::iter::Iter<&str>, simple_concurrent_get[74878efbec1ea83c]::tests::utils::make_url_lownull<&&str>>, alloc[2182bb758b4b3781]::string::String, simple_concurrent_get[74878efbec1ea83c]::tests::ordered::test_ordered_concurrent_get_foreach::{closure#0}::{closure#0}, (u64, alloc[2182bb758b4b3781]::string::String)>::{closure#0}
[INFO] [stdout]                                at /opt/rustwide/workdir/src/ordered/get_foreach.rs:44:10
[INFO] [stdout]   31:     0x609671472931 - simple_concurrent_get[74878efbec1ea83c]::tests::ordered::test_ordered_concurrent_get_foreach::{closure#0}
[INFO] [stdout]                                at /opt/rustwide/workdir/src/tests/ordered.rs:86:10
[INFO] [stdout]   32:     0x609671497f52 - <core[df12db4294e9bfd3]::pin::Pin<&mut dyn core[df12db4294e9bfd3]::future::future::Future<Output = ()>> as core[df12db4294e9bfd3]::future::future::Future>::poll
[INFO] [stdout]                                at /rustc/dfb0accb7f508ae8be965d8629557221c889dd98/library/core/src/future/future.rs:133:9
[INFO] [stdout]   33:     0x6096714875ed - <tokio[6bc14727e2c8973b]::runtime::park::CachedParkThread>::block_on::<core[df12db4294e9bfd3]::pin::Pin<&mut dyn core[df12db4294e9bfd3]::future::future::Future<Output = ()>>>::{closure#0}
[INFO] [stdout]                                at /opt/rustwide/cargo-home/registry/src/index.crates.io-1949cf8c6b5b557f/tokio-1.41.1/src/runtime/park.rs:281:74
[INFO] [stdout]   34:     0x60967148554e - tokio[6bc14727e2c8973b]::runtime::coop::with_budget::<core[df12db4294e9bfd3]::task::poll::Poll<()>, <tokio[6bc14727e2c8973b]::runtime::park::CachedParkThread>::block_on<core[df12db4294e9bfd3]::pin::Pin<&mut dyn core[df12db4294e9bfd3]::future::future::Future<Output = ()>>>::{closure#0}>
[INFO] [stdout]                                at /opt/rustwide/cargo-home/registry/src/index.crates.io-1949cf8c6b5b557f/tokio-1.41.1/src/runtime/coop.rs:107:5
[INFO] [stdout]   35:     0x60967148554e - tokio[6bc14727e2c8973b]::runtime::coop::budget::<core[df12db4294e9bfd3]::task::poll::Poll<()>, <tokio[6bc14727e2c8973b]::runtime::park::CachedParkThread>::block_on<core[df12db4294e9bfd3]::pin::Pin<&mut dyn core[df12db4294e9bfd3]::future::future::Future<Output = ()>>>::{closure#0}>
[INFO] [stdout]                                at /opt/rustwide/cargo-home/registry/src/index.crates.io-1949cf8c6b5b557f/tokio-1.41.1/src/runtime/coop.rs:73:5
[INFO] [stdout]   36:     0x60967148554e - <tokio[6bc14727e2c8973b]::runtime::park::CachedParkThread>::block_on::<core[df12db4294e9bfd3]::pin::Pin<&mut dyn core[df12db4294e9bfd3]::future::future::Future<Output = ()>>>
[INFO] [stdout]                                at /opt/rustwide/cargo-home/registry/src/index.crates.io-1949cf8c6b5b557f/tokio-1.41.1/src/runtime/park.rs:281:31
[INFO] [stdout]   37:     0x60967148df86 - <tokio[6bc14727e2c8973b]::runtime::context::blocking::BlockingRegionGuard>::block_on::<core[df12db4294e9bfd3]::pin::Pin<&mut dyn core[df12db4294e9bfd3]::future::future::Future<Output = ()>>>
[INFO] [stdout]                                at /opt/rustwide/cargo-home/registry/src/index.crates.io-1949cf8c6b5b557f/tokio-1.41.1/src/runtime/context/blocking.rs:66:14
[INFO] [stdout]   38:     0x60967149b628 - <tokio[6bc14727e2c8973b]::runtime::scheduler::multi_thread::MultiThread>::block_on::<core[df12db4294e9bfd3]::pin::Pin<&mut dyn core[df12db4294e9bfd3]::future::future::Future<Output = ()>>>::{closure#0}
[INFO] [stdout]                                at /opt/rustwide/cargo-home/registry/src/index.crates.io-1949cf8c6b5b557f/tokio-1.41.1/src/runtime/scheduler/multi_thread/mod.rs:87:22
[INFO] [stdout]   39:     0x60967146d403 - tokio[6bc14727e2c8973b]::runtime::context::runtime::enter_runtime::<<tokio[6bc14727e2c8973b]::runtime::scheduler::multi_thread::MultiThread>::block_on<core[df12db4294e9bfd3]::pin::Pin<&mut dyn core[df12db4294e9bfd3]::future::future::Future<Output = ()>>>::{closure#0}, ()>
[INFO] [stdout]                                at /opt/rustwide/cargo-home/registry/src/index.crates.io-1949cf8c6b5b557f/tokio-1.41.1/src/runtime/context/runtime.rs:65:16
[INFO] [stdout]   40:     0x609671498ae4 - <tokio[6bc14727e2c8973b]::runtime::scheduler::multi_thread::MultiThread>::block_on::<core[df12db4294e9bfd3]::pin::Pin<&mut dyn core[df12db4294e9bfd3]::future::future::Future<Output = ()>>>
[INFO] [stdout]                                at /opt/rustwide/cargo-home/registry/src/index.crates.io-1949cf8c6b5b557f/tokio-1.41.1/src/runtime/scheduler/multi_thread/mod.rs:86:9
[INFO] [stdout]   41:     0x6096714b5bff - <tokio[6bc14727e2c8973b]::runtime::runtime::Runtime>::block_on_inner::<core[df12db4294e9bfd3]::pin::Pin<&mut dyn core[df12db4294e9bfd3]::future::future::Future<Output = ()>>>
[INFO] [stdout]                                at /opt/rustwide/cargo-home/registry/src/index.crates.io-1949cf8c6b5b557f/tokio-1.41.1/src/runtime/runtime.rs:370:50
[INFO] [stdout]   42:     0x6096714b5d76 - <tokio[6bc14727e2c8973b]::runtime::runtime::Runtime>::block_on::<core[df12db4294e9bfd3]::pin::Pin<&mut dyn core[df12db4294e9bfd3]::future::future::Future<Output = ()>>>
[INFO] [stdout]                                at /opt/rustwide/cargo-home/registry/src/index.crates.io-1949cf8c6b5b557f/tokio-1.41.1/src/runtime/runtime.rs:342:18
[INFO] [stdout]   43:     0x609671478584 - simple_concurrent_get[74878efbec1ea83c]::tests::ordered::test_ordered_concurrent_get_foreach
[INFO] [stdout]                                at /opt/rustwide/workdir/src/tests/ordered.rs:105:6
[INFO] [stdout]   44:     0x6096714717f7 - simple_concurrent_get[74878efbec1ea83c]::tests::ordered::test_ordered_concurrent_get_foreach::{closure#0}
[INFO] [stdout]                                at /opt/rustwide/workdir/src/tests/ordered.rs:68:47
[INFO] [stdout]   45:     0x6096714b59c6 - <simple_concurrent_get[74878efbec1ea83c]::tests::ordered::test_ordered_concurrent_get_foreach::{closure#0} as core[df12db4294e9bfd3]::ops::function::FnOnce<()>>::call_once
[INFO] [stdout]                                at /rustc/dfb0accb7f508ae8be965d8629557221c889dd98/library/core/src/ops/function.rs:250:5
[INFO] [stdout]   46:     0x6096714c150b - <fn() -> core[df12db4294e9bfd3]::result::Result<(), alloc[2182bb758b4b3781]::string::String> as core[df12db4294e9bfd3]::ops::function::FnOnce<()>>::call_once
[INFO] [stdout]                                at /rustc/dfb0accb7f508ae8be965d8629557221c889dd98/library/core/src/ops/function.rs:250:5
[INFO] [stdout]   47:     0x6096714c150b - test[9d35eded1c95d3be]::__rust_begin_short_backtrace::<core[df12db4294e9bfd3]::result::Result<(), alloc[2182bb758b4b3781]::string::String>, fn() -> core[df12db4294e9bfd3]::result::Result<(), alloc[2182bb758b4b3781]::string::String>>
[INFO] [stdout]                                at /rustc/dfb0accb7f508ae8be965d8629557221c889dd98/library/test/src/lib.rs:733:18
[INFO] [stdout]   48:     0x6096714ceb75 - test[9d35eded1c95d3be]::run_test_in_process::{closure#0}
[INFO] [stdout]                                at /rustc/dfb0accb7f508ae8be965d8629557221c889dd98/library/test/src/lib.rs:756:74
[INFO] [stdout]   49:     0x6096714ceb75 - <core[df12db4294e9bfd3]::panic::unwind_safe::AssertUnwindSafe<test[9d35eded1c95d3be]::run_test_in_process::{closure#0}> as core[df12db4294e9bfd3]::ops::function::FnOnce<()>>::call_once
[INFO] [stdout]                                at /rustc/dfb0accb7f508ae8be965d8629557221c889dd98/library/core/src/panic/unwind_safe.rs:275:9
[INFO] [stdout]   50:     0x6096714ceb75 - std[70759c8f55707aa4]::panicking::catch_unwind::do_call::<core[df12db4294e9bfd3]::panic::unwind_safe::AssertUnwindSafe<test[9d35eded1c95d3be]::run_test_in_process::{closure#0}>, core[df12db4294e9bfd3]::result::Result<(), alloc[2182bb758b4b3781]::string::String>>
[INFO] [stdout]                                at /rustc/dfb0accb7f508ae8be965d8629557221c889dd98/library/std/src/panicking.rs:576:43
[INFO] [stdout]   51:     0x6096714ceb75 - std[70759c8f55707aa4]::panicking::catch_unwind::<core[df12db4294e9bfd3]::result::Result<(), alloc[2182bb758b4b3781]::string::String>, core[df12db4294e9bfd3]::panic::unwind_safe::AssertUnwindSafe<test[9d35eded1c95d3be]::run_test_in_process::{closure#0}>>
[INFO] [stdout]                                at /rustc/dfb0accb7f508ae8be965d8629557221c889dd98/library/std/src/panicking.rs:544:19
[INFO] [stdout]   52:     0x6096714ceb75 - std[70759c8f55707aa4]::panic::catch_unwind::<core[df12db4294e9bfd3]::panic::unwind_safe::AssertUnwindSafe<test[9d35eded1c95d3be]::run_test_in_process::{closure#0}>, core[df12db4294e9bfd3]::result::Result<(), alloc[2182bb758b4b3781]::string::String>>
[INFO] [stdout]                                at /rustc/dfb0accb7f508ae8be965d8629557221c889dd98/library/std/src/panic.rs:359:14
[INFO] [stdout]   53:     0x6096714ceb75 - test[9d35eded1c95d3be]::run_test_in_process
[INFO] [stdout]                                at /rustc/dfb0accb7f508ae8be965d8629557221c889dd98/library/test/src/lib.rs:756:27
[INFO] [stdout]   54:     0x6096714ceb75 - test[9d35eded1c95d3be]::run_test::{closure#0}
[INFO] [stdout]                                at /rustc/dfb0accb7f508ae8be965d8629557221c889dd98/library/test/src/lib.rs:677:43
[INFO] [stdout]   55:     0x6096714c8434 - test[9d35eded1c95d3be]::run_test::{closure#1}
[INFO] [stdout]                                at /rustc/dfb0accb7f508ae8be965d8629557221c889dd98/library/test/src/lib.rs:707:41
[INFO] [stdout]   56:     0x6096714c8434 - std[70759c8f55707aa4]::sys::backtrace::__rust_begin_short_backtrace::<test[9d35eded1c95d3be]::run_test::{closure#1}, ()>
[INFO] [stdout]                                at /rustc/dfb0accb7f508ae8be965d8629557221c889dd98/library/std/src/sys/backtrace.rs:166:18
[INFO] [stdout]   57:     0x6096714d1cd2 - std[70759c8f55707aa4]::thread::lifecycle::spawn_unchecked::<test[9d35eded1c95d3be]::run_test::{closure#1}, ()>::{closure#1}::{closure#0}
[INFO] [stdout]                                at /rustc/dfb0accb7f508ae8be965d8629557221c889dd98/library/std/src/thread/lifecycle.rs:70:13
[INFO] [stdout]   58:     0x6096714d1cd2 - <core[df12db4294e9bfd3]::panic::unwind_safe::AssertUnwindSafe<std[70759c8f55707aa4]::thread::lifecycle::spawn_unchecked<test[9d35eded1c95d3be]::run_test::{closure#1}, ()>::{closure#1}::{closure#0}> as core[df12db4294e9bfd3]::ops::function::FnOnce<()>>::call_once
[INFO] [stdout]                                at /rustc/dfb0accb7f508ae8be965d8629557221c889dd98/library/core/src/panic/unwind_safe.rs:275:9
[INFO] [stdout]   59:     0x6096714d1cd2 - std[70759c8f55707aa4]::panicking::catch_unwind::do_call::<core[df12db4294e9bfd3]::panic::unwind_safe::AssertUnwindSafe<std[70759c8f55707aa4]::thread::lifecycle::spawn_unchecked<test[9d35eded1c95d3be]::run_test::{closure#1}, ()>::{closure#1}::{closure#0}>, ()>
[INFO] [stdout]                                at /rustc/dfb0accb7f508ae8be965d8629557221c889dd98/library/std/src/panicking.rs:576:43
[INFO] [stdout]   60:     0x6096714d1cd2 - std[70759c8f55707aa4]::panicking::catch_unwind::<(), core[df12db4294e9bfd3]::panic::unwind_safe::AssertUnwindSafe<std[70759c8f55707aa4]::thread::lifecycle::spawn_unchecked<test[9d35eded1c95d3be]::run_test::{closure#1}, ()>::{closure#1}::{closure#0}>>
[INFO] [stdout]                                at /rustc/dfb0accb7f508ae8be965d8629557221c889dd98/library/std/src/panicking.rs:544:19
[INFO] [stdout]   61:     0x6096714d1cd2 - std[70759c8f55707aa4]::panic::catch_unwind::<core[df12db4294e9bfd3]::panic::unwind_safe::AssertUnwindSafe<std[70759c8f55707aa4]::thread::lifecycle::spawn_unchecked<test[9d35eded1c95d3be]::run_test::{closure#1}, ()>::{closure#1}::{closure#0}>, ()>
[INFO] [stdout]                                at /rustc/dfb0accb7f508ae8be965d8629557221c889dd98/library/std/src/panic.rs:359:14
[INFO] [stdout]   62:     0x6096714d1cd2 - std[70759c8f55707aa4]::thread::lifecycle::spawn_unchecked::<test[9d35eded1c95d3be]::run_test::{closure#1}, ()>::{closure#1}
[INFO] [stdout]                                at /rustc/dfb0accb7f508ae8be965d8629557221c889dd98/library/std/src/thread/lifecycle.rs:68:26
[INFO] [stdout]   63:     0x6096714d1cd2 - <std[70759c8f55707aa4]::thread::lifecycle::spawn_unchecked<test[9d35eded1c95d3be]::run_test::{closure#1}, ()>::{closure#1} as core[df12db4294e9bfd3]::ops::function::FnOnce<()>>::call_once::{shim:vtable#0}
[INFO] [stdout]                                at /rustc/dfb0accb7f508ae8be965d8629557221c889dd98/library/core/src/ops/function.rs:250:5
[INFO] [stdout]   64:     0x6096719aff39 - <alloc[2182bb758b4b3781]::boxed::Box<dyn core[df12db4294e9bfd3]::ops::function::FnOnce<(), Output = ()> + core[df12db4294e9bfd3]::marker::Send> as core[df12db4294e9bfd3]::ops::function::FnOnce<()>>::call_once
[INFO] [stdout]                                at /rustc/dfb0accb7f508ae8be965d8629557221c889dd98/library/alloc/src/boxed.rs:2320:9
[INFO] [stdout]   65:     0x6096719aff39 - <std[70759c8f55707aa4]::sys::thread::unix::Thread>::new::thread_start
[INFO] [stdout]                                at /rustc/dfb0accb7f508ae8be965d8629557221c889dd98/library/std/src/sys/thread/unix.rs:123:17
[INFO] [stdout]   66:     0x7e7fd39bddfa - <unknown>
[INFO] [stdout]   67:     0x7e7fd3a513d4 - clone
[INFO] [stdout]   68:                0x0 - <unknown>
[INFO] [stdout] 
[INFO] [stdout] 
[INFO] [stdout] failures:
[INFO] [stdout]     tests::ordered::test_ordered_concurrent_get
[INFO] [stdout]     tests::ordered::test_ordered_concurrent_get_foreach
[INFO] [stdout]     tests::unordered::test_unordered_concurrent_get
[INFO] [stdout]     tests::unordered::test_unordered_concurrent_get_foreach
[INFO] [stdout] 
[INFO] [stdout] test result: FAILED. 0 passed; 4 failed; 0 ignored; 0 measured; 0 filtered out; finished in 0.22s
[INFO] [stdout] 
[INFO] [stderr] error: test failed, to rerun pass `--lib`
[INFO] running `Command { std: "docker" "inspect" "9e39dce13ddb6f2df238c36754d42f1ddea606fa5346163b87c75cd886e90b58", kill_on_drop: false }`
[INFO] running `Command { std: "docker" "rm" "-f" "9e39dce13ddb6f2df238c36754d42f1ddea606fa5346163b87c75cd886e90b58", kill_on_drop: false }`
[INFO] [stdout] 9e39dce13ddb6f2df238c36754d42f1ddea606fa5346163b87c75cd886e90b58
