[INFO] fetching crate similario_core 0.2.1...
[INFO] testing similario_core-0.2.1 against 1.100.0-beta.1 for beta-1.100-2
[INFO] extracting crate similario_core 0.2.1 into /workspace/builds/worker-3-tc2/source
[INFO] started tweaking crates.io crate similario_core 0.2.1
[INFO] removed 0 missing tests
[INFO] finished tweaking crates.io crate similario_core 0.2.1
[INFO] tweaked toml for crates.io crate similario_core 0.2.1 written to /workspace/builds/worker-3-tc2/source/Cargo.toml
[INFO] validating manifest of crates.io crate similario_core 0.2.1 on toolchain 1.100.0-beta.1
[INFO] running `Command { std: CARGO_HOME="/workspace/cargo-home" RUSTUP_HOME="/workspace/rustup-home" "/workspace/cargo-home/bin/cargo" "+1.100.0-beta.1" "metadata" "--manifest-path" "Cargo.toml" "--no-deps", kill_on_drop: false }`
[INFO] crate crates.io crate similario_core 0.2.1 already has a lockfile, it will not be regenerated
[INFO] running `Command { std: CARGO_HOME="/workspace/cargo-home" RUSTUP_HOME="/workspace/rustup-home" "/workspace/cargo-home/bin/cargo" "+1.100.0-beta.1" "fetch" "--manifest-path" "Cargo.toml", kill_on_drop: false }`
[INFO] [stderr] warning: `package.homepage` is redundant with `package.repository`
[INFO] [stderr]    --> Cargo.toml:180:12
[INFO] [stderr]     |
[INFO] [stderr] 180 | homepage = "https://github.com/qarmin/similario"
[INFO] [stderr]     |            ^^^^^^^^^^^^^^^^^^^^^^^^^^^^^^^^^^^^^
[INFO] [stderr] ...
[INFO] [stderr] 184 | repository = "https://github.com/qarmin/similario"
[INFO] [stderr]     |              -------------------------------------
[INFO] [stderr]     |
[INFO] [stderr]     = note: `cargo::redundant_homepage` is set to `warn` by default
[INFO] [stderr] help: consider removing `package.homepage`
[INFO] [stderr] warning: `similario_core` (manifest) generated 1 warning
[INFO] running `Command { std: "docker" "create" "-v" "/var/lib/crater-agent-workspace/builds/worker-3-tc2/source:/opt/rustwide/workdir:ro,Z" "-v" "/var/lib/crater-agent-workspace/builds/worker-3-tc2/target:/opt/rustwide/target:rw,Z" "-v" "/var/lib/crater-agent-workspace/cargo-home:/opt/rustwide/cargo-home:ro,Z" "-v" "/var/lib/crater-agent-workspace/rustup-home:/opt/rustwide/rustup-home:ro,Z" "-m" "1610612736" "--network" "none" "ghcr.io/rust-lang/crates-build-env/linux@sha256:3111399a4047eeb3a02b7a90e478d715f38a8c6669b5c4b49d30a17385265909" "sleep" "infinity", kill_on_drop: false }`
[INFO] [stdout] 741ec8ca6412f9dd6814ccd5ee961fc6b6f98758638f562d182e70660231d53d
[INFO] running `Command { std: "docker" "start" "741ec8ca6412f9dd6814ccd5ee961fc6b6f98758638f562d182e70660231d53d", kill_on_drop: false }`
[INFO] running `Command { std: "docker" "inspect" "741ec8ca6412f9dd6814ccd5ee961fc6b6f98758638f562d182e70660231d53d", kill_on_drop: false }`
[INFO] running `Command { std: "docker" "exec" "-e" "SOURCE_DIR=/opt/rustwide/workdir" "-e" "CARGO_HOME=/opt/rustwide/cargo-home" "-e" "RUSTUP_HOME=/opt/rustwide/rustup-home" "-e" "CARGO_TARGET_DIR=/opt/rustwide/target" "-w" "/opt/rustwide/workdir" "--user" "0:0" "741ec8ca6412f9dd6814ccd5ee961fc6b6f98758638f562d182e70660231d53d" "/opt/rustwide/cargo-home/bin/cargo" "+1.100.0-beta.1" "metadata" "--no-deps" "--format-version=1", kill_on_drop: false }`
[INFO] running `Command { std: "docker" "inspect" "741ec8ca6412f9dd6814ccd5ee961fc6b6f98758638f562d182e70660231d53d", kill_on_drop: false }`
[INFO] running `Command { std: "docker" "exec" "-e" "SOURCE_DIR=/opt/rustwide/workdir" "-e" "CARGO_HOME=/opt/rustwide/cargo-home" "-e" "RUSTUP_HOME=/opt/rustwide/rustup-home" "-e" "CARGO_TARGET_DIR=/opt/rustwide/target" "-e" "CARGO_INCREMENTAL=0" "-e" "RUST_BACKTRACE=full" "-e" "RUSTFLAGS=--cap-lints=warn" "-e" "RUSTDOCFLAGS=--cap-lints=warn" "-w" "/opt/rustwide/workdir" "--user" "0:0" "741ec8ca6412f9dd6814ccd5ee961fc6b6f98758638f562d182e70660231d53d" "/opt/rustwide/cargo-home/bin/cargo" "+1.100.0-beta.1" "build" "--frozen" "--message-format=json", kill_on_drop: false }`
[INFO] [stderr] warning: `package.homepage` is redundant with `package.repository`
[INFO] [stderr]    --> Cargo.toml:180:12
[INFO] [stderr]     |
[INFO] [stderr] 180 | homepage = "https://github.com/qarmin/similario"
[INFO] [stderr]     |            ^^^^^^^^^^^^^^^^^^^^^^^^^^^^^^^^^^^^^
[INFO] [stderr] ...
[INFO] [stderr] 184 | repository = "https://github.com/qarmin/similario"
[INFO] [stderr]     |              -------------------------------------
[INFO] [stderr]     |
[INFO] [stderr]     = note: `cargo::redundant_homepage` is set to `warn` by default
[INFO] [stderr] help: consider removing `package.homepage`
[INFO] [stderr] warning: `similario_core` (manifest) generated 1 warning
[INFO] [stderr]    Compiling num-traits v0.2.19
[INFO] [stderr]    Compiling strength_reduce v0.2.4
[INFO] [stderr]    Compiling bitflags v2.13.0
[INFO] [stderr]    Compiling bytemuck v1.25.0
[INFO] [stderr]    Compiling log v0.4.33
[INFO] [stderr]    Compiling regex-lite v0.1.9
[INFO] [stderr]    Compiling crossbeam-utils v0.8.22
[INFO] [stderr]    Compiling crossbeam-epoch v0.9.19
[INFO] [stderr]    Compiling target-features v0.1.6
[INFO] [stderr]    Compiling simd-adler32 v0.3.9
[INFO] [stderr]    Compiling crc32fast v1.5.0
[INFO] [stderr]    Compiling adler2 v2.0.1
[INFO] [stderr]    Compiling crossbeam-deque v0.8.7
[INFO] [stderr]    Compiling cc v1.2.66
[INFO] [stderr]    Compiling matrixmultiply v0.3.10
[INFO] [stderr]    Compiling radium v0.7.0
[INFO] [stderr]    Compiling serde v1.0.228
[INFO] [stderr]    Compiling tap v1.0.1
[INFO] [stderr]    Compiling extended v0.1.0
[INFO] [stderr]    Compiling rawpointer v0.2.1
[INFO] [stderr]    Compiling pxfm v0.1.30
[INFO] [stderr]    Compiling zune-core v0.5.1
[INFO] [stderr]    Compiling wyz v0.5.1
[INFO] [stderr]    Compiling miniz_oxide v0.8.9
[INFO] [stderr]    Compiling fdeflate v0.3.7
[INFO] [stderr]    Compiling funty v2.0.0
[INFO] [stderr]    Compiling memchr v2.8.2
[INFO] [stderr]    Compiling zune-jpeg v0.5.15
[INFO] [stderr]    Compiling either v1.16.0
[INFO] [stderr]    Compiling byteorder-lite v0.1.0
[INFO] [stderr]    Compiling bincode v1.3.3
[INFO] [stderr]    Compiling flate2 v1.1.9
[INFO] [stderr]    Compiling serde_json v1.0.150
[INFO] [stderr]    Compiling num-integer v0.1.46
[INFO] [stderr]    Compiling num-complex v0.4.6
[INFO] [stderr]    Compiling transpose v0.2.3
[INFO] [stderr]    Compiling primal-check v0.3.4
[INFO] [stderr]    Compiling multiversion-macros v0.8.0
[INFO] [stderr]    Compiling blake3 v1.8.5
[INFO] [stderr]    Compiling bitvec v1.1.1
[INFO] [stderr]    Compiling png v0.18.1
[INFO] [stderr]    Compiling rayon-core v1.13.0
[INFO] [stderr]    Compiling rustfft v6.4.1
[INFO] [stderr]    Compiling ndarray v0.17.2
[INFO] [stderr]    Compiling rayon v1.12.0
[INFO] [stderr]    Compiling multiversion v0.8.0
[INFO] [stderr]    Compiling hamming-bitwise-fast v1.1.0
[INFO] [stderr]    Compiling moxcms v0.8.1
[INFO] [stderr]    Compiling symphonia-core v0.6.0
[INFO] [stderr]    Compiling realfft v3.5.0
[INFO] [stderr]    Compiling rustdct v0.7.1
[INFO] [stderr]    Compiling rubato v0.16.2
[INFO] [stderr]    Compiling rusty-chromaprint v0.3.0
[INFO] [stderr]    Compiling image v0.25.10
[INFO] [stderr]    Compiling symphonia-metadata v0.6.0
[INFO] [stderr]    Compiling symphonia-codec-adpcm v0.6.0
[INFO] [stderr]    Compiling symphonia-bundle-mp3 v0.6.0
[INFO] [stderr]    Compiling symphonia-codec-pcm v0.6.0
[INFO] [stderr]    Compiling symphonia-common v0.6.0
[INFO] [stderr]    Compiling symphonia-format-riff v0.6.0
[INFO] [stderr]    Compiling symphonia-format-ogg v0.6.0
[INFO] [stderr]    Compiling symphonia-bundle-flac v0.6.0
[INFO] [stderr]    Compiling symphonia-format-mkv v0.6.0
[INFO] [stderr]    Compiling symphonia-codec-alac v0.6.0
[INFO] [stderr]    Compiling symphonia-format-caf v0.6.0
[INFO] [stderr]    Compiling symphonia-format-isomp4 v0.6.0
[INFO] [stderr]    Compiling symphonia-codec-aac v0.6.0
[INFO] [stderr]    Compiling symphonia-codec-vorbis v0.6.0
[INFO] [stderr]    Compiling symphonia v0.6.0
[INFO] [stderr]    Compiling similario_core v0.2.1 (/opt/rustwide/workdir)
[INFO] [stderr]     Finished `dev` profile [unoptimized + debuginfo] target(s) in 37.32s
[INFO] running `Command { std: "docker" "inspect" "741ec8ca6412f9dd6814ccd5ee961fc6b6f98758638f562d182e70660231d53d", kill_on_drop: false }`
[INFO] running `Command { std: "docker" "exec" "-e" "SOURCE_DIR=/opt/rustwide/workdir" "-e" "CARGO_HOME=/opt/rustwide/cargo-home" "-e" "RUSTUP_HOME=/opt/rustwide/rustup-home" "-e" "CARGO_TARGET_DIR=/opt/rustwide/target" "-e" "CARGO_INCREMENTAL=0" "-e" "RUST_BACKTRACE=full" "-e" "RUSTFLAGS=--cap-lints=warn" "-e" "RUSTDOCFLAGS=--cap-lints=warn" "-w" "/opt/rustwide/workdir" "--user" "0:0" "741ec8ca6412f9dd6814ccd5ee961fc6b6f98758638f562d182e70660231d53d" "/opt/rustwide/cargo-home/bin/cargo" "+1.100.0-beta.1" "test" "--frozen" "--no-run" "--message-format=json", kill_on_drop: false }`
[INFO] [stderr] warning: `package.homepage` is redundant with `package.repository`
[INFO] [stderr]    --> Cargo.toml:180:12
[INFO] [stderr]     |
[INFO] [stderr] 180 | homepage = "https://github.com/qarmin/similario"
[INFO] [stderr]     |            ^^^^^^^^^^^^^^^^^^^^^^^^^^^^^^^^^^^^^
[INFO] [stderr] ...
[INFO] [stderr] 184 | repository = "https://github.com/qarmin/similario"
[INFO] [stderr]     |              -------------------------------------
[INFO] [stderr]     |
[INFO] [stderr]     = note: `cargo::redundant_homepage` is set to `warn` by default
[INFO] [stderr] help: consider removing `package.homepage`
[INFO] [stderr] warning: `similario_core` (manifest) generated 1 warning
[INFO] [stderr]    Compiling symphonia-core v0.6.0
[INFO] [stderr]    Compiling png v0.18.1
[INFO] [stderr]    Compiling once_cell v1.21.4
[INFO] [stderr]    Compiling tempfile v3.27.0
[INFO] [stderr]    Compiling image v0.25.10
[INFO] [stderr]    Compiling symphonia-metadata v0.6.0
[INFO] [stderr]    Compiling symphonia-bundle-mp3 v0.6.0
[INFO] [stderr]    Compiling symphonia-codec-pcm v0.6.0
[INFO] [stderr]    Compiling symphonia-codec-adpcm v0.6.0
[INFO] [stderr]    Compiling symphonia-common v0.6.0
[INFO] [stderr]    Compiling symphonia-format-riff v0.6.0
[INFO] [stderr]    Compiling symphonia-format-caf v0.6.0
[INFO] [stderr]    Compiling symphonia-format-isomp4 v0.6.0
[INFO] [stderr]    Compiling symphonia-codec-aac v0.6.0
[INFO] [stderr]    Compiling symphonia-codec-vorbis v0.6.0
[INFO] [stderr]    Compiling symphonia-codec-alac v0.6.0
[INFO] [stderr]    Compiling symphonia-format-ogg v0.6.0
[INFO] [stderr]    Compiling symphonia-bundle-flac v0.6.0
[INFO] [stderr]    Compiling symphonia-format-mkv v0.6.0
[INFO] [stderr]    Compiling symphonia v0.6.0
[INFO] [stderr]    Compiling similario_core v0.2.1 (/opt/rustwide/workdir)
[INFO] [stderr]     Finished `test` profile [unoptimized + debuginfo] target(s) in 23.94s
[INFO] running `Command { std: "docker" "inspect" "741ec8ca6412f9dd6814ccd5ee961fc6b6f98758638f562d182e70660231d53d", kill_on_drop: false }`
[INFO] running `Command { std: "docker" "exec" "-e" "SOURCE_DIR=/opt/rustwide/workdir" "-e" "CARGO_HOME=/opt/rustwide/cargo-home" "-e" "RUSTUP_HOME=/opt/rustwide/rustup-home" "-e" "CARGO_TARGET_DIR=/opt/rustwide/target" "-e" "CARGO_INCREMENTAL=0" "-e" "RUST_BACKTRACE=full" "-e" "RUSTFLAGS=--cap-lints=warn" "-e" "RUSTDOCFLAGS=--cap-lints=warn" "-w" "/opt/rustwide/workdir" "--user" "0:0" "741ec8ca6412f9dd6814ccd5ee961fc6b6f98758638f562d182e70660231d53d" "/opt/rustwide/cargo-home/bin/cargo" "+1.100.0-beta.1" "test" "--frozen", kill_on_drop: false }`
[INFO] [stderr] warning: `package.homepage` is redundant with `package.repository`
[INFO] [stderr]    --> Cargo.toml:180:12
[INFO] [stderr]     |
[INFO] [stderr] 180 | homepage = "https://github.com/qarmin/similario"
[INFO] [stderr]     |            ^^^^^^^^^^^^^^^^^^^^^^^^^^^^^^^^^^^^^
[INFO] [stderr] ...
[INFO] [stderr] 184 | repository = "https://github.com/qarmin/similario"
[INFO] [stderr]     |              -------------------------------------
[INFO] [stderr]     |
[INFO] [stderr]     = note: `cargo::redundant_homepage` is set to `warn` by default
[INFO] [stderr] help: consider removing `package.homepage`
[INFO] [stderr] warning: `similario_core` (manifest) generated 1 warning
[INFO] [stderr]     Finished `test` profile [unoptimized + debuginfo] target(s) in 0.13s
[INFO] [stderr]      Running unittests src/lib.rs (/opt/rustwide/target/debug/build/similario_core/a9f087b207616eb0/out/similario_core-a9f087b207616eb0)
[INFO] [stdout] 
[INFO] [stdout] running 31 tests
[INFO] [stdout] test metadata::tests::duration_fallback_to_format ... ok
[INFO] [stdout] test metadata::tests::parse_duration_float ... ok
[INFO] [stdout] test metadata::tests::parse_duration_none ... ok
[INFO] [stdout] test compare::tests::duration_buckets_groups_by_tolerance ... ok
[INFO] [stdout] test compare::tests::identical_hashes_found ... ok
[INFO] [stdout] test compare::tests::different_duration_not_grouped ... ok
[INFO] [stdout] test compare::tests::hamming_distance_zero_for_same ... ok
[INFO] [stdout] test visual::dct::tests::dct_3d_produces_finite_values ... ok
[INFO] [stdout] test visual::tests::ffmpeg_timeout_handles_inverted_bounds ... ok
[INFO] [stdout] test visual::tests::ffmpeg_timeout_scales_and_clamps ... ok
[INFO] [stdout] test visual::tests::is_black_frame_detection ... ok
[INFO] [stdout] test visual::tests::window_positions_short_video ... ok
[INFO] [stdout] test visual::tests::hamming_identical ... ok
[INFO] [stdout] test visual::cropdetect::tests::no_letterbox_on_uniform ... ok
[INFO] [stdout] test visual::dct::tests::hash_different_content_differs ... ok
[INFO] [stdout] test metadata::tests::parse_json_full ... ok
[INFO] [stdout] test cache::tests::cache_key_changes_with_size ... ok
[INFO] [stdout] test cache::tests::cache_key_changes_with_config ... ok
[INFO] [stdout] test metadata::tests::parse_duration_hhmmss ... ok
[INFO] [stdout] test metadata::tests::parse_duration_mmss ... ok
[INFO] [stdout] test cache::tests::cache_key_changes_with_mtime ... ok
[INFO] [stdout] test metadata::tests::parse_fps_normal ... ok
[INFO] [stdout] test compare::tests::hamming_distance_max_for_inverse ... ok
[INFO] [stdout] test visual::watchdog::tests::leaves_child_alone_when_it_exits_in_time ... ok
[INFO] [stdout] test cache::tests::save_and_load_roundtrip ... ok
[INFO] [stdout] test visual::dct::tests::hash_identical_frames_is_zero_distance ... ok
[INFO] [stdout] test visual::cropdetect::tests::detects_black_bars_top_bottom ... ok
[INFO] [stdout] test visual::tests::window_positions_skip ... ok
[INFO] [stdout] test visual::watchdog::tests::kills_child_on_stop_flag ... ok
[INFO] [stdout] test visual::watchdog::tests::multiple_concurrent_children_tracked_independently ... ok
[INFO] [stdout] test visual::watchdog::tests::kills_child_on_timeout ... ok
[INFO] [stdout] 
[INFO] [stdout] test result: ok. 31 passed; 0 failed; 0 ignored; 0 measured; 0 filtered out; finished in 0.70s
[INFO] [stdout] 
[INFO] [stderr]      Running tests/integration_duplicates.rs (/opt/rustwide/target/debug/build/similario_core/6a5a7b78a600c165/out/integration_duplicates-6a5a7b78a600c165)
[INFO] [stdout] 
[INFO] [stdout] running 1 test
[INFO] [stdout] test test_all_variants_grouped_with_originals ... FAILED
[INFO] [stdout] 
[INFO] [stdout] failures:
[INFO] [stdout] 
[INFO] [stdout] ---- test_all_variants_grouped_with_originals stdout ----
[INFO] [stdout] 
[INFO] [stdout] thread 'test_all_variants_grouped_with_originals' (1537) panicked at tests/integration_duplicates.rs:26:5:
[INFO] [stdout] Test videos not found at /opt/rustwide/tests/videos. Run `just prepare-test-videos` first.
[INFO] [stdout] stack backtrace:
[INFO] [stdout]    0:     0x5a92ea883421 - std[617be2ca0a6fd877]::backtrace_rs::backtrace::libunwind::trace
[INFO] [stdout]                                at /rustc/e3feeb59cd1bdd011a2bfcc0747b55125d9b8527/library/std/src/../../backtrace/src/backtrace/libunwind.rs:117:9
[INFO] [stdout]    1:     0x5a92ea883421 - std[617be2ca0a6fd877]::backtrace_rs::backtrace::trace_unsynchronized::<std[617be2ca0a6fd877]::sys::backtrace::_print_fmt::{closure#1}>
[INFO] [stdout]                                at /rustc/e3feeb59cd1bdd011a2bfcc0747b55125d9b8527/library/std/src/../../backtrace/src/backtrace/mod.rs:66:14
[INFO] [stdout]    2:     0x5a92ea883421 - std[617be2ca0a6fd877]::sys::backtrace::_print_fmt
[INFO] [stdout]                                at /rustc/e3feeb59cd1bdd011a2bfcc0747b55125d9b8527/library/std/src/sys/backtrace.rs:74:9
[INFO] [stdout]    3:     0x5a92ea883421 - <<std[617be2ca0a6fd877]::sys::backtrace::BacktraceLock>::print::DisplayBacktrace as core[a373ad73a504971]::fmt::Display>::fmt
[INFO] [stdout]                                at /rustc/e3feeb59cd1bdd011a2bfcc0747b55125d9b8527/library/std/src/sys/backtrace.rs:44:26
[INFO] [stdout]    4:     0x5a92ea89a1ba - <core[a373ad73a504971]::fmt::rt::Argument>::fmt
[INFO] [stdout]                                at /rustc/e3feeb59cd1bdd011a2bfcc0747b55125d9b8527/library/core/src/fmt/rt.rs:152:76
[INFO] [stdout]    5:     0x5a92ea89a1ba - core[a373ad73a504971]::fmt::write
[INFO] [stdout]    6:     0x5a92ea887c5c - core[a373ad73a504971]::io::write::default_write_fmt::<alloc[2e1b2a31b91974c5]::vec::Vec<u8>>
[INFO] [stdout]                                at /rustc/e3feeb59cd1bdd011a2bfcc0747b55125d9b8527/library/core/src/io/write.rs:402:11
[INFO] [stdout]    7:     0x5a92ea887c5c - <alloc[2e1b2a31b91974c5]::vec::Vec<u8> as core[a373ad73a504971]::io::write::Write>::write_fmt
[INFO] [stdout]                                at /rustc/e3feeb59cd1bdd011a2bfcc0747b55125d9b8527/library/core/src/io/write.rs:335:13
[INFO] [stdout]    8:     0x5a92ea85db26 - <std[617be2ca0a6fd877]::sys::backtrace::BacktraceLock>::print
[INFO] [stdout]                                at /rustc/e3feeb59cd1bdd011a2bfcc0747b55125d9b8527/library/std/src/sys/backtrace.rs:47:9
[INFO] [stdout]    9:     0x5a92ea85db26 - std[617be2ca0a6fd877]::panicking::default_hook::{closure#0}
[INFO] [stdout]                                at /rustc/e3feeb59cd1bdd011a2bfcc0747b55125d9b8527/library/std/src/panicking.rs:289:27
[INFO] [stdout]   10:     0x5a92ea87b509 - std[617be2ca0a6fd877]::panicking::default_hook
[INFO] [stdout]                                at /rustc/e3feeb59cd1bdd011a2bfcc0747b55125d9b8527/library/std/src/panicking.rs:313:9
[INFO] [stdout]   11:     0x5a92e9200830 - <alloc[2e1b2a31b91974c5]::boxed::Box<dyn for<'a, 'b> core[a373ad73a504971]::ops::function::Fn<(&'a std[617be2ca0a6fd877]::panic::PanicHookInfo<'b>,), Output = ()> + core[a373ad73a504971]::marker::Sync + core[a373ad73a504971]::marker::Send> as core[a373ad73a504971]::ops::function::Fn<(&std[617be2ca0a6fd877]::panic::PanicHookInfo,)>>::call
[INFO] [stdout]                                at /rustc/e3feeb59cd1bdd011a2bfcc0747b55125d9b8527/library/alloc/src/boxed.rs:2328:9
[INFO] [stdout]   12:     0x5a92e9200830 - test[aada8e7e76ba119b]::test_main_inner::{closure#0}
[INFO] [stdout]                                at /rustc/e3feeb59cd1bdd011a2bfcc0747b55125d9b8527/library/test/src/lib.rs:137:21
[INFO] [stdout]   13:     0x5a92ea87b832 - <alloc[2e1b2a31b91974c5]::boxed::Box<dyn for<'a, 'b> core[a373ad73a504971]::ops::function::Fn<(&'a std[617be2ca0a6fd877]::panic::PanicHookInfo<'b>,), Output = ()> + core[a373ad73a504971]::marker::Sync + core[a373ad73a504971]::marker::Send> as core[a373ad73a504971]::ops::function::Fn<(&std[617be2ca0a6fd877]::panic::PanicHookInfo,)>>::call
[INFO] [stdout]                                at /rustc/e3feeb59cd1bdd011a2bfcc0747b55125d9b8527/library/alloc/src/boxed.rs:2328:9
[INFO] [stdout]   14:     0x5a92ea87b832 - std[617be2ca0a6fd877]::panicking::panic_with_hook
[INFO] [stdout]                                at /rustc/e3feeb59cd1bdd011a2bfcc0747b55125d9b8527/library/std/src/panicking.rs:819:13
[INFO] [stdout]   15:     0x5a92ea85dbd2 - std[617be2ca0a6fd877]::panicking::panic_handler::{closure#0}
[INFO] [stdout]                                at /rustc/e3feeb59cd1bdd011a2bfcc0747b55125d9b8527/library/std/src/panicking.rs:685:13
[INFO] [stdout]   16:     0x5a92ea8566c9 - std[617be2ca0a6fd877]::sys::backtrace::__rust_end_short_backtrace::<std[617be2ca0a6fd877]::panicking::panic_handler::{closure#0}, !>
[INFO] [stdout]                                at /rustc/e3feeb59cd1bdd011a2bfcc0747b55125d9b8527/library/std/src/sys/backtrace.rs:182:18
[INFO] [stdout]   17:     0x5a92ea85e8cd - __rustc[ea4f61d10b84890b]::rust_begin_unwind
[INFO] [stdout]                                at /rustc/e3feeb59cd1bdd011a2bfcc0747b55125d9b8527/library/std/src/panicking.rs:676:5
[INFO] [stdout]   18:     0x5a92ea89a9dc - core[a373ad73a504971]::panicking::panic_fmt
[INFO] [stdout]                                at /rustc/e3feeb59cd1bdd011a2bfcc0747b55125d9b8527/library/core/src/panicking.rs:80:14
[INFO] [stdout]   19:     0x5a92e91e922a - integration_duplicates[1546ab7199a5b8b2]::ensure_videos_exist
[INFO] [stdout]                                at /opt/rustwide/workdir/tests/integration_duplicates.rs:26:5
[INFO] [stdout]   20:     0x5a92e91e949c - integration_duplicates[1546ab7199a5b8b2]::test_all_variants_grouped_with_originals
[INFO] [stdout]                                at /opt/rustwide/workdir/tests/integration_duplicates.rs:43:5
[INFO] [stdout]   21:     0x5a92e91e8ac7 - integration_duplicates[1546ab7199a5b8b2]::test_all_variants_grouped_with_originals::{closure#0}
[INFO] [stdout]                                at /opt/rustwide/workdir/tests/integration_duplicates.rs:41:46
[INFO] [stdout]   22:     0x5a92e91e6526 - <integration_duplicates[1546ab7199a5b8b2]::test_all_variants_grouped_with_originals::{closure#0} as core[a373ad73a504971]::ops::function::FnOnce<()>>::call_once
[INFO] [stdout]                                at /rustc/e3feeb59cd1bdd011a2bfcc0747b55125d9b8527/library/core/src/ops/function.rs:250:5
[INFO] [stdout]   23:     0x5a92e91f3c7b - <fn() -> core[a373ad73a504971]::result::Result<(), alloc[2e1b2a31b91974c5]::string::String> as core[a373ad73a504971]::ops::function::FnOnce<()>>::call_once
[INFO] [stdout]                                at /rustc/e3feeb59cd1bdd011a2bfcc0747b55125d9b8527/library/core/src/ops/function.rs:250:5
[INFO] [stdout]   24:     0x5a92e91f3c7b - test[aada8e7e76ba119b]::__rust_begin_short_backtrace::<core[a373ad73a504971]::result::Result<(), alloc[2e1b2a31b91974c5]::string::String>, fn() -> core[a373ad73a504971]::result::Result<(), alloc[2e1b2a31b91974c5]::string::String>>
[INFO] [stdout]                                at /rustc/e3feeb59cd1bdd011a2bfcc0747b55125d9b8527/library/test/src/lib.rs:701:18
[INFO] [stdout]   25:     0x5a92e9200e55 - test[aada8e7e76ba119b]::run_test_in_process::{closure#0}
[INFO] [stdout]                                at /rustc/e3feeb59cd1bdd011a2bfcc0747b55125d9b8527/library/test/src/lib.rs:724:74
[INFO] [stdout]   26:     0x5a92e9200e55 - <core[a373ad73a504971]::panic::unwind_safe::AssertUnwindSafe<test[aada8e7e76ba119b]::run_test_in_process::{closure#0}> as core[a373ad73a504971]::ops::function::FnOnce<()>>::call_once
[INFO] [stdout]                                at /rustc/e3feeb59cd1bdd011a2bfcc0747b55125d9b8527/library/core/src/panic/unwind_safe.rs:275:9
[INFO] [stdout]   27:     0x5a92e9200e55 - std[617be2ca0a6fd877]::panicking::catch_unwind::do_call::<core[a373ad73a504971]::panic::unwind_safe::AssertUnwindSafe<test[aada8e7e76ba119b]::run_test_in_process::{closure#0}>, core[a373ad73a504971]::result::Result<(), alloc[2e1b2a31b91974c5]::string::String>>
[INFO] [stdout]                                at /rustc/e3feeb59cd1bdd011a2bfcc0747b55125d9b8527/library/std/src/panicking.rs:573:43
[INFO] [stdout]   28:     0x5a92e9200e55 - std[617be2ca0a6fd877]::panicking::catch_unwind::<core[a373ad73a504971]::result::Result<(), alloc[2e1b2a31b91974c5]::string::String>, core[a373ad73a504971]::panic::unwind_safe::AssertUnwindSafe<test[aada8e7e76ba119b]::run_test_in_process::{closure#0}>>
[INFO] [stdout]                                at /rustc/e3feeb59cd1bdd011a2bfcc0747b55125d9b8527/library/std/src/panicking.rs:541:19
[INFO] [stdout]   29:     0x5a92e9200e55 - std[617be2ca0a6fd877]::panic::catch_unwind::<core[a373ad73a504971]::panic::unwind_safe::AssertUnwindSafe<test[aada8e7e76ba119b]::run_test_in_process::{closure#0}>, core[a373ad73a504971]::result::Result<(), alloc[2e1b2a31b91974c5]::string::String>>
[INFO] [stdout]                                at /rustc/e3feeb59cd1bdd011a2bfcc0747b55125d9b8527/library/std/src/panic.rs:359:14
[INFO] [stdout]   30:     0x5a92e9200e55 - test[aada8e7e76ba119b]::run_test_in_process
[INFO] [stdout]                                at /rustc/e3feeb59cd1bdd011a2bfcc0747b55125d9b8527/library/test/src/lib.rs:724:27
[INFO] [stdout]   31:     0x5a92e9200e55 - test[aada8e7e76ba119b]::run_test::{closure#0}
[INFO] [stdout]                                at /rustc/e3feeb59cd1bdd011a2bfcc0747b55125d9b8527/library/test/src/lib.rs:645:43
[INFO] [stdout]   32:     0x5a92e91fa744 - test[aada8e7e76ba119b]::run_test::{closure#1}
[INFO] [stdout]                                at /rustc/e3feeb59cd1bdd011a2bfcc0747b55125d9b8527/library/test/src/lib.rs:675:41
[INFO] [stdout]   33:     0x5a92e91fa744 - std[617be2ca0a6fd877]::sys::backtrace::__rust_begin_short_backtrace::<test[aada8e7e76ba119b]::run_test::{closure#1}, ()>
[INFO] [stdout]                                at /rustc/e3feeb59cd1bdd011a2bfcc0747b55125d9b8527/library/std/src/sys/backtrace.rs:166:18
[INFO] [stdout]   34:     0x5a92e9203ee2 - std[617be2ca0a6fd877]::thread::lifecycle::spawn_unchecked::<test[aada8e7e76ba119b]::run_test::{closure#1}, ()>::{closure#1}::{closure#0}
[INFO] [stdout]                                at /rustc/e3feeb59cd1bdd011a2bfcc0747b55125d9b8527/library/std/src/thread/lifecycle.rs:70:13
[INFO] [stdout]   35:     0x5a92e9203ee2 - <core[a373ad73a504971]::panic::unwind_safe::AssertUnwindSafe<std[617be2ca0a6fd877]::thread::lifecycle::spawn_unchecked<test[aada8e7e76ba119b]::run_test::{closure#1}, ()>::{closure#1}::{closure#0}> as core[a373ad73a504971]::ops::function::FnOnce<()>>::call_once
[INFO] [stdout]                                at /rustc/e3feeb59cd1bdd011a2bfcc0747b55125d9b8527/library/core/src/panic/unwind_safe.rs:275:9
[INFO] [stdout]   36:     0x5a92e9203ee2 - std[617be2ca0a6fd877]::panicking::catch_unwind::do_call::<core[a373ad73a504971]::panic::unwind_safe::AssertUnwindSafe<std[617be2ca0a6fd877]::thread::lifecycle::spawn_unchecked<test[aada8e7e76ba119b]::run_test::{closure#1}, ()>::{closure#1}::{closure#0}>, ()>
[INFO] [stdout]                                at /rustc/e3feeb59cd1bdd011a2bfcc0747b55125d9b8527/library/std/src/panicking.rs:573:43
[INFO] [stdout]   37:     0x5a92e9203ee2 - std[617be2ca0a6fd877]::panicking::catch_unwind::<(), core[a373ad73a504971]::panic::unwind_safe::AssertUnwindSafe<std[617be2ca0a6fd877]::thread::lifecycle::spawn_unchecked<test[aada8e7e76ba119b]::run_test::{closure#1}, ()>::{closure#1}::{closure#0}>>
[INFO] [stdout]                                at /rustc/e3feeb59cd1bdd011a2bfcc0747b55125d9b8527/library/std/src/panicking.rs:541:19
[INFO] [stdout]   38:     0x5a92e9203ee2 - std[617be2ca0a6fd877]::panic::catch_unwind::<core[a373ad73a504971]::panic::unwind_safe::AssertUnwindSafe<std[617be2ca0a6fd877]::thread::lifecycle::spawn_unchecked<test[aada8e7e76ba119b]::run_test::{closure#1}, ()>::{closure#1}::{closure#0}>, ()>
[INFO] [stdout]                                at /rustc/e3feeb59cd1bdd011a2bfcc0747b55125d9b8527/library/std/src/panic.rs:359:14
[INFO] [stdout]   39:     0x5a92e9203ee2 - std[617be2ca0a6fd877]::thread::lifecycle::spawn_unchecked::<test[aada8e7e76ba119b]::run_test::{closure#1}, ()>::{closure#1}
[INFO] [stdout]                                at /rustc/e3feeb59cd1bdd011a2bfcc0747b55125d9b8527/library/std/src/thread/lifecycle.rs:68:26
[INFO] [stdout]   40:     0x5a92e9203ee2 - <std[617be2ca0a6fd877]::thread::lifecycle::spawn_unchecked<test[aada8e7e76ba119b]::run_test::{closure#1}, ()>::{closure#1} as core[a373ad73a504971]::ops::function::FnOnce<()>>::call_once::{shim:vtable#0}
[INFO] [stdout]                                at /rustc/e3feeb59cd1bdd011a2bfcc0747b55125d9b8527/library/core/src/ops/function.rs:250:5
[INFO] [stdout]   41:     0x5a92ea882c6f - <alloc[2e1b2a31b91974c5]::boxed::Box<dyn core[a373ad73a504971]::ops::function::FnOnce<(), Output = ()> + core[a373ad73a504971]::marker::Send> as core[a373ad73a504971]::ops::function::FnOnce<()>>::call_once
[INFO] [stdout]                                at /rustc/e3feeb59cd1bdd011a2bfcc0747b55125d9b8527/library/alloc/src/boxed.rs:2314:9
[INFO] [stdout]   42:     0x5a92ea882c6f - <std[617be2ca0a6fd877]::sys::thread::unix::Thread>::new::thread_start
[INFO] [stdout]                                at /rustc/e3feeb59cd1bdd011a2bfcc0747b55125d9b8527/library/std/src/sys/thread/unix.rs:127:17
[INFO] [stdout]   43:     0x73967c18edfa - <unknown>
[INFO] [stdout]   44:     0x73967c2223d4 - clone
[INFO] [stdout]   45:                0x0 - <unknown>
[INFO] [stdout] 
[INFO] [stdout] 
[INFO] [stdout] failures:
[INFO] [stdout]     test_all_variants_grouped_with_originals
[INFO] [stdout] 
[INFO] [stdout] test result: FAILED. 0 passed; 1 failed; 0 ignored; 0 measured; 0 filtered out; finished in 0.09s
[INFO] [stdout] 
[INFO] [stderr] error: test failed, to rerun pass `--test integration_duplicates`
[INFO] running `Command { std: "docker" "inspect" "741ec8ca6412f9dd6814ccd5ee961fc6b6f98758638f562d182e70660231d53d", kill_on_drop: false }`
[INFO] running `Command { std: "docker" "rm" "-f" "741ec8ca6412f9dd6814ccd5ee961fc6b6f98758638f562d182e70660231d53d", kill_on_drop: false }`
[INFO] [stdout] 741ec8ca6412f9dd6814ccd5ee961fc6b6f98758638f562d182e70660231d53d
