[INFO] fetching crate simcore 0.1.0...
[INFO] testing simcore-0.1.0 against 1.100.0-beta.1 for beta-1.100-2
[INFO] extracting crate simcore 0.1.0 into /workspace/builds/worker-6-tc2/source
[INFO] started tweaking crates.io crate simcore 0.1.0
[INFO] removed 0 missing examples
[INFO] finished tweaking crates.io crate simcore 0.1.0
[INFO] tweaked toml for crates.io crate simcore 0.1.0 written to /workspace/builds/worker-6-tc2/source/Cargo.toml
[INFO] validating manifest of crates.io crate simcore 0.1.0 on toolchain 1.100.0-beta.1
[INFO] running `Command { std: CARGO_HOME="/workspace/cargo-home" RUSTUP_HOME="/workspace/rustup-home" "/workspace/cargo-home/bin/cargo" "+1.100.0-beta.1" "metadata" "--manifest-path" "Cargo.toml" "--no-deps", kill_on_drop: false }`
[INFO] crate crates.io crate simcore 0.1.0 already has a lockfile, it will not be regenerated
[INFO] running `Command { std: CARGO_HOME="/workspace/cargo-home" RUSTUP_HOME="/workspace/rustup-home" "/workspace/cargo-home/bin/cargo" "+1.100.0-beta.1" "fetch" "--manifest-path" "Cargo.toml", kill_on_drop: false }`
[INFO] [stderr] warning: `package.homepage` is redundant with `package.repository`
[INFO] [stderr]   --> Cargo.toml:53:12
[INFO] [stderr]    |
[INFO] [stderr] 53 | homepage = "https://github.com/systems-group/simcore"
[INFO] [stderr]    |            ^^^^^^^^^^^^^^^^^^^^^^^^^^^^^^^^^^^^^^^^^^
[INFO] [stderr] ...
[INFO] [stderr] 59 | repository = "https://github.com/systems-group/simcore"
[INFO] [stderr]    |              ------------------------------------------
[INFO] [stderr]    |
[INFO] [stderr]    = note: `cargo::redundant_homepage` is set to `warn` by default
[INFO] [stderr] help: consider removing `package.homepage`
[INFO] [stderr] warning: `simcore` (manifest) generated 1 warning
[INFO] running `Command { std: "docker" "create" "-v" "/var/lib/crater-agent-workspace/builds/worker-6-tc2/source:/opt/rustwide/workdir:ro,Z" "-v" "/var/lib/crater-agent-workspace/builds/worker-6-tc2/target:/opt/rustwide/target:rw,Z" "-v" "/var/lib/crater-agent-workspace/cargo-home:/opt/rustwide/cargo-home:ro,Z" "-v" "/var/lib/crater-agent-workspace/rustup-home:/opt/rustwide/rustup-home:ro,Z" "-m" "1610612736" "--network" "none" "ghcr.io/rust-lang/crates-build-env/linux@sha256:3111399a4047eeb3a02b7a90e478d715f38a8c6669b5c4b49d30a17385265909" "sleep" "infinity", kill_on_drop: false }`
[INFO] [stdout] 04cd550e576977af92e71188e46106b86eb87b09f3e5f81cea69767991518fc7
[INFO] running `Command { std: "docker" "start" "04cd550e576977af92e71188e46106b86eb87b09f3e5f81cea69767991518fc7", kill_on_drop: false }`
[INFO] running `Command { std: "docker" "inspect" "04cd550e576977af92e71188e46106b86eb87b09f3e5f81cea69767991518fc7", kill_on_drop: false }`
[INFO] running `Command { std: "docker" "exec" "-e" "SOURCE_DIR=/opt/rustwide/workdir" "-e" "CARGO_HOME=/opt/rustwide/cargo-home" "-e" "RUSTUP_HOME=/opt/rustwide/rustup-home" "-e" "CARGO_TARGET_DIR=/opt/rustwide/target" "-w" "/opt/rustwide/workdir" "--user" "0:0" "04cd550e576977af92e71188e46106b86eb87b09f3e5f81cea69767991518fc7" "/opt/rustwide/cargo-home/bin/cargo" "+1.100.0-beta.1" "metadata" "--no-deps" "--format-version=1", kill_on_drop: false }`
[INFO] running `Command { std: "docker" "inspect" "04cd550e576977af92e71188e46106b86eb87b09f3e5f81cea69767991518fc7", kill_on_drop: false }`
[INFO] running `Command { std: "docker" "exec" "-e" "SOURCE_DIR=/opt/rustwide/workdir" "-e" "CARGO_HOME=/opt/rustwide/cargo-home" "-e" "RUSTUP_HOME=/opt/rustwide/rustup-home" "-e" "CARGO_TARGET_DIR=/opt/rustwide/target" "-e" "CARGO_INCREMENTAL=0" "-e" "RUST_BACKTRACE=full" "-e" "RUSTFLAGS=--cap-lints=warn" "-e" "RUSTDOCFLAGS=--cap-lints=warn" "-w" "/opt/rustwide/workdir" "--user" "0:0" "04cd550e576977af92e71188e46106b86eb87b09f3e5f81cea69767991518fc7" "/opt/rustwide/cargo-home/bin/cargo" "+1.100.0-beta.1" "build" "--frozen" "--message-format=json", kill_on_drop: false }`
[INFO] [stderr] warning: `package.homepage` is redundant with `package.repository`
[INFO] [stderr]   --> Cargo.toml:53:12
[INFO] [stderr]    |
[INFO] [stderr] 53 | homepage = "https://github.com/systems-group/simcore"
[INFO] [stderr]    |            ^^^^^^^^^^^^^^^^^^^^^^^^^^^^^^^^^^^^^^^^^^
[INFO] [stderr] ...
[INFO] [stderr] 59 | repository = "https://github.com/systems-group/simcore"
[INFO] [stderr]    |              ------------------------------------------
[INFO] [stderr]    |
[INFO] [stderr]    = note: `cargo::redundant_homepage` is set to `warn` by default
[INFO] [stderr] help: consider removing `package.homepage`
[INFO] [stderr] warning: `simcore` (manifest) generated 1 warning
[INFO] [stderr]    Compiling proc-macro2 v1.0.86
[INFO] [stderr]    Compiling libc v0.2.155
[INFO] [stderr]    Compiling autocfg v1.3.0
[INFO] [stderr]    Compiling serde v1.0.204
[INFO] [stderr]    Compiling futures-sink v0.3.30
[INFO] [stderr]    Compiling futures-core v0.3.30
[INFO] [stderr]    Compiling futures-io v0.3.30
[INFO] [stderr]    Compiling pin-project-lite v0.2.14
[INFO] [stderr]    Compiling futures-task v0.3.30
[INFO] [stderr]    Compiling futures-channel v0.3.30
[INFO] [stderr]    Compiling ppv-lite86 v0.2.17
[INFO] [stderr]    Compiling serde_json v1.0.120
[INFO] [stderr]    Compiling indexmap v2.2.6
[INFO] [stderr]    Compiling typeid v1.0.0
[INFO] [stderr]    Compiling itoa v1.0.11
[INFO] [stderr]    Compiling colored v2.1.0
[INFO] [stderr]    Compiling slab v0.4.9
[INFO] [stderr]    Compiling dyn-clone v1.0.17
[INFO] [stderr]    Compiling log v0.4.22
[INFO] [stderr]    Compiling downcast-rs v1.2.1
[INFO] [stderr]    Compiling rustc-hash v2.0.0
[INFO] [stderr]    Compiling quote v1.0.36
[INFO] [stderr]    Compiling getrandom v0.2.15
[INFO] [stderr]    Compiling rand_core v0.6.4
[INFO] [stderr]    Compiling syn v2.0.69
[INFO] [stderr]    Compiling rand_chacha v0.3.1
[INFO] [stderr]    Compiling rand_pcg v0.3.1
[INFO] [stderr]    Compiling rand v0.8.5
[INFO] [stderr]    Compiling serde_derive v1.0.204
[INFO] [stderr]    Compiling futures-macro v0.3.30
[INFO] [stderr]    Compiling futures-util v0.3.30
[INFO] [stderr]    Compiling futures-executor v0.3.30
[INFO] [stderr]    Compiling futures v0.3.30
[INFO] [stderr]    Compiling erased-serde v0.4.5
[INFO] [stderr]    Compiling serde_type_name v0.2.0
[INFO] [stderr]    Compiling simcore v0.1.0 (/opt/rustwide/workdir)
[INFO] [stderr] warning: unused dependency `futures`
[INFO] [stderr]   --> Cargo.toml:13:15
[INFO] [stderr]    |
[INFO] [stderr] 13 | [dependencies.futures]
[INFO] [stderr]    |               ^^^^^^^^
[INFO] [stderr]    |
[INFO] [stderr]    = note: `cargo::unused_dependencies` is set to `warn` by default
[INFO] [stderr] help: consider removing the dependency on `futures`
[INFO] [stderr] warning: `simcore` (manifest) generated 1 warning
[INFO] [stderr]     Finished `dev` profile [unoptimized + debuginfo] target(s) in 20.47s
[INFO] running `Command { std: "docker" "inspect" "04cd550e576977af92e71188e46106b86eb87b09f3e5f81cea69767991518fc7", kill_on_drop: false }`
[INFO] running `Command { std: "docker" "exec" "-e" "SOURCE_DIR=/opt/rustwide/workdir" "-e" "CARGO_HOME=/opt/rustwide/cargo-home" "-e" "RUSTUP_HOME=/opt/rustwide/rustup-home" "-e" "CARGO_TARGET_DIR=/opt/rustwide/target" "-e" "CARGO_INCREMENTAL=0" "-e" "RUST_BACKTRACE=full" "-e" "RUSTFLAGS=--cap-lints=warn" "-e" "RUSTDOCFLAGS=--cap-lints=warn" "-w" "/opt/rustwide/workdir" "--user" "0:0" "04cd550e576977af92e71188e46106b86eb87b09f3e5f81cea69767991518fc7" "/opt/rustwide/cargo-home/bin/cargo" "+1.100.0-beta.1" "test" "--frozen" "--no-run" "--message-format=json", kill_on_drop: false }`
[INFO] [stderr] warning: `package.homepage` is redundant with `package.repository`
[INFO] [stderr]   --> Cargo.toml:53:12
[INFO] [stderr]    |
[INFO] [stderr] 53 | homepage = "https://github.com/systems-group/simcore"
[INFO] [stderr]    |            ^^^^^^^^^^^^^^^^^^^^^^^^^^^^^^^^^^^^^^^^^^
[INFO] [stderr] ...
[INFO] [stderr] 59 | repository = "https://github.com/systems-group/simcore"
[INFO] [stderr]    |              ------------------------------------------
[INFO] [stderr]    |
[INFO] [stderr]    = note: `cargo::redundant_homepage` is set to `warn` by default
[INFO] [stderr] help: consider removing `package.homepage`
[INFO] [stderr] warning: `simcore` (manifest) generated 1 warning
[INFO] [stderr]    Compiling aho-corasick v1.1.3
[INFO] [stderr]    Compiling regex-syntax v0.8.4
[INFO] [stderr]    Compiling log v0.4.22
[INFO] [stderr]    Compiling anstyle-parse v0.2.4
[INFO] [stderr]    Compiling anstyle-query v1.1.0
[INFO] [stderr]    Compiling is_terminal_polyfill v1.70.0
[INFO] [stderr]    Compiling anstyle v1.0.7
[INFO] [stderr]    Compiling colorchoice v1.0.1
[INFO] [stderr]    Compiling humantime v2.1.0
[INFO] [stderr]    Compiling simcore v0.1.0 (/opt/rustwide/workdir)
[INFO] [stderr]    Compiling anstream v0.6.14
[INFO] [stderr]    Compiling regex-automata v0.4.7
[INFO] [stderr]    Compiling regex v1.10.5
[INFO] [stderr]    Compiling env_filter v0.1.0
[INFO] [stderr]    Compiling env_logger v0.11.3
[INFO] [stderr] warning: unused dependency `futures`
[INFO] [stderr]   --> Cargo.toml:13:15
[INFO] [stderr]    |
[INFO] [stderr] 13 | [dependencies.futures]
[INFO] [stderr]    |               ^^^^^^^^
[INFO] [stderr]    |
[INFO] [stderr]    = note: `cargo::unused_dependencies` is set to `warn` by default
[INFO] [stderr] help: consider removing the dependency on `futures`
[INFO] [stderr] warning: `simcore` (manifest) generated 1 warning
[INFO] [stderr]     Finished `test` profile [unoptimized + debuginfo] target(s) in 11.20s
[INFO] running `Command { std: "docker" "inspect" "04cd550e576977af92e71188e46106b86eb87b09f3e5f81cea69767991518fc7", kill_on_drop: false }`
[INFO] running `Command { std: "docker" "exec" "-e" "SOURCE_DIR=/opt/rustwide/workdir" "-e" "CARGO_HOME=/opt/rustwide/cargo-home" "-e" "RUSTUP_HOME=/opt/rustwide/rustup-home" "-e" "CARGO_TARGET_DIR=/opt/rustwide/target" "-e" "CARGO_INCREMENTAL=0" "-e" "RUST_BACKTRACE=full" "-e" "RUSTFLAGS=--cap-lints=warn" "-e" "RUSTDOCFLAGS=--cap-lints=warn" "-w" "/opt/rustwide/workdir" "--user" "0:0" "04cd550e576977af92e71188e46106b86eb87b09f3e5f81cea69767991518fc7" "/opt/rustwide/cargo-home/bin/cargo" "+1.100.0-beta.1" "test" "--frozen", kill_on_drop: false }`
[INFO] [stderr] warning: `package.homepage` is redundant with `package.repository`
[INFO] [stderr]   --> Cargo.toml:53:12
[INFO] [stderr]    |
[INFO] [stderr] 53 | homepage = "https://github.com/systems-group/simcore"
[INFO] [stderr]    |            ^^^^^^^^^^^^^^^^^^^^^^^^^^^^^^^^^^^^^^^^^^
[INFO] [stderr] ...
[INFO] [stderr] 59 | repository = "https://github.com/systems-group/simcore"
[INFO] [stderr]    |              ------------------------------------------
[INFO] [stderr]    |
[INFO] [stderr]    = note: `cargo::redundant_homepage` is set to `warn` by default
[INFO] [stderr] help: consider removing `package.homepage`
[INFO] [stderr] warning: `simcore` (manifest) generated 1 warning
[INFO] [stderr] warning: unused dependency `futures`
[INFO] [stderr]   --> Cargo.toml:13:15
[INFO] [stderr]    |
[INFO] [stderr] 13 | [dependencies.futures]
[INFO] [stderr]    |               ^^^^^^^^
[INFO] [stderr]    |
[INFO] [stderr]    = note: `cargo::unused_dependencies` is set to `warn` by default
[INFO] [stderr] help: consider removing the dependency on `futures`
[INFO] [stderr] warning: `simcore` (manifest) generated 1 warning
[INFO] [stderr]     Finished `test` profile [unoptimized + debuginfo] target(s) in 0.11s
[INFO] [stderr]      Running unittests src/lib.rs (/opt/rustwide/target/debug/build/simcore/14096cdee1664616/out/simcore-14096cdee1664616)
[INFO] [stdout] 
[INFO] [stdout] running 0 tests
[INFO] [stdout] 
[INFO] [stdout] test result: ok. 0 passed; 0 failed; 0 ignored; 0 measured; 0 filtered out; finished in 0.00s
[INFO] [stdout] 
[INFO] [stderr]      Running tests/lib.rs (/opt/rustwide/target/debug/build/simcore/d17f7d8dc6137926/out/lib-d17f7d8dc6137926)
[INFO] [stdout] 
[INFO] [stdout] running 4 tests
[INFO] [stdout] test simulation::event_cancellation::test_incoming_policy ... ok
[INFO] [stdout] test simulation::event_cancellation::test_all_policy ... ok
[INFO] [stdout] test simulation::event_cancellation::test_none_policy ... ok
[INFO] [stdout] test simulation::event_cancellation::test_outgoing_policy ... ok
[INFO] [stdout] 
[INFO] [stdout] test result: ok. 4 passed; 0 failed; 0 ignored; 0 measured; 0 filtered out; finished in 0.07s
[INFO] [stdout] 
[INFO] [stderr]    Doc-tests simcore
[INFO] [stdout] 
[INFO] [stdout] running 43 tests
[INFO] [stdout] test src/context.rs - context::SimulationContext::cancel_event (line 554) ... ok
[INFO] [stdout] test src/context.rs - context::SimulationContext::emit (line 151) ... ok
[INFO] [stdout] test src/context.rs - context::SimulationContext::emit_ordered (line 217) ... ok
[INFO] [stdout] test src/context.rs - context::SimulationContext::emit_as (line 491) ... ok
[INFO] [stdout] test src/context.rs - context::SimulationContext::cancel_events (line 582) ... ok
[INFO] [stdout] test src/context.rs - context::SimulationContext::can_emit_ordered (line 268) ... ok
[INFO] [stdout] test src/context.rs - context::SimulationContext::emit (line 190) ... ok
[INFO] [stdout] test src/context.rs - context::SimulationContext::emit_now (line 300) ... ok
[INFO] [stdout] test src/context.rs - context::SimulationContext::gen_range (line 111) ... ok
[INFO] [stdout] test src/context.rs - context::SimulationContext::emit_ordered (line 239) ... ok
[INFO] [stdout] test src/context.rs - context::SimulationContext::emit_self_now (line 426) ... ok
[INFO] [stdout] test src/context.rs - context::SimulationContext::id (line 45) ... ok
[INFO] [stdout] test src/context.rs - context::SimulationContext::emit_self (line 359) ... ok
[INFO] [stdout] test src/context.rs - context::SimulationContext::name (line 61) ... ok
[INFO] [stdout] test src/context.rs - context::SimulationContext::rand (line 94) ... ok
[INFO] [stdout] test src/context.rs - context::SimulationContext::lookup_name (line 619) ... ok
[INFO] [stdout] test src/context.rs - context::SimulationContext::time (line 77) ... ok
[INFO] [stdout] test src/lib.rs - (line 245) ... FAILED
[INFO] [stdout] test src/handler.rs - handler::EventHandler::on (line 17) ... ok
[INFO] [stdout] test src/simulation.rs - simulation::Simulation::add_handler (line 210) - compile fail ... ok
[INFO] [stdout] test src/simulation.rs - simulation::Simulation::add_handler (line 165) ... ok
[INFO] [stdout] test src/handler.rs - handler::cast (line 66) ... ok
[INFO] [stdout] test src/simulation.rs - simulation::Simulation::add_handler (line 189) ... ok
[INFO] [stdout] test src/log.rs - log::log_info (line 25) ... ok
[INFO] [stdout] test src/lib.rs - (line 72) ... ok
[INFO] [stdout] test src/simulation.rs - simulation::Simulation::create_context (line 138) ... ok
[INFO] [stdout] test src/simulation.rs - simulation::Simulation::cancel_events (line 918) ... ok
[INFO] [stdout] test src/simulation.rs - simulation::Simulation::cancel_and_get_events (line 949) ... ok
[INFO] [stdout] test src/simulation.rs - simulation::Simulation::lookup_id (line 97) ... ok
[INFO] [stdout] test src/simulation.rs - simulation::Simulation::lookup_id (line 88) ... ok
[INFO] [stdout] test src/simulation.rs - simulation::Simulation::gen_range (line 857) ... ok
[INFO] [stdout] test src/simulation.rs - simulation::Simulation::dump_events (line 981) ... ok
[INFO] [stdout] test src/simulation.rs - simulation::Simulation::event_count (line 892) ... ok
[INFO] [stdout] test src/simulation.rs - simulation::Simulation::remove_handler (line 299) ... ok
[INFO] [stdout] test src/simulation.rs - simulation::Simulation::lookup_name (line 114) ... ok
[INFO] [stdout] test src/simulation.rs - simulation::Simulation::step_for_duration (line 721) ... ok
[INFO] [stdout] test src/simulation.rs - simulation::Simulation::step_until_no_events (line 687) ... ok
[INFO] [stdout] test src/simulation.rs - simulation::Simulation::rand (line 841) ... ok
[INFO] [stdout] test src/simulation.rs - simulation::Simulation::step_until_time (line 758) ... ok
[INFO] [stdout] test src/simulation.rs - simulation::Simulation::lookup_name (line 123) ... ok
[INFO] [stdout] test src/simulation.rs - simulation::Simulation::step (line 392) ... ok
[INFO] [stdout] test src/simulation.rs - simulation::Simulation::steps (line 651) ... ok
[INFO] [stdout] test src/simulation.rs - simulation::Simulation::time (line 362) ... ok
[INFO] [stdout] 
[INFO] [stdout] failures:
[INFO] [stdout] 
[INFO] [stdout] ---- src/lib.rs - (line 245) stdout ----
[INFO] [stdout] error[E0432]: unresolved import `simcore::StaticEventHandler`
[INFO] [stdout]    --> src/lib.rs:248:63
[INFO] [stdout]     |
[INFO] [stdout] 248 | use simcore::{cast, Event, Id, Simulation, SimulationContext, StaticEventHandler};
[INFO] [stdout]     |                                                               ^^^^^^^^^^^^^^^^^^ no `StaticEventHandler` in the root
[INFO] [stdout]     |
[INFO] [stdout] note: found an item that was configured out
[INFO] [stdout]    --> src/lib.rs:220:22
[INFO] [stdout]     |
[INFO] [stdout] 220 |     pub use handler::StaticEventHandler;
[INFO] [stdout]     |                      ^^^^^^^^^^^^^^^^^^
[INFO] [stdout]     |
[INFO] [stdout]    ::: src/async_mode/macros.rs:5:17
[INFO] [stdout]     |
[INFO] [stdout]   5 |         $(#[cfg(feature = "async_mode")]
[INFO] [stdout]     |                 ---------------------- the item is gated behind the `async_mode` feature
[INFO] [stdout] help: a similar name exists in the module
[INFO] [stdout]     |
[INFO] [stdout] 248 - use simcore::{cast, Event, Id, Simulation, SimulationContext, StaticEventHandler};
[INFO] [stdout] 248 + use simcore::{cast, Event, Id, Simulation, SimulationContext, EventHandler};
[INFO] [stdout]     |
[INFO] [stdout] 
[INFO] [stdout] error: aborting due to 1 previous error
[INFO] [stdout] 
[INFO] [stdout] For more information about this error, try `rustc --explain E0432`.
[INFO] [stdout] Couldn't compile the test.
[INFO] [stdout] 
[INFO] [stdout] failures:
[INFO] [stdout]     src/lib.rs - (line 245)
[INFO] [stdout] 
[INFO] [stdout] test result: FAILED. 42 passed; 1 failed; 0 ignored; 0 measured; 0 filtered out; finished in 6.93s
[INFO] [stdout] 
[INFO] [stderr] error: doctest failed, to rerun pass `--doc`
[INFO] running `Command { std: "docker" "inspect" "04cd550e576977af92e71188e46106b86eb87b09f3e5f81cea69767991518fc7", kill_on_drop: false }`
[INFO] running `Command { std: "docker" "rm" "-f" "04cd550e576977af92e71188e46106b86eb87b09f3e5f81cea69767991518fc7", kill_on_drop: false }`
[INFO] [stdout] 04cd550e576977af92e71188e46106b86eb87b09f3e5f81cea69767991518fc7
