[INFO] fetching crate sim-lib-skill 0.4.0...
[INFO] testing sim-lib-skill-0.4.0 against 1.99.0-beta.8 for beta-1.100-2
[INFO] extracting crate sim-lib-skill 0.4.0 into /workspace/builds/worker-0-tc1/source
[INFO] started tweaking crates.io crate sim-lib-skill 0.4.0
[INFO] removed 0 missing tests
[INFO] finished tweaking crates.io crate sim-lib-skill 0.4.0
[INFO] tweaked toml for crates.io crate sim-lib-skill 0.4.0 written to /workspace/builds/worker-0-tc1/source/Cargo.toml
[INFO] validating manifest of crates.io crate sim-lib-skill 0.4.0 on toolchain 1.99.0-beta.8
[INFO] running `Command { std: CARGO_HOME="/workspace/cargo-home" RUSTUP_HOME="/workspace/rustup-home" "/workspace/cargo-home/bin/cargo" "+1.99.0-beta.8" "metadata" "--manifest-path" "Cargo.toml" "--no-deps", kill_on_drop: false }`
[INFO] crate crates.io crate sim-lib-skill 0.4.0 already has a lockfile, it will not be regenerated
[INFO] running `Command { std: CARGO_HOME="/workspace/cargo-home" RUSTUP_HOME="/workspace/rustup-home" "/workspace/cargo-home/bin/cargo" "+1.99.0-beta.8" "fetch" "--manifest-path" "Cargo.toml", kill_on_drop: false }`
[INFO] [stderr]     Updating crates.io index
[INFO] [stderr]      Locking 86 packages to highest Rust 1.99.0-beta.8 compatible versions
[INFO] [stderr]       Adding sim-cancel v0.2.0
[INFO] [stderr]       Adding sim-citizen v0.4.0
[INFO] [stderr]       Adding sim-citizen-derive v0.4.0
[INFO] [stderr]       Adding sim-codec v0.3.0
[INFO] [stderr]       Adding sim-codec-algol v0.3.1
[INFO] [stderr]       Adding sim-codec-binary v0.4.1
[INFO] [stderr]       Adding sim-codec-binary-base64 v0.3.1
[INFO] [stderr]       Adding sim-codec-bridge v0.3.0
[INFO] [stderr]       Adding sim-codec-chat v0.4.1
[INFO] [stderr]       Adding sim-codec-config v0.2.0
[INFO] [stderr]       Adding sim-codec-json v0.4.1
[INFO] [stderr]       Adding sim-codec-lisp v0.4.1
[INFO] [stderr]       Adding sim-codec-mcp v0.3.0
[INFO] [stderr]       Adding sim-codec-pratt v0.3.0
[INFO] [stderr]       Adding sim-config v0.3.0
[INFO] [stderr]       Adding sim-cookbook v0.4.0
[INFO] [stderr]       Adding sim-cookbook-build v0.2.0
[INFO] [stderr]       Adding sim-host-core v0.2.0
[INFO] [stderr]       Adding sim-kernel v0.4.0
[INFO] [stderr]       Adding sim-lib-agent v0.3.0
[INFO] [stderr]       Adding sim-lib-agent-conduct v0.2.0
[INFO] [stderr]       Adding sim-lib-agent-conduct-core v0.2.0
[INFO] [stderr]       Adding sim-lib-agent-runner-core v0.4.0
[INFO] [stderr]       Adding sim-lib-agent-runner-process v0.3.0
[INFO] [stderr]       Adding sim-lib-binding v0.3.0
[INFO] [stderr]       Adding sim-lib-bridge v0.3.0
[INFO] [stderr]       Adding sim-lib-control v0.3.0
[INFO] [stderr]       Adding sim-lib-cookbook v0.3.0
[INFO] [stderr]       Adding sim-lib-core v0.4.0
[INFO] [stderr]       Adding sim-lib-discrete v0.3.0
[INFO] [stderr]       Adding sim-lib-discrete-algebra v0.4.0
[INFO] [stderr]       Adding sim-lib-discrete-comb v0.4.0
[INFO] [stderr]       Adding sim-lib-discrete-graph v0.4.0
[INFO] [stderr]       Adding sim-lib-discrete-spectral v0.4.0
[INFO] [stderr]       Adding sim-lib-dispatch v0.3.0
[INFO] [stderr]       Adding sim-lib-exec v0.3.0 (available: v0.5.0)
[INFO] [stderr]       Adding sim-lib-intent v0.4.0
[INFO] [stderr]       Adding sim-lib-lang-scheme v0.3.0
[INFO] [stderr]       Adding sim-lib-midi-core v0.3.0
[INFO] [stderr]       Adding sim-lib-midi-live v0.3.0
[INFO] [stderr]       Adding sim-lib-mutation v0.3.0
[INFO] [stderr]       Adding sim-lib-net-core v0.4.0
[INFO] [stderr]       Adding sim-lib-net-http v0.2.0
[INFO] [stderr]       Adding sim-lib-numbers-arith v0.5.0
[INFO] [stderr]       Adding sim-lib-numbers-bigint v0.5.0
[INFO] [stderr]       Adding sim-lib-numbers-bool v0.5.0
[INFO] [stderr]       Adding sim-lib-numbers-cas v0.5.0
[INFO] [stderr]       Adding sim-lib-numbers-cas-eval v0.5.0
[INFO] [stderr]       Adding sim-lib-numbers-complex v0.5.0
[INFO] [stderr]       Adding sim-lib-numbers-core v0.5.0
[INFO] [stderr]       Adding sim-lib-numbers-f64 v0.5.0
[INFO] [stderr]       Adding sim-lib-numbers-func v0.5.0
[INFO] [stderr]       Adding sim-lib-numbers-i64 v0.5.0
[INFO] [stderr]       Adding sim-lib-numbers-rational v0.5.0
[INFO] [stderr]       Adding sim-lib-numbers-special v0.2.0
[INFO] [stderr]       Adding sim-lib-numbers-stats v0.6.0
[INFO] [stderr]       Adding sim-lib-numbers-tensor v0.4.0
[INFO] [stderr]       Adding sim-lib-numbers-tensor-bcast v0.5.0
[INFO] [stderr]       Adding sim-lib-numbers-tensor-cmplxf v0.5.0
[INFO] [stderr]       Adding sim-lib-numbers-tensor-rat64 v0.5.0
[INFO] [stderr]       Adding sim-lib-openai-server v0.5.0
[INFO] [stderr]       Adding sim-lib-pattern v0.4.0
[INFO] [stderr]       Adding sim-lib-provider v0.2.0
[INFO] [stderr]       Adding sim-lib-rank v0.3.0
[INFO] [stderr]       Adding sim-lib-scene v0.4.0
[INFO] [stderr]       Adding sim-lib-sequence v0.3.0
[INFO] [stderr]       Adding sim-lib-server v0.3.1
[INFO] [stderr]       Adding sim-lib-standard-core v0.3.0
[INFO] [stderr]       Adding sim-lib-stream-clock v0.3.0
[INFO] [stderr]       Adding sim-lib-stream-core v0.3.0
[INFO] [stderr]       Adding sim-lib-stream-fabric v0.4.0
[INFO] [stderr]       Adding sim-lib-stream-host v0.3.0
[INFO] [stderr]       Adding sim-lib-surface-card v0.3.0
[INFO] [stderr]       Adding sim-lib-topology v0.3.0
[INFO] [stderr]       Adding sim-lib-view v0.4.0
[INFO] [stderr]       Adding sim-lib-view-device v0.3.0
[INFO] [stderr]       Adding sim-platform-bootstrap v0.2.0
[INFO] [stderr]       Adding sim-platform-core v0.2.0
[INFO] [stderr]       Adding sim-run-core v0.5.0
[INFO] [stderr]       Adding sim-run-loaders v0.4.1
[INFO] [stderr]       Adding sim-shape v0.4.2
[INFO] [stderr]       Adding sim-table-core v0.3.0
[INFO] [stderr]       Adding sim-text v0.3.0
[INFO] [stderr]       Adding sim-transport-ports v0.2.0
[INFO] [stderr]       Adding sim-value v0.4.0
[INFO] [stderr]       Adding sim-wasm-abi v0.5.0
[INFO] [stderr]  Downloading crates ...
[INFO] [stderr]   Downloaded sim-lib-exec v0.3.0
[INFO] [stderr]   Downloaded sim-codec-chat v0.4.1
[INFO] [stderr]   Downloaded sim-lib-surface-card v0.3.0
[INFO] [stderr]   Downloaded sim-codec-algol v0.3.1
[INFO] [stderr]   Downloaded sim-lib-view v0.4.0
[INFO] [stderr]   Downloaded sim-lib-agent-conduct v0.2.0
[INFO] [stderr]   Downloaded sim-lib-agent-runner-process v0.3.0
[INFO] [stderr]   Downloaded sim-platform-bootstrap v0.2.0
[INFO] [stderr]   Downloaded sim-codec-config v0.2.0
[INFO] [stderr]   Downloaded sim-lib-midi-live v0.3.0
[INFO] [stderr]   Downloaded sim-lib-intent v0.4.0
[INFO] [stderr]   Downloaded sim-codec-mcp v0.3.0
[INFO] [stderr]   Downloaded sim-lib-agent-conduct-core v0.2.0
[INFO] [stderr]   Downloaded sim-run-loaders v0.4.1
[INFO] [stderr]   Downloaded sim-platform-core v0.2.0
[INFO] [stderr]   Downloaded sim-lib-scene v0.4.0
[INFO] [stderr]   Downloaded sim-lib-view-device v0.3.0
[INFO] [stderr]   Downloaded sim-lib-bridge v0.3.0
[INFO] [stderr]   Downloaded sim-codec-bridge v0.3.0
[INFO] [stderr]   Downloaded sim-lib-server v0.3.1
[INFO] [stderr]   Downloaded sim-lib-stream-fabric v0.4.0
[INFO] [stderr]   Downloaded sim-run-core v0.5.0
[INFO] [stderr]   Downloaded sim-lib-stream-host v0.3.0
[INFO] [stderr]   Downloaded sim-lib-agent v0.3.0
[INFO] running `Command { std: "docker" "create" "-v" "/var/lib/crater-agent-workspace/builds/worker-0-tc1/source:/opt/rustwide/workdir:ro,Z" "-v" "/var/lib/crater-agent-workspace/builds/worker-0-tc1/target:/opt/rustwide/target:rw,Z" "-v" "/var/lib/crater-agent-workspace/cargo-home:/opt/rustwide/cargo-home:ro,Z" "-v" "/var/lib/crater-agent-workspace/rustup-home:/opt/rustwide/rustup-home:ro,Z" "-m" "1610612736" "--network" "none" "ghcr.io/rust-lang/crates-build-env/linux@sha256:3111399a4047eeb3a02b7a90e478d715f38a8c6669b5c4b49d30a17385265909" "sleep" "infinity", kill_on_drop: false }`
[INFO] [stdout] f7446f70d6e3b71121c3114f29a42d63b7dd8d3f75916cbff383d795ab20893e
[INFO] running `Command { std: "docker" "start" "f7446f70d6e3b71121c3114f29a42d63b7dd8d3f75916cbff383d795ab20893e", kill_on_drop: false }`
[INFO] running `Command { std: "docker" "inspect" "f7446f70d6e3b71121c3114f29a42d63b7dd8d3f75916cbff383d795ab20893e", kill_on_drop: false }`
[INFO] running `Command { std: "docker" "exec" "-e" "SOURCE_DIR=/opt/rustwide/workdir" "-e" "CARGO_HOME=/opt/rustwide/cargo-home" "-e" "RUSTUP_HOME=/opt/rustwide/rustup-home" "-e" "CARGO_TARGET_DIR=/opt/rustwide/target" "-w" "/opt/rustwide/workdir" "--user" "0:0" "f7446f70d6e3b71121c3114f29a42d63b7dd8d3f75916cbff383d795ab20893e" "/opt/rustwide/cargo-home/bin/cargo" "+1.99.0-beta.8" "metadata" "--no-deps" "--format-version=1", kill_on_drop: false }`
[INFO] running `Command { std: "docker" "inspect" "f7446f70d6e3b71121c3114f29a42d63b7dd8d3f75916cbff383d795ab20893e", kill_on_drop: false }`
[INFO] running `Command { std: "docker" "exec" "-e" "SOURCE_DIR=/opt/rustwide/workdir" "-e" "CARGO_HOME=/opt/rustwide/cargo-home" "-e" "RUSTUP_HOME=/opt/rustwide/rustup-home" "-e" "CARGO_TARGET_DIR=/opt/rustwide/target" "-e" "CARGO_INCREMENTAL=0" "-e" "RUST_BACKTRACE=full" "-e" "RUSTFLAGS=--cap-lints=warn" "-e" "RUSTDOCFLAGS=--cap-lints=warn" "-w" "/opt/rustwide/workdir" "--user" "0:0" "f7446f70d6e3b71121c3114f29a42d63b7dd8d3f75916cbff383d795ab20893e" "/opt/rustwide/cargo-home/bin/cargo" "+1.99.0-beta.8" "build" "--frozen" "--message-format=json", kill_on_drop: false }`
[INFO] [stderr]    Compiling proc-macro2 v1.0.107
[INFO] [stderr]    Compiling winnow v1.0.4
[INFO] [stderr]    Compiling toml_datetime v1.1.1+spec-1.1.0
[INFO] [stderr]    Compiling inventory v0.3.24
[INFO] [stderr]    Compiling serde v1.0.229
[INFO] [stderr]    Compiling serde_json v1.0.151
[INFO] [stderr]    Compiling indexmap v2.14.1
[INFO] [stderr]    Compiling digest v0.10.7
[INFO] [stderr]    Compiling sha2 v0.10.9
[INFO] [stderr]    Compiling quote v1.0.47
[INFO] [stderr]    Compiling syn v2.0.119
[INFO] [stderr]    Compiling syn v3.0.5
[INFO] [stderr]    Compiling toml_parser v1.1.3+spec-1.1.0
[INFO] [stderr]    Compiling toml_edit v0.25.13+spec-1.1.0
[INFO] [stderr]    Compiling proc-macro-crate v3.5.0
[INFO] [stderr]    Compiling serde_derive v1.0.229
[INFO] [stderr]    Compiling thiserror-impl v1.0.69
[INFO] [stderr]    Compiling sim-citizen-derive v0.4.0
[INFO] [stderr]    Compiling thiserror v1.0.69
[INFO] [stderr]    Compiling sim-kernel v0.4.0
[INFO] [stderr]    Compiling sim-value v0.4.0
[INFO] [stderr]    Compiling sim-table-core v0.3.0
[INFO] [stderr]    Compiling sim-citizen v0.4.0
[INFO] [stderr]    Compiling sim-config v0.3.0
[INFO] [stderr]    Compiling sim-cookbook v0.4.0
[INFO] [stderr]    Compiling sim-shape v0.4.2
[INFO] [stderr]    Compiling sim-cookbook-build v0.2.0
[INFO] [stderr]    Compiling sim-lib-net-core v0.4.0
[INFO] [stderr]    Compiling sim-codec v0.3.0
[INFO] [stderr]    Compiling sim-codec-binary v0.4.1
[INFO] [stderr]    Compiling sim-codec-binary-base64 v0.3.1
[INFO] [stderr]    Compiling sim-codec-json v0.4.1
[INFO] [stderr]    Compiling sim-lib-core v0.4.0
[INFO] [stderr]    Compiling sim-lib-surface-card v0.3.0
[INFO] [stderr]    Compiling sim-lib-skill v0.4.0 (/opt/rustwide/workdir)
[INFO] [stderr]     Finished `dev` profile [unoptimized + debuginfo] target(s) in 28.89s
[INFO] running `Command { std: "docker" "inspect" "f7446f70d6e3b71121c3114f29a42d63b7dd8d3f75916cbff383d795ab20893e", kill_on_drop: false }`
[INFO] running `Command { std: "docker" "exec" "-e" "SOURCE_DIR=/opt/rustwide/workdir" "-e" "CARGO_HOME=/opt/rustwide/cargo-home" "-e" "RUSTUP_HOME=/opt/rustwide/rustup-home" "-e" "CARGO_TARGET_DIR=/opt/rustwide/target" "-e" "CARGO_INCREMENTAL=0" "-e" "RUST_BACKTRACE=full" "-e" "RUSTFLAGS=--cap-lints=warn" "-e" "RUSTDOCFLAGS=--cap-lints=warn" "-w" "/opt/rustwide/workdir" "--user" "0:0" "f7446f70d6e3b71121c3114f29a42d63b7dd8d3f75916cbff383d795ab20893e" "/opt/rustwide/cargo-home/bin/cargo" "+1.99.0-beta.8" "test" "--frozen" "--no-run" "--message-format=json", kill_on_drop: false }`
[INFO] [stderr]    Compiling sim-kernel v0.4.0
[INFO] [stderr]    Compiling sim-value v0.4.0
[INFO] [stderr]    Compiling sim-table-core v0.3.0
[INFO] [stderr]    Compiling sim-config v0.3.0
[INFO] [stderr]    Compiling sim-citizen v0.4.0
[INFO] [stderr]    Compiling sim-shape v0.4.2
[INFO] [stderr]    Compiling sim-cookbook v0.4.0
[INFO] [stderr]    Compiling sim-cookbook-build v0.2.0
[INFO] [stderr]    Compiling sim-lib-net-core v0.4.0
[INFO] [stderr]    Compiling sim-codec v0.3.0
[INFO] [stderr]    Compiling sim-codec-binary v0.4.1
[INFO] [stderr]    Compiling sim-codec-binary-base64 v0.3.1
[INFO] [stderr]    Compiling sim-lib-core v0.4.0
[INFO] [stderr]    Compiling sim-lib-surface-card v0.3.0
[INFO] [stderr]    Compiling sim-codec-json v0.4.1
[INFO] [stderr]    Compiling sim-lib-skill v0.4.0 (/opt/rustwide/workdir)
[INFO] [stderr]     Finished `test` profile [unoptimized + debuginfo] target(s) in 18.78s
[INFO] running `Command { std: "docker" "inspect" "f7446f70d6e3b71121c3114f29a42d63b7dd8d3f75916cbff383d795ab20893e", kill_on_drop: false }`
[INFO] running `Command { std: "docker" "exec" "-e" "SOURCE_DIR=/opt/rustwide/workdir" "-e" "CARGO_HOME=/opt/rustwide/cargo-home" "-e" "RUSTUP_HOME=/opt/rustwide/rustup-home" "-e" "CARGO_TARGET_DIR=/opt/rustwide/target" "-e" "CARGO_INCREMENTAL=0" "-e" "RUST_BACKTRACE=full" "-e" "RUSTFLAGS=--cap-lints=warn" "-e" "RUSTDOCFLAGS=--cap-lints=warn" "-w" "/opt/rustwide/workdir" "--user" "0:0" "f7446f70d6e3b71121c3114f29a42d63b7dd8d3f75916cbff383d795ab20893e" "/opt/rustwide/cargo-home/bin/cargo" "+1.99.0-beta.8" "test" "--frozen", kill_on_drop: false }`
[INFO] [stderr]     Finished `test` profile [unoptimized + debuginfo] target(s) in 0.11s
[INFO] [stderr]      Running unittests src/lib.rs (/opt/rustwide/target/debug/deps/sim_lib_skill-2e23cc7818b25ed3)
[INFO] [stdout] 
[INFO] [stdout] running 14 tests
[INFO] [stdout] test expr::tests::skill_policy_keys_use_provider_key_policy ... ok
[INFO] [stdout] test tests::core_crate_has_no_mandatory_agent_openai_server_network_or_process_dependencies ... FAILED
[INFO] [stdout] test tests::skill_card_malformed_policy_rejects_even_when_string_keyed ... ok
[INFO] [stdout] test tests::skill_card_policy_subfields_default_independently ... ok
[INFO] [stdout] test tests::binding_skill_card_publishes_browse_claims_for_callable_symbol ... ok
[INFO] [stdout] test tests::input_shape_failure_does_not_call_transport ... ok
[INFO] [stdout] test tests::skill_call_uses_fixture_transport_through_skill_callable ... ok
[INFO] [stdout] test tests::skill_install_accepts_decoded_skill_card_expression ... ok
[INFO] [stdout] test tests::skill_list_and_card_return_installed_skill_cards ... ok
[INFO] [stdout] test tests::skill_card_absent_policy_defaults ... ok
[INFO] [stdout] test tests::skill_card_malformed_policy_value_rejects ... ok
[INFO] [stdout] test tests::skill_card_unknown_policy_key_rejects ... ok
[INFO] [stdout] test tests::skill_card_expr_conversion_round_trips_public_descriptor ... ok
[INFO] [stdout] test tests::output_shape_failure_is_reported_after_one_transport_call ... ok
[INFO] [stdout] 
[INFO] [stdout] failures:
[INFO] [stdout] 
[INFO] [stdout] ---- tests::core_crate_has_no_mandatory_agent_openai_server_network_or_process_dependencies stdout ----
[INFO] [stdout] 
[INFO] [stdout] thread 'tests::core_crate_has_no_mandatory_agent_openai_server_network_or_process_dependencies' (1490) panicked at src/tests.rs:138:10:
[INFO] [stdout] called `Option::unwrap()` on a `None` value
[INFO] [stdout] stack backtrace:
[INFO] [stdout]    0:     0x61cbbf23fa31 - std[70759c8f55707aa4]::backtrace_rs::backtrace::libunwind::trace
[INFO] [stdout]                                at /rustc/dfb0accb7f508ae8be965d8629557221c889dd98/library/std/src/../../backtrace/src/backtrace/libunwind.rs:117:9
[INFO] [stdout]    1:     0x61cbbf23fa31 - std[70759c8f55707aa4]::backtrace_rs::backtrace::trace_unsynchronized::<std[70759c8f55707aa4]::sys::backtrace::_print_fmt::{closure#1}>
[INFO] [stdout]                                at /rustc/dfb0accb7f508ae8be965d8629557221c889dd98/library/std/src/../../backtrace/src/backtrace/mod.rs:66:14
[INFO] [stdout]    2:     0x61cbbf23fa31 - std[70759c8f55707aa4]::sys::backtrace::_print_fmt
[INFO] [stdout]                                at /rustc/dfb0accb7f508ae8be965d8629557221c889dd98/library/std/src/sys/backtrace.rs:74:9
[INFO] [stdout]    3:     0x61cbbf23fa31 - <<std[70759c8f55707aa4]::sys::backtrace::BacktraceLock>::print::DisplayBacktrace as core[df12db4294e9bfd3]::fmt::Display>::fmt
[INFO] [stdout]                                at /rustc/dfb0accb7f508ae8be965d8629557221c889dd98/library/std/src/sys/backtrace.rs:44:26
[INFO] [stdout]    4:     0x61cbbf25526a - <core[df12db4294e9bfd3]::fmt::rt::Argument>::fmt
[INFO] [stdout]                                at /rustc/dfb0accb7f508ae8be965d8629557221c889dd98/library/core/src/fmt/rt.rs:152:76
[INFO] [stdout]    5:     0x61cbbf25526a - core[df12db4294e9bfd3]::fmt::write
[INFO] [stdout]    6:     0x61cbbf243ecc - core[df12db4294e9bfd3]::io::write::default_write_fmt::<alloc[2182bb758b4b3781]::vec::Vec<u8>>
[INFO] [stdout]                                at /rustc/dfb0accb7f508ae8be965d8629557221c889dd98/library/core/src/io/write.rs:402:11
[INFO] [stdout]    7:     0x61cbbf243ecc - <alloc[2182bb758b4b3781]::vec::Vec<u8> as core[df12db4294e9bfd3]::io::write::Write>::write_fmt
[INFO] [stdout]                                at /rustc/dfb0accb7f508ae8be965d8629557221c889dd98/library/core/src/io/write.rs:335:13
[INFO] [stdout]    8:     0x61cbbf21c026 - <std[70759c8f55707aa4]::sys::backtrace::BacktraceLock>::print
[INFO] [stdout]                                at /rustc/dfb0accb7f508ae8be965d8629557221c889dd98/library/std/src/sys/backtrace.rs:47:9
[INFO] [stdout]    9:     0x61cbbf21c026 - std[70759c8f55707aa4]::panicking::default_hook::{closure#0}
[INFO] [stdout]                                at /rustc/dfb0accb7f508ae8be965d8629557221c889dd98/library/std/src/panicking.rs:292:27
[INFO] [stdout]   10:     0x61cbbf238199 - std[70759c8f55707aa4]::panicking::default_hook
[INFO] [stdout]                                at /rustc/dfb0accb7f508ae8be965d8629557221c889dd98/library/std/src/panicking.rs:316:9
[INFO] [stdout]   11:     0x61cbbee9de50 - <alloc[2182bb758b4b3781]::boxed::Box<dyn for<'a, 'b> core[df12db4294e9bfd3]::ops::function::Fn<(&'a std[70759c8f55707aa4]::panic::PanicHookInfo<'b>,), Output = ()> + core[df12db4294e9bfd3]::marker::Send + core[df12db4294e9bfd3]::marker::Sync> as core[df12db4294e9bfd3]::ops::function::Fn<(&std[70759c8f55707aa4]::panic::PanicHookInfo,)>>::call
[INFO] [stdout]                                at /rustc/dfb0accb7f508ae8be965d8629557221c889dd98/library/alloc/src/boxed.rs:2334:9
[INFO] [stdout]   12:     0x61cbbee9de50 - test[9d35eded1c95d3be]::test_main_inner::<test[9d35eded1c95d3be]::test_main_static::{closure#0}>::{closure#0}
[INFO] [stdout]                                at /rustc/dfb0accb7f508ae8be965d8629557221c889dd98/library/test/src/lib.rs:155:21
[INFO] [stdout]   13:     0x61cbbf238352 - <alloc[2182bb758b4b3781]::boxed::Box<dyn for<'a, 'b> core[df12db4294e9bfd3]::ops::function::Fn<(&'a std[70759c8f55707aa4]::panic::PanicHookInfo<'b>,), Output = ()> + core[df12db4294e9bfd3]::marker::Send + core[df12db4294e9bfd3]::marker::Sync> as core[df12db4294e9bfd3]::ops::function::Fn<(&std[70759c8f55707aa4]::panic::PanicHookInfo,)>>::call
[INFO] [stdout]                                at /rustc/dfb0accb7f508ae8be965d8629557221c889dd98/library/alloc/src/boxed.rs:2334:9
[INFO] [stdout]   14:     0x61cbbf238352 - std[70759c8f55707aa4]::panicking::panic_with_hook
[INFO] [stdout]                                at /rustc/dfb0accb7f508ae8be965d8629557221c889dd98/library/std/src/panicking.rs:823:13
[INFO] [stdout]   15:     0x61cbbf21c104 - std[70759c8f55707aa4]::panicking::panic_handler::{closure#0}
[INFO] [stdout]                                at /rustc/dfb0accb7f508ae8be965d8629557221c889dd98/library/std/src/panicking.rs:681:13
[INFO] [stdout]   16:     0x61cbbf214e59 - std[70759c8f55707aa4]::sys::backtrace::__rust_end_short_backtrace::<std[70759c8f55707aa4]::panicking::panic_handler::{closure#0}, !>
[INFO] [stdout]                                at /rustc/dfb0accb7f508ae8be965d8629557221c889dd98/library/std/src/sys/backtrace.rs:182:18
[INFO] [stdout]   17:     0x61cbbf21cccd - __rustc[8fa7c3cbc660c2b3]::rust_begin_unwind
[INFO] [stdout]                                at /rustc/dfb0accb7f508ae8be965d8629557221c889dd98/library/std/src/panicking.rs:679:5
[INFO] [stdout]   18:     0x61cbbf255a8c - core[df12db4294e9bfd3]::panicking::panic_fmt
[INFO] [stdout]                                at /rustc/dfb0accb7f508ae8be965d8629557221c889dd98/library/core/src/panicking.rs:80:14
[INFO] [stdout]   19:     0x61cbbf255a52 - core[df12db4294e9bfd3]::panicking::panic
[INFO] [stdout]                                at /rustc/dfb0accb7f508ae8be965d8629557221c889dd98/library/core/src/panicking.rs:150:5
[INFO] [stdout]   20:     0x61cbbf255789 - core[df12db4294e9bfd3]::option::unwrap_failed
[INFO] [stdout]                                at /rustc/dfb0accb7f508ae8be965d8629557221c889dd98/library/core/src/option.rs:2248:5
[INFO] [stdout]   21:     0x61cbbee8f00c - <core[df12db4294e9bfd3]::option::Option<&str>>::unwrap
[INFO] [stdout]                                at /rustc/dfb0accb7f508ae8be965d8629557221c889dd98/library/core/src/option.rs:1014:21
[INFO] [stdout]   22:     0x61cbbee8f00c - sim_lib_skill[9cef2358b4704885]::tests::core_crate_has_no_mandatory_agent_openai_server_network_or_process_dependencies
[INFO] [stdout]                                at /opt/rustwide/workdir/src/tests.rs:138:10
[INFO] [stdout]   23:     0x61cbbee84bb7 - sim_lib_skill[9cef2358b4704885]::tests::core_crate_has_no_mandatory_agent_openai_server_network_or_process_dependencies::{closure#0}
[INFO] [stdout]                                at /opt/rustwide/workdir/src/tests.rs:132:85
[INFO] [stdout]   24:     0x61cbbee5b976 - <sim_lib_skill[9cef2358b4704885]::tests::core_crate_has_no_mandatory_agent_openai_server_network_or_process_dependencies::{closure#0} as core[df12db4294e9bfd3]::ops::function::FnOnce<()>>::call_once
[INFO] [stdout]                                at /rustc/dfb0accb7f508ae8be965d8629557221c889dd98/library/core/src/ops/function.rs:250:5
[INFO] [stdout]   25:     0x61cbbee9113b - <fn() -> core[df12db4294e9bfd3]::result::Result<(), alloc[2182bb758b4b3781]::string::String> as core[df12db4294e9bfd3]::ops::function::FnOnce<()>>::call_once
[INFO] [stdout]                                at /rustc/dfb0accb7f508ae8be965d8629557221c889dd98/library/core/src/ops/function.rs:250:5
[INFO] [stdout]   26:     0x61cbbee9113b - test[9d35eded1c95d3be]::__rust_begin_short_backtrace::<core[df12db4294e9bfd3]::result::Result<(), alloc[2182bb758b4b3781]::string::String>, fn() -> core[df12db4294e9bfd3]::result::Result<(), alloc[2182bb758b4b3781]::string::String>>
[INFO] [stdout]                                at /rustc/dfb0accb7f508ae8be965d8629557221c889dd98/library/test/src/lib.rs:733:18
[INFO] [stdout]   27:     0x61cbbee9e7a5 - test[9d35eded1c95d3be]::run_test_in_process::{closure#0}
[INFO] [stdout]                                at /rustc/dfb0accb7f508ae8be965d8629557221c889dd98/library/test/src/lib.rs:756:74
[INFO] [stdout]   28:     0x61cbbee9e7a5 - <core[df12db4294e9bfd3]::panic::unwind_safe::AssertUnwindSafe<test[9d35eded1c95d3be]::run_test_in_process::{closure#0}> as core[df12db4294e9bfd3]::ops::function::FnOnce<()>>::call_once
[INFO] [stdout]                                at /rustc/dfb0accb7f508ae8be965d8629557221c889dd98/library/core/src/panic/unwind_safe.rs:275:9
[INFO] [stdout]   29:     0x61cbbee9e7a5 - std[70759c8f55707aa4]::panicking::catch_unwind::do_call::<core[df12db4294e9bfd3]::panic::unwind_safe::AssertUnwindSafe<test[9d35eded1c95d3be]::run_test_in_process::{closure#0}>, core[df12db4294e9bfd3]::result::Result<(), alloc[2182bb758b4b3781]::string::String>>
[INFO] [stdout]                                at /rustc/dfb0accb7f508ae8be965d8629557221c889dd98/library/std/src/panicking.rs:576:43
[INFO] [stdout]   30:     0x61cbbee9e7a5 - std[70759c8f55707aa4]::panicking::catch_unwind::<core[df12db4294e9bfd3]::result::Result<(), alloc[2182bb758b4b3781]::string::String>, core[df12db4294e9bfd3]::panic::unwind_safe::AssertUnwindSafe<test[9d35eded1c95d3be]::run_test_in_process::{closure#0}>>
[INFO] [stdout]                                at /rustc/dfb0accb7f508ae8be965d8629557221c889dd98/library/std/src/panicking.rs:544:19
[INFO] [stdout]   31:     0x61cbbee9e7a5 - std[70759c8f55707aa4]::panic::catch_unwind::<core[df12db4294e9bfd3]::panic::unwind_safe::AssertUnwindSafe<test[9d35eded1c95d3be]::run_test_in_process::{closure#0}>, core[df12db4294e9bfd3]::result::Result<(), alloc[2182bb758b4b3781]::string::String>>
[INFO] [stdout]                                at /rustc/dfb0accb7f508ae8be965d8629557221c889dd98/library/std/src/panic.rs:359:14
[INFO] [stdout]   32:     0x61cbbee9e7a5 - test[9d35eded1c95d3be]::run_test_in_process
[INFO] [stdout]                                at /rustc/dfb0accb7f508ae8be965d8629557221c889dd98/library/test/src/lib.rs:756:27
[INFO] [stdout]   33:     0x61cbbee9e7a5 - test[9d35eded1c95d3be]::run_test::{closure#0}
[INFO] [stdout]                                at /rustc/dfb0accb7f508ae8be965d8629557221c889dd98/library/test/src/lib.rs:677:43
[INFO] [stdout]   34:     0x61cbbee98064 - test[9d35eded1c95d3be]::run_test::{closure#1}
[INFO] [stdout]                                at /rustc/dfb0accb7f508ae8be965d8629557221c889dd98/library/test/src/lib.rs:707:41
[INFO] [stdout]   35:     0x61cbbee98064 - std[70759c8f55707aa4]::sys::backtrace::__rust_begin_short_backtrace::<test[9d35eded1c95d3be]::run_test::{closure#1}, ()>
[INFO] [stdout]                                at /rustc/dfb0accb7f508ae8be965d8629557221c889dd98/library/std/src/sys/backtrace.rs:166:18
[INFO] [stdout]   36:     0x61cbbeea1902 - std[70759c8f55707aa4]::thread::lifecycle::spawn_unchecked::<test[9d35eded1c95d3be]::run_test::{closure#1}, ()>::{closure#1}::{closure#0}
[INFO] [stdout]                                at /rustc/dfb0accb7f508ae8be965d8629557221c889dd98/library/std/src/thread/lifecycle.rs:70:13
[INFO] [stdout]   37:     0x61cbbeea1902 - <core[df12db4294e9bfd3]::panic::unwind_safe::AssertUnwindSafe<std[70759c8f55707aa4]::thread::lifecycle::spawn_unchecked<test[9d35eded1c95d3be]::run_test::{closure#1}, ()>::{closure#1}::{closure#0}> as core[df12db4294e9bfd3]::ops::function::FnOnce<()>>::call_once
[INFO] [stdout]                                at /rustc/dfb0accb7f508ae8be965d8629557221c889dd98/library/core/src/panic/unwind_safe.rs:275:9
[INFO] [stdout]   38:     0x61cbbeea1902 - std[70759c8f55707aa4]::panicking::catch_unwind::do_call::<core[df12db4294e9bfd3]::panic::unwind_safe::AssertUnwindSafe<std[70759c8f55707aa4]::thread::lifecycle::spawn_unchecked<test[9d35eded1c95d3be]::run_test::{closure#1}, ()>::{closure#1}::{closure#0}>, ()>
[INFO] [stdout]                                at /rustc/dfb0accb7f508ae8be965d8629557221c889dd98/library/std/src/panicking.rs:576:43
[INFO] [stdout]   39:     0x61cbbeea1902 - std[70759c8f55707aa4]::panicking::catch_unwind::<(), core[df12db4294e9bfd3]::panic::unwind_safe::AssertUnwindSafe<std[70759c8f55707aa4]::thread::lifecycle::spawn_unchecked<test[9d35eded1c95d3be]::run_test::{closure#1}, ()>::{closure#1}::{closure#0}>>
[INFO] [stdout]                                at /rustc/dfb0accb7f508ae8be965d8629557221c889dd98/library/std/src/panicking.rs:544:19
[INFO] [stdout]   40:     0x61cbbeea1902 - std[70759c8f55707aa4]::panic::catch_unwind::<core[df12db4294e9bfd3]::panic::unwind_safe::AssertUnwindSafe<std[70759c8f55707aa4]::thread::lifecycle::spawn_unchecked<test[9d35eded1c95d3be]::run_test::{closure#1}, ()>::{closure#1}::{closure#0}>, ()>
[INFO] [stdout]                                at /rustc/dfb0accb7f508ae8be965d8629557221c889dd98/library/std/src/panic.rs:359:14
[INFO] [stdout]   41:     0x61cbbeea1902 - std[70759c8f55707aa4]::thread::lifecycle::spawn_unchecked::<test[9d35eded1c95d3be]::run_test::{closure#1}, ()>::{closure#1}
[INFO] [stdout]                                at /rustc/dfb0accb7f508ae8be965d8629557221c889dd98/library/std/src/thread/lifecycle.rs:68:26
[INFO] [stdout]   42:     0x61cbbeea1902 - <std[70759c8f55707aa4]::thread::lifecycle::spawn_unchecked<test[9d35eded1c95d3be]::run_test::{closure#1}, ()>::{closure#1} as core[df12db4294e9bfd3]::ops::function::FnOnce<()>>::call_once::{shim:vtable#0}
[INFO] [stdout]                                at /rustc/dfb0accb7f508ae8be965d8629557221c889dd98/library/core/src/ops/function.rs:250:5
[INFO] [stdout]   43:     0x61cbbf23f309 - <alloc[2182bb758b4b3781]::boxed::Box<dyn core[df12db4294e9bfd3]::ops::function::FnOnce<(), Output = ()> + core[df12db4294e9bfd3]::marker::Send> as core[df12db4294e9bfd3]::ops::function::FnOnce<()>>::call_once
[INFO] [stdout]                                at /rustc/dfb0accb7f508ae8be965d8629557221c889dd98/library/alloc/src/boxed.rs:2320:9
[INFO] [stdout]   44:     0x61cbbf23f309 - <std[70759c8f55707aa4]::sys::thread::unix::Thread>::new::thread_start
[INFO] [stdout]                                at /rustc/dfb0accb7f508ae8be965d8629557221c889dd98/library/std/src/sys/thread/unix.rs:123:17
[INFO] [stdout]   45:     0x74de11338dfa - <unknown>
[INFO] [stdout]   46:     0x74de113cc3d4 - clone
[INFO] [stdout]   47:                0x0 - <unknown>
[INFO] [stdout] 
[INFO] [stdout] 
[INFO] [stdout] failures:
[INFO] [stdout]     tests::core_crate_has_no_mandatory_agent_openai_server_network_or_process_dependencies
[INFO] [stdout] 
[INFO] [stdout] test result: FAILED. 13 passed; 1 failed; 0 ignored; 0 measured; 0 filtered out; finished in 0.41s
[INFO] [stdout] 
[INFO] [stderr] error: test failed, to rerun pass `--lib`
[INFO] running `Command { std: "docker" "inspect" "f7446f70d6e3b71121c3114f29a42d63b7dd8d3f75916cbff383d795ab20893e", kill_on_drop: false }`
[INFO] running `Command { std: "docker" "rm" "-f" "f7446f70d6e3b71121c3114f29a42d63b7dd8d3f75916cbff383d795ab20893e", kill_on_drop: false }`
[INFO] [stdout] f7446f70d6e3b71121c3114f29a42d63b7dd8d3f75916cbff383d795ab20893e
