[INFO] fetching crate signstar-crypto 0.1.0...
[INFO] testing signstar-crypto-0.1.0 against 1.99.0-beta.8 for beta-1.100-2
[INFO] extracting crate signstar-crypto 0.1.0 into /workspace/builds/worker-7-tc1/source
[INFO] started tweaking crates.io crate signstar-crypto 0.1.0
[INFO] removed 0 missing examples
[INFO] removed 0 missing tests
[INFO] finished tweaking crates.io crate signstar-crypto 0.1.0
[INFO] tweaked toml for crates.io crate signstar-crypto 0.1.0 written to /workspace/builds/worker-7-tc1/source/Cargo.toml
[INFO] validating manifest of crates.io crate signstar-crypto 0.1.0 on toolchain 1.99.0-beta.8
[INFO] running `Command { std: CARGO_HOME="/workspace/cargo-home" RUSTUP_HOME="/workspace/rustup-home" "/workspace/cargo-home/bin/cargo" "+1.99.0-beta.8" "metadata" "--manifest-path" "Cargo.toml" "--no-deps", kill_on_drop: false }`
[INFO] crate crates.io crate signstar-crypto 0.1.0 already has a lockfile, it will not be regenerated
[INFO] running `Command { std: CARGO_HOME="/workspace/cargo-home" RUSTUP_HOME="/workspace/rustup-home" "/workspace/cargo-home/bin/cargo" "+1.99.0-beta.8" "fetch" "--manifest-path" "Cargo.toml", kill_on_drop: false }`
[INFO] [stderr]     Updating crates.io index
[INFO] [stderr]  Downloading crates ...
[INFO] [stderr]   Downloaded zeroize_derive v1.5.0
[INFO] [stderr]   Downloaded sval_fmt v2.22.0
[INFO] [stderr]   Downloaded sval_json v2.22.0
[INFO] [stderr]   Downloaded value-bag-sval2 v1.14.1
[INFO] [stderr]   Downloaded sval_serde v2.22.0
[INFO] [stderr]   Downloaded serde_fmt v1.1.0
[INFO] [stderr]   Downloaded idna_adapter v1.2.2
[INFO] [stderr]   Downloaded primefield v0.14.0
[INFO] [stderr]   Downloaded typeid v1.0.3
[INFO] [stderr]   Downloaded potential_utf v0.1.6
[INFO] [stderr]   Downloaded time-core v0.1.9
[INFO] [stderr]   Downloaded num_threads v0.1.7
[INFO] [stderr]   Downloaded base16ct v1.0.0
[INFO] [stderr]   Downloaded bitfields-impl v1.0.3
[INFO] [stderr]   Downloaded password-hash v0.5.0
[INFO] [stderr]   Downloaded zeroize v1.9.0
[INFO] [stderr]   Downloaded sval_nested v2.22.0
[INFO] [stderr]   Downloaded sval_dynamic v2.22.0
[INFO] [stderr]   Downloaded erased-serde v0.4.10
[INFO] [stderr]   Downloaded adler2 v2.0.1
[INFO] [stderr]   Downloaded zerofrom v0.1.8
[INFO] [stderr]   Downloaded zerofrom-derive v0.1.8
[INFO] [stderr]   Downloaded synstructure v0.14.0
[INFO] [stderr]   Downloaded yoke-derive v0.8.3
[INFO] [stderr]   Downloaded num-conv v0.2.2
[INFO] [stderr]   Downloaded powerfmt v0.2.0
[INFO] [stderr]   Downloaded document-features v0.2.12
[INFO] [stderr]   Downloaded signature v3.0.0
[INFO] [stderr]   Downloaded cpufeatures v0.3.1
[INFO] [stderr]   Downloaded sha1 v0.11.0
[INFO] [stderr]   Downloaded pkcs8 v0.11.0
[INFO] [stderr]   Downloaded serdect v0.4.3
[INFO] [stderr]   Downloaded cpubits v0.1.1
[INFO] [stderr]   Downloaded wnaf v0.14.1
[INFO] [stderr]   Downloaded argon2 v0.5.3
[INFO] [stderr]   Downloaded blake2 v0.10.6
[INFO] [stderr]   Downloaded yescrypt v0.1.0
[INFO] [stderr]   Downloaded ureq v3.4.2
[INFO] [stderr]   Downloaded utf8-zero v0.8.1
[INFO] [stderr]   Downloaded log v0.4.34
[INFO] [stderr]   Downloaded sval_ref v2.22.0
[INFO] [stderr]   Downloaded value-bag-serde1 v1.14.1
[INFO] [stderr]   Downloaded simd-adler32 v0.3.10
[INFO] [stderr]   Downloaded smallvec v1.16.2
[INFO] [stderr]   Downloaded zerovec-derive v0.11.6
[INFO] [stderr]   Downloaded yoke v0.8.3
[INFO] [stderr]   Downloaded displaydoc v0.2.7
[INFO] [stderr]   Downloaded writeable v0.6.4
[INFO] [stderr]   Downloaded tinystr v0.8.4
[INFO] [stderr]   Downloaded litemap v0.8.3
[INFO] [stderr]   Downloaded time-macros v0.2.32
[INFO] [stderr]   Downloaded deranged v0.5.8
[INFO] [stderr]   Downloaded cookie v0.18.2
[INFO] [stderr]   Downloaded spki v0.8.0
[INFO] [stderr]   Downloaded pem-rfc7468 v1.0.0
[INFO] [stderr]   Downloaded ctutils v0.4.2
[INFO] [stderr]   Downloaded cmov v0.5.4
[INFO] [stderr]   Downloaded hybrid-array v0.4.15
[INFO] [stderr]   Downloaded sha2 v0.11.0
[INFO] [stderr]   Downloaded rusb v0.9.4
[INFO] [stderr]   Downloaded pkcs1 v0.8.0-rc.4
[INFO] [stderr]   Downloaded chacha20 v0.10.2
[INFO] [stderr]   Downloaded pbkdf2 v0.13.0
[INFO] [stderr]   Downloaded primeorder v0.14.0
[INFO] [stderr]   Downloaded wyz v0.5.1
[INFO] [stderr]   Downloaded radium v0.7.0
[INFO] [stderr]   Downloaded idea v0.5.1
[INFO] [stderr]   Downloaded eax v0.5.0
[INFO] [stderr]   Downloaded nethsm-sdk-rs v4.0.0
[INFO] [stderr]   Downloaded anstream v1.0.0
[INFO] [stderr]   Downloaded utf8parse v0.2.2
[INFO] [stderr]   Downloaded is_terminal_polyfill v1.70.2
[INFO] [stderr]   Downloaded colorchoice v1.0.5
[INFO] [stderr]   Downloaded anstyle-query v1.1.5
[INFO] [stderr]   Downloaded mcf v0.6.0
[INFO] [stderr]   Downloaded uuid v1.26.1
[INFO] [stderr]   Downloaded rustls-pki-types v1.15.1
[INFO] [stderr]   Downloaded ureq-proto v0.6.4
[INFO] [stderr]   Downloaded value-bag v1.14.1
[INFO] [stderr]   Downloaded sval_buffer v2.22.0
[INFO] [stderr]   Downloaded bytes v1.12.1
[INFO] [stderr]   Downloaded flate2 v1.1.10
[INFO] [stderr]   Downloaded miniz_oxide v0.9.1
[INFO] [stderr]   Downloaded crc32fast v1.5.2
[INFO] [stderr]   Downloaded cookie_store v0.22.1
[INFO] [stderr]   Downloaded icu_provider v2.3.1
[INFO] [stderr]   Downloaded icu_locale_core v2.3.0
[INFO] [stderr]   Downloaded icu_normalizer_data v2.3.0
[INFO] [stderr]   Downloaded litrs v1.0.0
[INFO] [stderr]   Downloaded const-oid v0.10.2
[INFO] [stderr]   Downloaded getrandom v0.4.3
[INFO] [stderr]   Downloaded hmac v0.13.0
[INFO] [stderr]   Downloaded rfc6979 v0.6.0
[INFO] [stderr]   Downloaded inout v0.2.2
[INFO] [stderr]   Downloaded strum v0.28.0
[INFO] [stderr]   Downloaded secrecy v0.10.3
[INFO] [stderr]   Downloaded proc-macro-crate v3.5.0
[INFO] [stderr]   Downloaded twofish v0.7.1
[INFO] [stderr]   Downloaded sha1 v0.10.7
[INFO] [stderr]   Downloaded tap v1.0.1
[INFO] [stderr]   Downloaded base16ct v0.2.0
[INFO] [stderr]   Downloaded cmac v0.7.2
[INFO] [stderr]   Downloaded aes-kw v0.2.1
[INFO] [stderr]   Downloaded cfg_aliases v0.2.2
[INFO] [stderr]   Downloaded password-hash v0.6.1
[INFO] [stderr]   Downloaded sval v2.22.0
[INFO] [stderr]   Downloaded zerocopy-derive v0.8.59
[INFO] [stderr]   Downloaded base64 v0.23.1
[INFO] [stderr]   Downloaded cc v1.5.1
[INFO] [stderr]   Downloaded icu_properties v2.3.0
[INFO] [stderr]   Downloaded zerovec v0.11.8
[INFO] [stderr]   Downloaded zerotrie v0.2.5
[INFO] [stderr]   Downloaded icu_collections v2.3.0
[INFO] [stderr]   Downloaded indexmap v2.14.2
[INFO] [stderr]   Downloaded typenum v1.20.1
[INFO] [stderr]   Downloaded rsa v0.10.0-rc.18
[INFO] [stderr]   Downloaded rand v0.10.3
[INFO] [stderr]   Downloaded p521 v0.14.0
[INFO] [stderr]   Downloaded keccak v0.1.6
[INFO] [stderr]   Downloaded k256 v0.13.4
[INFO] [stderr]   Downloaded derive_builder_macro v0.20.2
[INFO] [stderr]   Downloaded crc24 v0.1.6
[INFO] [stderr]   Downloaded anstyle-wincon v3.0.11
[INFO] [stderr]   Downloaded once_cell_polyfill v1.70.2
[INFO] [stderr]   Downloaded icu_properties_data v2.3.0
[INFO] [stderr]   Downloaded der v0.8.2
[INFO] [stderr]   Downloaded dbl v0.5.0
[INFO] [stderr]   Downloaded block-padding v0.4.2
[INFO] [stderr]   Downloaded num-iter v0.1.46
[INFO] [stderr]   Downloaded replace_with v0.1.8
[INFO] [stderr]   Downloaded serdect v0.2.0
[INFO] [stderr]   Downloaded p384 v0.13.1
[INFO] [stderr]   Downloaded anstyle-parse v1.0.0
[INFO] [stderr]   Downloaded which v8.0.6
[INFO] [stderr]   Downloaded yubihsm2 v0.45.0
[INFO] [stderr]   Downloaded webpki-roots v1.0.9
[INFO] [stderr]   Downloaded zlib-rs v0.6.8
[INFO] [stderr]   Downloaded libusb1-sys v0.7.0
[INFO] [stderr]   Downloaded crypto-primes v0.7.2
[INFO] [stderr]   Downloaded crypto-bigint v0.7.5
[INFO] [stderr]   Downloaded group v0.14.0
[INFO] [stderr]   Downloaded sec1 v0.8.1
[INFO] [stderr]   Downloaded ed25519 v3.0.0
[INFO] [stderr]   Downloaded cipher v0.5.2
[INFO] [stderr]   Downloaded ctr v0.10.1
[INFO] [stderr]   Downloaded aead v0.6.1
[INFO] [stderr]   Downloaded cbc v0.2.1
[INFO] [stderr]   Downloaded testresult v0.4.2
[INFO] [stderr]   Downloaded signstar-common v0.2.0
[INFO] [stderr]   Downloaded systemd-journal-logger v2.2.2
[INFO] [stderr]   Downloaded simplelog v0.12.2
[INFO] [stderr]   Downloaded termcolor v1.4.1
[INFO] [stderr]   Downloaded relative-path v1.9.3
[INFO] [stderr]   Downloaded toml_datetime v1.1.1+spec-1.1.0
[INFO] [stderr]   Downloaded futures-timer v3.0.4
[INFO] [stderr]   Downloaded num-integer v0.1.47
[INFO] [stderr]   Downloaded ripemd v0.1.3
[INFO] [stderr]   Downloaded group v0.13.0
[INFO] [stderr]   Downloaded ff v0.13.1
[INFO] [stderr]   Downloaded mime_guess v2.0.5
[INFO] [stderr]   Downloaded zerocopy v0.8.59
[INFO] [stderr]   Downloaded time v0.3.55
[INFO] [stderr]   Downloaded ff v0.14.0
[INFO] [stderr]   Downloaded fastrand v2.5.0
[INFO] [stderr]   Downloaded strum_macros v0.28.0
[INFO] [stderr]   Downloaded toml_parser v1.1.3+spec-1.1.0
[INFO] [stderr]   Downloaded glob v0.3.4
[INFO] [stderr]   Downloaded snafu-derive v0.9.2
[INFO] [stderr]   Downloaded primeorder v0.13.6
[INFO] [stderr]   Downloaded sec1 v0.7.3
[INFO] [stderr]   Downloaded cfb-mode v0.8.2
[INFO] [stderr]   Downloaded unicase v2.9.0
[INFO] [stderr]   Downloaded email_address v0.2.9
[INFO] [stderr]   Downloaded clap-verbosity-flag v3.0.4
[INFO] [stderr]   Downloaded clap_derive v4.6.7
[INFO] [stderr]   Downloaded change-user-run v0.1.3
[INFO] [stderr]   Downloaded salsa20 v0.11.0
[INFO] [stderr]   Downloaded phc v0.6.1
[INFO] [stderr]   Downloaded libc v0.2.189
[INFO] [stderr]   Downloaded icu_normalizer v2.3.0
[INFO] [stderr]   Downloaded ecdsa v0.17.0
[INFO] [stderr]   Downloaded elliptic-curve v0.13.8
[INFO] [stderr]   Downloaded funty v2.0.0
[INFO] [stderr]   Downloaded crypto-bigint v0.5.5
[INFO] [stderr]   Downloaded ecdsa v0.16.9
[INFO] [stderr]   Downloaded rfc6979 v0.4.0
[INFO] [stderr]   Downloaded ocb3 v0.1.0
[INFO] [stderr]   Downloaded num_enum v0.7.6
[INFO] [stderr]   Downloaded dbl v0.3.2
[INFO] [stderr]   Downloaded des v0.8.1
[INFO] [stderr]   Downloaded convert_case v0.10.0
[INFO] [stderr]   Downloaded derive_builder v0.20.2
[INFO] [stderr]   Downloaded cast5 v0.11.1
[INFO] [stderr]   Downloaded multipart v0.18.0
[INFO] [stderr]   Downloaded elliptic-curve v0.14.1
[INFO] [stderr]   Downloaded p256 v0.14.0
[INFO] [stderr]   Downloaded rstest v0.27.0
[INFO] [stderr]   Downloaded snafu v0.9.2
[INFO] [stderr]   Downloaded p256 v0.13.2
[INFO] [stderr]   Downloaded num_enum_derive v0.7.6
[INFO] [stderr]   Downloaded dsa v0.6.3
[INFO] [stderr]   Downloaded derive_builder_core v0.20.2
[INFO] [stderr]   Downloaded p384 v0.14.0
[INFO] [stderr]   Downloaded rstest_macros v0.27.0
[INFO] [stderr]   Downloaded toml_edit v0.25.15+spec-1.1.0
[INFO] [stderr]   Downloaded x25519-dalek v2.0.1
[INFO] [stderr]   Downloaded derive_more v2.1.1
[INFO] [stderr]   Downloaded derive_more-impl v2.1.1
[INFO] [stderr]   Downloaded unicode-segmentation v1.13.3
[INFO] [stderr]   Downloaded darling_macro v0.20.11
[INFO] [stderr]   Downloaded base64 v0.21.7
[INFO] [stderr]   Downloaded nom v8.0.0
[INFO] [stderr]   Downloaded darling v0.20.11
[INFO] [stderr]   Downloaded cx448 v0.1.1
[INFO] [stderr]   Downloaded serdect v0.3.0
[INFO] [stderr]   Downloaded p224 v0.14.0-rc.15
[INFO] [stderr]   Downloaded k256 v0.14.0
[INFO] [stderr]   Downloaded ed25519-dalek v3.0.0
[INFO] [stderr]   Downloaded bp256 v0.14.0
[INFO] [stderr]   Downloaded aes v0.9.3
[INFO] [stderr]   Downloaded p521 v0.13.3
[INFO] [stderr]   Downloaded darling_core v0.20.11
[INFO] [stderr]   Downloaded camellia v0.1.0
[INFO] [stderr]   Downloaded block-padding v0.3.3
[INFO] [stderr]   Downloaded bitfields v1.0.3
[INFO] [stderr]   Downloaded blowfish v0.9.1
[INFO] [stderr]   Downloaded buffer-redux v1.1.0
[INFO] [stderr]   Downloaded winnow v1.0.4
[INFO] [stderr]   Downloaded bp384 v0.14.0
[INFO] [stderr]   Downloaded ccm v0.6.1
[INFO] [stderr]   Downloaded bitvec v1.1.1
[INFO] [stderr]   Downloaded nix v0.31.3
[INFO] [stderr]   Downloaded curve25519-dalek v5.0.0
[INFO] [stderr]   Downloaded rustix v1.1.5
[INFO] [stderr]   Downloaded fiat-crypto v0.3.0
[INFO] [stderr]   Downloaded sha1-checked v0.10.0
[INFO] [stderr]   Downloaded sha3 v0.10.9
[INFO] [stderr]   Downloaded cmac v0.8.0
[INFO] [stderr]   Downloaded pgp v0.20.0
[INFO] running `Command { std: "docker" "create" "-v" "/var/lib/crater-agent-workspace/builds/worker-7-tc1/source:/opt/rustwide/workdir:ro,Z" "-v" "/var/lib/crater-agent-workspace/builds/worker-7-tc1/target:/opt/rustwide/target:rw,Z" "-v" "/var/lib/crater-agent-workspace/cargo-home:/opt/rustwide/cargo-home:ro,Z" "-v" "/var/lib/crater-agent-workspace/rustup-home:/opt/rustwide/rustup-home:ro,Z" "-m" "1610612736" "--network" "none" "ghcr.io/rust-lang/crates-build-env/linux@sha256:3111399a4047eeb3a02b7a90e478d715f38a8c6669b5c4b49d30a17385265909" "sleep" "infinity", kill_on_drop: false }`
[INFO] [stdout] c92f38de489e34516fa7e784ba505d8c537f72a78a09881fe07f50bb21e4a5ae
[INFO] running `Command { std: "docker" "start" "c92f38de489e34516fa7e784ba505d8c537f72a78a09881fe07f50bb21e4a5ae", kill_on_drop: false }`
[INFO] running `Command { std: "docker" "inspect" "c92f38de489e34516fa7e784ba505d8c537f72a78a09881fe07f50bb21e4a5ae", kill_on_drop: false }`
[INFO] running `Command { std: "docker" "exec" "-e" "SOURCE_DIR=/opt/rustwide/workdir" "-e" "CARGO_HOME=/opt/rustwide/cargo-home" "-e" "RUSTUP_HOME=/opt/rustwide/rustup-home" "-e" "CARGO_TARGET_DIR=/opt/rustwide/target" "-w" "/opt/rustwide/workdir" "--user" "0:0" "c92f38de489e34516fa7e784ba505d8c537f72a78a09881fe07f50bb21e4a5ae" "/opt/rustwide/cargo-home/bin/cargo" "+1.99.0-beta.8" "metadata" "--no-deps" "--format-version=1", kill_on_drop: false }`
[INFO] running `Command { std: "docker" "inspect" "c92f38de489e34516fa7e784ba505d8c537f72a78a09881fe07f50bb21e4a5ae", kill_on_drop: false }`
[INFO] running `Command { std: "docker" "exec" "-e" "SOURCE_DIR=/opt/rustwide/workdir" "-e" "CARGO_HOME=/opt/rustwide/cargo-home" "-e" "RUSTUP_HOME=/opt/rustwide/rustup-home" "-e" "CARGO_TARGET_DIR=/opt/rustwide/target" "-e" "CARGO_INCREMENTAL=0" "-e" "RUST_BACKTRACE=full" "-e" "RUSTFLAGS=--cap-lints=warn" "-e" "RUSTDOCFLAGS=--cap-lints=warn" "-w" "/opt/rustwide/workdir" "--user" "0:0" "c92f38de489e34516fa7e784ba505d8c537f72a78a09881fe07f50bb21e4a5ae" "/opt/rustwide/cargo-home/bin/cargo" "+1.99.0-beta.8" "build" "--frozen" "--message-format=json", kill_on_drop: false }`
[INFO] [stderr]    Compiling proc-macro2 v1.0.107
[INFO] [stderr]    Compiling quote v1.0.47
[INFO] [stderr]    Compiling unicode-ident v1.0.26
[INFO] [stderr]    Compiling libc v0.2.189
[INFO] [stderr]    Compiling cfg-if v1.0.5
[INFO] [stderr]    Compiling typenum v1.20.1
[INFO] [stderr]    Compiling subtle v2.6.1
[INFO] [stderr]    Compiling version_check v0.9.5
[INFO] [stderr]    Compiling base64ct v1.8.3
[INFO] [stderr]    Compiling const-oid v0.9.6
[INFO] [stderr]    Compiling rand_core v0.10.1
[INFO] [stderr]    Compiling getrandom v0.4.3
[INFO] [stderr]    Compiling cmov v0.5.4
[INFO] [stderr]    Compiling const-oid v0.10.2
[INFO] [stderr]    Compiling generic-array v0.14.7
[INFO] [stderr]    Compiling libm v0.2.16
[INFO] [stderr]    Compiling autocfg v1.5.1
[INFO] [stderr]    Compiling serde_core v1.0.229
[INFO] [stderr]    Compiling serde v1.0.229
[INFO] [stderr]    Compiling ctutils v0.4.2
[INFO] [stderr]    Compiling pem-rfc7468 v1.0.0
[INFO] [stderr]    Compiling cpufeatures v0.2.17
[INFO] [stderr]    Compiling pem-rfc7468 v0.7.0
[INFO] [stderr]    Compiling syn v2.0.119
[INFO] [stderr]    Compiling syn v3.0.6
[INFO] [stderr]    Compiling num-traits v0.2.19
[INFO] [stderr]    Compiling cpubits v0.1.1
[INFO] [stderr]    Compiling radium v0.7.0
[INFO] [stderr]    Compiling ff v0.14.0
[INFO] [stderr]    Compiling tap v1.0.1
[INFO] [stderr]    Compiling wyz v0.5.1
[INFO] [stderr]    Compiling cpufeatures v0.3.1
[INFO] [stderr]    Compiling base16ct v0.2.0
[INFO] [stderr]    Compiling memchr v2.8.3
[INFO] [stderr]    Compiling zmij v1.0.23
[INFO] [stderr]    Compiling funty v2.0.0
[INFO] [stderr]    Compiling group v0.14.0
[INFO] [stderr]    Compiling base16ct v1.0.0
[INFO] [stderr]    Compiling serde_json v1.0.151
[INFO] [stderr]    Compiling semver v1.0.28
[INFO] [stderr]    Compiling bitvec v1.1.1
[INFO] [stderr]    Compiling rustc_version v0.4.1
[INFO] [stderr]    Compiling getrandom v0.2.17
[INFO] [stderr]    Compiling rand_core v0.6.4
[INFO] [stderr]    Compiling zerocopy v0.8.59
[INFO] [stderr]    Compiling strsim v0.11.1
[INFO] [stderr]    Compiling fnv v1.0.7
[INFO] [stderr]    Compiling ident_case v1.0.1
[INFO] [stderr]    Compiling thiserror v2.0.21
[INFO] [stderr]    Compiling num-integer v0.1.47
[INFO] [stderr]    Compiling curve25519-dalek v4.1.3
[INFO] [stderr]    Compiling bytes v1.12.1
[INFO] [stderr]    Compiling spin v0.9.9
[INFO] [stderr]    Compiling heck v0.5.0
[INFO] [stderr]    Compiling num-bigint-dig v0.8.6
[INFO] [stderr]    Compiling lazy_static v1.5.0
[INFO] [stderr]    Compiling num-iter v0.1.46
[INFO] [stderr]    Compiling rustversion v1.0.23
[INFO] [stderr]    Compiling opaque-debug v0.3.1
[INFO] [stderr]    Compiling smallvec v1.16.2
[INFO] [stderr]    Compiling value-bag v1.14.1
[INFO] [stderr]    Compiling unicode-segmentation v1.13.3
[INFO] [stderr]    Compiling curve25519-dalek v5.0.0
[INFO] [stderr]    Compiling serde_derive v1.0.229
[INFO] [stderr]    Compiling thiserror-impl v2.0.21
[INFO] [stderr]    Compiling log v0.4.34
[INFO] [stderr]    Compiling convert_case v0.10.0
[INFO] [stderr]    Compiling byteorder v1.5.0
[INFO] [stderr]    Compiling keccak v0.1.6
[INFO] [stderr]    Compiling ff v0.13.1
[INFO] [stderr]    Compiling crc24 v0.1.6
[INFO] [stderr]    Compiling group v0.13.0
[INFO] [stderr]    Compiling unicode-xid v0.2.6
[INFO] [stderr]    Compiling cfg_aliases v0.2.2
[INFO] [stderr]    Compiling nix v0.31.3
[INFO] [stderr]    Compiling password-hash v0.5.0
[INFO] [stderr]    Compiling darling_core v0.20.11
[INFO] [stderr]    Compiling password-hash v0.6.1
[INFO] [stderr]    Compiling chacha20 v0.10.2
[INFO] [stderr]    Compiling mcf v0.6.0
[INFO] [stderr]    Compiling zlib-rs v0.6.8
[INFO] [stderr]    Compiling once_cell v1.21.4
[INFO] [stderr]    Compiling rand v0.10.3
[INFO] [stderr]    Compiling which v8.0.6
[INFO] [stderr]    Compiling nom v8.0.0
[INFO] [stderr]    Compiling buffer-redux v1.1.0
[INFO] [stderr]    Compiling base64 v0.22.1
[INFO] [stderr]    Compiling bitflags v2.13.2
[INFO] [stderr]    Compiling replace_with v0.1.8
[INFO] [stderr]    Compiling hex v0.4.3
[INFO] [stderr]    Compiling signstar-common v0.2.0
[INFO] [stderr]    Compiling zeroize_derive v1.5.0
[INFO] [stderr]    Compiling curve25519-dalek-derive v0.1.1
[INFO] [stderr]    Compiling bitfields-impl v1.0.3
[INFO] [stderr]    Compiling zeroize v1.9.0
[INFO] [stderr]    Compiling derive_more-impl v2.1.1
[INFO] [stderr]    Compiling hybrid-array v0.4.15
[INFO] [stderr]    Compiling crypto-common v0.1.7
[INFO] [stderr]    Compiling block-buffer v0.10.4
[INFO] [stderr]    Compiling der v0.8.2
[INFO] [stderr]    Compiling digest v0.10.7
[INFO] [stderr]    Compiling inout v0.1.4
[INFO] [stderr]    Compiling cipher v0.4.4
[INFO] [stderr]    Compiling der v0.7.10
[INFO] [stderr]    Compiling hmac v0.12.1
[INFO] [stderr]    Compiling crypto-common v0.2.2
[INFO] [stderr]    Compiling block-buffer v0.12.1
[INFO] [stderr]    Compiling crypto-bigint v0.7.5
[INFO] [stderr]    Compiling signature v2.2.0
[INFO] [stderr]    Compiling serdect v0.2.0
[INFO] [stderr]    Compiling hkdf v0.12.4
[INFO] [stderr]    Compiling crypto-bigint v0.5.5
[INFO] [stderr]    Compiling rfc6979 v0.4.0
[INFO] [stderr]    Compiling sha2 v0.10.9
[INFO] [stderr]    Compiling ppv-lite86 v0.2.21
[INFO] [stderr]    Compiling spki v0.8.0
[INFO] [stderr]    Compiling digest v0.11.3
[INFO] [stderr]    Compiling spki v0.7.3
[INFO] [stderr]    Compiling pkcs8 v0.11.0
[INFO] [stderr]    Compiling hmac v0.13.0
[INFO] [stderr]    Compiling pkcs8 v0.10.2
[INFO] [stderr]    Compiling signature v3.0.0
[INFO] [stderr]    Compiling sec1 v0.8.1
[INFO] [stderr]    Compiling sha2 v0.11.0
[INFO] [stderr]    Compiling sec1 v0.7.3
[INFO] [stderr]    Compiling rand_chacha v0.3.1
[INFO] [stderr]    Compiling darling_macro v0.20.11
[INFO] [stderr]    Compiling darling v0.20.11
[INFO] [stderr]    Compiling rand v0.8.8
[INFO] [stderr]    Compiling elliptic-curve v0.13.8
[INFO] [stderr]    Compiling inout v0.2.2
[INFO] [stderr]    Compiling ctr v0.9.2
[INFO] [stderr]    Compiling aead v0.5.2
[INFO] [stderr]    Compiling universal-hash v0.5.1
[INFO] [stderr]    Compiling polyval v0.6.2
[INFO] [stderr]    Compiling cipher v0.5.2
[INFO] [stderr]    Compiling derive_builder_core v0.20.2
[INFO] [stderr]    Compiling aes v0.8.4
[INFO] [stderr]    Compiling ecdsa v0.16.9
[INFO] [stderr]    Compiling primeorder v0.13.6
[INFO] [stderr]    Compiling dbl v0.3.2
[INFO] [stderr]    Compiling salsa20 v0.11.0
[INFO] [stderr]    Compiling cmac v0.7.2
[INFO] [stderr]    Compiling ghash v0.5.1
[INFO] [stderr]    Compiling pkcs1 v0.7.5
[INFO] [stderr]    Compiling pbkdf2 v0.13.0
[INFO] [stderr]    Compiling ed25519 v2.2.3
[INFO] [stderr]    Compiling blake2 v0.10.6
[INFO] [stderr]    Compiling sha3 v0.10.9
[INFO] [stderr]    Compiling sha1 v0.10.7
[INFO] [stderr]    Compiling derive_builder_macro v0.20.2
[INFO] [stderr]    Compiling serdect v0.3.0
[INFO] [stderr]    Compiling snafu-derive v0.9.2
[INFO] [stderr]    Compiling num_enum_derive v0.7.6
[INFO] [stderr]    Compiling derive_builder v0.20.2
[INFO] [stderr]    Compiling cx448 v0.1.1
[INFO] [stderr]    Compiling argon2 v0.5.3
[INFO] [stderr]    Compiling ed25519-dalek v2.2.0
[INFO] [stderr]    Compiling x25519-dalek v2.0.1
[INFO] [stderr]    Compiling sha1-checked v0.10.0
[INFO] [stderr]    Compiling yescrypt v0.1.0
[INFO] [stderr]    Compiling num_enum v0.7.6
[INFO] [stderr]    Compiling aes-gcm v0.10.3
[INFO] [stderr]    Compiling dsa v0.6.3
[INFO] [stderr]    Compiling rsa v0.9.10
[INFO] [stderr]    Compiling elliptic-curve v0.14.1
[INFO] [stderr]    Compiling rfc6979 v0.6.0
[INFO] [stderr]    Compiling primefield v0.14.0
[INFO] [stderr]    Compiling crypto-primes v0.7.2
[INFO] [stderr]    Compiling p521 v0.13.3
[INFO] [stderr]    Compiling ecdsa v0.17.0
[INFO] [stderr]    Compiling wnaf v0.14.1
[INFO] [stderr]    Compiling primeorder v0.14.0
[INFO] [stderr]    Compiling p256 v0.13.2
[INFO] [stderr]    Compiling snafu v0.9.2
[INFO] [stderr]    Compiling p384 v0.13.1
[INFO] [stderr]    Compiling k256 v0.13.4
[INFO] [stderr]    Compiling eax v0.5.0
[INFO] [stderr]    Compiling aes-kw v0.2.1
[INFO] [stderr]    Compiling ocb3 v0.1.0
[INFO] [stderr]    Compiling flate2 v1.1.10
[INFO] [stderr]    Compiling ed25519 v3.0.0
[INFO] [stderr]    Compiling pkcs1 v0.8.0-rc.4
[INFO] [stderr]    Compiling derive_more v2.1.1
[INFO] [stderr]    Compiling bitfields v1.0.3
[INFO] [stderr]    Compiling cfb-mode v0.8.2
[INFO] [stderr]    Compiling twofish v0.7.1
[INFO] [stderr]    Compiling blowfish v0.9.1
[INFO] [stderr]    Compiling idea v0.5.1
[INFO] [stderr]    Compiling camellia v0.1.0
[INFO] [stderr]    Compiling des v0.8.1
[INFO] [stderr]    Compiling cast5 v0.11.1
[INFO] [stderr]    Compiling md-5 v0.10.6
[INFO] [stderr]    Compiling ripemd v0.1.3
[INFO] [stderr]    Compiling block-padding v0.3.3
[INFO] [stderr]    Compiling strum_macros v0.28.0
[INFO] [stderr]    Compiling rsa v0.10.0-rc.18
[INFO] [stderr]    Compiling k256 v0.14.0
[INFO] [stderr]    Compiling p256 v0.14.0
[INFO] [stderr]    Compiling p384 v0.14.0
[INFO] [stderr]    Compiling p521 v0.14.0
[INFO] [stderr]    Compiling ed25519-dalek v3.0.0
[INFO] [stderr]    Compiling pgp v0.20.0
[INFO] [stderr]    Compiling p224 v0.14.0-rc.15
[INFO] [stderr]    Compiling bp384 v0.14.0
[INFO] [stderr]    Compiling bp256 v0.14.0
[INFO] [stderr]    Compiling change-user-run v0.1.3
[INFO] [stderr]    Compiling email_address v0.2.9
[INFO] [stderr]    Compiling secrecy v0.10.3
[INFO] [stderr]    Compiling strum v0.28.0
[INFO] [stderr]    Compiling signstar-crypto v0.1.0 (/opt/rustwide/workdir)
[INFO] [stderr]     Finished `dev` profile [unoptimized + debuginfo] target(s) in 2m 21s
[INFO] running `Command { std: "docker" "inspect" "c92f38de489e34516fa7e784ba505d8c537f72a78a09881fe07f50bb21e4a5ae", kill_on_drop: false }`
[INFO] running `Command { std: "docker" "exec" "-e" "SOURCE_DIR=/opt/rustwide/workdir" "-e" "CARGO_HOME=/opt/rustwide/cargo-home" "-e" "RUSTUP_HOME=/opt/rustwide/rustup-home" "-e" "CARGO_TARGET_DIR=/opt/rustwide/target" "-e" "CARGO_INCREMENTAL=0" "-e" "RUST_BACKTRACE=full" "-e" "RUSTFLAGS=--cap-lints=warn" "-e" "RUSTDOCFLAGS=--cap-lints=warn" "-w" "/opt/rustwide/workdir" "--user" "0:0" "c92f38de489e34516fa7e784ba505d8c537f72a78a09881fe07f50bb21e4a5ae" "/opt/rustwide/cargo-home/bin/cargo" "+1.99.0-beta.8" "test" "--frozen" "--no-run" "--message-format=json", kill_on_drop: false }`
[INFO] [stderr]    Compiling syn v3.0.6
[INFO] [stderr]    Compiling digest v0.11.3
[INFO] [stderr]    Compiling strsim v0.11.1
[INFO] [stderr]    Compiling rustix v1.1.5
[INFO] [stderr]    Compiling bitflags v2.13.2
[INFO] [stderr]    Compiling winnow v1.0.4
[INFO] [stderr]    Compiling equivalent v1.0.2
[INFO] [stderr]    Compiling hashbrown v0.17.1
[INFO] [stderr]    Compiling time-core v0.1.9
[INFO] [stderr]    Compiling hmac v0.13.0
[INFO] [stderr]    Compiling signature v3.0.0
[INFO] [stderr]    Compiling elliptic-curve v0.14.1
[INFO] [stderr]    Compiling sha2 v0.11.0
[INFO] [stderr]    Compiling darling_core v0.20.11
[INFO] [stderr]    Compiling rfc6979 v0.6.0
[INFO] [stderr]    Compiling linux-raw-sys v0.12.1
[INFO] [stderr]    Compiling memchr v2.8.3
[INFO] [stderr]    Compiling ecdsa v0.17.0
[INFO] [stderr]    Compiling primeorder v0.14.0
[INFO] [stderr]    Compiling utf8parse v0.2.2
[INFO] [stderr]    Compiling num-conv v0.2.2
[INFO] [stderr]    Compiling anstyle-parse v1.0.0
[INFO] [stderr]    Compiling time-macros v0.2.32
[INFO] [stderr]    Compiling aho-corasick v1.1.5
[INFO] [stderr]    Compiling indexmap v2.14.2
[INFO] [stderr]    Compiling curve25519-dalek v5.0.0
[INFO] [stderr]    Compiling toml_parser v1.1.3+spec-1.1.0
[INFO] [stderr]    Compiling anstyle-query v1.1.5
[INFO] [stderr]    Compiling num_threads v0.1.7
[INFO] [stderr]    Compiling is_terminal_polyfill v1.70.2
[INFO] [stderr]    Compiling deranged v0.5.8
[INFO] [stderr]    Compiling colorchoice v1.0.5
[INFO] [stderr]    Compiling regex-syntax v0.8.11
[INFO] [stderr]    Compiling anstyle v1.0.14
[INFO] [stderr]    Compiling toml_datetime v1.1.1+spec-1.1.0
[INFO] [stderr]    Compiling powerfmt v0.2.0
[INFO] [stderr]    Compiling toml_edit v0.25.15+spec-1.1.0
[INFO] [stderr]    Compiling anstream v1.0.0
[INFO] [stderr]    Compiling time v0.3.55
[INFO] [stderr]    Compiling pbkdf2 v0.13.0
[INFO] [stderr]    Compiling rstest_macros v0.27.0
[INFO] [stderr]    Compiling clap_lex v1.1.1
[INFO] [stderr]    Compiling termcolor v1.4.1
[INFO] [stderr]    Compiling clap_builder v4.6.7
[INFO] [stderr]    Compiling proc-macro-crate v3.5.0
[INFO] [stderr]    Compiling yescrypt v0.1.0
[INFO] [stderr]    Compiling darling_macro v0.20.11
[INFO] [stderr]    Compiling darling v0.20.11
[INFO] [stderr]    Compiling derive_builder_core v0.20.2
[INFO] [stderr]    Compiling ed25519 v3.0.0
[INFO] [stderr]    Compiling serde_derive v1.0.229
[INFO] [stderr]    Compiling thiserror-impl v2.0.21
[INFO] [stderr]    Compiling derive_builder_macro v0.20.2
[INFO] [stderr]    Compiling regex-automata v0.4.18
[INFO] [stderr]    Compiling simplelog v0.12.2
[INFO] [stderr]    Compiling derive_builder v0.20.2
[INFO] [stderr]    Compiling systemd-journal-logger v2.2.2
[INFO] [stderr]    Compiling clap_derive v4.6.7
[INFO] [stderr]    Compiling thiserror v2.0.21
[INFO] [stderr]    Compiling bitfields-impl v1.0.3
[INFO] [stderr]    Compiling pin-project-lite v0.2.17
[INFO] [stderr]    Compiling futures-core v0.3.34
[INFO] [stderr]    Compiling relative-path v1.9.3
[INFO] [stderr]    Compiling glob v0.3.4
[INFO] [stderr]    Compiling futures-task v0.3.34
[INFO] [stderr]    Compiling futures-util v0.3.34
[INFO] [stderr]    Compiling change-user-run v0.1.3
[INFO] [stderr]    Compiling rsa v0.10.0-rc.18
[INFO] [stderr]    Compiling bitfields v1.0.3
[INFO] [stderr]    Compiling signstar-common v0.2.0
[INFO] [stderr]    Compiling ed25519-dalek v3.0.0
[INFO] [stderr]    Compiling nix v0.31.3
[INFO] [stderr]    Compiling bp256 v0.14.0
[INFO] [stderr]    Compiling p224 v0.14.0-rc.15
[INFO] [stderr]    Compiling clap v4.6.7
[INFO] [stderr]    Compiling p256 v0.14.0
[INFO] [stderr]    Compiling serde v1.0.229
[INFO] [stderr]    Compiling p384 v0.14.0
[INFO] [stderr]    Compiling regex v1.13.1
[INFO] [stderr]    Compiling serdect v0.2.0
[INFO] [stderr]    Compiling sec1 v0.7.3
[INFO] [stderr]    Compiling num-bigint-dig v0.8.6
[INFO] [stderr]    Compiling elliptic-curve v0.13.8
[INFO] [stderr]    Compiling serdect v0.3.0
[INFO] [stderr]    Compiling email_address v0.2.9
[INFO] [stderr]    Compiling secrecy v0.10.3
[INFO] [stderr]    Compiling k256 v0.14.0
[INFO] [stderr]    Compiling p521 v0.14.0
[INFO] [stderr]    Compiling ecdsa v0.16.9
[INFO] [stderr]    Compiling primeorder v0.13.6
[INFO] [stderr]    Compiling cx448 v0.1.1
[INFO] [stderr]    Compiling k256 v0.13.4
[INFO] [stderr]    Compiling p521 v0.13.3
[INFO] [stderr]    Compiling p256 v0.13.2
[INFO] [stderr]    Compiling p384 v0.13.1
[INFO] [stderr]    Compiling rsa v0.9.10
[INFO] [stderr]    Compiling dsa v0.6.3
[INFO] [stderr]    Compiling bp384 v0.14.0
[INFO] [stderr]    Compiling futures-timer v3.0.4
[INFO] [stderr]    Compiling fastrand v2.5.0
[INFO] [stderr]    Compiling tempfile v3.27.0
[INFO] [stderr]    Compiling clap-verbosity-flag v3.0.4
[INFO] [stderr]    Compiling testresult v0.4.2
[INFO] [stderr]    Compiling pgp v0.20.0
[INFO] [stderr]    Compiling rstest v0.27.0
[INFO] [stderr]    Compiling signstar-crypto v0.1.0 (/opt/rustwide/workdir)
[INFO] [stderr]     Finished `test` profile [unoptimized + debuginfo] target(s) in 1m 59s
[INFO] running `Command { std: "docker" "inspect" "c92f38de489e34516fa7e784ba505d8c537f72a78a09881fe07f50bb21e4a5ae", kill_on_drop: false }`
[INFO] running `Command { std: "docker" "exec" "-e" "SOURCE_DIR=/opt/rustwide/workdir" "-e" "CARGO_HOME=/opt/rustwide/cargo-home" "-e" "RUSTUP_HOME=/opt/rustwide/rustup-home" "-e" "CARGO_TARGET_DIR=/opt/rustwide/target" "-e" "CARGO_INCREMENTAL=0" "-e" "RUST_BACKTRACE=full" "-e" "RUSTFLAGS=--cap-lints=warn" "-e" "RUSTDOCFLAGS=--cap-lints=warn" "-w" "/opt/rustwide/workdir" "--user" "0:0" "c92f38de489e34516fa7e784ba505d8c537f72a78a09881fe07f50bb21e4a5ae" "/opt/rustwide/cargo-home/bin/cargo" "+1.99.0-beta.8" "test" "--frozen", kill_on_drop: false }`
[INFO] [stderr]     Finished `test` profile [unoptimized + debuginfo] target(s) in 0.31s
[INFO] [stderr]      Running unittests src/lib.rs (/opt/rustwide/target/debug/deps/signstar_crypto-5c11568a882d5bc0)
[INFO] [stdout] 
[INFO] [stdout] running 127 tests
[INFO] [stdout] test key::base::tests::decryptmode_fromstr::case_08 ... ok
[INFO] [stdout] test key::base::tests::decryptmode_fromstr::case_04 ... ok
[INFO] [stdout] test key::base::tests::decryptmode_fromstr::case_03 ... ok
[INFO] [stdout] test key::base::tests::decryptmode_fromstr::case_06 ... ok
[INFO] [stdout] test key::base::tests::encryptmode_fromstr::case_1 ... ok
[INFO] [stdout] test key::base::tests::decryptmode_fromstr::case_07 ... ok
[INFO] [stdout] test key::base::tests::decryptmode_fromstr::case_05 ... ok
[INFO] [stdout] test key::base::tests::decryptmode_fromstr::case_02 ... ok
[INFO] [stdout] test key::base::tests::encryptmode_fromstr::case_2 ... ok
[INFO] [stdout] test key::base::tests::decryptmode_fromstr::case_01 ... ok
[INFO] [stdout] test key::base::tests::decryptmode_fromstr::case_09 ... ok
[INFO] [stdout] test key::base::tests::keymechanism_fromstr::case_06 ... ok
[INFO] [stdout] test key::base::tests::decryptmode_fromstr::case_10 ... ok
[INFO] [stdout] test key::base::tests::keymechanism_fromstr::case_02 ... ok
[INFO] [stdout] test key::base::tests::keymechanism_fromstr::case_01 ... ok
[INFO] [stdout] test key::base::tests::keymechanism_fromstr::case_07 ... ok
[INFO] [stdout] test key::base::tests::keymechanism_fromstr::case_08 ... ok
[INFO] [stdout] test key::base::tests::keymechanism_fromstr::case_05 ... ok
[INFO] [stdout] test key::base::tests::keymechanism_fromstr::case_09 ... ok
[INFO] [stdout] test key::base::tests::keymechanism_fromstr::case_10 ... ok
[INFO] [stdout] test key::base::tests::keymechanism_fromstr::case_11 ... ok
[INFO] [stdout] test key::base::tests::keymechanism_fromstr::case_12 ... ok
[INFO] [stdout] test key::base::tests::keymechanism_fromstr::case_13 ... ok
[INFO] [stdout] test key::base::tests::keymechanism_fromstr::case_15 ... ok
[INFO] [stdout] test key::base::tests::keymechanism_fromstr::case_16 ... ok
[INFO] [stdout] test key::base::tests::keymechanism_fromstr::case_17 ... ok
[INFO] [stdout] test key::base::tests::keymechanism_fromstr::case_18 ... ok
[INFO] [stdout] test key::base::tests::keymechanism_fromstr::case_19 ... ok
[INFO] [stdout] test key::base::tests::keymechanism_fromstr::case_20 ... ok
[INFO] [stdout] test key::base::tests::keytype_fromstr::case_1 ... ok
[INFO] [stdout] test key::base::tests::keytype_fromstr::case_2 ... ok
[INFO] [stdout] test key::base::tests::keymechanism_fromstr::case_03 ... ok
[INFO] [stdout] test key::base::tests::keymechanism_fromstr::case_04 ... ok
[INFO] [stdout] test key::base::tests::keymechanism_fromstr::case_14 ... ok
[INFO] [stdout] test key::base::tests::keytype_fromstr::case_5 ... ok
[INFO] [stdout] test key::base::tests::keytype_fromstr::case_6 ... ok
[INFO] [stdout] test key::base::tests::keytype_fromstr::case_3 ... ok
[INFO] [stdout] test key::base::tests::keytype_fromstr::case_4 ... ok
[INFO] [stdout] test key::base::tests::signaturetype_fromstr::case_06 ... ok
[INFO] [stdout] test key::base::tests::signaturetype_fromstr::case_08 ... ok
[INFO] [stdout] test key::base::tests::signaturetype_fromstr::case_09 ... ok
[INFO] [stdout] test key::base::tests::signaturetype_fromstr::case_04 ... ok
[INFO] [stdout] test key::base::tests::signaturetype_fromstr::case_02 ... ok
[INFO] [stdout] test key::base::tests::signaturetype_fromstr::case_05 ... ok
[INFO] [stdout] test key::base::tests::signaturetype_fromstr::case_03 ... ok
[INFO] [stdout] test key::base::tests::keytype_fromstr::case_7 ... ok
[INFO] [stdout] test key::base::tests::signaturetype_fromstr::case_07 ... ok
[INFO] [stdout] test key::base::tests::signaturetype_fromstr::case_01 ... ok
[INFO] [stdout] test key::base::tests::signaturetype_fromstr::case_10 ... ok
[INFO] [stdout] test key::base::tests::signaturetype_fromstr::case_11 ... ok
[INFO] [stdout] test key::base::tests::test_key_type_and_mechanisms_match_signature_type::case_05 ... ok
[INFO] [stdout] test key::base::tests::test_key_type_and_mechanisms_match_signature_type::case_06 ... ok
[INFO] [stdout] test key::base::tests::test_key_type_and_mechanisms_match_signature_type::case_07 ... ok
[INFO] [stdout] test key::base::tests::test_key_type_and_mechanisms_match_signature_type::case_04 ... ok
[INFO] [stdout] test key::base::tests::test_key_type_and_mechanisms_match_signature_type::case_01 ... ok
[INFO] [stdout] test key::base::tests::test_key_type_and_mechanisms_match_signature_type::case_10 ... ok
[INFO] [stdout] test key::base::tests::test_key_type_and_mechanisms_match_signature_type::case_11 ... ok
[INFO] [stdout] test key::base::tests::test_key_type_and_mechanisms_match_signature_type::case_12 ... ok
[INFO] [stdout] test key::base::tests::test_key_type_and_mechanisms_match_signature_type::case_13 ... ok
[INFO] [stdout] test key::base::tests::test_key_type_and_mechanisms_match_signature_type::case_15 ... ok
[INFO] [stdout] test key::base::tests::test_key_type_and_mechanisms_match_signature_type::case_09 ... ok
[INFO] [stdout] test key::base::tests::test_key_type_and_mechanisms_match_signature_type::case_08 ... ok
[INFO] [stdout] test key::base::tests::test_key_type_and_mechanisms_match_signature_type::case_02 ... ok
[INFO] [stdout] test key::base::tests::test_key_type_and_mechanisms_match_signature_type::case_03 ... ok
[INFO] [stdout] test key::base::tests::test_key_type_and_mechanisms_match_signature_type::case_14 ... ok
[INFO] [stdout] test key::base::tests::test_key_type_and_mechanisms_match_signature_type::case_16 ... ok
[INFO] [stdout] test key::base::tests::test_key_type_and_mechanisms_match_signature_type::case_17 ... ok
[INFO] [stdout] test key::base::tests::test_key_type_and_mechanisms_match_signature_type::case_18 ... ok
[INFO] [stdout] test key::base::tests::test_key_type_and_mechanisms_match_signature_type::case_19 ... ok
[INFO] [stdout] test key::import::tests::key_data::case_6_ecp256 ... ok
[INFO] [stdout] test key::import::tests::key_data::case_3_ecbp384 ... ok
[INFO] [stdout] test key::import::tests::private_key_import_key_data_matches::case_1_curve_25519 ... ok
[INFO] [stdout] test key::import::tests::private_key_import_key_data_matches::case_2_ecbp256 ... ok
[INFO] [stdout] test key::import::tests::private_key_import_key_data_matches::case_3_ecbp384 ... ok
[INFO] [stdout] test key::import::tests::private_key_import_key_data_matches::case_4_eck256 ... ok
[INFO] [stdout] test key::import::tests::private_key_import_key_data_matches::case_5_ecp224 ... ok
[INFO] [stdout] test key::import::tests::private_key_import_key_data_matches::case_6_ecp256 ... ok
[INFO] [stdout] test key::import::tests::private_key_import_key_data_matches::case_7_ecp384 ... ok
[INFO] [stdout] test key::import::tests::private_key_import_key_data_matches::case_8_ecp521 ... ok
[INFO] [stdout] test key::import::tests::key_data::case_2_ecbp256 ... ok
[INFO] [stdout] test key::setup::tests::signing_key_setup_new_fails_on_key_length_required_or_too_short::case_1_rsa_too_short ... ok
[INFO] [stdout] test key::setup::tests::signing_key_setup_new_fails_on_key_length_required_or_too_short::case_2_rsa_no_length ... ok
[INFO] [stdout] test key::setup::tests::signing_key_setup_new_fails_on_key_length_unsupported::case_1_curve25519_with_length ... ok
[INFO] [stdout] test key::setup::tests::signing_key_setup_new_fails_on_key_length_unsupported::case_2_ecp521_with_length ... ok
[INFO] [stdout] test key::setup::tests::signing_key_setup_new_fails_on_key_type_mechanism_mismatch::case_1_curve25519_ecdsa ... ok
[INFO] [stdout] test key::setup::tests::signing_key_setup_new_fails_on_key_type_mechanism_mismatch::case_2_rsa_ecdsa ... ok
[INFO] [stdout] test key::setup::tests::signing_key_setup_new_fails_signature_type_mismatch::case_1_curve25519_ecdsap521 ... ok
[INFO] [stdout] test key::setup::tests::signing_key_setup_new_fails_signature_type_mismatch::case_2_ecdsap521_eddsa ... ok
[INFO] [stdout] test key::setup::tests::signing_key_setup_new_succeeds ... ok
[INFO] [stdout] test passphrase::tests::passphrase_check_against_policy ... ok
[INFO] [stdout] test passphrase::tests::passphrase_display ... ok
[INFO] [stdout] test passphrase::tests::passphrase_generate::case_1_too_short_use_default ... ok
[INFO] [stdout] test passphrase::tests::passphrase_generate::case_2_none_use_default ... ok
[INFO] [stdout] test passphrase::tests::passphrase_generate::case_3_longer_than_default ... ok
[INFO] [stdout] test passphrase::tests::passphrase_is_empty::case_1_with_len ... ok
[INFO] [stdout] test passphrase::tests::passphrase_is_empty::case_2_empty ... ok
[INFO] [stdout] test passphrase::tests::passphrase_len::case_1_with_len ... ok
[INFO] [stdout] test passphrase::tests::passphrase_len::case_2_empty ... ok
[INFO] [stdout] test passphrase::tests::passphrase_new_with_policy_fails_on_short_passphrase::case_1_empty_policy_allows_one_char ... ok
[INFO] [stdout] test passphrase::tests::passphrase_new_with_policy_fails_on_short_passphrase::case_2_shorter_than_minimum_requirement ... ok
[INFO] [stdout] test passphrase::tests::passphrase_new_with_policy_succeeds::case_1_empty_policy_allows_empty ... ok
[INFO] [stdout] test passphrase::tests::passphrase_new_with_policy_succeeds::case_2_longer_than_minimum_requirement ... ok
[INFO] [stdout] test passphrase::tests::passphrase_try_from_path_fails_on_path_is_dir ... ok
[INFO] [stdout] test passphrase::tests::passphrase_try_from_path_succeeds ... ok
[INFO] [stdout] test secret_file::common::tests::check_secrets_file_fails_on_dir ... ok
[INFO] [stderr] 18:22:23 [DEBUG] (113) signstar_crypto::secret_file::common::tests: Created "/tmp/.tmpBeELBr" with mode 40755
[INFO] [stdout] test key::import::tests::key_data::case_9_rsa ... ok
[INFO] [stdout] test secret_file::common::tests::check_secrets_file_fails_on_invalid_permissions ... FAILED
[INFO] [stdout] test secret_file::common::tests::check_secrets_file_fails_on_missing_file ... FAILED
[INFO] [stderr] 18:22:24 [DEBUG] (117) pgp::packet::signature::config: signing certification CertPositive
[INFO] [stderr] 18:22:24 [DEBUG] (117) pgp::packet::signature::config: hashing Subpacket {
[INFO] [stderr]     is_critical: false,
[INFO] [stderr]     data: SignatureCreationTime(
[INFO] [stderr]         Timestamp(SystemTime { tv_sec: 1791310944, tv_nsec: 0 }),
[INFO] [stderr]     ),
[INFO] [stderr]     len: One(
[INFO] [stderr]         5,
[INFO] [stderr]     ),
[INFO] [stderr] }
[INFO] [stderr] 18:22:24 [DEBUG] (117) pgp::packet::signature::ser: writing subpacket: SignatureCreationTime(Timestamp(SystemTime { tv_sec: 1791310944, tv_nsec: 0 }))
[INFO] [stderr] 18:22:24 [DEBUG] (117) pgp::packet::signature::config: hashing Subpacket {
[INFO] [stderr]     is_critical: false,
[INFO] [stderr]     data: IssuerFingerprint(
[INFO] [stderr]         f97ede660e52b53c2aa661412687db0623f174e6,
[INFO] [stderr]     ),
[INFO] [stderr]     len: One(
[INFO] [stderr]         22,
[INFO] [stderr]     ),
[INFO] [stderr] }
[INFO] [stderr] 18:22:24 [DEBUG] (117) pgp::packet::signature::ser: writing subpacket: IssuerFingerprint(f97ede660e52b53c2aa661412687db0623f174e6)
[INFO] [stderr] 18:22:24 [DEBUG] (117) pgp::packet::signature::config: hashing Subpacket {
[INFO] [stderr]     is_critical: false,
[INFO] [stderr]     data: KeyFlags(
[INFO] [stderr]         KeyFlags {
[INFO] [stderr]             known: KnownKeyFlags {
[INFO] [stderr]                 _padding2: 0,
[INFO] [stderr]                 timestamping: 0,
[INFO] [stderr]                 adsk: 0,
[INFO] [stderr]                 _padding1: 0,
[INFO] [stderr]                 group: 0,
[INFO] [stderr]                 draft_decrypt_forwarded: 0,
[INFO] [stderr]                 authentication: 0,
[INFO] [stderr]                 shared: 0,
[INFO] [stderr]                 encrypt_storage: 0,
[INFO] [stderr]                 encrypt_comms: 0,
[INFO] [stderr]                 sign: 1,
[INFO] [stderr]                 certify: 0,
[INFO] [stderr]             },
[INFO] [stderr]             rest: None,
[INFO] [stderr]             original_len: 1,
[INFO] [stderr]         },
[INFO] [stderr]     ),
[INFO] [stderr]     len: One(
[INFO] [stderr]         2,
[INFO] [stderr]     ),
[INFO] [stderr] }
[INFO] [stderr] 18:22:24 [DEBUG] (117) pgp::packet::signature::ser: writing subpacket: KeyFlags(KeyFlags { known: KnownKeyFlags { _padding2: 0, timestamping: 0, adsk: 0, _padding1: 0, group: 0, draft_decrypt_forwarded: 0, authentication: 0, shared: 0, encrypt_storage: 0, encrypt_comms: 0, sign: 1, certify: 0 }, rest: None, original_len: 1 })
[INFO] [stderr] 18:22:24 [DEBUG] (117) pgp::packet::signature::config: hashing Subpacket {
[INFO] [stderr]     is_critical: false,
[INFO] [stderr]     data: IsPrimary(
[INFO] [stderr]         true,
[INFO] [stderr]     ),
[INFO] [stderr]     len: One(
[INFO] [stderr]         2,
[INFO] [stderr]     ),
[INFO] [stderr] }
[INFO] [stderr] 18:22:24 [DEBUG] (117) pgp::packet::signature::ser: writing subpacket: IsPrimary(true)
[INFO] [stderr] 18:22:24 [DEBUG] (117) pgp::packet::header: writing packet header New { header: NewPacketHeader { padding: 1, version: 1, tag: PublicKey }, length: Fixed(51) }
[INFO] [stderr] 18:22:24 [DEBUG] (117) pgp::packet::header: writing packet header New { header: NewPacketHeader { padding: 1, version: 1, tag: UserId }, length: Fixed(4) }
[INFO] [stderr] 18:22:24 [DEBUG] (117) pgp::packet::header: writing packet header New { header: NewPacketHeader { padding: 1, version: 1, tag: Signature }, length: Fixed(123) }
[INFO] [stderr] 18:22:24 [DEBUG] (117) pgp::packet::signature::ser: writing subpacket: SignatureCreationTime(Timestamp(SystemTime { tv_sec: 1791310944, tv_nsec: 0 }))
[INFO] [stderr] 18:22:24 [DEBUG] (117) pgp::packet::signature::ser: writing subpacket: IssuerFingerprint(f97ede660e52b53c2aa661412687db0623f174e6)
[INFO] [stderr] 18:22:24 [DEBUG] (117) pgp::packet::signature::ser: writing subpacket: KeyFlags(KeyFlags { known: KnownKeyFlags { _padding2: 0, timestamping: 0, adsk: 0, _padding1: 0, group: 0, draft_decrypt_forwarded: 0, authentication: 0, shared: 0, encrypt_storage: 0, encrypt_comms: 0, sign: 1, certify: 0 }, rest: None, original_len: 1 })
[INFO] [stderr] 18:22:24 [DEBUG] (117) pgp::packet::signature::ser: writing subpacket: IsPrimary(true)
[INFO] [stderr] 18:22:24 [DEBUG] (117) pgp::packet::signature::ser: writing subpacket: IssuerKeyId(KeyId(2687db0623f174e6))
[INFO] [stderr] 18:22:24 [DEBUG] (117) pgp::types::signature: writing 2 signature MPIs
[INFO] [stderr] 18:22:24 [DEBUG] (117) pgp::packet::many: found header: New { header: NewPacketHeader { padding: 1, version: 1, tag: PublicKey }, length: Fixed(51) }
[INFO] [stderr] 18:22:24 [DEBUG] (117) pgp::composed::message::reader::packet_body: fixed packet 51
[INFO] [stderr] 18:22:24 [DEBUG] (117) pgp::packet::public_key_parser: public params for key version V4
[INFO] [stderr] 18:22:24 [DEBUG] (117) pgp::composed::message::reader::packet_body: body source done: New { header: NewPacketHeader { padding: 1, version: 1, tag: PublicKey }, length: Fixed(51) }
[INFO] [stderr] 18:22:24 [DEBUG] (117) pgp::composed::signed_key::key_parser:   signatures
[INFO] [stderr] 18:22:24 [DEBUG] (117) pgp::packet::many: found header: New { header: NewPacketHeader { padding: 1, version: 1, tag: UserId }, length: Fixed(4) }
[INFO] [stderr] 18:22:24 [DEBUG] (117) pgp::composed::message::reader::packet_body: fixed packet 4
[INFO] [stderr] 18:22:24 [DEBUG] (117) pgp::composed::message::reader::packet_body: body source done: New { header: NewPacketHeader { padding: 1, version: 1, tag: UserId }, length: Fixed(4) }
[INFO] [stderr] 18:22:24 [DEBUG] (117) pgp::composed::signed_key::key_parser:   user
[INFO] [stderr] 18:22:24 [DEBUG] (117) pgp::composed::signed_key::key_parser: peek UserId
[INFO] [stderr] 18:22:24 [DEBUG] (117) pgp::composed::signed_key::key_parser:   user data: UserId
[INFO] [stderr] 18:22:24 [DEBUG] (117) pgp::packet::many: found header: New { header: NewPacketHeader { padding: 1, version: 1, tag: Signature }, length: Fixed(123) }
[INFO] [stderr] 18:22:24 [DEBUG] (117) pgp::composed::message::reader::packet_body: fixed packet 123
[INFO] [stderr] 18:22:24 [DEBUG] (117) pgp::packet::signature::de: reading subpacket SignatureCreationTime: critical? false, len: 4
[INFO] [stderr] 18:22:24 [DEBUG] (117) pgp::packet::signature::de: parsing subpacket: SignatureCreationTime
[INFO] [stderr] 18:22:24 [DEBUG] (117) pgp::packet::signature::de: found subpacket Subpacket { is_critical: false, data: SignatureCreationTime(Timestamp(SystemTime { tv_sec: 1791310944, tv_nsec: 0 })), len: One(5) }
[INFO] [stderr] 18:22:24 [DEBUG] (117) pgp::packet::signature::de: reading subpacket IssuerFingerprint: critical? false, len: 21
[INFO] [stderr] 18:22:24 [DEBUG] (117) pgp::packet::signature::de: parsing subpacket: IssuerFingerprint
[INFO] [stderr] 18:22:24 [DEBUG] (117) pgp::packet::signature::de: found subpacket Subpacket { is_critical: false, data: IssuerFingerprint(f97ede660e52b53c2aa661412687db0623f174e6), len: One(22) }
[INFO] [stderr] 18:22:24 [DEBUG] (117) pgp::packet::signature::de: reading subpacket KeyFlags: critical? false, len: 1
[INFO] [stderr] 18:22:24 [DEBUG] (117) pgp::packet::signature::de: parsing subpacket: KeyFlags
[INFO] [stderr] 18:22:24 [DEBUG] (117) pgp::packet::signature::de: found subpacket Subpacket { is_critical: false, data: KeyFlags(KeyFlags { known: KnownKeyFlags { _padding2: 0, timestamping: 0, adsk: 0, _padding1: 0, group: 0, draft_decrypt_forwarded: 0, authentication: 0, shared: 0, encrypt_storage: 0, encrypt_comms: 0, sign: 1, certify: 0 }, rest: None, original_len: 1 }), len: One(2) }
[INFO] [stderr] 18:22:24 [DEBUG] (117) pgp::packet::signature::de: reading subpacket PrimaryUserId: critical? false, len: 1
[INFO] [stderr] 18:22:24 [DEBUG] (117) pgp::packet::signature::de: parsing subpacket: PrimaryUserId
[INFO] [stderr] 18:22:24 [DEBUG] (117) pgp::packet::signature::de: found subpacket Subpacket { is_critical: false, data: IsPrimary(true), len: One(2) }
[INFO] [stderr] 18:22:24 [DEBUG] (117) pgp::packet::signature::de: found 4 hashed subpackets in 35 bytes
[INFO] [stderr] 18:22:24 [DEBUG] (117) pgp::packet::signature::de: reading subpacket IssuerKeyId: critical? false, len: 8
[INFO] [stderr] 18:22:24 [DEBUG] (117) pgp::packet::signature::de: parsing subpacket: IssuerKeyId
[INFO] [stderr] 18:22:24 [DEBUG] (117) pgp::packet::signature::de: found subpacket Subpacket { is_critical: false, data: IssuerKeyId(KeyId(2687db0623f174e6)), len: One(9) }
[INFO] [stderr] 18:22:24 [DEBUG] (117) pgp::packet::signature::de: found 1 unhashed subpackets in 10 bytes
[INFO] [stderr] 18:22:24 [DEBUG] (117) pgp::packet::signature::de: signature data Mpis([Mpi(d0a75fb10b37e9398137eb0abb7f06dbfc69c8342a643389b63d294818399914), Mpi(b8479616be254c1805a3b7021c29710cd18246f0ff3208e3609d37356daa960d)])
[INFO] [stderr] 18:22:24 [DEBUG] (117) pgp::composed::message::reader::packet_body: body source done: New { header: NewPacketHeader { padding: 1, version: 1, tag: Signature }, length: Fixed(123) }
[INFO] [stderr] 18:22:24 [DEBUG] (117) pgp::composed::signed_key::key_parser:   subkeys
[INFO] [stderr] 18:22:24 [DEBUG] (117) pgp::packet::header: writing packet header New { header: NewPacketHeader { padding: 1, version: 1, tag: PublicKey }, length: Fixed(51) }
[INFO] [stderr] 18:22:24 [DEBUG] (117) pgp::packet::many: found header: New { header: NewPacketHeader { padding: 1, version: 1, tag: PublicKey }, length: Fixed(51) }
[INFO] [stderr] 18:22:24 [DEBUG] (117) pgp::composed::message::reader::packet_body: fixed packet 51
[INFO] [stderr] 18:22:24 [DEBUG] (117) pgp::packet::public_key_parser: public params for key version V4
[INFO] [stderr] 18:22:24 [DEBUG] (117) pgp::composed::message::reader::packet_body: body source done: New { header: NewPacketHeader { padding: 1, version: 1, tag: PublicKey }, length: Fixed(51) }
[INFO] [stdout] test secret_file::common::tests::check_secrets_file_succeeds ... FAILED
[INFO] [stderr] 18:22:24 [DEBUG] (117) pgp::composed::signed_key::key_parser:   signatures
[INFO] [stdout] test signer::openpgp::tests::check_empty_user_ids ... ok
[INFO] [stderr] 18:22:24 [DEBUG] (117) pgp::composed::signed_key::key_parser:   user
[INFO] [stderr] 18:22:24 [DEBUG] (117) pgp::composed::signed_key::key_parser: missing user ids
[INFO] [stderr] 18:22:24 [DEBUG] (117) pgp::composed::signed_key::key_parser:   subkeys
[INFO] [stdout] test signer::openpgp::tests::convert_ed25519_to_pgp ... ok
[INFO] [stdout] test signer::openpgp::tests::convert_p384_to_pgp ... ok
[INFO] [stdout] test signer::openpgp::tests::convert_p521_to_pgp ... ok
[INFO] [stdout] test signer::openpgp::tests::convert_rsa_to_pgp ... ok
[INFO] [stdout] test signer::openpgp::tests::estimate_certificate_size ... ok
[INFO] [stderr] 18:22:24 [DEBUG] (123) pgp::packet::signature::config: signing certification CertPositive
[INFO] [stderr] 18:22:24 [DEBUG] (123) pgp::packet::signature::config: hashing Subpacket {
[INFO] [stderr]     is_critical: false,
[INFO] [stderr]     data: SignatureCreationTime(
[INFO] [stderr]         Timestamp(SystemTime { tv_sec: 1791310944, tv_nsec: 0 }),
[INFO] [stderr]     ),
[INFO] [stderr]     len: One(
[INFO] [stderr]         5,
[INFO] [stderr]     ),
[INFO] [stderr] }
[INFO] [stderr] 18:22:24 [DEBUG] (123) pgp::packet::signature::ser: writing subpacket: SignatureCreationTime(Timestamp(SystemTime { tv_sec: 1791310944, tv_nsec: 0 }))
[INFO] [stderr] 18:22:24 [DEBUG] (123) pgp::packet::signature::config: hashing Subpacket {
[INFO] [stderr]     is_critical: false,
[INFO] [stderr]     data: IssuerFingerprint(
[INFO] [stderr]         6b2a11bb20b5e7205470018a344339e9ae46fac4,
[INFO] [stderr]     ),
[INFO] [stderr]     len: One(
[INFO] [stderr]         22,
[INFO] [stderr]     ),
[INFO] [stderr] }
[INFO] [stderr] 18:22:24 [DEBUG] (123) pgp::packet::signature::ser: writing subpacket: IssuerFingerprint(6b2a11bb20b5e7205470018a344339e9ae46fac4)
[INFO] [stderr] 18:22:24 [DEBUG] (123) pgp::packet::signature::config: hashing Subpacket {
[INFO] [stderr]     is_critical: false,
[INFO] [stderr]     data: KeyFlags(
[INFO] [stderr]         KeyFlags {
[INFO] [stderr]             known: KnownKeyFlags {
[INFO] [stderr]                 _padding2: 0,
[INFO] [stderr]                 timestamping: 0,
[INFO] [stderr]                 adsk: 0,
[INFO] [stderr]                 _padding1: 0,
[INFO] [stderr]                 group: 0,
[INFO] [stderr]                 draft_decrypt_forwarded: 0,
[INFO] [stderr]                 authentication: 0,
[INFO] [stderr]                 shared: 0,
[INFO] [stderr]                 encrypt_storage: 0,
[INFO] [stderr]                 encrypt_comms: 0,
[INFO] [stderr]                 sign: 1,
[INFO] [stderr]                 certify: 0,
[INFO] [stderr]             },
[INFO] [stderr]             rest: None,
[INFO] [stderr]             original_len: 1,
[INFO] [stderr]         },
[INFO] [stderr]     ),
[INFO] [stderr]     len: One(
[INFO] [stderr]         2,
[INFO] [stderr]     ),
[INFO] [stderr] }
[INFO] [stderr] 18:22:24 [DEBUG] (123) pgp::packet::signature::ser: writing subpacket: KeyFlags(KeyFlags { known: KnownKeyFlags { _padding2: 0, timestamping: 0, adsk: 0, _padding1: 0, group: 0, draft_decrypt_forwarded: 0, authentication: 0, shared: 0, encrypt_storage: 0, encrypt_comms: 0, sign: 1, certify: 0 }, rest: None, original_len: 1 })
[INFO] [stderr] 18:22:24 [DEBUG] (123) pgp::packet::signature::config: hashing Subpacket {
[INFO] [stderr]     is_critical: false,
[INFO] [stderr]     data: IsPrimary(
[INFO] [stderr]         true,
[INFO] [stderr]     ),
[INFO] [stderr]     len: One(
[INFO] [stderr]         2,
[INFO] [stderr]     ),
[INFO] [stderr] }
[INFO] [stderr] 18:22:24 [DEBUG] (123) pgp::packet::signature::ser: writing subpacket: IsPrimary(true)
[INFO] [stderr] 18:22:24 [DEBUG] (123) pgp::packet::header: writing packet header New { header: NewPacketHeader { padding: 1, version: 1, tag: PublicKey }, length: Fixed(51) }
[INFO] [stderr] 18:22:24 [DEBUG] (123) pgp::packet::header: writing packet header New { header: NewPacketHeader { padding: 1, version: 1, tag: UserId }, length: Fixed(4) }
[INFO] [stderr] 18:22:24 [DEBUG] (123) pgp::packet::header: writing packet header New { header: NewPacketHeader { padding: 1, version: 1, tag: Signature }, length: Fixed(59) }
[INFO] [stderr] 18:22:24 [DEBUG] (123) pgp::packet::signature::ser: writing subpacket: SignatureCreationTime(Timestamp(SystemTime { tv_sec: 1791310944, tv_nsec: 0 }))
[INFO] [stderr] 18:22:24 [DEBUG] (123) pgp::packet::signature::ser: writing subpacket: IssuerFingerprint(6b2a11bb20b5e7205470018a344339e9ae46fac4)
[INFO] [stderr] 18:22:24 [DEBUG] (123) pgp::packet::signature::ser: writing subpacket: KeyFlags(KeyFlags { known: KnownKeyFlags { _padding2: 0, timestamping: 0, adsk: 0, _padding1: 0, group: 0, draft_decrypt_forwarded: 0, authentication: 0, shared: 0, encrypt_storage: 0, encrypt_comms: 0, sign: 1, certify: 0 }, rest: None, original_len: 1 })
[INFO] [stderr] 18:22:24 [DEBUG] (123) pgp::packet::signature::ser: writing subpacket: IsPrimary(true)
[INFO] [stderr] 18:22:24 [DEBUG] (123) pgp::packet::signature::ser: writing subpacket: IssuerKeyId(KeyId(344339e9ae46fac4))
[INFO] [stderr] 18:22:24 [DEBUG] (123) pgp::types::signature: writing 2 signature MPIs
[INFO] [stderr] 18:22:24 [DEBUG] (123) pgp::packet::signature::config: signing certification CertPositive
[INFO] [stderr] 18:22:24 [DEBUG] (123) pgp::packet::signature::config: hashing Subpacket {
[INFO] [stderr]     is_critical: false,
[INFO] [stderr]     data: SignatureCreationTime(
[INFO] [stderr]         Timestamp(SystemTime { tv_sec: 1791310944, tv_nsec: 0 }),
[INFO] [stderr]     ),
[INFO] [stderr]     len: One(
[INFO] [stderr]         5,
[INFO] [stderr]     ),
[INFO] [stderr] }
[INFO] [stderr] 18:22:24 [DEBUG] (123) pgp::packet::signature::ser: writing subpacket: SignatureCreationTime(Timestamp(SystemTime { tv_sec: 1791310944, tv_nsec: 0 }))
[INFO] [stderr] 18:22:24 [DEBUG] (123) pgp::packet::signature::config: hashing Subpacket {
[INFO] [stderr]     is_critical: false,
[INFO] [stderr]     data: IssuerFingerprint(
[INFO] [stderr]         6b2a11bb20b5e7205470018a344339e9ae46fac4,
[INFO] [stderr]     ),
[INFO] [stderr]     len: One(
[INFO] [stderr]         22,
[INFO] [stderr]     ),
[INFO] [stderr] }
[INFO] [stderr] 18:22:24 [DEBUG] (123) pgp::packet::signature::ser: writing subpacket: IssuerFingerprint(6b2a11bb20b5e7205470018a344339e9ae46fac4)
[INFO] [stderr] 18:22:24 [DEBUG] (123) pgp::packet::signature::config: hashing Subpacket {
[INFO] [stderr]     is_critical: false,
[INFO] [stderr]     data: KeyFlags(
[INFO] [stderr]         KeyFlags {
[INFO] [stderr]             known: KnownKeyFlags {
[INFO] [stderr]                 _padding2: 0,
[INFO] [stderr]                 timestamping: 0,
[INFO] [stderr]                 adsk: 0,
[INFO] [stderr]                 _padding1: 0,
[INFO] [stderr]                 group: 0,
[INFO] [stderr]                 draft_decrypt_forwarded: 0,
[INFO] [stderr]                 authentication: 0,
[INFO] [stderr]                 shared: 0,
[INFO] [stderr]                 encrypt_storage: 0,
[INFO] [stderr]                 encrypt_comms: 0,
[INFO] [stderr]                 sign: 1,
[INFO] [stderr]                 certify: 0,
[INFO] [stderr]             },
[INFO] [stderr]             rest: None,
[INFO] [stderr]             original_len: 1,
[INFO] [stderr]         },
[INFO] [stderr]     ),
[INFO] [stderr]     len: One(
[INFO] [stderr]         2,
[INFO] [stderr]     ),
[INFO] [stderr] }
[INFO] [stderr] 18:22:24 [DEBUG] (123) pgp::packet::signature::ser: writing subpacket: KeyFlags(KeyFlags { known: KnownKeyFlags { _padding2: 0, timestamping: 0, adsk: 0, _padding1: 0, group: 0, draft_decrypt_forwarded: 0, authentication: 0, shared: 0, encrypt_storage: 0, encrypt_comms: 0, sign: 1, certify: 0 }, rest: None, original_len: 1 })
[INFO] [stderr] 18:22:24 [DEBUG] (123) pgp::packet::signature::config: hashing Subpacket {
[INFO] [stderr]     is_critical: false,
[INFO] [stderr]     data: IsPrimary(
[INFO] [stderr]         true,
[INFO] [stderr]     ),
[INFO] [stderr]     len: One(
[INFO] [stderr]         2,
[INFO] [stderr]     ),
[INFO] [stderr] }
[INFO] [stderr] 18:22:24 [DEBUG] (123) pgp::packet::signature::ser: writing subpacket: IsPrimary(true)
[INFO] [stderr] 18:22:24 [DEBUG] (123) pgp::packet::header: writing packet header New { header: NewPacketHeader { padding: 1, version: 1, tag: PublicKey }, length: Fixed(51) }
[INFO] [stderr] 18:22:24 [DEBUG] (123) pgp::packet::header: writing packet header New { header: NewPacketHeader { padding: 1, version: 1, tag: UserId }, length: Fixed(9) }
[INFO] [stderr] 18:22:24 [DEBUG] (123) pgp::packet::header: writing packet header New { header: NewPacketHeader { padding: 1, version: 1, tag: Signature }, length: Fixed(59) }
[INFO] [stderr] 18:22:24 [DEBUG] (123) pgp::packet::signature::ser: writing subpacket: SignatureCreationTime(Timestamp(SystemTime { tv_sec: 1791310944, tv_nsec: 0 }))
[INFO] [stderr] 18:22:24 [DEBUG] (123) pgp::packet::signature::ser: writing subpacket: IssuerFingerprint(6b2a11bb20b5e7205470018a344339e9ae46fac4)
[INFO] [stderr] 18:22:24 [DEBUG] (123) pgp::packet::signature::ser: writing subpacket: KeyFlags(KeyFlags { known: KnownKeyFlags { _padding2: 0, timestamping: 0, adsk: 0, _padding1: 0, group: 0, draft_decrypt_forwarded: 0, authentication: 0, shared: 0, encrypt_storage: 0, encrypt_comms: 0, sign: 1, certify: 0 }, rest: None, original_len: 1 })
[INFO] [stderr] 18:22:24 [DEBUG] (123) pgp::packet::signature::ser: writing subpacket: IsPrimary(true)
[INFO] [stderr] 18:22:24 [DEBUG] (123) pgp::packet::signature::ser: writing subpacket: IssuerKeyId(KeyId(344339e9ae46fac4))
[INFO] [stderr] 18:22:24 [DEBUG] (123) pgp::types::signature: writing 2 signature MPIs
[INFO] [stdout] test signer::openpgp::tests::convert_p256_to_pgp ... ok
[INFO] [stdout] test signer::openpgp::tests::import_ecdsa::case_1_p256 ... ok
[INFO] [stdout] test signer::openpgp::tests::import_ecdsa::case_2_p384 ... ok
[INFO] [stderr] 18:22:24 [DEBUG] (127) pgp::packet::signature::config: signing certification CertPositive
[INFO] [stderr] 18:22:24 [DEBUG] (127) pgp::packet::signature::config: hashing Subpacket {
[INFO] [stderr]     is_critical: false,
[INFO] [stderr]     data: SignatureCreationTime(
[INFO] [stderr]         Timestamp(SystemTime { tv_sec: 1791310944, tv_nsec: 0 }),
[INFO] [stderr]     ),
[INFO] [stderr]     len: One(
[INFO] [stderr]         5,
[INFO] [stderr]     ),
[INFO] [stderr] }
[INFO] [stderr] 18:22:24 [DEBUG] (127) pgp::packet::signature::ser: writing subpacket: SignatureCreationTime(Timestamp(SystemTime { tv_sec: 1791310944, tv_nsec: 0 }))
[INFO] [stderr] 18:22:24 [DEBUG] (127) pgp::packet::signature::config: hashing Subpacket {
[INFO] [stderr]     is_critical: false,
[INFO] [stderr]     data: IssuerFingerprint(
[INFO] [stderr]         8b692a706ddf489c391ff2eef42e32844a766d11,
[INFO] [stderr]     ),
[INFO] [stderr]     len: One(
[INFO] [stderr]         22,
[INFO] [stderr]     ),
[INFO] [stderr] }
[INFO] [stderr] 18:22:24 [DEBUG] (127) pgp::packet::signature::ser: writing subpacket: IssuerFingerprint(8b692a706ddf489c391ff2eef42e32844a766d11)
[INFO] [stderr] 18:22:24 [DEBUG] (127) pgp::packet::signature::config: hashing Subpacket {
[INFO] [stderr]     is_critical: false,
[INFO] [stderr]     data: KeyFlags(
[INFO] [stderr]         KeyFlags {
[INFO] [stderr]             known: KnownKeyFlags {
[INFO] [stderr]                 _padding2: 0,
[INFO] [stderr]                 timestamping: 0,
[INFO] [stderr]                 adsk: 0,
[INFO] [stderr]                 _padding1: 0,
[INFO] [stderr]                 group: 0,
[INFO] [stderr]                 draft_decrypt_forwarded: 0,
[INFO] [stderr]                 authentication: 0,
[INFO] [stderr]                 shared: 0,
[INFO] [stderr]                 encrypt_storage: 0,
[INFO] [stderr]                 encrypt_comms: 0,
[INFO] [stderr]                 sign: 1,
[INFO] [stderr]                 certify: 0,
[INFO] [stderr]             },
[INFO] [stderr]             rest: None,
[INFO] [stderr]             original_len: 1,
[INFO] [stderr]         },
[INFO] [stderr]     ),
[INFO] [stderr]     len: One(
[INFO] [stderr]         2,
[INFO] [stderr]     ),
[INFO] [stderr] }
[INFO] [stderr] 18:22:24 [DEBUG] (127) pgp::packet::signature::ser: writing subpacket: KeyFlags(KeyFlags { known: KnownKeyFlags { _padding2: 0, timestamping: 0, adsk: 0, _padding1: 0, group: 0, draft_decrypt_forwarded: 0, authentication: 0, shared: 0, encrypt_storage: 0, encrypt_comms: 0, sign: 1, certify: 0 }, rest: None, original_len: 1 })
[INFO] [stderr] 18:22:24 [DEBUG] (127) pgp::packet::signature::config: hashing Subpacket {
[INFO] [stderr]     is_critical: false,
[INFO] [stderr]     data: IsPrimary(
[INFO] [stderr]         true,
[INFO] [stderr]     ),
[INFO] [stderr]     len: One(
[INFO] [stderr]         2,
[INFO] [stderr]     ),
[INFO] [stderr] }
[INFO] [stderr] 18:22:24 [DEBUG] (127) pgp::packet::signature::ser: writing subpacket: IsPrimary(true)
[INFO] [stderr] 18:22:24 [DEBUG] (127) pgp::packet::header: writing packet header New { header: NewPacketHeader { padding: 1, version: 1, tag: PublicKey }, length: Fixed(51) }
[INFO] [stderr] 18:22:24 [DEBUG] (127) pgp::packet::header: writing packet header New { header: NewPacketHeader { padding: 1, version: 1, tag: UserId }, length: Fixed(4) }
[INFO] [stderr] 18:22:24 [DEBUG] (127) pgp::packet::header: writing packet header New { header: NewPacketHeader { padding: 1, version: 1, tag: Signature }, length: Fixed(123) }
[INFO] [stderr] 18:22:24 [DEBUG] (127) pgp::packet::signature::ser: writing subpacket: SignatureCreationTime(Timestamp(SystemTime { tv_sec: 1791310944, tv_nsec: 0 }))
[INFO] [stderr] 18:22:24 [DEBUG] (127) pgp::packet::signature::ser: writing subpacket: IssuerFingerprint(8b692a706ddf489c391ff2eef42e32844a766d11)
[INFO] [stderr] 18:22:24 [DEBUG] (127) pgp::packet::signature::ser: writing subpacket: KeyFlags(KeyFlags { known: KnownKeyFlags { _padding2: 0, timestamping: 0, adsk: 0, _padding1: 0, group: 0, draft_decrypt_forwarded: 0, authentication: 0, shared: 0, encrypt_storage: 0, encrypt_comms: 0, sign: 1, certify: 0 }, rest: None, original_len: 1 })
[INFO] [stderr] 18:22:24 [DEBUG] (127) pgp::packet::signature::ser: writing subpacket: IsPrimary(true)
[INFO] [stderr] 18:22:24 [DEBUG] (127) pgp::packet::signature::ser: writing subpacket: IssuerKeyId(KeyId(f42e32844a766d11))
[INFO] [stderr] 18:22:24 [DEBUG] (127) pgp::types::signature: writing 2 signature MPIs
[INFO] [stderr] 18:22:24 [DEBUG] (127) pgp::packet::many: found header: New { header: NewPacketHeader { padding: 1, version: 1, tag: PublicKey }, length: Fixed(51) }
[INFO] [stderr] 18:22:24 [DEBUG] (127) pgp::composed::message::reader::packet_body: fixed packet 51
[INFO] [stderr] 18:22:24 [DEBUG] (127) pgp::packet::public_key_parser: public params for key version V4
[INFO] [stderr] 18:22:24 [DEBUG] (127) pgp::composed::message::reader::packet_body: body source done: New { header: NewPacketHeader { padding: 1, version: 1, tag: PublicKey }, length: Fixed(51) }
[INFO] [stderr] 18:22:24 [DEBUG] (127) pgp::composed::signed_key::key_parser:   signatures
[INFO] [stderr] 18:22:24 [DEBUG] (127) pgp::packet::many: found header: New { header: NewPacketHeader { padding: 1, version: 1, tag: UserId }, length: Fixed(4) }
[INFO] [stderr] 18:22:24 [DEBUG] (127) pgp::composed::message::reader::packet_body: fixed packet 4
[INFO] [stderr] 18:22:24 [DEBUG] (127) pgp::composed::message::reader::packet_body: body source done: New { header: NewPacketHeader { padding: 1, version: 1, tag: UserId }, length: Fixed(4) }
[INFO] [stderr] 18:22:24 [DEBUG] (127) pgp::composed::signed_key::key_parser:   user
[INFO] [stderr] 18:22:24 [DEBUG] (127) pgp::composed::signed_key::key_parser: peek UserId
[INFO] [stderr] 18:22:24 [DEBUG] (127) pgp::composed::signed_key::key_parser:   user data: UserId
[INFO] [stderr] 18:22:24 [DEBUG] (127) pgp::packet::many: found header: New { header: NewPacketHeader { padding: 1, version: 1, tag: Signature }, length: Fixed(123) }
[INFO] [stderr] 18:22:24 [DEBUG] (127) pgp::composed::message::reader::packet_body: fixed packet 123
[INFO] [stderr] 18:22:24 [DEBUG] (127) pgp::packet::signature::de: reading subpacket SignatureCreationTime: critical? false, len: 4
[INFO] [stderr] 18:22:24 [DEBUG] (127) pgp::packet::signature::de: parsing subpacket: SignatureCreationTime
[INFO] [stderr] 18:22:24 [DEBUG] (127) pgp::packet::signature::de: found subpacket Subpacket { is_critical: false, data: SignatureCreationTime(Timestamp(SystemTime { tv_sec: 1791310944, tv_nsec: 0 })), len: One(5) }
[INFO] [stderr] 18:22:24 [DEBUG] (127) pgp::packet::signature::de: reading subpacket IssuerFingerprint: critical? false, len: 21
[INFO] [stderr] 18:22:24 [DEBUG] (127) pgp::packet::signature::de: parsing subpacket: IssuerFingerprint
[INFO] [stderr] 18:22:24 [DEBUG] (127) pgp::packet::signature::de: found subpacket Subpacket { is_critical: false, data: IssuerFingerprint(8b692a706ddf489c391ff2eef42e32844a766d11), len: One(22) }
[INFO] [stderr] 18:22:24 [DEBUG] (127) pgp::packet::signature::de: reading subpacket KeyFlags: critical? false, len: 1
[INFO] [stderr] 18:22:24 [DEBUG] (127) pgp::packet::signature::de: parsing subpacket: KeyFlags
[INFO] [stderr] 18:22:24 [DEBUG] (127) pgp::packet::signature::de: found subpacket Subpacket { is_critical: false, data: KeyFlags(KeyFlags { known: KnownKeyFlags { _padding2: 0, timestamping: 0, adsk: 0, _padding1: 0, group: 0, draft_decrypt_forwarded: 0, authentication: 0, shared: 0, encrypt_storage: 0, encrypt_comms: 0, sign: 1, certify: 0 }, rest: None, original_len: 1 }), len: One(2) }
[INFO] [stderr] 18:22:24 [DEBUG] (127) pgp::packet::signature::de: reading subpacket PrimaryUserId: critical? false, len: 1
[INFO] [stderr] 18:22:24 [DEBUG] (127) pgp::packet::signature::de: parsing subpacket: PrimaryUserId
[INFO] [stderr] 18:22:24 [DEBUG] (127) pgp::packet::signature::de: found subpacket Subpacket { is_critical: false, data: IsPrimary(true), len: One(2) }
[INFO] [stderr] 18:22:24 [DEBUG] (127) pgp::packet::signature::de: found 4 hashed subpackets in 35 bytes
[INFO] [stderr] 18:22:24 [DEBUG] (127) pgp::packet::signature::de: reading subpacket IssuerKeyId: critical? false, len: 8
[INFO] [stderr] 18:22:24 [DEBUG] (127) pgp::packet::signature::de: parsing subpacket: IssuerKeyId
[INFO] [stderr] 18:22:24 [DEBUG] (127) pgp::packet::signature::de: found subpacket Subpacket { is_critical: false, data: IssuerKeyId(KeyId(f42e32844a766d11)), len: One(9) }
[INFO] [stderr] 18:22:24 [DEBUG] (127) pgp::packet::signature::de: found 1 unhashed subpackets in 10 bytes
[INFO] [stderr] 18:22:24 [DEBUG] (127) pgp::packet::signature::de: signature data Mpis([Mpi(9aee178810f0462a44f838d0c5a3da3267db6f78ddc740827d6a80c3bf62dc75), Mpi(8be3f97d35e7b5c413fe5861f39be591a8ef450175581e6948b942427265920c)])
[INFO] [stderr] 18:22:24 [DEBUG] (127) pgp::composed::message::reader::packet_body: body source done: New { header: NewPacketHeader { padding: 1, version: 1, tag: Signature }, length: Fixed(123) }
[INFO] [stderr] 18:22:24 [DEBUG] (127) pgp::composed::signed_key::key_parser:   subkeys
[INFO] [stderr] 18:22:24 [DEBUG] (127) pgp::packet::signature::config: hashing Subpacket {
[INFO] [stderr]     is_critical: false,
[INFO] [stderr]     data: SignatureCreationTime(
[INFO] [stderr]         Timestamp(SystemTime { tv_sec: 1791310944, tv_nsec: 0 }),
[INFO] [stderr]     ),
[INFO] [stderr]     len: One(
[INFO] [stderr]         5,
[INFO] [stderr]     ),
[INFO] [stderr] }
[INFO] [stderr] 18:22:24 [DEBUG] (127) pgp::packet::signature::ser: writing subpacket: SignatureCreationTime(Timestamp(SystemTime { tv_sec: 1791310944, tv_nsec: 0 }))
[INFO] [stderr] 18:22:24 [DEBUG] (127) pgp::packet::signature::config: hashing Subpacket {
[INFO] [stderr]     is_critical: false,
[INFO] [stderr]     data: IssuerKeyId(
[INFO] [stderr]         KeyId(
[INFO] [stderr]             f42e32844a766d11,
[INFO] [stderr]         ),
[INFO] [stderr]     ),
[INFO] [stderr]     len: One(
[INFO] [stderr]         9,
[INFO] [stderr]     ),
[INFO] [stderr] }
[INFO] [stderr] 18:22:24 [DEBUG] (127) pgp::packet::signature::ser: writing subpacket: IssuerKeyId(KeyId(f42e32844a766d11))
[INFO] [stderr] 18:22:24 [DEBUG] (127) pgp::packet::signature::config: hashing Subpacket {
[INFO] [stderr]     is_critical: false,
[INFO] [stderr]     data: IssuerFingerprint(
[INFO] [stderr]         8b692a706ddf489c391ff2eef42e32844a766d11,
[INFO] [stderr]     ),
[INFO] [stderr]     len: One(
[INFO] [stderr]         22,
[INFO] [stderr]     ),
[INFO] [stderr] }
[INFO] [stderr] 18:22:24 [DEBUG] (127) pgp::packet::signature::ser: writing subpacket: IssuerFingerprint(8b692a706ddf489c391ff2eef42e32844a766d11)
[INFO] [stderr] 18:22:24 [DEBUG] (127) pgp::packet::header: writing packet header New { header: NewPacketHeader { padding: 1, version: 1, tag: Signature }, length: Fixed(117) }
[INFO] [stderr] 18:22:24 [DEBUG] (127) pgp::packet::signature::ser: writing subpacket: SignatureCreationTime(Timestamp(SystemTime { tv_sec: 1791310944, tv_nsec: 0 }))
[INFO] [stderr] 18:22:24 [DEBUG] (127) pgp::packet::signature::ser: writing subpacket: IssuerKeyId(KeyId(f42e32844a766d11))
[INFO] [stderr] 18:22:24 [DEBUG] (127) pgp::packet::signature::ser: writing subpacket: IssuerFingerprint(8b692a706ddf489c391ff2eef42e32844a766d11)
[INFO] [stderr] 18:22:24 [DEBUG] (127) pgp::types::signature: writing 2 signature MPIs
[INFO] [stdout] test signer::openpgp::tests::sign_dummy ... ok
[INFO] [stdout] test signer::openpgp::tests::import_ecdsa::case_3_p521 ... ok
[INFO] [stderr] 18:22:24 [WARN] Unsupported ECDSA parameters: Secp256k1 { key: PublicKey { point: AffinePoint { x: FieldElement(FieldElementImpl { value: FieldElement5x52([390853082332825, 2210092718788776, 3640903055113569, 890368719168767, 197187815035092]), magnitude: 1, normalized: true }), y: FieldElement(FieldElementImpl { value: FieldElement5x52([1248632726384901, 4152181800169166, 4406158828769271, 7743025981271, 79853564674046]), magnitude: 1, normalized: true }), infinity: 0 } } }
[INFO] [stdout] test signer::openpgp::tests::test_unsupported_ecdsa_curve ... ok
[INFO] [stdout] test key::import::tests::key_data::case_4_eck256 ... ok
[INFO] [stdout] test key::import::tests::key_data::case_7_ecp384 ... ok
[INFO] [stdout] test key::import::tests::private_key_import_key_data_matches::case_9_rsa ... ok
[INFO] [stdout] test key::import::tests::key_data::case_5_ecp224 ... ok
[INFO] [stdout] test key::import::tests::key_data::case_8_ecp521 ... ok
[INFO] [stdout] test key::import::tests::key_data::case_1_curve25519 ... ok
[INFO] [stdout] 
[INFO] [stdout] failures:
[INFO] [stdout] 
[INFO] [stdout] ---- secret_file::common::tests::check_secrets_file_fails_on_invalid_permissions stdout ----
[INFO] [stdout] 
[INFO] [stdout] thread 'secret_file::common::tests::check_secrets_file_fails_on_invalid_permissions' (3859) panicked at src/secret_file/common.rs:135:9:
[INFO] [stdout] error: signstar_common::error::Error - Logger initialization error: attempted to set a logger after the logging system was already initialized
[INFO] [stdout] stack backtrace:
[INFO] [stdout]    0:     0x590f68f574d1 - std[70759c8f55707aa4]::backtrace_rs::backtrace::libunwind::trace
[INFO] [stdout]                                at /rustc/dfb0accb7f508ae8be965d8629557221c889dd98/library/std/src/../../backtrace/src/backtrace/libunwind.rs:117:9
[INFO] [stdout]    1:     0x590f68f574d1 - std[70759c8f55707aa4]::backtrace_rs::backtrace::trace_unsynchronized::<std[70759c8f55707aa4]::sys::backtrace::_print_fmt::{closure#1}>
[INFO] [stdout]                                at /rustc/dfb0accb7f508ae8be965d8629557221c889dd98/library/std/src/../../backtrace/src/backtrace/mod.rs:66:14
[INFO] [stdout]    2:     0x590f68f574d1 - std[70759c8f55707aa4]::sys::backtrace::_print_fmt
[INFO] [stdout]                                at /rustc/dfb0accb7f508ae8be965d8629557221c889dd98/library/std/src/sys/backtrace.rs:74:9
[INFO] [stdout]    3:     0x590f68f574d1 - <<std[70759c8f55707aa4]::sys::backtrace::BacktraceLock>::print::DisplayBacktrace as core[df12db4294e9bfd3]::fmt::Display>::fmt
[INFO] [stdout]                                at /rustc/dfb0accb7f508ae8be965d8629557221c889dd98/library/std/src/sys/backtrace.rs:44:26
[INFO] [stdout]    4:     0x590f68f6d65a - <core[df12db4294e9bfd3]::fmt::rt::Argument>::fmt
[INFO] [stdout]                                at /rustc/dfb0accb7f508ae8be965d8629557221c889dd98/library/core/src/fmt/rt.rs:152:76
[INFO] [stdout]    5:     0x590f68f6d65a - core[df12db4294e9bfd3]::fmt::write
[INFO] [stdout]    6:     0x590f68f5c58c - core[df12db4294e9bfd3]::io::write::default_write_fmt::<alloc[2182bb758b4b3781]::vec::Vec<u8>>
[INFO] [stdout]                                at /rustc/dfb0accb7f508ae8be965d8629557221c889dd98/library/core/src/io/write.rs:402:11
[INFO] [stdout]    7:     0x590f68f5c58c - <alloc[2182bb758b4b3781]::vec::Vec<u8> as core[df12db4294e9bfd3]::io::write::Write>::write_fmt
[INFO] [stdout]                                at /rustc/dfb0accb7f508ae8be965d8629557221c889dd98/library/core/src/io/write.rs:335:13
[INFO] [stdout]    8:     0x590f68f316f6 - <std[70759c8f55707aa4]::sys::backtrace::BacktraceLock>::print
[INFO] [stdout]                                at /rustc/dfb0accb7f508ae8be965d8629557221c889dd98/library/std/src/sys/backtrace.rs:47:9
[INFO] [stdout]    9:     0x590f68f316f6 - std[70759c8f55707aa4]::panicking::default_hook::{closure#0}
[INFO] [stdout]                                at /rustc/dfb0accb7f508ae8be965d8629557221c889dd98/library/std/src/panicking.rs:292:27
[INFO] [stdout]   10:     0x590f68f4ebc9 - std[70759c8f55707aa4]::panicking::default_hook
[INFO] [stdout]                                at /rustc/dfb0accb7f508ae8be965d8629557221c889dd98/library/std/src/panicking.rs:316:9
[INFO] [stdout]   11:     0x590f689d2160 - <alloc[2182bb758b4b3781]::boxed::Box<dyn for<'a, 'b> core[df12db4294e9bfd3]::ops::function::Fn<(&'a std[70759c8f55707aa4]::panic::PanicHookInfo<'b>,), Output = ()> + core[df12db4294e9bfd3]::marker::Send + core[df12db4294e9bfd3]::marker::Sync> as core[df12db4294e9bfd3]::ops::function::Fn<(&std[70759c8f55707aa4]::panic::PanicHookInfo,)>>::call
[INFO] [stdout]                                at /rustc/dfb0accb7f508ae8be965d8629557221c889dd98/library/alloc/src/boxed.rs:2334:9
[INFO] [stdout]   12:     0x590f689d2160 - test[9d35eded1c95d3be]::test_main_inner::<test[9d35eded1c95d3be]::test_main_static::{closure#0}>::{closure#0}
[INFO] [stdout]                                at /rustc/dfb0accb7f508ae8be965d8629557221c889dd98/library/test/src/lib.rs:155:21
[INFO] [stdout]   13:     0x590f68f4ed82 - <alloc[2182bb758b4b3781]::boxed::Box<dyn for<'a, 'b> core[df12db4294e9bfd3]::ops::function::Fn<(&'a std[70759c8f55707aa4]::panic::PanicHookInfo<'b>,), Output = ()> + core[df12db4294e9bfd3]::marker::Send + core[df12db4294e9bfd3]::marker::Sync> as core[df12db4294e9bfd3]::ops::function::Fn<(&std[70759c8f55707aa4]::panic::PanicHookInfo,)>>::call
[INFO] [stdout]                                at /rustc/dfb0accb7f508ae8be965d8629557221c889dd98/library/alloc/src/boxed.rs:2334:9
[INFO] [stdout]   14:     0x590f68f4ed82 - std[70759c8f55707aa4]::panicking::panic_with_hook
[INFO] [stdout]                                at /rustc/dfb0accb7f508ae8be965d8629557221c889dd98/library/std/src/panicking.rs:823:13
[INFO] [stdout]   15:     0x590f68f317a2 - std[70759c8f55707aa4]::panicking::panic_handler::{closure#0}
[INFO] [stdout]                                at /rustc/dfb0accb7f508ae8be965d8629557221c889dd98/library/std/src/panicking.rs:688:13
[INFO] [stdout]   16:     0x590f68f29ce9 - std[70759c8f55707aa4]::sys::backtrace::__rust_end_short_backtrace::<std[70759c8f55707aa4]::panicking::panic_handler::{closure#0}, !>
[INFO] [stdout]                                at /rustc/dfb0accb7f508ae8be965d8629557221c889dd98/library/std/src/sys/backtrace.rs:182:18
[INFO] [stdout]   17:     0x590f68f324ad - __rustc[8fa7c3cbc660c2b3]::rust_begin_unwind
[INFO] [stdout]                                at /rustc/dfb0accb7f508ae8be965d8629557221c889dd98/library/std/src/panicking.rs:679:5
[INFO] [stdout]   18:     0x590f68f6de7c - core[df12db4294e9bfd3]::panicking::panic_fmt
[INFO] [stdout]                                at /rustc/dfb0accb7f508ae8be965d8629557221c889dd98/library/core/src/panicking.rs:80:14
[INFO] [stdout]   19:     0x590f688c4731 - <testresult[1277ddd3d6cc2507]::TestError as core[df12db4294e9bfd3]::convert::From<signstar_common[e05a26a70fbd68f3]::error::Error>>::from
[INFO] [stdout]                                at /opt/rustwide/cargo-home/registry/src/index.crates.io-1949cf8c6b5b557f/testresult-0.4.2/src/lib.rs:24:9
[INFO] [stdout]   20:     0x590f687fe98d - <core[df12db4294e9bfd3]::result::Result<(), testresult[1277ddd3d6cc2507]::TestError> as core[df12db4294e9bfd3]::ops::try_trait::FromResidual<core[df12db4294e9bfd3]::result::Result<core[df12db4294e9bfd3]::convert::Infallible, signstar_common[e05a26a70fbd68f3]::error::Error>>>::from_residual
[INFO] [stdout]                                at /rustc/dfb0accb7f508ae8be965d8629557221c889dd98/library/core/src/result.rs:2193:27
[INFO] [stdout]   21:     0x590f68919cb2 - signstar_crypto[5a07b486d8e94c17]::secret_file::common::tests::check_secrets_file_fails_on_invalid_permissions
[INFO] [stdout]                                at /opt/rustwide/workdir/src/secret_file/common.rs:135:9
[INFO] [stdout]   22:     0x590f689179b7 - signstar_crypto[5a07b486d8e94c17]::secret_file::common::tests::check_secrets_file_fails_on_invalid_permissions::{closure#0}
[INFO] [stdout]                                at /opt/rustwide/workdir/src/secret_file/common.rs:134:61
[INFO] [stdout]   23:     0x590f687ff066 - <signstar_crypto[5a07b486d8e94c17]::secret_file::common::tests::check_secrets_file_fails_on_invalid_permissions::{closure#0} as core[df12db4294e9bfd3]::ops::function::FnOnce<()>>::call_once
[INFO] [stdout]                                at /rustc/dfb0accb7f508ae8be965d8629557221c889dd98/library/core/src/ops/function.rs:250:5
[INFO] [stdout]   24:     0x590f689c544b - <fn() -> core[df12db4294e9bfd3]::result::Result<(), alloc[2182bb758b4b3781]::string::String> as core[df12db4294e9bfd3]::ops::function::FnOnce<()>>::call_once
[INFO] [stdout]                                at /rustc/dfb0accb7f508ae8be965d8629557221c889dd98/library/core/src/ops/function.rs:250:5
[INFO] [stdout]   25:     0x590f689c544b - test[9d35eded1c95d3be]::__rust_begin_short_backtrace::<core[df12db4294e9bfd3]::result::Result<(), alloc[2182bb758b4b3781]::string::String>, fn() -> core[df12db4294e9bfd3]::result::Result<(), alloc[2182bb758b4b3781]::string::String>>
[INFO] [stdout]                                at /rustc/dfb0accb7f508ae8be965d8629557221c889dd98/library/test/src/lib.rs:733:18
[INFO] [stdout]   26:     0x590f689d2ab5 - test[9d35eded1c95d3be]::run_test_in_process::{closure#0}
[INFO] [stdout]                                at /rustc/dfb0accb7f508ae8be965d8629557221c889dd98/library/test/src/lib.rs:756:74
[INFO] [stdout]   27:     0x590f689d2ab5 - <core[df12db4294e9bfd3]::panic::unwind_safe::AssertUnwindSafe<test[9d35eded1c95d3be]::run_test_in_process::{closure#0}> as core[df12db4294e9bfd3]::ops::function::FnOnce<()>>::call_once
[INFO] [stdout]                                at /rustc/dfb0accb7f508ae8be965d8629557221c889dd98/library/core/src/panic/unwind_safe.rs:275:9
[INFO] [stdout]   28:     0x590f689d2ab5 - std[70759c8f55707aa4]::panicking::catch_unwind::do_call::<core[df12db4294e9bfd3]::panic::unwind_safe::AssertUnwindSafe<test[9d35eded1c95d3be]::run_test_in_process::{closure#0}>, core[df12db4294e9bfd3]::result::Result<(), alloc[2182bb758b4b3781]::string::String>>
[INFO] [stdout]                                at /rustc/dfb0accb7f508ae8be965d8629557221c889dd98/library/std/src/panicking.rs:576:43
[INFO] [stdout]   29:     0x590f689d2ab5 - std[70759c8f55707aa4]::panicking::catch_unwind::<core[df12db4294e9bfd3]::result::Result<(), alloc[2182bb758b4b3781]::string::String>, core[df12db4294e9bfd3]::panic::unwind_safe::AssertUnwindSafe<test[9d35eded1c95d3be]::run_test_in_process::{closure#0}>>
[INFO] [stdout]                                at /rustc/dfb0accb7f508ae8be965d8629557221c889dd98/library/std/src/panicking.rs:544:19
[INFO] [stdout]   30:     0x590f689d2ab5 - std[70759c8f55707aa4]::panic::catch_unwind::<core[df12db4294e9bfd3]::panic::unwind_safe::AssertUnwindSafe<test[9d35eded1c95d3be]::run_test_in_process::{closure#0}>, core[df12db4294e9bfd3]::result::Result<(), alloc[2182bb758b4b3781]::string::String>>
[INFO] [stdout]                                at /rustc/dfb0accb7f508ae8be965d8629557221c889dd98/library/std/src/panic.rs:359:14
[INFO] [stdout]   31:     0x590f689d2ab5 - test[9d35eded1c95d3be]::run_test_in_process
[INFO] [stdout]                                at /rustc/dfb0accb7f508ae8be965d8629557221c889dd98/library/test/src/lib.rs:756:27
[INFO] [stdout]   32:     0x590f689d2ab5 - test[9d35eded1c95d3be]::run_test::{closure#0}
[INFO] [stdout]                                at /rustc/dfb0accb7f508ae8be965d8629557221c889dd98/library/test/src/lib.rs:677:43
[INFO] [stdout]   33:     0x590f689cc374 - test[9d35eded1c95d3be]::run_test::{closure#1}
[INFO] [stdout]                                at /rustc/dfb0accb7f508ae8be965d8629557221c889dd98/library/test/src/lib.rs:707:41
[INFO] [stdout]   34:     0x590f689cc374 - std[70759c8f55707aa4]::sys::backtrace::__rust_begin_short_backtrace::<test[9d35eded1c95d3be]::run_test::{closure#1}, ()>
[INFO] [stdout]                                at /rustc/dfb0accb7f508ae8be965d8629557221c889dd98/library/std/src/sys/backtrace.rs:166:18
[INFO] [stdout]   35:     0x590f689d5c12 - std[70759c8f55707aa4]::thread::lifecycle::spawn_unchecked::<test[9d35eded1c95d3be]::run_test::{closure#1}, ()>::{closure#1}::{closure#0}
[INFO] [stdout]                                at /rustc/dfb0accb7f508ae8be965d8629557221c889dd98/library/std/src/thread/lifecycle.rs:70:13
[INFO] [stdout]   36:     0x590f689d5c12 - <core[df12db4294e9bfd3]::panic::unwind_safe::AssertUnwindSafe<std[70759c8f55707aa4]::thread::lifecycle::spawn_unchecked<test[9d35eded1c95d3be]::run_test::{closure#1}, ()>::{closure#1}::{closure#0}> as core[df12db4294e9bfd3]::ops::function::FnOnce<()>>::call_once
[INFO] [stdout]                                at /rustc/dfb0accb7f508ae8be965d8629557221c889dd98/library/core/src/panic/unwind_safe.rs:275:9
[INFO] [stdout]   37:     0x590f689d5c12 - std[70759c8f55707aa4]::panicking::catch_unwind::do_call::<core[df12db4294e9bfd3]::panic::unwind_safe::AssertUnwindSafe<std[70759c8f55707aa4]::thread::lifecycle::spawn_unchecked<test[9d35eded1c95d3be]::run_test::{closure#1}, ()>::{closure#1}::{closure#0}>, ()>
[INFO] [stdout]                                at /rustc/dfb0accb7f508ae8be965d8629557221c889dd98/library/std/src/panicking.rs:576:43
[INFO] [stdout]   38:     0x590f689d5c12 - std[70759c8f55707aa4]::panicking::catch_unwind::<(), core[df12db4294e9bfd3]::panic::unwind_safe::AssertUnwindSafe<std[70759c8f55707aa4]::thread::lifecycle::spawn_unchecked<test[9d35eded1c95d3be]::run_test::{closure#1}, ()>::{closure#1}::{closure#0}>>
[INFO] [stdout]                                at /rustc/dfb0accb7f508ae8be965d8629557221c889dd98/library/std/src/panicking.rs:544:19
[INFO] [stdout]   39:     0x590f689d5c12 - std[70759c8f55707aa4]::panic::catch_unwind::<core[df12db4294e9bfd3]::panic::unwind_safe::AssertUnwindSafe<std[70759c8f55707aa4]::thread::lifecycle::spawn_unchecked<test[9d35eded1c95d3be]::run_test::{closure#1}, ()>::{closure#1}::{closure#0}>, ()>
[INFO] [stdout]                                at /rustc/dfb0accb7f508ae8be965d8629557221c889dd98/library/std/src/panic.rs:359:14
[INFO] [stdout]   40:     0x590f689d5c12 - std[70759c8f55707aa4]::thread::lifecycle::spawn_unchecked::<test[9d35eded1c95d3be]::run_test::{closure#1}, ()>::{closure#1}
[INFO] [stdout]                                at /rustc/dfb0accb7f508ae8be965d8629557221c889dd98/library/std/src/thread/lifecycle.rs:68:26
[INFO] [stdout]   41:     0x590f689d5c12 - <std[70759c8f55707aa4]::thread::lifecycle::spawn_unchecked<test[9d35eded1c95d3be]::run_test::{closure#1}, ()>::{closure#1} as core[df12db4294e9bfd3]::ops::function::FnOnce<()>>::call_once::{shim:vtable#0}
[INFO] [stdout]                                at /rustc/dfb0accb7f508ae8be965d8629557221c889dd98/library/core/src/ops/function.rs:250:5
[INFO] [stdout]   42:     0x590f68f56859 - <alloc[2182bb758b4b3781]::boxed::Box<dyn core[df12db4294e9bfd3]::ops::function::FnOnce<(), Output = ()> + core[df12db4294e9bfd3]::marker::Send> as core[df12db4294e9bfd3]::ops::function::FnOnce<()>>::call_once
[INFO] [stdout]                                at /rustc/dfb0accb7f508ae8be965d8629557221c889dd98/library/alloc/src/boxed.rs:2320:9
[INFO] [stdout]   43:     0x590f68f56859 - <std[70759c8f55707aa4]::sys::thread::unix::Thread>::new::thread_start
[INFO] [stdout]                                at /rustc/dfb0accb7f508ae8be965d8629557221c889dd98/library/std/src/sys/thread/unix.rs:123:17
[INFO] [stdout]   44:     0x7d87bc27cdfa - <unknown>
[INFO] [stdout]   45:     0x7d87bc3103d4 - clone
[INFO] [stdout]   46:                0x0 - <unknown>
[INFO] [stdout] 
[INFO] [stdout] ---- secret_file::common::tests::check_secrets_file_fails_on_missing_file stdout ----
[INFO] [stdout] 
[INFO] [stdout] thread 'secret_file::common::tests::check_secrets_file_fails_on_missing_file' (3860) panicked at src/secret_file/common.rs:100:9:
[INFO] [stdout] error: signstar_common::error::Error - Logger initialization error: attempted to set a logger after the logging system was already initialized
[INFO] [stdout] stack backtrace:
[INFO] [stdout]    0:     0x590f68f574d1 - std[70759c8f55707aa4]::backtrace_rs::backtrace::libunwind::trace
[INFO] [stdout]                                at /rustc/dfb0accb7f508ae8be965d8629557221c889dd98/library/std/src/../../backtrace/src/backtrace/libunwind.rs:117:9
[INFO] [stdout]    1:     0x590f68f574d1 - std[70759c8f55707aa4]::backtrace_rs::backtrace::trace_unsynchronized::<std[70759c8f55707aa4]::sys::backtrace::_print_fmt::{closure#1}>
[INFO] [stdout]                                at /rustc/dfb0accb7f508ae8be965d8629557221c889dd98/library/std/src/../../backtrace/src/backtrace/mod.rs:66:14
[INFO] [stdout]    2:     0x590f68f574d1 - std[70759c8f55707aa4]::sys::backtrace::_print_fmt
[INFO] [stdout]                                at /rustc/dfb0accb7f508ae8be965d8629557221c889dd98/library/std/src/sys/backtrace.rs:74:9
[INFO] [stdout]    3:     0x590f68f574d1 - <<std[70759c8f55707aa4]::sys::backtrace::BacktraceLock>::print::DisplayBacktrace as core[df12db4294e9bfd3]::fmt::Display>::fmt
[INFO] [stdout]                                at /rustc/dfb0accb7f508ae8be965d8629557221c889dd98/library/std/src/sys/backtrace.rs:44:26
[INFO] [stdout]    4:     0x590f68f6d65a - <core[df12db4294e9bfd3]::fmt::rt::Argument>::fmt
[INFO] [stdout]                                at /rustc/dfb0accb7f508ae8be965d8629557221c889dd98/library/core/src/fmt/rt.rs:152:76
[INFO] [stdout]    5:     0x590f68f6d65a - core[df12db4294e9bfd3]::fmt::write
[INFO] [stdout]    6:     0x590f68f5c58c - core[df12db4294e9bfd3]::io::write::default_write_fmt::<alloc[2182bb758b4b3781]::vec::Vec<u8>>
[INFO] [stdout]                                at /rustc/dfb0accb7f508ae8be965d8629557221c889dd98/library/core/src/io/write.rs:402:11
[INFO] [stdout]    7:     0x590f68f5c58c - <alloc[2182bb758b4b3781]::vec::Vec<u8> as core[df12db4294e9bfd3]::io::write::Write>::write_fmt
[INFO] [stdout]                                at /rustc/dfb0accb7f508ae8be965d8629557221c889dd98/library/core/src/io/write.rs:335:13
[INFO] [stdout]    8:     0x590f68f316f6 - <std[70759c8f55707aa4]::sys::backtrace::BacktraceLock>::print
[INFO] [stdout]                                at /rustc/dfb0accb7f508ae8be965d8629557221c889dd98/library/std/src/sys/backtrace.rs:47:9
[INFO] [stdout]    9:     0x590f68f316f6 - std[70759c8f55707aa4]::panicking::default_hook::{closure#0}
[INFO] [stdout]                                at /rustc/dfb0accb7f508ae8be965d8629557221c889dd98/library/std/src/panicking.rs:292:27
[INFO] [stdout]   10:     0x590f68f4ebc9 - std[70759c8f55707aa4]::panicking::default_hook
[INFO] [stdout]                                at /rustc/dfb0accb7f508ae8be965d8629557221c889dd98/library/std/src/panicking.rs:316:9
[INFO] [stdout]   11:     0x590f689d2160 - <alloc[2182bb758b4b3781]::boxed::Box<dyn for<'a, 'b> core[df12db4294e9bfd3]::ops::function::Fn<(&'a std[70759c8f55707aa4]::panic::PanicHookInfo<'b>,), Output = ()> + core[df12db4294e9bfd3]::marker::Send + core[df12db4294e9bfd3]::marker::Sync> as core[df12db4294e9bfd3]::ops::function::Fn<(&std[70759c8f55707aa4]::panic::PanicHookInfo,)>>::call
[INFO] [stdout]                                at /rustc/dfb0accb7f508ae8be965d8629557221c889dd98/library/alloc/src/boxed.rs:2334:9
[INFO] [stdout]   12:     0x590f689d2160 - test[9d35eded1c95d3be]::test_main_inner::<test[9d35eded1c95d3be]::test_main_static::{closure#0}>::{closure#0}
[INFO] [stdout]                                at /rustc/dfb0accb7f508ae8be965d8629557221c889dd98/library/test/src/lib.rs:155:21
[INFO] [stdout]   13:     0x590f68f4ed82 - <alloc[2182bb758b4b3781]::boxed::Box<dyn for<'a, 'b> core[df12db4294e9bfd3]::ops::function::Fn<(&'a std[70759c8f55707aa4]::panic::PanicHookInfo<'b>,), Output = ()> + core[df12db4294e9bfd3]::marker::Send + core[df12db4294e9bfd3]::marker::Sync> as core[df12db4294e9bfd3]::ops::function::Fn<(&std[70759c8f55707aa4]::panic::PanicHookInfo,)>>::call
[INFO] [stdout]                                at /rustc/dfb0accb7f508ae8be965d8629557221c889dd98/library/alloc/src/boxed.rs:2334:9
[INFO] [stdout]   14:     0x590f68f4ed82 - std[70759c8f55707aa4]::panicking::panic_with_hook
[INFO] [stdout]                                at /rustc/dfb0accb7f508ae8be965d8629557221c889dd98/library/std/src/panicking.rs:823:13
[INFO] [stdout]   15:     0x590f68f317a2 - std[70759c8f55707aa4]::panicking::panic_handler::{closure#0}
[INFO] [stdout]                                at /rustc/dfb0accb7f508ae8be965d8629557221c889dd98/library/std/src/panicking.rs:688:13
[INFO] [stdout]   16:     0x590f68f29ce9 - std[70759c8f55707aa4]::sys::backtrace::__rust_end_short_backtrace::<std[70759c8f55707aa4]::panicking::panic_handler::{closure#0}, !>
[INFO] [stdout]                                at /rustc/dfb0accb7f508ae8be965d8629557221c889dd98/library/std/src/sys/backtrace.rs:182:18
[INFO] [stdout]   17:     0x590f68f324ad - __rustc[8fa7c3cbc660c2b3]::rust_begin_unwind
[INFO] [stdout]                                at /rustc/dfb0accb7f508ae8be965d8629557221c889dd98/library/std/src/panicking.rs:679:5
[INFO] [stdout]   18:     0x590f68f6de7c - core[df12db4294e9bfd3]::panicking::panic_fmt
[INFO] [stdout]                                at /rustc/dfb0accb7f508ae8be965d8629557221c889dd98/library/core/src/panicking.rs:80:14
[INFO] [stdout]   19:     0x590f688c4731 - <testresult[1277ddd3d6cc2507]::TestError as core[df12db4294e9bfd3]::convert::From<signstar_common[e05a26a70fbd68f3]::error::Error>>::from
[INFO] [stdout]                                at /opt/rustwide/cargo-home/registry/src/index.crates.io-1949cf8c6b5b557f/testresult-0.4.2/src/lib.rs:24:9
[INFO] [stdout]   20:     0x590f687fe98d - <core[df12db4294e9bfd3]::result::Result<(), testresult[1277ddd3d6cc2507]::TestError> as core[df12db4294e9bfd3]::ops::try_trait::FromResidual<core[df12db4294e9bfd3]::result::Result<core[df12db4294e9bfd3]::convert::Infallible, signstar_common[e05a26a70fbd68f3]::error::Error>>>::from_residual
[INFO] [stdout]                                at /rustc/dfb0accb7f508ae8be965d8629557221c889dd98/library/core/src/result.rs:2193:27
[INFO] [stdout]   21:     0x590f689198eb - signstar_crypto[5a07b486d8e94c17]::secret_file::common::tests::check_secrets_file_fails_on_missing_file
[INFO] [stdout]                                at /opt/rustwide/workdir/src/secret_file/common.rs:100:9
[INFO] [stdout]   22:     0x590f68917987 - signstar_crypto[5a07b486d8e94c17]::secret_file::common::tests::check_secrets_file_fails_on_missing_file::{closure#0}
[INFO] [stdout]                                at /opt/rustwide/workdir/src/secret_file/common.rs:99:54
[INFO] [stdout]   23:     0x590f687ff046 - <signstar_crypto[5a07b486d8e94c17]::secret_file::common::tests::check_secrets_file_fails_on_missing_file::{closure#0} as core[df12db4294e9bfd3]::ops::function::FnOnce<()>>::call_once
[INFO] [stdout]                                at /rustc/dfb0accb7f508ae8be965d8629557221c889dd98/library/core/src/ops/function.rs:250:5
[INFO] [stdout]   24:     0x590f689c544b - <fn() -> core[df12db4294e9bfd3]::result::Result<(), alloc[2182bb758b4b3781]::string::String> as core[df12db4294e9bfd3]::ops::function::FnOnce<()>>::call_once
[INFO] [stdout]                                at /rustc/dfb0accb7f508ae8be965d8629557221c889dd98/library/core/src/ops/function.rs:250:5
[INFO] [stdout]   25:     0x590f689c544b - test[9d35eded1c95d3be]::__rust_begin_short_backtrace::<core[df12db4294e9bfd3]::result::Result<(), alloc[2182bb758b4b3781]::string::String>, fn() -> core[df12db4294e9bfd3]::result::Result<(), alloc[2182bb758b4b3781]::string::String>>
[INFO] [stdout]                                at /rustc/dfb0accb7f508ae8be965d8629557221c889dd98/library/test/src/lib.rs:733:18
[INFO] [stdout]   26:     0x590f689d2ab5 - test[9d35eded1c95d3be]::run_test_in_process::{closure#0}
[INFO] [stdout]                                at /rustc/dfb0accb7f508ae8be965d8629557221c889dd98/library/test/src/lib.rs:756:74
[INFO] [stdout]   27:     0x590f689d2ab5 - <core[df12db4294e9bfd3]::panic::unwind_safe::AssertUnwindSafe<test[9d35eded1c95d3be]::run_test_in_process::{closure#0}> as core[df12db4294e9bfd3]::ops::function::FnOnce<()>>::call_once
[INFO] [stdout]                                at /rustc/dfb0accb7f508ae8be965d8629557221c889dd98/library/core/src/panic/unwind_safe.rs:275:9
[INFO] [stdout]   28:     0x590f689d2ab5 - std[70759c8f55707aa4]::panicking::catch_unwind::do_call::<core[df12db4294e9bfd3]::panic::unwind_safe::AssertUnwindSafe<test[9d35eded1c95d3be]::run_test_in_process::{closure#0}>, core[df12db4294e9bfd3]::result::Result<(), alloc[2182bb758b4b3781]::string::String>>
[INFO] [stdout]                                at /rustc/dfb0accb7f508ae8be965d8629557221c889dd98/library/std/src/panicking.rs:576:43
[INFO] [stdout]   29:     0x590f689d2ab5 - std[70759c8f55707aa4]::panicking::catch_unwind::<core[df12db4294e9bfd3]::result::Result<(), alloc[2182bb758b4b3781]::string::String>, core[df12db4294e9bfd3]::panic::unwind_safe::AssertUnwindSafe<test[9d35eded1c95d3be]::run_test_in_process::{closure#0}>>
[INFO] [stdout]                                at /rustc/dfb0accb7f508ae8be965d8629557221c889dd98/library/std/src/panicking.rs:544:19
[INFO] [stdout]   30:     0x590f689d2ab5 - std[70759c8f55707aa4]::panic::catch_unwind::<core[df12db4294e9bfd3]::panic::unwind_safe::AssertUnwindSafe<test[9d35eded1c95d3be]::run_test_in_process::{closure#0}>, core[df12db4294e9bfd3]::result::Result<(), alloc[2182bb758b4b3781]::string::String>>
[INFO] [stdout]                                at /rustc/dfb0accb7f508ae8be965d8629557221c889dd98/library/std/src/panic.rs:359:14
[INFO] [stdout]   31:     0x590f689d2ab5 - test[9d35eded1c95d3be]::run_test_in_process
[INFO] [stdout]                                at /rustc/dfb0accb7f508ae8be965d8629557221c889dd98/library/test/src/lib.rs:756:27
[INFO] [stdout]   32:     0x590f689d2ab5 - test[9d35eded1c95d3be]::run_test::{closure#0}
[INFO] [stdout]                                at /rustc/dfb0accb7f508ae8be965d8629557221c889dd98/library/test/src/lib.rs:677:43
[INFO] [stdout]   33:     0x590f689cc374 - test[9d35eded1c95d3be]::run_test::{closure#1}
[INFO] [stdout]                                at /rustc/dfb0accb7f508ae8be965d8629557221c889dd98/library/test/src/lib.rs:707:41
[INFO] [stdout]   34:     0x590f689cc374 - std[70759c8f55707aa4]::sys::backtrace::__rust_begin_short_backtrace::<test[9d35eded1c95d3be]::run_test::{closure#1}, ()>
[INFO] [stdout]                                at /rustc/dfb0accb7f508ae8be965d8629557221c889dd98/library/std/src/sys/backtrace.rs:166:18
[INFO] [stdout]   35:     0x590f689d5c12 - std[70759c8f55707aa4]::thread::lifecycle::spawn_unchecked::<test[9d35eded1c95d3be]::run_test::{closure#1}, ()>::{closure#1}::{closure#0}
[INFO] [stdout]                                at /rustc/dfb0accb7f508ae8be965d8629557221c889dd98/library/std/src/thread/lifecycle.rs:70:13
[INFO] [stdout]   36:     0x590f689d5c12 - <core[df12db4294e9bfd3]::panic::unwind_safe::AssertUnwindSafe<std[70759c8f55707aa4]::thread::lifecycle::spawn_unchecked<test[9d35eded1c95d3be]::run_test::{closure#1}, ()>::{closure#1}::{closure#0}> as core[df12db4294e9bfd3]::ops::function::FnOnce<()>>::call_once
[INFO] [stdout]                                at /rustc/dfb0accb7f508ae8be965d8629557221c889dd98/library/core/src/panic/unwind_safe.rs:275:9
[INFO] [stdout]   37:     0x590f689d5c12 - std[70759c8f55707aa4]::panicking::catch_unwind::do_call::<core[df12db4294e9bfd3]::panic::unwind_safe::AssertUnwindSafe<std[70759c8f55707aa4]::thread::lifecycle::spawn_unchecked<test[9d35eded1c95d3be]::run_test::{closure#1}, ()>::{closure#1}::{closure#0}>, ()>
[INFO] [stdout]                                at /rustc/dfb0accb7f508ae8be965d8629557221c889dd98/library/std/src/panicking.rs:576:43
[INFO] [stdout]   38:     0x590f689d5c12 - std[70759c8f55707aa4]::panicking::catch_unwind::<(), core[df12db4294e9bfd3]::panic::unwind_safe::AssertUnwindSafe<std[70759c8f55707aa4]::thread::lifecycle::spawn_unchecked<test[9d35eded1c95d3be]::run_test::{closure#1}, ()>::{closure#1}::{closure#0}>>
[INFO] [stdout]                                at /rustc/dfb0accb7f508ae8be965d8629557221c889dd98/library/std/src/panicking.rs:544:19
[INFO] [stdout]   39:     0x590f689d5c12 - std[70759c8f55707aa4]::panic::catch_unwind::<core[df12db4294e9bfd3]::panic::unwind_safe::AssertUnwindSafe<std[70759c8f55707aa4]::thread::lifecycle::spawn_unchecked<test[9d35eded1c95d3be]::run_test::{closure#1}, ()>::{closure#1}::{closure#0}>, ()>
[INFO] [stdout]                                at /rustc/dfb0accb7f508ae8be965d8629557221c889dd98/library/std/src/panic.rs:359:14
[INFO] [stdout]   40:     0x590f689d5c12 - std[70759c8f55707aa4]::thread::lifecycle::spawn_unchecked::<test[9d35eded1c95d3be]::run_test::{closure#1}, ()>::{closure#1}
[INFO] [stdout]                                at /rustc/dfb0accb7f508ae8be965d8629557221c889dd98/library/std/src/thread/lifecycle.rs:68:26
[INFO] [stdout]   41:     0x590f689d5c12 - <std[70759c8f55707aa4]::thread::lifecycle::spawn_unchecked<test[9d35eded1c95d3be]::run_test::{closure#1}, ()>::{closure#1} as core[df12db4294e9bfd3]::ops::function::FnOnce<()>>::call_once::{shim:vtable#0}
[INFO] [stdout]                                at /rustc/dfb0accb7f508ae8be965d8629557221c889dd98/library/core/src/ops/function.rs:250:5
[INFO] [stdout]   42:     0x590f68f56859 - <alloc[2182bb758b4b3781]::boxed::Box<dyn core[df12db4294e9bfd3]::ops::function::FnOnce<(), Output = ()> + core[df12db4294e9bfd3]::marker::Send> as core[df12db4294e9bfd3]::ops::function::FnOnce<()>>::call_once
[INFO] [stdout]                                at /rustc/dfb0accb7f508ae8be965d8629557221c889dd98/library/alloc/src/boxed.rs:2320:9
[INFO] [stdout]   43:     0x590f68f56859 - <std[70759c8f55707aa4]::sys::thread::unix::Thread>::new::thread_start
[INFO] [stdout]                                at /rustc/dfb0accb7f508ae8be965d8629557221c889dd98/library/std/src/sys/thread/unix.rs:123:17
[INFO] [stdout]   44:     0x7d87bc27cdfa - <unknown>
[INFO] [stdout]   45:     0x7d87bc3103d4 - clone
[INFO] [stdout]   46:                0x0 - <unknown>
[INFO] [stdout] 
[INFO] [stdout] ---- secret_file::common::tests::check_secrets_file_succeeds stdout ----
[INFO] [stdout] 
[INFO] [stdout] thread 'secret_file::common::tests::check_secrets_file_succeeds' (3861) panicked at src/secret_file/common.rs:82:9:
[INFO] [stdout] error: signstar_common::error::Error - Logger initialization error: attempted to set a logger after the logging system was already initialized
[INFO] [stdout] stack backtrace:
[INFO] [stdout]    0:     0x590f68f574d1 - std[70759c8f55707aa4]::backtrace_rs::backtrace::libunwind::trace
[INFO] [stdout]                                at /rustc/dfb0accb7f508ae8be965d8629557221c889dd98/library/std/src/../../backtrace/src/backtrace/libunwind.rs:117:9
[INFO] [stdout]    1:     0x590f68f574d1 - std[70759c8f55707aa4]::backtrace_rs::backtrace::trace_unsynchronized::<std[70759c8f55707aa4]::sys::backtrace::_print_fmt::{closure#1}>
[INFO] [stdout]                                at /rustc/dfb0accb7f508ae8be965d8629557221c889dd98/library/std/src/../../backtrace/src/backtrace/mod.rs:66:14
[INFO] [stdout]    2:     0x590f68f574d1 - std[70759c8f55707aa4]::sys::backtrace::_print_fmt
[INFO] [stdout]                                at /rustc/dfb0accb7f508ae8be965d8629557221c889dd98/library/std/src/sys/backtrace.rs:74:9
[INFO] [stdout]    3:     0x590f68f574d1 - <<std[70759c8f55707aa4]::sys::backtrace::BacktraceLock>::print::DisplayBacktrace as core[df12db4294e9bfd3]::fmt::Display>::fmt
[INFO] [stdout]                                at /rustc/dfb0accb7f508ae8be965d8629557221c889dd98/library/std/src/sys/backtrace.rs:44:26
[INFO] [stdout]    4:     0x590f68f6d65a - <core[df12db4294e9bfd3]::fmt::rt::Argument>::fmt
[INFO] [stdout]                                at /rustc/dfb0accb7f508ae8be965d8629557221c889dd98/library/core/src/fmt/rt.rs:152:76
[INFO] [stdout]    5:     0x590f68f6d65a - core[df12db4294e9bfd3]::fmt::write
[INFO] [stdout]    6:     0x590f68f5c58c - core[df12db4294e9bfd3]::io::write::default_write_fmt::<alloc[2182bb758b4b3781]::vec::Vec<u8>>
[INFO] [stdout]                                at /rustc/dfb0accb7f508ae8be965d8629557221c889dd98/library/core/src/io/write.rs:402:11
[INFO] [stdout]    7:     0x590f68f5c58c - <alloc[2182bb758b4b3781]::vec::Vec<u8> as core[df12db4294e9bfd3]::io::write::Write>::write_fmt
[INFO] [stdout]                                at /rustc/dfb0accb7f508ae8be965d8629557221c889dd98/library/core/src/io/write.rs:335:13
[INFO] [stdout]    8:     0x590f68f316f6 - <std[70759c8f55707aa4]::sys::backtrace::BacktraceLock>::print
[INFO] [stdout]                                at /rustc/dfb0accb7f508ae8be965d8629557221c889dd98/library/std/src/sys/backtrace.rs:47:9
[INFO] [stdout]    9:     0x590f68f316f6 - std[70759c8f55707aa4]::panicking::default_hook::{closure#0}
[INFO] [stdout]                                at /rustc/dfb0accb7f508ae8be965d8629557221c889dd98/library/std/src/panicking.rs:292:27
[INFO] [stdout]   10:     0x590f68f4ebc9 - std[70759c8f55707aa4]::panicking::default_hook
[INFO] [stdout]                                at /rustc/dfb0accb7f508ae8be965d8629557221c889dd98/library/std/src/panicking.rs:316:9
[INFO] [stdout]   11:     0x590f689d2160 - <alloc[2182bb758b4b3781]::boxed::Box<dyn for<'a, 'b> core[df12db4294e9bfd3]::ops::function::Fn<(&'a std[70759c8f55707aa4]::panic::PanicHookInfo<'b>,), Output = ()> + core[df12db4294e9bfd3]::marker::Send + core[df12db4294e9bfd3]::marker::Sync> as core[df12db4294e9bfd3]::ops::function::Fn<(&std[70759c8f55707aa4]::panic::PanicHookInfo,)>>::call
[INFO] [stdout]                                at /rustc/dfb0accb7f508ae8be965d8629557221c889dd98/library/alloc/src/boxed.rs:2334:9
[INFO] [stdout]   12:     0x590f689d2160 - test[9d35eded1c95d3be]::test_main_inner::<test[9d35eded1c95d3be]::test_main_static::{closure#0}>::{closure#0}
[INFO] [stdout]                                at /rustc/dfb0accb7f508ae8be965d8629557221c889dd98/library/test/src/lib.rs:155:21
[INFO] [stdout]   13:     0x590f68f4ed82 - <alloc[2182bb758b4b3781]::boxed::Box<dyn for<'a, 'b> core[df12db4294e9bfd3]::ops::function::Fn<(&'a std[70759c8f55707aa4]::panic::PanicHookInfo<'b>,), Output = ()> + core[df12db4294e9bfd3]::marker::Send + core[df12db4294e9bfd3]::marker::Sync> as core[df12db4294e9bfd3]::ops::function::Fn<(&std[70759c8f55707aa4]::panic::PanicHookInfo,)>>::call
[INFO] [stdout]                                at /rustc/dfb0accb7f508ae8be965d8629557221c889dd98/library/alloc/src/boxed.rs:2334:9
[INFO] [stdout]   14:     0x590f68f4ed82 - std[70759c8f55707aa4]::panicking::panic_with_hook
[INFO] [stdout]                                at /rustc/dfb0accb7f508ae8be965d8629557221c889dd98/library/std/src/panicking.rs:823:13
[INFO] [stdout]   15:     0x590f68f317a2 - std[70759c8f55707aa4]::panicking::panic_handler::{closure#0}
[INFO] [stdout]                                at /rustc/dfb0accb7f508ae8be965d8629557221c889dd98/library/std/src/panicking.rs:688:13
[INFO] [stdout]   16:     0x590f68f29ce9 - std[70759c8f55707aa4]::sys::backtrace::__rust_end_short_backtrace::<std[70759c8f55707aa4]::panicking::panic_handler::{closure#0}, !>
[INFO] [stdout]                                at /rustc/dfb0accb7f508ae8be965d8629557221c889dd98/library/std/src/sys/backtrace.rs:182:18
[INFO] [stdout]   17:     0x590f68f324ad - __rustc[8fa7c3cbc660c2b3]::rust_begin_unwind
[INFO] [stdout]                                at /rustc/dfb0accb7f508ae8be965d8629557221c889dd98/library/std/src/panicking.rs:679:5
[INFO] [stdout]   18:     0x590f68f6de7c - core[df12db4294e9bfd3]::panicking::panic_fmt
[INFO] [stdout]                                at /rustc/dfb0accb7f508ae8be965d8629557221c889dd98/library/core/src/panicking.rs:80:14
[INFO] [stdout]   19:     0x590f688c4731 - <testresult[1277ddd3d6cc2507]::TestError as core[df12db4294e9bfd3]::convert::From<signstar_common[e05a26a70fbd68f3]::error::Error>>::from
[INFO] [stdout]                                at /opt/rustwide/cargo-home/registry/src/index.crates.io-1949cf8c6b5b557f/testresult-0.4.2/src/lib.rs:24:9
[INFO] [stdout]   20:     0x590f687fe98d - <core[df12db4294e9bfd3]::result::Result<(), testresult[1277ddd3d6cc2507]::TestError> as core[df12db4294e9bfd3]::ops::try_trait::FromResidual<core[df12db4294e9bfd3]::result::Result<core[df12db4294e9bfd3]::convert::Infallible, signstar_common[e05a26a70fbd68f3]::error::Error>>>::from_residual
[INFO] [stdout]                                at /rustc/dfb0accb7f508ae8be965d8629557221c889dd98/library/core/src/result.rs:2193:27
[INFO] [stdout]   21:     0x590f68918ca2 - signstar_crypto[5a07b486d8e94c17]::secret_file::common::tests::check_secrets_file_succeeds
[INFO] [stdout]                                at /opt/rustwide/workdir/src/secret_file/common.rs:82:9
[INFO] [stdout]   22:     0x590f68917927 - signstar_crypto[5a07b486d8e94c17]::secret_file::common::tests::check_secrets_file_succeeds::{closure#0}
[INFO] [stdout]                                at /opt/rustwide/workdir/src/secret_file/common.rs:81:41
[INFO] [stdout]   23:     0x590f687ff006 - <signstar_crypto[5a07b486d8e94c17]::secret_file::common::tests::check_secrets_file_succeeds::{closure#0} as core[df12db4294e9bfd3]::ops::function::FnOnce<()>>::call_once
[INFO] [stdout]                                at /rustc/dfb0accb7f508ae8be965d8629557221c889dd98/library/core/src/ops/function.rs:250:5
[INFO] [stdout]   24:     0x590f689c544b - <fn() -> core[df12db4294e9bfd3]::result::Result<(), alloc[2182bb758b4b3781]::string::String> as core[df12db4294e9bfd3]::ops::function::FnOnce<()>>::call_once
[INFO] [stdout]                                at /rustc/dfb0accb7f508ae8be965d8629557221c889dd98/library/core/src/ops/function.rs:250:5
[INFO] [stdout]   25:     0x590f689c544b - test[9d35eded1c95d3be]::__rust_begin_short_backtrace::<core[df12db4294e9bfd3]::result::Result<(), alloc[2182bb758b4b3781]::string::String>, fn() -> core[df12db4294e9bfd3]::result::Result<(), alloc[2182bb758b4b3781]::string::String>>
[INFO] [stdout]                                at /rustc/dfb0accb7f508ae8be965d8629557221c889dd98/library/test/src/lib.rs:733:18
[INFO] [stdout]   26:     0x590f689d2ab5 - test[9d35eded1c95d3be]::run_test_in_process::{closure#0}
[INFO] [stdout]                                at /rustc/dfb0accb7f508ae8be965d8629557221c889dd98/library/test/src/lib.rs:756:74
[INFO] [stdout]   27:     0x590f689d2ab5 - <core[df12db4294e9bfd3]::panic::unwind_safe::AssertUnwindSafe<test[9d35eded1c95d3be]::run_test_in_process::{closure#0}> as core[df12db4294e9bfd3]::ops::function::FnOnce<()>>::call_once
[INFO] [stdout]                                at /rustc/dfb0accb7f508ae8be965d8629557221c889dd98/library/core/src/panic/unwind_safe.rs:275:9
[INFO] [stdout]   28:     0x590f689d2ab5 - std[70759c8f55707aa4]::panicking::catch_unwind::do_call::<core[df12db4294e9bfd3]::panic::unwind_safe::AssertUnwindSafe<test[9d35eded1c95d3be]::run_test_in_process::{closure#0}>, core[df12db4294e9bfd3]::result::Result<(), alloc[2182bb758b4b3781]::string::String>>
[INFO] [stdout]                                at /rustc/dfb0accb7f508ae8be965d8629557221c889dd98/library/std/src/panicking.rs:576:43
[INFO] [stdout]   29:     0x590f689d2ab5 - std[70759c8f55707aa4]::panicking::catch_unwind::<core[df12db4294e9bfd3]::result::Result<(), alloc[2182bb758b4b3781]::string::String>, core[df12db4294e9bfd3]::panic::unwind_safe::AssertUnwindSafe<test[9d35eded1c95d3be]::run_test_in_process::{closure#0}>>
[INFO] [stdout]                                at /rustc/dfb0accb7f508ae8be965d8629557221c889dd98/library/std/src/panicking.rs:544:19
[INFO] [stdout]   30:     0x590f689d2ab5 - std[70759c8f55707aa4]::panic::catch_unwind::<core[df12db4294e9bfd3]::panic::unwind_safe::AssertUnwindSafe<test[9d35eded1c95d3be]::run_test_in_process::{closure#0}>, core[df12db4294e9bfd3]::result::Result<(), alloc[2182bb758b4b3781]::string::String>>
[INFO] [stdout]                                at /rustc/dfb0accb7f508ae8be965d8629557221c889dd98/library/std/src/panic.rs:359:14
[INFO] [stdout]   31:     0x590f689d2ab5 - test[9d35eded1c95d3be]::run_test_in_process
[INFO] [stdout]                                at /rustc/dfb0accb7f508ae8be965d8629557221c889dd98/library/test/src/lib.rs:756:27
[INFO] [stdout]   32:     0x590f689d2ab5 - test[9d35eded1c95d3be]::run_test::{closure#0}
[INFO] [stdout]                                at /rustc/dfb0accb7f508ae8be965d8629557221c889dd98/library/test/src/lib.rs:677:43
[INFO] [stdout]   33:     0x590f689cc374 - test[9d35eded1c95d3be]::run_test::{closure#1}
[INFO] [stdout]                                at /rustc/dfb0accb7f508ae8be965d8629557221c889dd98/library/test/src/lib.rs:707:41
[INFO] [stdout]   34:     0x590f689cc374 - std[70759c8f55707aa4]::sys::backtrace::__rust_begin_short_backtrace::<test[9d35eded1c95d3be]::run_test::{closure#1}, ()>
[INFO] [stdout]                                at /rustc/dfb0accb7f508ae8be965d8629557221c889dd98/library/std/src/sys/backtrace.rs:166:18
[INFO] [stdout]   35:     0x590f689d5c12 - std[70759c8f55707aa4]::thread::lifecycle::spawn_unchecked::<test[9d35eded1c95d3be]::run_test::{closure#1}, ()>::{closure#1}::{closure#0}
[INFO] [stdout]                                at /rustc/dfb0accb7f508ae8be965d8629557221c889dd98/library/std/src/thread/lifecycle.rs:70:13
[INFO] [stdout]   36:     0x590f689d5c12 - <core[df12db4294e9bfd3]::panic::unwind_safe::AssertUnwindSafe<std[70759c8f55707aa4]::thread::lifecycle::spawn_unchecked<test[9d35eded1c95d3be]::run_test::{closure#1}, ()>::{closure#1}::{closure#0}> as core[df12db4294e9bfd3]::ops::function::FnOnce<()>>::call_once
[INFO] [stdout]                                at /rustc/dfb0accb7f508ae8be965d8629557221c889dd98/library/core/src/panic/unwind_safe.rs:275:9
[INFO] [stdout]   37:     0x590f689d5c12 - std[70759c8f55707aa4]::panicking::catch_unwind::do_call::<core[df12db4294e9bfd3]::panic::unwind_safe::AssertUnwindSafe<std[70759c8f55707aa4]::thread::lifecycle::spawn_unchecked<test[9d35eded1c95d3be]::run_test::{closure#1}, ()>::{closure#1}::{closure#0}>, ()>
[INFO] [stdout]                                at /rustc/dfb0accb7f508ae8be965d8629557221c889dd98/library/std/src/panicking.rs:576:43
[INFO] [stdout]   38:     0x590f689d5c12 - std[70759c8f55707aa4]::panicking::catch_unwind::<(), core[df12db4294e9bfd3]::panic::unwind_safe::AssertUnwindSafe<std[70759c8f55707aa4]::thread::lifecycle::spawn_unchecked<test[9d35eded1c95d3be]::run_test::{closure#1}, ()>::{closure#1}::{closure#0}>>
[INFO] [stdout]                                at /rustc/dfb0accb7f508ae8be965d8629557221c889dd98/library/std/src/panicking.rs:544:19
[INFO] [stdout]   39:     0x590f689d5c12 - std[70759c8f55707aa4]::panic::catch_unwind::<core[df12db4294e9bfd3]::panic::unwind_safe::AssertUnwindSafe<std[70759c8f55707aa4]::thread::lifecycle::spawn_unchecked<test[9d35eded1c95d3be]::run_test::{closure#1}, ()>::{closure#1}::{closure#0}>, ()>
[INFO] [stdout]                                at /rustc/dfb0accb7f508ae8be965d8629557221c889dd98/library/std/src/panic.rs:359:14
[INFO] [stdout]   40:     0x590f689d5c12 - std[70759c8f55707aa4]::thread::lifecycle::spawn_unchecked::<test[9d35eded1c95d3be]::run_test::{closure#1}, ()>::{closure#1}
[INFO] [stdout]                                at /rustc/dfb0accb7f508ae8be965d8629557221c889dd98/library/std/src/thread/lifecycle.rs:68:26
[INFO] [stdout]   41:     0x590f689d5c12 - <std[70759c8f55707aa4]::thread::lifecycle::spawn_unchecked<test[9d35eded1c95d3be]::run_test::{closure#1}, ()>::{closure#1} as core[df12db4294e9bfd3]::ops::function::FnOnce<()>>::call_once::{shim:vtable#0}
[INFO] [stdout]                                at /rustc/dfb0accb7f508ae8be965d8629557221c889dd98/library/core/src/ops/function.rs:250:5
[INFO] [stdout]   42:     0x590f68f56859 - <alloc[2182bb758b4b3781]::boxed::Box<dyn core[df12db4294e9bfd3]::ops::function::FnOnce<(), Output = ()> + core[df12db4294e9bfd3]::marker::Send> as core[df12db4294e9bfd3]::ops::function::FnOnce<()>>::call_once
[INFO] [stdout]                                at /rustc/dfb0accb7f508ae8be965d8629557221c889dd98/library/alloc/src/boxed.rs:2320:9
[INFO] [stdout]   43:     0x590f68f56859 - <std[70759c8f55707aa4]::sys::thread::unix::Thread>::new::thread_start
[INFO] [stdout]                                at /rustc/dfb0accb7f508ae8be965d8629557221c889dd98/library/std/src/sys/thread/unix.rs:123:17
[INFO] [stdout]   44:     0x7d87bc27cdfa - <unknown>
[INFO] [stdout]   45:     0x7d87bc3103d4 - clone
[INFO] [stdout]   46:                0x0 - <unknown>
[INFO] [stdout] 
[INFO] [stdout] 
[INFO] [stdout] failures:
[INFO] [stdout]     secret_file::common::tests::check_secrets_file_fails_on_invalid_permissions
[INFO] [stdout]     secret_file::common::tests::check_secrets_file_fails_on_missing_file
[INFO] [stdout]     secret_file::common::tests::check_secrets_file_succeeds
[INFO] [stdout] 
[INFO] [stdout] test result: FAILED. 124 passed; 3 failed; 0 ignored; 0 measured; 0 filtered out; finished in 8.24s
[INFO] [stdout] 
[INFO] [stderr] error: test failed, to rerun pass `--lib`
[INFO] running `Command { std: "docker" "inspect" "c92f38de489e34516fa7e784ba505d8c537f72a78a09881fe07f50bb21e4a5ae", kill_on_drop: false }`
[INFO] running `Command { std: "docker" "rm" "-f" "c92f38de489e34516fa7e784ba505d8c537f72a78a09881fe07f50bb21e4a5ae", kill_on_drop: false }`
[INFO] [stdout] c92f38de489e34516fa7e784ba505d8c537f72a78a09881fe07f50bb21e4a5ae
