[INFO] fetching crate signer-evm 3.2.0...
[INFO] testing signer-evm-3.2.0 against 1.100.0-beta.1 for beta-1.100-2
[INFO] extracting crate signer-evm 3.2.0 into /workspace/builds/worker-3-tc2/source
[INFO] started tweaking crates.io crate signer-evm 3.2.0
[INFO] finished tweaking crates.io crate signer-evm 3.2.0
[INFO] tweaked toml for crates.io crate signer-evm 3.2.0 written to /workspace/builds/worker-3-tc2/source/Cargo.toml
[INFO] validating manifest of crates.io crate signer-evm 3.2.0 on toolchain 1.100.0-beta.1
[INFO] running `Command { std: CARGO_HOME="/workspace/cargo-home" RUSTUP_HOME="/workspace/rustup-home" "/workspace/cargo-home/bin/cargo" "+1.100.0-beta.1" "metadata" "--manifest-path" "Cargo.toml" "--no-deps", kill_on_drop: false }`
[INFO] crate crates.io crate signer-evm 3.2.0 already has a lockfile, it will not be regenerated
[INFO] running `Command { std: CARGO_HOME="/workspace/cargo-home" RUSTUP_HOME="/workspace/rustup-home" "/workspace/cargo-home/bin/cargo" "+1.100.0-beta.1" "fetch" "--manifest-path" "Cargo.toml", kill_on_drop: false }`
[INFO] [stderr]     Blocking waiting for file lock on package cache
[INFO] running `Command { std: "docker" "create" "-v" "/var/lib/crater-agent-workspace/builds/worker-3-tc2/source:/opt/rustwide/workdir:ro,Z" "-v" "/var/lib/crater-agent-workspace/builds/worker-3-tc2/target:/opt/rustwide/target:rw,Z" "-v" "/var/lib/crater-agent-workspace/cargo-home:/opt/rustwide/cargo-home:ro,Z" "-v" "/var/lib/crater-agent-workspace/rustup-home:/opt/rustwide/rustup-home:ro,Z" "-m" "1610612736" "--network" "none" "ghcr.io/rust-lang/crates-build-env/linux@sha256:3111399a4047eeb3a02b7a90e478d715f38a8c6669b5c4b49d30a17385265909" "sleep" "infinity", kill_on_drop: false }`
[INFO] [stdout] 06ed1f3d36788459a43def3239b4de78ee8278655096a226fc6058d6454079f2
[INFO] running `Command { std: "docker" "start" "06ed1f3d36788459a43def3239b4de78ee8278655096a226fc6058d6454079f2", kill_on_drop: false }`
[INFO] running `Command { std: "docker" "inspect" "06ed1f3d36788459a43def3239b4de78ee8278655096a226fc6058d6454079f2", kill_on_drop: false }`
[INFO] running `Command { std: "docker" "exec" "-e" "SOURCE_DIR=/opt/rustwide/workdir" "-e" "CARGO_HOME=/opt/rustwide/cargo-home" "-e" "RUSTUP_HOME=/opt/rustwide/rustup-home" "-e" "CARGO_TARGET_DIR=/opt/rustwide/target" "-w" "/opt/rustwide/workdir" "--user" "0:0" "06ed1f3d36788459a43def3239b4de78ee8278655096a226fc6058d6454079f2" "/opt/rustwide/cargo-home/bin/cargo" "+1.100.0-beta.1" "metadata" "--no-deps" "--format-version=1", kill_on_drop: false }`
[INFO] running `Command { std: "docker" "inspect" "06ed1f3d36788459a43def3239b4de78ee8278655096a226fc6058d6454079f2", kill_on_drop: false }`
[INFO] running `Command { std: "docker" "exec" "-e" "SOURCE_DIR=/opt/rustwide/workdir" "-e" "CARGO_HOME=/opt/rustwide/cargo-home" "-e" "RUSTUP_HOME=/opt/rustwide/rustup-home" "-e" "CARGO_TARGET_DIR=/opt/rustwide/target" "-e" "CARGO_INCREMENTAL=0" "-e" "RUST_BACKTRACE=full" "-e" "RUSTFLAGS=--cap-lints=warn" "-e" "RUSTDOCFLAGS=--cap-lints=warn" "-w" "/opt/rustwide/workdir" "--user" "0:0" "06ed1f3d36788459a43def3239b4de78ee8278655096a226fc6058d6454079f2" "/opt/rustwide/cargo-home/bin/cargo" "+1.100.0-beta.1" "build" "--frozen" "--message-format=json", kill_on_drop: false }`
[INFO] [stderr]    Compiling base16ct v1.0.0
[INFO] [stderr]    Compiling serde_core v1.0.229
[INFO] [stderr]    Compiling thiserror v2.0.20
[INFO] [stderr]    Compiling ff v0.14.0
[INFO] [stderr]    Compiling serde_json v1.0.151
[INFO] [stderr]    Compiling keccak v0.2.1
[INFO] [stderr]    Compiling hex v0.4.3
[INFO] [stderr]    Compiling memchr v2.8.3
[INFO] [stderr]    Compiling syn v3.0.3
[INFO] [stderr]    Compiling zeroize v1.9.0
[INFO] [stderr]    Compiling group v0.14.0
[INFO] [stderr]    Compiling hybrid-array v0.4.14
[INFO] [stderr]    Compiling der v0.8.1
[INFO] [stderr]    Compiling crypto-common v0.2.2
[INFO] [stderr]    Compiling block-buffer v0.12.1
[INFO] [stderr]    Compiling crypto-bigint v0.7.5
[INFO] [stderr]    Compiling wnaf v0.14.0
[INFO] [stderr]    Compiling sec1 v0.8.1
[INFO] [stderr]    Compiling digest v0.11.3
[INFO] [stderr]    Compiling hmac v0.13.0
[INFO] [stderr]    Compiling signature v3.0.0
[INFO] [stderr]    Compiling sha2 v0.11.0
[INFO] [stderr]    Compiling sha3 v0.12.0
[INFO] [stderr]    Compiling thiserror-impl v2.0.20
[INFO] [stderr]    Compiling elliptic-curve v0.14.1
[INFO] [stderr]    Compiling rfc6979 v0.6.0
[INFO] [stderr]    Compiling primefield v0.14.0
[INFO] [stderr]    Compiling primeorder v0.14.0
[INFO] [stderr]    Compiling ecdsa v0.17.0
[INFO] [stderr]    Compiling k256 v0.14.0
[INFO] [stderr]    Compiling signer-primitives v3.2.0
[INFO] [stderr]    Compiling signer-evm v3.2.0 (/opt/rustwide/workdir)
[INFO] [stderr]     Finished `dev` profile [unoptimized + debuginfo] target(s) in 11.97s
[INFO] running `Command { std: "docker" "inspect" "06ed1f3d36788459a43def3239b4de78ee8278655096a226fc6058d6454079f2", kill_on_drop: false }`
[INFO] running `Command { std: "docker" "exec" "-e" "SOURCE_DIR=/opt/rustwide/workdir" "-e" "CARGO_HOME=/opt/rustwide/cargo-home" "-e" "RUSTUP_HOME=/opt/rustwide/rustup-home" "-e" "CARGO_TARGET_DIR=/opt/rustwide/target" "-e" "CARGO_INCREMENTAL=0" "-e" "RUST_BACKTRACE=full" "-e" "RUSTFLAGS=--cap-lints=warn" "-e" "RUSTDOCFLAGS=--cap-lints=warn" "-w" "/opt/rustwide/workdir" "--user" "0:0" "06ed1f3d36788459a43def3239b4de78ee8278655096a226fc6058d6454079f2" "/opt/rustwide/cargo-home/bin/cargo" "+1.100.0-beta.1" "test" "--frozen" "--no-run" "--message-format=json", kill_on_drop: false }`
[INFO] [stderr]    Compiling k256 v0.14.0
[INFO] [stderr]    Compiling signer-primitives v3.2.0
[INFO] [stderr]    Compiling signer-evm v3.2.0 (/opt/rustwide/workdir)
[INFO] [stderr]     Finished `test` profile [unoptimized + debuginfo] target(s) in 2.22s
[INFO] running `Command { std: "docker" "inspect" "06ed1f3d36788459a43def3239b4de78ee8278655096a226fc6058d6454079f2", kill_on_drop: false }`
[INFO] running `Command { std: "docker" "exec" "-e" "SOURCE_DIR=/opt/rustwide/workdir" "-e" "CARGO_HOME=/opt/rustwide/cargo-home" "-e" "RUSTUP_HOME=/opt/rustwide/rustup-home" "-e" "CARGO_TARGET_DIR=/opt/rustwide/target" "-e" "CARGO_INCREMENTAL=0" "-e" "RUST_BACKTRACE=full" "-e" "RUSTFLAGS=--cap-lints=warn" "-e" "RUSTDOCFLAGS=--cap-lints=warn" "-w" "/opt/rustwide/workdir" "--user" "0:0" "06ed1f3d36788459a43def3239b4de78ee8278655096a226fc6058d6454079f2" "/opt/rustwide/cargo-home/bin/cargo" "+1.100.0-beta.1" "test" "--frozen", kill_on_drop: false }`
[INFO] [stderr]     Finished `test` profile [unoptimized + debuginfo] target(s) in 0.09s
[INFO] [stderr]      Running unittests src/lib.rs (/opt/rustwide/target/debug/build/signer-evm/9ca6ae1ad7af234a/out/signer_evm-9ca6ae1ad7af234a)
[INFO] [stdout] 
[INFO] [stdout] running 18 tests
[INFO] [stdout] test rlp::tests::encode_empty ... ok
[INFO] [stdout] test rlp::tests::rejects_legacy_tx ... ok
[INFO] [stdout] test eip712::tests::rejects_invalid_json ... ok
[INFO] [stdout] test eip712::tests::uint256_full_precision_decimal ... ok
[INFO] [stdout] test tests::address_eip55_checksum_matches_noble_kat ... ok
[INFO] [stdout] test tests::sign_message_eip191_recovers_to_same_address ... ok
[INFO] [stdout] test rlp::tests::v_zero_is_rlp_integer_zero ... ok
[INFO] [stdout] test eip712::tests::int256_full_precision_negative_decimal ... ok
[INFO] [stdout] test eip712::tests::int_enforces_two_complement_range ... ok
[INFO] [stdout] test eip712::tests::uint_fits_within_declared_bits ... ok
[INFO] [stdout] test rlp::tests::roundtrip_eip1559 ... ok
[INFO] [stdout] test eip712::tests::full_eip712_hash ... ok
[INFO] [stdout] test rlp::tests::encode_single_byte ... ok
[INFO] [stdout] test tests::sign_message_eip191_v27_28_matches_noble_kat ... ok
[INFO] [stdout] test tests::verify_hash_accepts_self_signed_output ... ok
[INFO] [stdout] test tests::encode_signed_transaction_matches_rlp_envelope_and_recovers ... ok
[INFO] [stdout] test tests::sign_transaction_keccak256_matches_noble_kat ... ok
[INFO] [stdout] test tests::sign_typed_data_eip712_mail_example_roundtrips_through_ecrecover ... ok
[INFO] [stdout] 
[INFO] [stdout] test result: ok. 18 passed; 0 failed; 0 ignored; 0 measured; 0 filtered out; finished in 0.05s
[INFO] [stdout] 
[INFO] [stderr]    Doc-tests signer_evm
[INFO] [stdout] 
[INFO] [stdout] running 1 test
[INFO] [stdout] test src/lib.rs - (line 10) ... FAILED
[INFO] [stdout] 
[INFO] [stdout] failures:
[INFO] [stdout] 
[INFO] [stdout] ---- src/lib.rs - (line 10) stdout ----
[INFO] [stdout] error[E0599]: no associated function or constant named `random` found for struct `Signer` in the current scope
[INFO] [stdout]   --> src/lib.rs:14:22
[INFO] [stdout]    |
[INFO] [stdout] 14 | let signer = Signer::random();
[INFO] [stdout]    |                      ^^^^^^ associated function or constant not found in `Signer`
[INFO] [stdout]    |
[INFO] [stdout] note: if you're trying to build a new `Signer` consider using one of the following associated functions:
[INFO] [stdout]       Signer::from_bytes
[INFO] [stdout]       Signer::from_hex
[INFO] [stdout]   --> /opt/rustwide/cargo-home/registry/src/index.crates.io-1949cf8c6b5b557f/signer-primitives-3.2.0/src/macros.rs:39:9
[INFO] [stdout]    |
[INFO] [stdout] 39 |         pub fn from_bytes(bytes: &[u8; 32]) -> ::core::result::Result<Self, $crate::SignError> {
[INFO] [stdout]    |         ^^^^^^^^^^^^^^^^^^^^^^^^^^^^^^^^^^^^^^^^^^^^^^^^^^^^^^^^^^^^^^^^^^^^^^^^^^^^^^^^^^^^^^
[INFO] [stdout] ...
[INFO] [stdout] 48 |         pub fn from_hex(hex_str: &str) -> ::core::result::Result<Self, $crate::SignError> {
[INFO] [stdout]    |         ^^^^^^^^^^^^^^^^^^^^^^^^^^^^^^^^^^^^^^^^^^^^^^^^^^^^^^^^^^^^^^^^^^^^^^^^^^^^^^^^^
[INFO] [stdout]    |
[INFO] [stdout]   ::: src/lib.rs:45:5
[INFO] [stdout]    |
[INFO] [stdout] 45 |     delegate_secp256k1_ctors!();
[INFO] [stdout]    |     --------------------------- in this macro invocation
[INFO] [stdout]    = note: this error originates in the macro `delegate_secp256k1_ctors` (in Nightly builds, run with -Z macro-backtrace for more info)
[INFO] [stdout] 
[INFO] [stdout] error: aborting due to 1 previous error
[INFO] [stdout] 
[INFO] [stdout] For more information about this error, try `rustc --explain E0599`.
[INFO] [stdout] Couldn't compile the test.
[INFO] [stdout] 
[INFO] [stdout] failures:
[INFO] [stdout]     src/lib.rs - (line 10)
[INFO] [stdout] 
[INFO] [stdout] test result: FAILED. 0 passed; 1 failed; 0 ignored; 0 measured; 0 filtered out; finished in 0.11s
[INFO] [stdout] 
[INFO] [stdout] all doctests ran in 0.27s; merged doctests compilation took 0.17s
[INFO] [stderr] error: doctest failed, to rerun pass `--doc`
[INFO] running `Command { std: "docker" "inspect" "06ed1f3d36788459a43def3239b4de78ee8278655096a226fc6058d6454079f2", kill_on_drop: false }`
[INFO] running `Command { std: "docker" "rm" "-f" "06ed1f3d36788459a43def3239b4de78ee8278655096a226fc6058d6454079f2", kill_on_drop: false }`
[INFO] [stdout] 06ed1f3d36788459a43def3239b4de78ee8278655096a226fc6058d6454079f2
