[INFO] fetching crate sigid-enterprise 1.2.0...
[INFO] testing sigid-enterprise-1.2.0 against 1.99.0-beta.8 for beta-1.100-2
[INFO] extracting crate sigid-enterprise 1.2.0 into /workspace/builds/worker-6-tc1/source
[INFO] started tweaking crates.io crate sigid-enterprise 1.2.0
[INFO] finished tweaking crates.io crate sigid-enterprise 1.2.0
[INFO] tweaked toml for crates.io crate sigid-enterprise 1.2.0 written to /workspace/builds/worker-6-tc1/source/Cargo.toml
[INFO] validating manifest of crates.io crate sigid-enterprise 1.2.0 on toolchain 1.99.0-beta.8
[INFO] running `Command { std: CARGO_HOME="/workspace/cargo-home" RUSTUP_HOME="/workspace/rustup-home" "/workspace/cargo-home/bin/cargo" "+1.99.0-beta.8" "metadata" "--manifest-path" "Cargo.toml" "--no-deps", kill_on_drop: false }`
[INFO] crate crates.io crate sigid-enterprise 1.2.0 already has a lockfile, it will not be regenerated
[INFO] running `Command { std: CARGO_HOME="/workspace/cargo-home" RUSTUP_HOME="/workspace/rustup-home" "/workspace/cargo-home/bin/cargo" "+1.99.0-beta.8" "fetch" "--manifest-path" "Cargo.toml", kill_on_drop: false }`
[INFO] [stderr]     Updating crates.io index
[INFO] [stderr]  Downloading crates ...
[INFO] [stderr]   Downloaded uuid v1.24.0
[INFO] [stderr]   Downloaded sigid-core v1.2.0
[INFO] [stderr]   Downloaded ulid v1.2.1
[INFO] [stderr]   Downloaded sigid-flexible v1.2.0
[INFO] [stderr]   Downloaded zerocopy-derive v0.8.54
[INFO] [stderr]   Downloaded zerocopy v0.8.54
[INFO] [stderr]   Downloaded libc v0.2.186
[INFO] running `Command { std: "docker" "create" "-v" "/var/lib/crater-agent-workspace/builds/worker-6-tc1/source:/opt/rustwide/workdir:ro,Z" "-v" "/var/lib/crater-agent-workspace/builds/worker-6-tc1/target:/opt/rustwide/target:rw,Z" "-v" "/var/lib/crater-agent-workspace/cargo-home:/opt/rustwide/cargo-home:ro,Z" "-v" "/var/lib/crater-agent-workspace/rustup-home:/opt/rustwide/rustup-home:ro,Z" "-m" "1610612736" "--network" "none" "ghcr.io/rust-lang/crates-build-env/linux@sha256:3111399a4047eeb3a02b7a90e478d715f38a8c6669b5c4b49d30a17385265909" "sleep" "infinity", kill_on_drop: false }`
[INFO] [stdout] 9a6d728cfb9b3dc485910b7c4f262a045e1e37317697a10ed76a6603154254d3
[INFO] running `Command { std: "docker" "start" "9a6d728cfb9b3dc485910b7c4f262a045e1e37317697a10ed76a6603154254d3", kill_on_drop: false }`
[INFO] running `Command { std: "docker" "inspect" "9a6d728cfb9b3dc485910b7c4f262a045e1e37317697a10ed76a6603154254d3", kill_on_drop: false }`
[INFO] running `Command { std: "docker" "exec" "-e" "SOURCE_DIR=/opt/rustwide/workdir" "-e" "CARGO_HOME=/opt/rustwide/cargo-home" "-e" "RUSTUP_HOME=/opt/rustwide/rustup-home" "-e" "CARGO_TARGET_DIR=/opt/rustwide/target" "-w" "/opt/rustwide/workdir" "--user" "0:0" "9a6d728cfb9b3dc485910b7c4f262a045e1e37317697a10ed76a6603154254d3" "/opt/rustwide/cargo-home/bin/cargo" "+1.99.0-beta.8" "metadata" "--no-deps" "--format-version=1", kill_on_drop: false }`
[INFO] running `Command { std: "docker" "inspect" "9a6d728cfb9b3dc485910b7c4f262a045e1e37317697a10ed76a6603154254d3", kill_on_drop: false }`
[INFO] running `Command { std: "docker" "exec" "-e" "SOURCE_DIR=/opt/rustwide/workdir" "-e" "CARGO_HOME=/opt/rustwide/cargo-home" "-e" "RUSTUP_HOME=/opt/rustwide/rustup-home" "-e" "CARGO_TARGET_DIR=/opt/rustwide/target" "-e" "CARGO_INCREMENTAL=0" "-e" "RUST_BACKTRACE=full" "-e" "RUSTFLAGS=--cap-lints=warn" "-e" "RUSTDOCFLAGS=--cap-lints=warn" "-w" "/opt/rustwide/workdir" "--user" "0:0" "9a6d728cfb9b3dc485910b7c4f262a045e1e37317697a10ed76a6603154254d3" "/opt/rustwide/cargo-home/bin/cargo" "+1.99.0-beta.8" "build" "--frozen" "--message-format=json", kill_on_drop: false }`
[INFO] [stderr]    Compiling sigid-core v1.2.0
[INFO] [stderr]    Compiling sigid-flexible v1.2.0
[INFO] [stderr]    Compiling sigid-enterprise v1.2.0 (/opt/rustwide/workdir)
[INFO] [stderr]     Finished `dev` profile [unoptimized + debuginfo] target(s) in 0.58s
[INFO] running `Command { std: "docker" "inspect" "9a6d728cfb9b3dc485910b7c4f262a045e1e37317697a10ed76a6603154254d3", kill_on_drop: false }`
[INFO] running `Command { std: "docker" "exec" "-e" "SOURCE_DIR=/opt/rustwide/workdir" "-e" "CARGO_HOME=/opt/rustwide/cargo-home" "-e" "RUSTUP_HOME=/opt/rustwide/rustup-home" "-e" "CARGO_TARGET_DIR=/opt/rustwide/target" "-e" "CARGO_INCREMENTAL=0" "-e" "RUST_BACKTRACE=full" "-e" "RUSTFLAGS=--cap-lints=warn" "-e" "RUSTDOCFLAGS=--cap-lints=warn" "-w" "/opt/rustwide/workdir" "--user" "0:0" "9a6d728cfb9b3dc485910b7c4f262a045e1e37317697a10ed76a6603154254d3" "/opt/rustwide/cargo-home/bin/cargo" "+1.99.0-beta.8" "test" "--frozen" "--no-run" "--message-format=json", kill_on_drop: false }`
[INFO] [stderr]    Compiling sigid-enterprise v1.2.0 (/opt/rustwide/workdir)
[INFO] [stderr]     Finished `test` profile [unoptimized + debuginfo] target(s) in 1.02s
[INFO] running `Command { std: "docker" "inspect" "9a6d728cfb9b3dc485910b7c4f262a045e1e37317697a10ed76a6603154254d3", kill_on_drop: false }`
[INFO] running `Command { std: "docker" "exec" "-e" "SOURCE_DIR=/opt/rustwide/workdir" "-e" "CARGO_HOME=/opt/rustwide/cargo-home" "-e" "RUSTUP_HOME=/opt/rustwide/rustup-home" "-e" "CARGO_TARGET_DIR=/opt/rustwide/target" "-e" "CARGO_INCREMENTAL=0" "-e" "RUST_BACKTRACE=full" "-e" "RUSTFLAGS=--cap-lints=warn" "-e" "RUSTDOCFLAGS=--cap-lints=warn" "-w" "/opt/rustwide/workdir" "--user" "0:0" "9a6d728cfb9b3dc485910b7c4f262a045e1e37317697a10ed76a6603154254d3" "/opt/rustwide/cargo-home/bin/cargo" "+1.99.0-beta.8" "test" "--frozen", kill_on_drop: false }`
[INFO] [stderr]     Finished `test` profile [unoptimized + debuginfo] target(s) in 0.06s
[INFO] [stderr]      Running unittests src/lib.rs (/opt/rustwide/target/debug/deps/sigid_enterprise-dd7ea32a385abadc)
[INFO] [stdout] 
[INFO] [stdout] running 21 tests
[INFO] [stdout] test inspect::tests::test_inspect_no_checksum_field_is_none ... ok
[INFO] [stdout] test inspect::tests::test_inspect ... ok
[INFO] [stdout] test inspect::tests::test_inspect_with_invalid_checksum ... ok
[INFO] [stdout] test inspect::tests::test_inspect_with_timestamp ... ok
[INFO] [stdout] test inspect::tests::test_inspect_invalid_length_returns_none ... ok
[INFO] [stdout] test inspect::tests::test_inspect_with_prefix_and_checksum ... ok
[INFO] [stdout] test inspect::tests::test_inspect_roundtrip ... ok
[INFO] [stdout] test inspect::tests::test_inspect_with_prefix ... ok
[INFO] [stdout] test tests::test_generator_worker_from_env ... ok
[INFO] [stdout] test inspect::tests::test_inspect_with_valid_checksum ... ok
[INFO] [stdout] test tests::test_generator_new ... ok
[INFO] [stdout] test tests::test_generator_with_worker_id ... ok
[INFO] [stdout] test tests::test_with_seed ... ok
[INFO] [stdout] test worker::tests::test_worker_id_bounds ... ok
[INFO] [stdout] test tests::test_generator_timestamp ... ok
[INFO] [stdout] test tests::test_generator_counter_increment ... ok
[INFO] [stdout] test worker::tests::test_worker_id_from_u16 ... ok
[INFO] [stdout] test worker::tests::test_worker_id_from_hostname ... ok
[INFO] [stdout] test worker::tests::test_worker_id_from_u16_const ... ok
[INFO] [stdout] test worker::tests::test_worker_id_value ... ok
[INFO] [stderr]    Doc-tests sigid_enterprise
[INFO] [stdout] test worker::tests::test_worker_id_zero_config ... ok
[INFO] [stdout] 
[INFO] [stdout] test result: ok. 21 passed; 0 failed; 0 ignored; 0 measured; 0 filtered out; finished in 0.04s
[INFO] [stdout] 
[INFO] [stdout] 
[INFO] [stdout] running 1 test
[INFO] [stdout] test src/lib.rs - (line 13) ... FAILED
[INFO] [stdout] 
[INFO] [stdout] failures:
[INFO] [stdout] 
[INFO] [stdout] ---- src/lib.rs - (line 13) stdout ----
[INFO] [stdout] error[E0432]: unresolved import `sigid_enterprise::SigIdUuidExt`
[INFO] [stdout]   --> src/lib.rs:15:45
[INFO] [stdout]    |
[INFO] [stdout] 15 | use sigid_enterprise::{Generator, WorkerId, SigIdUuidExt};
[INFO] [stdout]    |                                             ^^^^^^^^^^^^ no `SigIdUuidExt` in the root
[INFO] [stdout]    |
[INFO] [stdout] note: found an item that was configured out
[INFO] [stdout]   --> src/lib.rs:40:18
[INFO] [stdout]    |
[INFO] [stdout] 39 | #[cfg(feature = "uuid")]
[INFO] [stdout]    |       ---------------- the item is gated behind the `uuid` feature
[INFO] [stdout] 40 | pub use convert::SigIdUuidExt;
[INFO] [stdout]    |                  ^^^^^^^^^^^^
[INFO] [stdout] 
[INFO] [stdout] error[E0599]: no method named `to_uuid` found for struct `SigId26` in the current scope
[INFO] [stdout]   --> src/lib.rs:22:15
[INFO] [stdout]    |
[INFO] [stdout] 22 | let uuid = id.to_uuid();
[INFO] [stdout]    |               ^^^^^^^ method not found in `SigId26`
[INFO] [stdout] 
[INFO] [stdout] error: aborting due to 2 previous errors
[INFO] [stdout] 
[INFO] [stdout] Some errors have detailed explanations: E0432, E0599.
[INFO] [stdout] For more information about an error, try `rustc --explain E0432`.
[INFO] [stdout] Couldn't compile the test.
[INFO] [stdout] 
[INFO] [stdout] failures:
[INFO] [stdout]     src/lib.rs - (line 13)
[INFO] [stdout] 
[INFO] [stdout] test result: FAILED. 0 passed; 1 failed; 0 ignored; 0 measured; 0 filtered out; finished in 0.17s
[INFO] [stdout] 
[INFO] [stderr] error: doctest failed, to rerun pass `--doc`
[INFO] running `Command { std: "docker" "inspect" "9a6d728cfb9b3dc485910b7c4f262a045e1e37317697a10ed76a6603154254d3", kill_on_drop: false }`
[INFO] running `Command { std: "docker" "rm" "-f" "9a6d728cfb9b3dc485910b7c4f262a045e1e37317697a10ed76a6603154254d3", kill_on_drop: false }`
[INFO] [stdout] 9a6d728cfb9b3dc485910b7c4f262a045e1e37317697a10ed76a6603154254d3
