[INFO] fetching crate shardline-storage 1.11.2...
[INFO] testing shardline-storage-1.11.2 against 1.99.0-beta.8 for beta-1.100-2
[INFO] extracting crate shardline-storage 1.11.2 into /workspace/builds/worker-7-tc1/source
[INFO] started tweaking crates.io crate shardline-storage 1.11.2
[INFO] removed 0 missing tests
[INFO] finished tweaking crates.io crate shardline-storage 1.11.2
[INFO] tweaked toml for crates.io crate shardline-storage 1.11.2 written to /workspace/builds/worker-7-tc1/source/Cargo.toml
[INFO] validating manifest of crates.io crate shardline-storage 1.11.2 on toolchain 1.99.0-beta.8
[INFO] running `Command { std: CARGO_HOME="/workspace/cargo-home" RUSTUP_HOME="/workspace/rustup-home" "/workspace/cargo-home/bin/cargo" "+1.99.0-beta.8" "metadata" "--manifest-path" "Cargo.toml" "--no-deps", kill_on_drop: false }`
[INFO] crate crates.io crate shardline-storage 1.11.2 already has a lockfile, it will not be regenerated
[INFO] running `Command { std: CARGO_HOME="/workspace/cargo-home" RUSTUP_HOME="/workspace/rustup-home" "/workspace/cargo-home/bin/cargo" "+1.99.0-beta.8" "fetch" "--manifest-path" "Cargo.toml", kill_on_drop: false }`
[INFO] [stderr]     Blocking waiting for file lock on package cache
[INFO] [stderr]     Updating crates.io index
[INFO] [stderr]     Blocking waiting for file lock on package cache
[INFO] [stderr]  Downloading crates ...
[INFO] [stderr]   Downloaded pin-project-lite v0.2.17
[INFO] [stderr]   Downloaded socket2 v0.6.3
[INFO] [stderr]   Downloaded tokio-macros v2.7.0
[INFO] [stderr]   Downloaded wit-bindgen-rust-macro v0.51.0
[INFO] [stderr]   Downloaded id-arena v2.3.0
[INFO] [stderr]   Downloaded futures-macro v0.3.32
[INFO] [stderr]   Downloaded rand_xorshift v0.4.0
[INFO] [stderr]   Downloaded wit-bindgen-rust v0.51.0
[INFO] [stderr]   Downloaded itoa v1.0.18
[INFO] [stderr]   Downloaded wait-timeout v0.2.1
[INFO] [stderr]   Downloaded wasm-bindgen-futures v0.4.68
[INFO] [stderr]   Downloaded utf8_iter v1.0.4
[INFO] [stderr]   Downloaded idna_adapter v1.2.1
[INFO] [stderr]   Downloaded yoke-derive v0.8.2
[INFO] [stderr]   Downloaded futures-sink v0.3.32
[INFO] [stderr]   Downloaded unarray v0.1.4
[INFO] [stderr]   Downloaded bit-set v0.8.0
[INFO] [stderr]   Downloaded stable_deref_trait v1.2.1
[INFO] [stderr]   Downloaded wit-bindgen v0.51.0
[INFO] [stderr]   Downloaded wasm-bindgen-macro v0.2.118
[INFO] [stderr]   Downloaded anyhow v1.0.104
[INFO] [stderr]   Downloaded futures-task v0.3.32
[INFO] [stderr]   Downloaded futures-io v0.3.32
[INFO] [stderr]   Downloaded shardline-test-support v1.11.2
[INFO] [stderr]   Downloaded shardline-protocol v1.11.2
[INFO] [stderr]   Downloaded zeroize_derive v1.4.3
[INFO] [stderr]   Downloaded quick-error v1.2.3
[INFO] [stderr]   Downloaded crypto-common v0.2.2
[INFO] [stderr]   Downloaded windows-strings v0.5.1
[INFO] [stderr]   Downloaded fastrand v2.4.1
[INFO] [stderr]   Downloaded wasm-bindgen-shared v0.2.118
[INFO] [stderr]   Downloaded zerofrom v0.1.7
[INFO] [stderr]   Downloaded synstructure v0.13.2
[INFO] [stderr]   Downloaded serde_urlencoded v0.7.1
[INFO] [stderr]   Downloaded indexmap v2.14.0
[INFO] [stderr]   Downloaded unicode-xid v0.2.6
[INFO] [stderr]   Downloaded wasm-metadata v0.244.0
[INFO] [stderr]   Downloaded wasm-encoder v0.244.0
[INFO] [stderr]   Downloaded leb128fmt v0.1.0
[INFO] [stderr]   Downloaded futures-core v0.3.32
[INFO] [stderr]   Downloaded hex v0.4.3
[INFO] [stderr]   Downloaded rusty-fork v0.3.1
[INFO] [stderr]   Downloaded rand_core v0.9.5
[INFO] [stderr]   Downloaded zerofrom-derive v0.1.7
[INFO] [stderr]   Downloaded displaydoc v0.2.5
[INFO] [stderr]   Downloaded windows-targets v0.53.5
[INFO] [stderr]   Downloaded foldhash v0.1.5
[INFO] [stderr]   Downloaded zerovec-derive v0.11.3
[INFO] [stderr]   Downloaded zmij v1.0.21
[INFO] [stderr]   Downloaded log v0.4.29
[INFO] [stderr]   Downloaded prettyplease v0.2.37
[INFO] [stderr]   Downloaded rand_core v0.10.1
[INFO] [stderr]   Downloaded bit-vec v0.8.0
[INFO] [stderr]   Downloaded web-time v1.1.0
[INFO] [stderr]   Downloaded writeable v0.6.3
[INFO] [stderr]   Downloaded once_cell v1.21.4
[INFO] [stderr]   Downloaded errno v0.3.14
[INFO] [stderr]   Downloaded wit-bindgen-core v0.51.0
[INFO] [stderr]   Downloaded slab v0.4.12
[INFO] [stderr]   Downloaded rand_chacha v0.9.0
[INFO] [stderr]   Downloaded futures-channel v0.3.32
[INFO] [stderr]   Downloaded md-5 v0.11.0
[INFO] [stderr]   Downloaded digest v0.11.3
[INFO] [stderr]   Downloaded hybrid-array v0.4.13
[INFO] [stderr]   Downloaded bitflags v2.11.1
[INFO] [stderr]   Downloaded wasm-bindgen-macro-support v0.2.118
[INFO] [stderr]   Downloaded semver v1.0.28
[INFO] [stderr]   Downloaded r-efi v6.0.0
[INFO] [stderr]   Downloaded yoke v0.8.2
[INFO] [stderr]   Downloaded icu_provider v2.2.0
[INFO] [stderr]   Downloaded tinystr v0.8.3
[INFO] [stderr]   Downloaded litemap v0.8.2
[INFO] [stderr]   Downloaded windows-result v0.4.1
[INFO] [stderr]   Downloaded tempfile v3.27.0
[INFO] [stderr]   Downloaded memchr v2.8.0
[INFO] [stderr]   Downloaded jni-sys v0.3.1
[INFO] [stderr]   Downloaded cesu8 v1.1.0
[INFO] [stderr]   Downloaded rand v0.9.4
[INFO] [stderr]   Downloaded icu_properties v2.2.0
[INFO] [stderr]   Downloaded zerotrie v0.2.4
[INFO] [stderr]   Downloaded icu_locale_core v2.2.0
[INFO] [stderr]   Downloaded try-lock v0.2.5
[INFO] [stderr]   Downloaded bytes v1.11.1
[INFO] [stderr]   Downloaded getrandom v0.4.2
[INFO] [stderr]   Downloaded wasm-bindgen v0.2.118
[INFO] [stderr]   Downloaded wit-parser v0.244.0
[INFO] [stderr]   Downloaded hashbrown v0.17.0
[INFO] [stderr]   Downloaded hashbrown v0.15.5
[INFO] [stderr]   Downloaded wit-bindgen v0.57.1
[INFO] [stderr]   Downloaded js-sys v0.3.95
[INFO] [stderr]   Downloaded typenum v1.20.0
[INFO] [stderr]   Downloaded zerocopy-derive v0.8.48
[INFO] [stderr]   Downloaded url v2.5.8
[INFO] [stderr]   Downloaded chacha20 v0.10.1
[INFO] [stderr]   Downloaded mio v1.2.0
[INFO] [stderr]   Downloaded bumpalo v3.20.2
[INFO] [stderr]   Downloaded wasip3 v0.4.0+wasi-0.3.0-rc-2026-01-06
[INFO] [stderr]   Downloaded idna v1.1.0
[INFO] [stderr]   Downloaded zerovec v0.11.6
[INFO] [stderr]   Downloaded icu_collections v2.2.0
[INFO] [stderr]   Downloaded form_urlencoded v1.2.2
[INFO] [stderr]   Downloaded tower-service v0.3.3
[INFO] [stderr]   Downloaded find-msvc-tools v0.1.9
[INFO] [stderr]   Downloaded rustc-hash v2.1.2
[INFO] [stderr]   Downloaded rand v0.10.1
[INFO] [stderr]   Downloaded windows-implement v0.60.2
[INFO] [stderr]   Downloaded serde_json v1.0.149
[INFO] [stderr]   Downloaded wasip2 v1.0.3+wasi-0.2.9
[INFO] [stderr]   Downloaded futures-util v0.3.32
[INFO] [stderr]   Downloaded proptest v1.11.0
[INFO] [stderr]   Downloaded icu_properties_data v2.2.0
[INFO] [stderr]   Downloaded rustls-platform-verifier-android v0.1.1
[INFO] [stderr]   Downloaded hyper-rustls v0.27.9
[INFO] [stderr]   Downloaded windows-interface v0.59.3
[INFO] [stderr]   Downloaded wit-component v0.244.0
[INFO] [stderr]   Downloaded wasmparser v0.244.0
[INFO] [stderr]   Downloaded zerocopy v0.8.48
[INFO] [stderr]   Downloaded security-framework-sys v2.17.0
[INFO] [stderr]   Downloaded windows-targets v0.42.2
[INFO] [stderr]   Downloaded humantime v2.3.0
[INFO] [stderr]   Downloaded constant_time_eq v0.4.2
[INFO] [stderr]   Downloaded sync_wrapper v1.0.2
[INFO] [stderr]   Downloaded object_store v0.14.0
[INFO] [stderr]   Downloaded untrusted v0.9.0
[INFO] [stderr]   Downloaded regex-syntax v0.8.10
[INFO] [stderr]   Downloaded potential_utf v0.1.5
[INFO] [stderr]   Downloaded cpufeatures v0.3.0
[INFO] [stderr]   Downloaded iana-time-zone-haiku v0.1.2
[INFO] [stderr]   Downloaded android_system_properties v0.1.5
[INFO] [stderr]   Downloaded arrayvec v0.7.6
[INFO] [stderr]   Downloaded tower-layer v0.3.3
[INFO] [stderr]   Downloaded http-body v1.0.1
[INFO] [stderr]   Downloaded rand_pcg v0.10.2
[INFO] [stderr]   Downloaded windows-targets v0.52.6
[INFO] [stderr]   Downloaded jni-sys-macros v0.4.1
[INFO] [stderr]   Downloaded rustix v1.1.4
[INFO] [stderr]   Downloaded quinn-proto v0.11.16
[INFO] [stderr]   Downloaded want v0.3.1
[INFO] [stderr]   Downloaded lru-slab v0.1.2
[INFO] [stderr]   Downloaded httparse v1.10.1
[INFO] [stderr]   Downloaded dunce v1.0.5
[INFO] [stderr]   Downloaded openssl-probe v0.2.1
[INFO] [stderr]   Downloaded winapi-util v0.1.11
[INFO] [stderr]   Downloaded same-file v1.0.6
[INFO] [stderr]   Downloaded jni-sys v0.4.1
[INFO] [stderr]   Downloaded ipnet v2.12.0
[INFO] [stderr]   Downloaded tinyvec v1.11.0
[INFO] [stderr]   Downloaded atomic-waker v1.1.2
[INFO] [stderr]   Downloaded walkdir v2.5.0
[INFO] [stderr]   Downloaded block-buffer v0.12.1
[INFO] [stderr]   Downloaded fs_extra v1.3.0
[INFO] [stderr]   Downloaded pkg-config v0.3.33
[INFO] [stderr]   Downloaded core-foundation v0.10.1
[INFO] [stderr]   Downloaded rustls-native-certs v0.8.3
[INFO] [stderr]   Downloaded cmake v0.1.58
[INFO] [stderr]   Downloaded tokio-rustls v0.26.4
[INFO] [stderr]   Downloaded wasm-streams v0.5.0
[INFO] [stderr]   Downloaded spin v0.10.1
[INFO] [stderr]   Downloaded iana-time-zone v0.1.65
[INFO] [stderr]   Downloaded windows-core v0.62.2
[INFO] [stderr]   Downloaded tracing-attributes v0.1.31
[INFO] [stderr]   Downloaded core-foundation-sys v0.8.7
[INFO] [stderr]   Downloaded schannel v0.1.29
[INFO] [stderr]   Downloaded hyper-util v0.1.20
[INFO] [stderr]   Downloaded hyper v1.9.0
[INFO] [stderr]   Downloaded rustls-pki-types v1.14.0
[INFO] [stderr]   Downloaded http-body-util v0.1.3
[INFO] [stderr]   Downloaded ryu v1.0.23
[INFO] [stderr]   Downloaded rustls-platform-verifier v0.6.2
[INFO] [stderr]   Downloaded quinn-udp v0.5.14
[INFO] [stderr]   Downloaded libc v0.2.186
[INFO] [stderr]   Downloaded getrandom v0.2.17
[INFO] [stderr]   Downloaded tracing-core v0.1.36
[INFO] [stderr]   Downloaded tokio v1.52.1
[INFO] [stderr]   Downloaded icu_normalizer_data v2.2.0
[INFO] [stderr]   Downloaded rustls-webpki v0.103.15
[INFO] [stderr]   Downloaded cc v1.2.60
[INFO] [stderr]   Downloaded security-framework v3.7.0
[INFO] [stderr]   Downloaded quinn v0.11.9
[INFO] [stderr]   Downloaded windows_aarch64_gnullvm v0.53.1
[INFO] [stderr]   Downloaded icu_normalizer v2.2.0
[INFO] [stderr]   Downloaded tower v0.5.3
[INFO] [stderr]   Downloaded jni v0.21.1
[INFO] [stderr]   Downloaded h2 v0.4.16
[INFO] [stderr]   Downloaded blake3 v1.8.4
[INFO] [stderr]   Downloaded http v1.4.0
[INFO] [stderr]   Downloaded combine v4.6.7
[INFO] [stderr]   Downloaded tower-http v0.6.8
[INFO] [stderr]   Downloaded tokio-util v0.7.18
[INFO] [stderr]   Downloaded webpki-root-certs v1.0.7
[INFO] [stderr]   Downloaded itertools v0.15.0
[INFO] [stderr]   Downloaded reqwest v0.13.2
[INFO] [stderr]   Downloaded iri-string v0.7.12
[INFO] [stderr]   Downloaded windows_i686_msvc v0.53.1
[INFO] [stderr]   Downloaded windows_x86_64_gnullvm v0.53.1
[INFO] [stderr]   Downloaded chrono v0.4.44
[INFO] [stderr]   Downloaded aws-lc-rs v1.18.1
[INFO] [stderr]   Downloaded windows_i686_gnu v0.53.1
[INFO] [stderr]   Downloaded quick-xml v0.40.1
[INFO] [stderr]   Downloaded windows_i686_gnullvm v0.53.1
[INFO] [stderr]   Downloaded windows_x86_64_msvc v0.53.1
[INFO] [stderr]   Downloaded windows_x86_64_gnu v0.53.1
[INFO] [stderr]   Downloaded windows_aarch64_msvc v0.53.1
[INFO] [stderr]   Downloaded windows_x86_64_gnullvm v0.42.2
[INFO] [stderr]   Downloaded windows_aarch64_gnullvm v0.42.2
[INFO] [stderr]   Downloaded rustls v0.23.45
[INFO] [stderr]   Downloaded windows_i686_gnullvm v0.52.6
[INFO] [stderr]   Downloaded windows_aarch64_gnullvm v0.52.6
[INFO] [stderr]   Downloaded tracing v0.1.44
[INFO] [stderr]   Downloaded windows_x86_64_gnullvm v0.52.6
[INFO] [stderr]   Downloaded web-sys v0.3.95
[INFO] [stderr]   Downloaded windows_x86_64_msvc v0.42.2
[INFO] [stderr]   Downloaded windows_aarch64_msvc v0.42.2
[INFO] [stderr]   Downloaded windows_x86_64_gnu v0.42.2
[INFO] [stderr]   Downloaded windows_i686_msvc v0.42.2
[INFO] [stderr]   Downloaded windows_i686_gnu v0.42.2
[INFO] [stderr]   Downloaded windows_aarch64_msvc v0.52.6
[INFO] [stderr]   Downloaded windows_x86_64_gnu v0.52.6
[INFO] [stderr]   Downloaded windows_x86_64_msvc v0.52.6
[INFO] [stderr]   Downloaded windows_i686_gnu v0.52.6
[INFO] [stderr]   Downloaded windows_i686_msvc v0.52.6
[INFO] [stderr]   Downloaded crc-fast v1.10.0
[INFO] [stderr]   Downloaded ring v0.17.14
[INFO] [stderr]   Downloaded linux-raw-sys v0.12.1
[INFO] [stderr]   Downloaded windows-sys v0.60.2
[INFO] [stderr]   Downloaded windows-sys v0.52.0
[INFO] [stderr]   Downloaded windows-sys v0.45.0
[INFO] [stderr]   Downloaded aws-lc-sys v0.45.0
[INFO] running `Command { std: "docker" "create" "-v" "/var/lib/crater-agent-workspace/builds/worker-7-tc1/source:/opt/rustwide/workdir:ro,Z" "-v" "/var/lib/crater-agent-workspace/builds/worker-7-tc1/target:/opt/rustwide/target:rw,Z" "-v" "/var/lib/crater-agent-workspace/cargo-home:/opt/rustwide/cargo-home:ro,Z" "-v" "/var/lib/crater-agent-workspace/rustup-home:/opt/rustwide/rustup-home:ro,Z" "-m" "1610612736" "--network" "none" "ghcr.io/rust-lang/crates-build-env/linux@sha256:3111399a4047eeb3a02b7a90e478d715f38a8c6669b5c4b49d30a17385265909" "sleep" "infinity", kill_on_drop: false }`
[INFO] [stdout] 7a13f33b3b0e5693278d0d33010197206929d1050932d16640120147f7aff0ce
[INFO] running `Command { std: "docker" "start" "7a13f33b3b0e5693278d0d33010197206929d1050932d16640120147f7aff0ce", kill_on_drop: false }`
[INFO] running `Command { std: "docker" "inspect" "7a13f33b3b0e5693278d0d33010197206929d1050932d16640120147f7aff0ce", kill_on_drop: false }`
[INFO] running `Command { std: "docker" "exec" "-e" "SOURCE_DIR=/opt/rustwide/workdir" "-e" "CARGO_HOME=/opt/rustwide/cargo-home" "-e" "RUSTUP_HOME=/opt/rustwide/rustup-home" "-e" "CARGO_TARGET_DIR=/opt/rustwide/target" "-w" "/opt/rustwide/workdir" "--user" "0:0" "7a13f33b3b0e5693278d0d33010197206929d1050932d16640120147f7aff0ce" "/opt/rustwide/cargo-home/bin/cargo" "+1.99.0-beta.8" "metadata" "--no-deps" "--format-version=1", kill_on_drop: false }`
[INFO] running `Command { std: "docker" "inspect" "7a13f33b3b0e5693278d0d33010197206929d1050932d16640120147f7aff0ce", kill_on_drop: false }`
[INFO] running `Command { std: "docker" "exec" "-e" "SOURCE_DIR=/opt/rustwide/workdir" "-e" "CARGO_HOME=/opt/rustwide/cargo-home" "-e" "RUSTUP_HOME=/opt/rustwide/rustup-home" "-e" "CARGO_TARGET_DIR=/opt/rustwide/target" "-e" "CARGO_INCREMENTAL=0" "-e" "RUST_BACKTRACE=full" "-e" "RUSTFLAGS=--cap-lints=warn" "-e" "RUSTDOCFLAGS=--cap-lints=warn" "-w" "/opt/rustwide/workdir" "--user" "0:0" "7a13f33b3b0e5693278d0d33010197206929d1050932d16640120147f7aff0ce" "/opt/rustwide/cargo-home/bin/cargo" "+1.99.0-beta.8" "build" "--frozen" "--message-format=json", kill_on_drop: false }`
[INFO] [stderr]    Compiling proc-macro2 v1.0.106
[INFO] [stderr]    Compiling unicode-ident v1.0.24
[INFO] [stderr]    Compiling quote v1.0.45
[INFO] [stderr]    Compiling libc v0.2.186
[INFO] [stderr]    Compiling shlex v1.3.0
[INFO] [stderr]    Compiling find-msvc-tools v0.1.9
[INFO] [stderr]    Compiling stable_deref_trait v1.2.1
[INFO] [stderr]    Compiling bytes v1.11.1
[INFO] [stderr]    Compiling typenum v1.20.0
[INFO] [stderr]    Compiling pin-project-lite v0.2.17
[INFO] [stderr]    Compiling pkg-config v0.3.33
[INFO] [stderr]    Compiling dunce v1.0.5
[INFO] [stderr]    Compiling futures-core v0.3.32
[INFO] [stderr]    Compiling fs_extra v1.3.0
[INFO] [stderr]    Compiling itoa v1.0.18
[INFO] [stderr]    Compiling subtle v2.6.1
[INFO] [stderr]    Compiling version_check v0.9.5
[INFO] [stderr]    Compiling smallvec v1.15.1
[INFO] [stderr]    Compiling once_cell v1.21.4
[INFO] [stderr]    Compiling futures-sink v0.3.32
[INFO] [stderr]    Compiling aws-lc-rs v1.18.1
[INFO] [stderr]    Compiling cfg-if v1.0.4
[INFO] [stderr]    Compiling slab v0.4.12
[INFO] [stderr]    Compiling serde_core v1.0.228
[INFO] [stderr]    Compiling litemap v0.8.2
[INFO] [stderr]    Compiling writeable v0.6.3
[INFO] [stderr]    Compiling icu_normalizer_data v2.2.0
[INFO] [stderr]    Compiling utf8_iter v1.0.4
[INFO] [stderr]    Compiling icu_properties_data v2.2.0
[INFO] [stderr]    Compiling httparse v1.10.1
[INFO] [stderr]    Compiling generic-array v0.14.7
[INFO] [stderr]    Compiling tracing-core v0.1.36
[INFO] [stderr]    Compiling futures-task v0.3.32
[INFO] [stderr]    Compiling untrusted v0.9.0
[INFO] [stderr]    Compiling percent-encoding v2.3.2
[INFO] [stderr]    Compiling serde v1.0.228
[INFO] [stderr]    Compiling rustls v0.23.45
[INFO] [stderr]    Compiling hashbrown v0.17.0
[INFO] [stderr]    Compiling equivalent v1.0.2
[INFO] [stderr]    Compiling atomic-waker v1.1.2
[INFO] [stderr]    Compiling fnv v1.0.7
[INFO] [stderr]    Compiling tower-service v0.3.3
[INFO] [stderr]    Compiling try-lock v0.2.5
[INFO] [stderr]    Compiling futures-channel v0.3.32
[INFO] [stderr]    Compiling zmij v1.0.21
[INFO] [stderr]    Compiling want v0.3.1
[INFO] [stderr]    Compiling autocfg v1.5.0
[INFO] [stderr]    Compiling form_urlencoded v1.2.2
[INFO] [stderr]    Compiling sync_wrapper v1.0.2
[INFO] [stderr]    Compiling rand_core v0.10.1
[INFO] [stderr]    Compiling indexmap v2.14.0
[INFO] [stderr]    Compiling parking_lot_core v0.9.12
[INFO] [stderr]    Compiling tower-layer v0.3.3
[INFO] [stderr]    Compiling base64 v0.22.1
[INFO] [stderr]    Compiling memchr v2.8.0
[INFO] [stderr]    Compiling serde_json v1.0.149
[INFO] [stderr]    Compiling thiserror v2.0.18
[INFO] [stderr]    Compiling http v1.4.0
[INFO] [stderr]    Compiling ipnet v2.12.0
[INFO] [stderr]    Compiling getrandom v0.4.2
[INFO] [stderr]    Compiling openssl-probe v0.2.1
[INFO] [stderr]    Compiling num-traits v0.2.19
[INFO] [stderr]    Compiling cpufeatures v0.3.0
[INFO] [stderr]    Compiling bitflags v2.11.1
[INFO] [stderr]    Compiling iri-string v0.7.12
[INFO] [stderr]    Compiling scopeguard v1.2.0
[INFO] [stderr]    Compiling log v0.4.29
[INFO] [stderr]    Compiling syn v2.0.117
[INFO] [stderr]    Compiling lock_api v0.4.14
[INFO] [stderr]    Compiling chacha20 v0.10.1
[INFO] [stderr]    Compiling ryu v1.0.23
[INFO] [stderr]    Compiling iana-time-zone v0.1.65
[INFO] [stderr]    Compiling spin v0.10.1
[INFO] [stderr]    Compiling either v1.15.0
[INFO] [stderr]    Compiling http-body v1.0.1
[INFO] [stderr]    Compiling cpufeatures v0.2.17
[INFO] [stderr]    Compiling constant_time_eq v0.4.2
[INFO] [stderr]    Compiling arrayref v0.3.9
[INFO] [stderr]    Compiling jobserver v0.1.34
[INFO] [stderr]    Compiling socket2 v0.6.3
[INFO] [stderr]    Compiling mio v1.2.0
[INFO] [stderr]    Compiling http-body-util v0.1.3
[INFO] [stderr]    Compiling humantime v2.3.0
[INFO] [stderr]    Compiling hex v0.4.3
[INFO] [stderr]    Compiling itertools v0.15.0
[INFO] [stderr]    Compiling parking_lot v0.12.5
[INFO] [stderr]    Compiling rand v0.10.1
[INFO] [stderr]    Compiling cc v1.2.60
[INFO] [stderr]    Compiling arrayvec v0.7.6
[INFO] [stderr]    Compiling hybrid-array v0.4.13
[INFO] [stderr]    Compiling block-buffer v0.10.4
[INFO] [stderr]    Compiling crypto-common v0.1.7
[INFO] [stderr]    Compiling digest v0.10.7
[INFO] [stderr]    Compiling block-buffer v0.12.1
[INFO] [stderr]    Compiling crypto-common v0.2.2
[INFO] [stderr]    Compiling cmake v0.1.58
[INFO] [stderr]    Compiling hmac v0.12.1
[INFO] [stderr]    Compiling sha2 v0.10.9
[INFO] [stderr]    Compiling crc-fast v1.10.0
[INFO] [stderr]    Compiling blake3 v1.8.4
[INFO] [stderr]    Compiling aws-lc-sys v0.45.0
[INFO] [stderr]    Compiling digest v0.11.3
[INFO] [stderr]    Compiling md-5 v0.11.0
[INFO] [stderr]    Compiling synstructure v0.13.2
[INFO] [stderr]    Compiling zerofrom-derive v0.1.7
[INFO] [stderr]    Compiling yoke-derive v0.8.2
[INFO] [stderr]    Compiling zerovec-derive v0.11.3
[INFO] [stderr]    Compiling displaydoc v0.2.5
[INFO] [stderr]    Compiling zeroize_derive v1.4.3
[INFO] [stderr]    Compiling tokio-macros v2.7.0
[INFO] [stderr]    Compiling tracing-attributes v0.1.31
[INFO] [stderr]    Compiling futures-macro v0.3.32
[INFO] [stderr]    Compiling serde_derive v1.0.228
[INFO] [stderr]    Compiling thiserror-impl v2.0.18
[INFO] [stderr]    Compiling async-trait v0.1.89
[INFO] [stderr]    Compiling zeroize v1.8.2
[INFO] [stderr]    Compiling rustls-pki-types v1.14.0
[INFO] [stderr]    Compiling futures-util v0.3.32
[INFO] [stderr]    Compiling tokio v1.52.1
[INFO] [stderr]    Compiling rustls-native-certs v0.8.3
[INFO] [stderr]    Compiling zerofrom v0.1.7
[INFO] [stderr]    Compiling yoke v0.8.2
[INFO] [stderr]    Compiling tracing v0.1.44
[INFO] [stderr]    Compiling zerotrie v0.2.4
[INFO] [stderr]    Compiling zerovec v0.11.6
[INFO] [stderr]    Compiling tinystr v0.8.3
[INFO] [stderr]    Compiling potential_utf v0.1.5
[INFO] [stderr]    Compiling icu_collections v2.2.0
[INFO] [stderr]    Compiling icu_locale_core v2.2.0
[INFO] [stderr]    Compiling icu_provider v2.2.0
[INFO] [stderr]    Compiling icu_normalizer v2.2.0
[INFO] [stderr]    Compiling icu_properties v2.2.0
[INFO] [stderr]    Compiling serde_urlencoded v0.7.1
[INFO] [stderr]    Compiling quick-xml v0.40.1
[INFO] [stderr]    Compiling chrono v0.4.44
[INFO] [stderr]    Compiling shardline-protocol v1.11.2
[INFO] [stderr]    Compiling idna_adapter v1.2.1
[INFO] [stderr]    Compiling idna v1.1.0
[INFO] [stderr]    Compiling url v2.5.8
[INFO] [stderr]    Compiling tokio-util v0.7.18
[INFO] [stderr]    Compiling tower v0.5.3
[INFO] [stderr]    Compiling tower-http v0.6.8
[INFO] [stderr]    Compiling h2 v0.4.16
[INFO] [stderr]    Compiling hyper v1.9.0
[INFO] [stderr]    Compiling rustls-webpki v0.103.15
[INFO] [stderr]    Compiling hyper-util v0.1.20
[INFO] [stderr]    Compiling tokio-rustls v0.26.4
[INFO] [stderr]    Compiling rustls-platform-verifier v0.6.2
[INFO] [stderr]    Compiling hyper-rustls v0.27.9
[INFO] [stderr]    Compiling reqwest v0.13.2
[INFO] [stderr]    Compiling object_store v0.14.0
[INFO] [stderr]    Compiling shardline-storage v1.11.2 (/opt/rustwide/workdir)
[INFO] [stderr]     Finished `dev` profile [unoptimized + debuginfo] target(s) in 1m 17s
[INFO] running `Command { std: "docker" "inspect" "7a13f33b3b0e5693278d0d33010197206929d1050932d16640120147f7aff0ce", kill_on_drop: false }`
[INFO] running `Command { std: "docker" "exec" "-e" "SOURCE_DIR=/opt/rustwide/workdir" "-e" "CARGO_HOME=/opt/rustwide/cargo-home" "-e" "RUSTUP_HOME=/opt/rustwide/rustup-home" "-e" "CARGO_TARGET_DIR=/opt/rustwide/target" "-e" "CARGO_INCREMENTAL=0" "-e" "RUST_BACKTRACE=full" "-e" "RUSTFLAGS=--cap-lints=warn" "-e" "RUSTDOCFLAGS=--cap-lints=warn" "-w" "/opt/rustwide/workdir" "--user" "0:0" "7a13f33b3b0e5693278d0d33010197206929d1050932d16640120147f7aff0ce" "/opt/rustwide/cargo-home/bin/cargo" "+1.99.0-beta.8" "test" "--frozen" "--no-run" "--message-format=json", kill_on_drop: false }`
[INFO] [stderr]    Compiling bitflags v2.11.1
[INFO] [stderr]    Compiling getrandom v0.3.4
[INFO] [stderr]    Compiling num-traits v0.2.19
[INFO] [stderr]    Compiling rustix v1.1.4
[INFO] [stderr]    Compiling zerocopy v0.8.48
[INFO] [stderr]    Compiling linux-raw-sys v0.12.1
[INFO] [stderr]    Compiling fastrand v2.4.1
[INFO] [stderr]    Compiling wait-timeout v0.2.1
[INFO] [stderr]    Compiling bit-vec v0.8.0
[INFO] [stderr]    Compiling quick-error v1.2.3
[INFO] [stderr]    Compiling regex-syntax v0.8.10
[INFO] [stderr]    Compiling unarray v0.1.4
[INFO] [stderr]    Compiling tower-http v0.6.8
[INFO] [stderr]    Compiling bit-set v0.8.0
[INFO] [stderr]    Compiling rand_core v0.9.5
[INFO] [stderr]    Compiling reqwest v0.13.2
[INFO] [stderr]    Compiling rand v0.9.4
[INFO] [stderr]    Compiling rand_xorshift v0.4.0
[INFO] [stderr]    Compiling chrono v0.4.44
[INFO] [stderr]    Compiling tempfile v3.27.0
[INFO] [stderr]    Compiling rusty-fork v0.3.1
[INFO] [stderr]    Compiling shardline-test-support v1.11.2
[INFO] [stderr]    Compiling object_store v0.14.0
[INFO] [stderr]    Compiling ppv-lite86 v0.2.21
[INFO] [stderr]    Compiling rand_chacha v0.9.0
[INFO] [stderr]    Compiling proptest v1.11.0
[INFO] [stderr]    Compiling shardline-storage v1.11.2 (/opt/rustwide/workdir)
[INFO] [stderr]     Finished `test` profile [unoptimized + debuginfo] target(s) in 31.17s
[INFO] running `Command { std: "docker" "inspect" "7a13f33b3b0e5693278d0d33010197206929d1050932d16640120147f7aff0ce", kill_on_drop: false }`
[INFO] running `Command { std: "docker" "exec" "-e" "SOURCE_DIR=/opt/rustwide/workdir" "-e" "CARGO_HOME=/opt/rustwide/cargo-home" "-e" "RUSTUP_HOME=/opt/rustwide/rustup-home" "-e" "CARGO_TARGET_DIR=/opt/rustwide/target" "-e" "CARGO_INCREMENTAL=0" "-e" "RUST_BACKTRACE=full" "-e" "RUSTFLAGS=--cap-lints=warn" "-e" "RUSTDOCFLAGS=--cap-lints=warn" "-w" "/opt/rustwide/workdir" "--user" "0:0" "7a13f33b3b0e5693278d0d33010197206929d1050932d16640120147f7aff0ce" "/opt/rustwide/cargo-home/bin/cargo" "+1.99.0-beta.8" "test" "--frozen", kill_on_drop: false }`
[INFO] [stderr]     Finished `test` profile [unoptimized + debuginfo] target(s) in 0.31s
[INFO] [stderr]      Running unittests src/lib.rs (/opt/rustwide/target/debug/deps/shardline_storage-98e83440e1ab9173)
[INFO] [stdout] 
[INFO] [stdout] running 447 tests
[INFO] [stdout] test anchored_fs::tests::create_directory_with_mode ... ok
[INFO] [stdout] test anchored_fs::tests::create_directory_all_with_mode ... ok
[INFO] [stdout] test anchored_fs::tests::anchored_path_options_with_modes ... ok
[INFO] [stdout] test anchored_fs::tests::create_directory_all_idempotent ... ok
[INFO] [stdout] test anchored_fs::tests::anchored_target_final_path ... ok
[INFO] [stdout] test anchored_fs::tests::anchored_target_accessors ... ok
[INFO] [stdout] test anchored_fs::tests::create_directory_all_nested ... ok
[INFO] [stdout] test anchored_fs::tests::anchored_path_options_none ... ok
[INFO] [stdout] test anchored_fs::tests::ensure_parent_path_matches_anchor_ok ... ok
[INFO] [stdout] test anchored_fs::tests::create_directory_ok ... ok
[INFO] [stdout] test anchored_fs::tests::create_directory_already_exists ... ok
[INFO] [stdout] test anchored_fs::tests::ensure_parent_path_matches_anchor_parent_is_symlink ... ok
[INFO] [stdout] test anchored_fs::tests::anchored_target_logical_path ... ok
[INFO] [stdout] test anchored_fs::tests::ensure_parent_path_matches_anchor_renamed ... ok
[INFO] [stdout] test anchored_fs::tests::fd_child_path_beneath_parent ... ok
[INFO] [stdout] test anchored_fs::tests::ensure_parent_path_matches_anchor_symlink_replaced ... ok
[INFO] [stdout] test anchored_fs::tests::open_anchored_target_creates_missing_root ... ok
[INFO] [stdout] test anchored_fs::tests::open_anchored_target_no_parent_returns_invalid_path_error ... ok
[INFO] [stdout] test anchored_fs::tests::open_anchored_target_root_open_error ... ok
[INFO] [stdout] test anchored_fs::tests::open_anchored_target_with_mode_creates_directories ... ok
[INFO] [stdout] test anchored_fs::tests::open_directory_chain_existing ... ok
[INFO] [stdout] test anchored_fs::tests::open_directory_chain_no_create_missing ... ok
[INFO] [stdout] test anchored_fs::tests::open_directory_chain_rejects_symlink_in_path ... ok
[INFO] [stdout] test anchored_fs::tests::open_directory_chain_absolute_path ... ok
[INFO] [stdout] test anchored_fs::tests::open_anchored_target_traversal_in_relative_parent_segment ... ok
[INFO] [stdout] test anchored_fs::tests::open_new_file_already_exists ... ok
[INFO] [stdout] test anchored_fs::tests::open_directory_chain_rejects_prefix_component ... ok
[INFO] [stdout] test anchored_fs::tests::open_directory_chain_rejects_prefix_via_invalid_path ... ok
[INFO] [stdout] test anchored_fs::tests::open_anchored_target_traversal_rejected ... ok
[INFO] [stdout] test anchored_fs::tests::open_directory_chain_relative_path ... ok
[INFO] [stdout] test anchored_fs::tests::open_directory_chain_with_file_mode ... ok
[INFO] [stdout] test anchored_fs::tests::open_directory_chain_create_missing ... ok
[INFO] [stdout] test anchored_fs::tests::open_directory_existing ... ok
[INFO] [stdout] test anchored_fs::tests::open_directory_nonexistent ... ok
[INFO] [stdout] test anchored_fs::tests::open_directory_not_a_directory ... ok
[INFO] [stdout] test anchored_fs::tests::open_directory_chain_with_parent_dir_component ... ok
[INFO] [stdout] test anchored_fs::tests::open_anchored_target_nested_path ... ok
[INFO] [stdout] test anchored_fs::tests::open_directory_symlink_rejected ... ok
[INFO] [stdout] test anchored_fs::tests::open_or_create_child_directory_create_already_exists ... ok
[INFO] [stdout] test anchored_fs::tests::open_or_create_child_create_missing ... ok
[INFO] [stdout] test anchored_fs::tests::remove_if_present_io_error ... ok
[INFO] [stdout] test anchored_fs::tests::remove_at_null_byte_in_name ... ok
[INFO] [stdout] test anchored_fs::tests::open_or_create_child_existing ... ok
[INFO] [stdout] test anchored_fs::tests::open_new_file_creates ... ok
[INFO] [stdout] test anchored_fs::tests::remove_at_existing ... ok
[INFO] [stdout] test anchored_fs::tests::open_new_file_via_symlink_rejected ... ok
[INFO] [stdout] test anchored_fs::tests::open_or_create_child_no_create_missing ... ok
[INFO] [stdout] test anchored_fs::tests::open_new_file_with_file_mode ... ok
[INFO] [stdout] test anchored_fs::tests::remove_if_present_absent ... ok
[INFO] [stdout] test anchored_fs::tests::remove_at_nonexistent ... ok
[INFO] [stdout] test anchored_fs::tests::rename_at_null_byte_in_name ... ok
[INFO] [stdout] test anchored_fs::tests::temporary_file_name_has_tmp_suffix ... ok
[INFO] [stdout] test anchored_fs::tests::rename_at_nonexistent_source ... ok
[INFO] [stdout] test anchored_fs::tests::rename_at_ok ... ok
[INFO] [stdout] test anchored_fs::tests::temporary_file_name_unique ... ok
[INFO] [stdout] test async_store::tests::bridge_inner_returns_correct_store ... ok
[INFO] [stdout] test anchored_fs::tests::write_anchored_temporary_file_race_loop ... ok
[INFO] [stdout] test anchored_fs::tests::write_anchored_temporary_file_with_file_mode ... ok
[INFO] [stdout] test anchored_fs::tests::write_anchored_temporary_file_basic ... ok
[INFO] [stdout] test key::tests::object_key_accepts_single_segment ... ok
[INFO] [stdout] test key::tests::object_key_error_debug_format ... ok
[INFO] [stdout] test key::tests::object_key_error_display_control_character ... ok
[INFO] [stdout] test key::tests::object_key_error_display_empty ... ok
[INFO] [stdout] test key::tests::object_key_error_display_too_long ... ok
[INFO] [stdout] test key::tests::object_key_error_display_unsafe_path ... ok
[INFO] [stdout] test async_store::tests::bridge_put_if_absent_inserts_new_object ... ok
[INFO] [stdout] test async_store::tests::bridge_contains_returns_false_for_missing ... ok
[INFO] [stdout] test async_store::tests::bridge_read_range_returns_data ... ok
[INFO] [stdout] test async_store::tests::bridge_list_prefix_returns_filtered_keys ... ok
[INFO] [stdout] test anchored_fs::tests::open_or_create_child_directory_create_error ... ok
[INFO] [stdout] test anchored_fs::tests::open_or_create_child_race_condition_already_exists ... ok
[INFO] [stdout] test key::tests::object_key_accepts_relative_content_paths ... ok
[INFO] [stdout] test anchored_fs::tests::remove_if_present_existing ... ok
[INFO] [stdout] test anchored_fs::tests::open_anchored_target_path_outside_root ... ok
[INFO] [stdout] test async_store::tests::bridge_delete_if_present_returns_not_found_for_missing ... ok
[INFO] [stdout] test key::tests::object_key_rejects_backslashes ... ok
[INFO] [stdout] test key::tests::object_key_rejects_absolute_paths ... ok
[INFO] [stdout] test key::tests::object_key_rejects_control_characters ... ok
[INFO] [stdout] test key::tests::object_key_rejects_dot_segments ... ok
[INFO] [stdout] test async_store::tests::bridge_read_range_missing_returns_error ... ok
[INFO] [stdout] test key::tests::object_key_rejects_oversized_values ... ok
[INFO] [stdout] test key::tests::object_key_rejects_empty_input ... ok
[INFO] [stdout] test key::tests::object_prefix_accepts_relative_content_prefix ... ok
[INFO] [stdout] test key::tests::object_key_rejects_path_traversal ... ok
[INFO] [stdout] test key::tests::object_key_rejects_trailing_separator ... ok
[INFO] [stdout] test key::tests::object_key_rejects_empty_segments ... ok
[INFO] [stdout] test key::tests::object_prefix_accepts_empty_prefix ... ok
[INFO] [stdout] test key::tests::object_prefix_error_display_unsafe_path ... ok
[INFO] [stdout] test key::tests::object_prefix_rejects_absolute_paths ... ok
[INFO] [stdout] test key::tests::object_prefix_error_display_too_long ... ok
[INFO] [stdout] test key::tests::object_prefix_rejects_backslashes ... ok
[INFO] [stdout] test key::tests::object_key_rejects_only_slash ... ok
[INFO] [stdout] test key::tests::object_prefix_rejects_control_characters ... ok
[INFO] [stdout] test key::tests::object_prefix_rejects_only_slash ... ok
[INFO] [stdout] test key::tests::object_prefix_rejects_oversized_values ... ok
[INFO] [stdout] test key::tests::object_prefix_rejects_path_traversal ... ok
[INFO] [stdout] test key::tests::object_key_parse_never_accepts_traversal ... ok
[INFO] [stdout] test key::tests::object_prefix_accepts_trailing_slash_as_empty_segments_allowed ... ok
[INFO] [stdout] test key::tests::object_prefix_error_debug_format ... ok
[INFO] [stdout] test key::tests::object_prefix_error_display_control_character ... ok
[INFO] [stdout] test key::tests::object_prefix_rejects_dot_segments ... ok
[INFO] [stdout] test key::tests::object_prefix_rejects_empty_segments ... ok
[INFO] [stdout] test async_store::tests::bridge_metadata_returns_length ... ok
[INFO] [stdout] test local::tests::local_chunk_hash_consistent ... ok
[INFO] [stdout] test local::tests::local_chunk_hash_differs_for_different_inputs ... ok
[INFO] [stdout] test local::store::async_tests::async_local_contains_returns_true ... ok
[INFO] [stdout] test local::store::async_tests::async_local_put_if_absent_stores_object ... ok
[INFO] [stdout] test local::tests::local_ensure_file_matches_bytes_different_content_rejected ... ok
[INFO] [stdout] test async_store::tests::bridge_put_if_absent_idempotent ... ok
[INFO] [stdout] test async_store::tests::bridge_delete_if_present_removes_object ... ok
[INFO] [stdout] test local::tests::local_ensure_file_matches_bytes_longer_file_than_expected_rejected ... ok
[INFO] [stdout] test local::store::async_tests::async_local_delete_if_present_removes ... ok
[INFO] [stdout] test local::tests::local_ensure_files_match_different_sizes_rejected ... ok
[INFO] [stdout] test local::tests::local_ensure_file_matches_bytes_same_content_ok ... ok
[INFO] [stdout] test local::tests::local_ensure_files_match_identical ... ok
[INFO] [stdout] test local::tests::local_ensure_files_match_different_content_same_size_rejected ... ok
[INFO] [stdout] test local::tests::local_error_display_integrity_hash_mismatch ... ok
[INFO] [stdout] test local::tests::local_error_display_integrity_length_mismatch ... ok
[INFO] [stdout] test local::tests::local_error_display_invalid_object_path ... ok
[INFO] [stdout] test local::tests::local_error_display_invalid_start_after ... ok
[INFO] [stdout] test local::tests::local_error_display_invalid_stored_key ... ok
[INFO] [stdout] test local::tests::local_error_display_io ... ok
[INFO] [stdout] test local::tests::local_error_display_range_out_of_bounds ... ok
[INFO] [stdout] test async_store::tests::bridge_contains_returns_true_for_stored_object ... ok
[INFO] [stdout] test local::tests::local_error_source_io ... ok
[INFO] [stdout] test local::tests::local_existing_object_outcome_with_temporary_bytes_matches ... ok
[INFO] [stdout] test local::tests::local_error_display_existing_object_conflict ... ok
[INFO] [stdout] test key::tests::object_key_parse_accepts_valid_relative_path ... ok
[INFO] [stdout] test local::tests::local_error_source_other_variants_return_none ... ok
[INFO] [stdout] test local::tests::local_existing_object_outcome_without_temporary_bytes_mismatch ... ok
[INFO] [stdout] test local::tests::local_list_flat_namespace_rejects_start_after_outside_prefix ... ok
[INFO] [stdout] test local::tests::local_list_prefix_nonexistent_root_returns_empty ... ok
[INFO] [stdout] test local::store::async_tests::async_local_put_if_absent_idempotent ... ok
[INFO] [stdout] test local::tests::local_existing_object_outcome_with_temporary_bytes_mismatch ... ok
[INFO] [stdout] test local::tests::local_map_directory_path_error_io_variant ... ok
[INFO] [stdout] test local::tests::local_map_directory_path_error_non_dir_variant ... ok
[INFO] [stdout] test local::tests::local_existing_object_outcome_without_temporary_bytes_matches ... ok
[INFO] [stdout] test local::tests::local_map_directory_path_error_unsupported_prefix_variant ... ok
[INFO] [stdout] test local::tests::local_list_flat_namespace_skips_subdirectories ... ok
[INFO] [stdout] test local::tests::local_metadata_returns_none_for_missing ... ok
[INFO] [stdout] test local::tests::local_object_file_metadata_missing_returns_none ... ok
[INFO] [stdout] test local::tests::local_object_file_metadata_regular_file_returns_metadata ... ok
[INFO] [stdout] test local::tests::local_map_directory_path_error_symlink_variant ... ok
[INFO] [stdout] test local::tests::local_object_store_copy_returns_not_found_for_missing_source ... ok
[INFO] [stdout] test local::tests::local_list_prefix_skips_non_file_entries ... ok
[INFO] [stdout] test local::tests::local_list_prefix_skips_non_file_entries_via_fifo ... ok
[INFO] [stdout] test local::tests::local_object_store_installs_temporary_file_without_buffering ... ok
[INFO] [stdout] test local::tests::local_object_store_copy_source_equals_destination_returns_already_exists ... ok
[INFO] [stdout] test local::tests::local_object_store_copies_existing_object ... ok
[INFO] [stdout] test local::store::async_tests::async_local_read_range_returns_data ... ok
[INFO] [stdout] test local::store::async_tests::async_local_metadata_returns_length ... ok
[INFO] [stdout] test local::tests::local_object_store_list_flat_namespace_empty_prefix_returns_empty ... ok
[INFO] [stdout] test local::tests::local_object_store_copy_source_equals_destination_reports_not_found_when_missing ... ok
[INFO] [stdout] test local::tests::local_object_store_list_prefix_rejects_symlinked_root_ancestor ... ok
[INFO] [stdout] test local::tests::local_object_store_maps_validated_key_under_root ... ok
[INFO] [stdout] test local::tests::local_object_store_new_rejects_symlinked_root_ancestor ... ok
[INFO] [stdout] test local::tests::local_object_store_open_is_non_mutating_until_write ... ok
[INFO] [stdout] test local::tests::local_object_store_open_root_accessor ... ok
[INFO] [stdout] test local::tests::local_object_store_path_for_key_deeply_nested ... ok
[INFO] [stdout] test local::tests::local_object_store_path_for_key_with_dashes_and_underscores ... ok
[INFO] [stdout] test local::tests::local_object_store_open_object_file_reads_content ... ok
[INFO] [stdout] test local::tests::local_object_store_path_for_key_single_component ... ok
[INFO] [stdout] test local::tests::local_object_store_put_if_absent_fails_when_root_is_file_not_directory ... ok
[INFO] [stdout] test local::tests::local_object_store_list_flat_namespace_page_returns_requested_page ... ok
[INFO] [stdout] test local::tests::local_object_store_put_if_absent_with_symlink_target_returns_error ... ok
[INFO] [stdout] test local::tests::local_object_store_rejects_corrupted_existing_object_under_same_key ... ok
[INFO] [stdout] test local::tests::local_object_store_put_overwrite_rejects_parent_swap_race ... ok
[INFO] [stdout] test local::tests::local_object_store_list_flat_namespace_rejects_start_after_outside_prefix ... ok
[INFO] [stdout] test local::tests::local_object_store_rejects_symlinked_parent_directory_deletes ... ok
[INFO] [stdout] test local::tests::local_object_store_rejects_symlinked_object_path ... ok
[INFO] [stdout] test local::tests::local_object_store_put_overwrite_replaces_existing_content ... ok
[INFO] [stdout] test local::tests::local_object_store_rejects_symlinked_parent_directory_writes ... ok
[INFO] [stdout] test local::tests::local_object_store_rejects_parent_swap_race ... ok
[INFO] [stdout] test local::tests::local_object_store_rejects_integrity_mismatch_and_out_of_bounds_range ... ok
[INFO] [stdout] test local::tests::local_object_store_root_accessor ... ok
[INFO] [stdout] test local::tests::local_ensure_file_matches_bytes_large_content ... ok
[INFO] [stdout] test key::tests::object_key_parse_rejects_control_characters ... ok
[INFO] [stdout] test local::store::async_tests::async_local_list_prefix_returns_filtered ... ok
[INFO] [stdout] test local::tests::local_object_store_temporary_file_wrong_length_rejected ... ok
[INFO] [stdout] test local::tests::local_read_dir_if_exists_missing_returns_none ... ok
[INFO] [stdout] test local::tests::local_object_store_rejects_symlinked_parent_directory_reads ... ok
[INFO] [stdout] test local::tests::local_object_store_temporary_file_duplicate_is_idempotent ... ok
[INFO] [stdout] test local::tests::local_object_store_temporary_file_link_error_retains_temp ... ok
[INFO] [stdout] test local::tests::local_object_store_temporary_file_rejects_conflicting_existing_object ... ok
[INFO] [stdout] test local::tests::local_copy_object_if_absent_hard_link_error ... FAILED
[INFO] [stdout] test local::tests::local_ensure_files_match_large_content ... ok
[INFO] [stdout] test local::tests::local_object_store_open_missing_file_returns_error ... ok
[INFO] [stdout] test local::tests::local_object_store_temporary_file_wrong_hash_rejected ... ok
[INFO] [stdout] test local::tests::local_delete_if_present_parent_without_write_permission_errors ... FAILED
[INFO] [stdout] test local::tests::local_read_dir_if_exists_restricted_directory_returns_error ... FAILED
[INFO] [stdout] test local::tests::local_remove_temporary_file_existing_succeeds ... ok
[INFO] [stdout] test local::tests::local_store_error_display_existing_object_conflict ... ok
[INFO] [stdout] test local::tests::local_read_dir_if_exists_on_file_returns_error ... ok
[INFO] [stdout] test local::tests::local_store_error_display_invalid_stored_key ... ok
[INFO] [stdout] test local::tests::local_remove_temporary_file_nonexistent_does_not_error ... ok
[INFO] [stdout] test local::tests::local_store_error_display_integrity_hash_mismatch ... ok
[INFO] [stdout] test local::tests::local_store_error_display_io ... ok
[INFO] [stdout] test local::tests::local_store_error_display_range_out_of_bounds ... ok
[INFO] [stdout] test local::tests::local_store_error_display_integrity_length_mismatch ... ok
[INFO] [stdout] test local::tests::local_store_error_display_invalid_start_after ... ok
[INFO] [stdout] test local::tests::local_verify_integrity_rejects_length_mismatch ... ok
[INFO] [stdout] test local::tests::local_verify_file_integrity_rejects_missing_file ... ok
[INFO] [stdout] test local::tests::local_verify_integrity_rejects_hash_mismatch ... ok
[INFO] [stdout] test local::tests::local_verify_file_integrity_accepts_correct_file ... ok
[INFO] [stdout] test local::tests::local_verify_integrity_accepts_matching ... ok
[INFO] [stdout] test local::tests::local_verify_open_file_integrity_accepts_correct ... ok
[INFO] [stdout] test local::tests::local_put_temporary_file_if_absent_read_only_parent ... FAILED
[INFO] [stdout] test local::tests::local_put_if_absent_handles_already_exists_from_local_fs ... ok
[INFO] [stdout] test local::tests::local_read_range_overflow_len_returns_out_of_bounds ... ok
[INFO] [stdout] test local::tests::local_read_range_eof_triggers_out_of_bounds ... ok
[INFO] [stdout] test local::tests::local_read_range_beyond_file_returns_out_of_bounds ... ok
[INFO] [stdout] test local::tests::remove_empty_ancestors_does_not_remove_root ... ok
[INFO] [stdout] test local::tests::local_object_store_roundtrips_metadata_ranges_inventory_and_delete ... ok
[INFO] [stdout] test local_fs::tests::ensure_file_matches_bytes_empty_expected_with_content_fails ... ok
[INFO] [stdout] test local::tests::local_verify_open_file_integrity_rejects_wrong_hash ... ok
[INFO] [stdout] test local_fs::tests::ensure_file_matches_bytes_empty_file_with_empty_expected_ok ... ok
[INFO] [stdout] test local_fs::tests::ensure_file_matches_bytes_empty_file_with_nonempty_expected_fails ... ok
[INFO] [stdout] test local_fs::tests::ensure_file_matches_bytes_err_for_length_mismatch ... ok
[INFO] [stdout] test local_fs::tests::ensure_file_matches_bytes_err_for_mismatch ... ok
[INFO] [stdout] test local_fs::tests::ensure_file_matches_bytes_errors_on_io_failure ... ok
[INFO] [stdout] test local::tests::remove_empty_ancestors_cleans_up_empty_dirs ... ok
[INFO] [stdout] test local_fs::tests::ensure_file_matches_bytes_ok_for_identical ... ok
[INFO] [stdout] test local::tests::storage_integrity_download_side_hash_verification ... ok
[INFO] [stdout] test local_fs::tests::hard_link_file_if_absent_anchor_check_fails_after_link ... ok
[INFO] [stdout] test local::tests::local_visit_prefix_skips_non_file_entries ... ok
[INFO] [stdout] test local::tests::storage_integrity_put_overwrite_rejects_wrong_hash_and_length ... ok
[INFO] [stdout] test local_fs::tests::hard_link_file_if_absent_links_and_errors_on_duplicate ... ok
[INFO] [stdout] test local_fs::tests::open_existing_regular_file_rejects_nonexistent ... ok
[INFO] [stdout] test local_fs::tests::invalid_local_path_error_returns_invalid_data ... ok
[INFO] [stdout] test key::tests::object_key_parse_never_accepts_backslash ... ok
[INFO] [stdout] test local::tests::storage_integrity_put_if_absent_rejects_conflicting_bytes_and_wrong_hash ... ok
[INFO] [stdout] test local_fs::tests::hard_link_file_if_absent_detects_parent_swap_via_hook ... ok
[INFO] [stdout] test local::tests::local_store_error_display_invalid_object_path ... ok
[INFO] [stdout] test local_fs::tests::put_bytes_if_absent_concurrent_different_bytes_mismatch ... ok
[INFO] [stdout] test local::tests::local_remove_empty_ancestors_with_concurrent_delete ... ok
[INFO] [stdout] test local_fs::tests::open_existing_regular_file_rejects_directory ... ok
[INFO] [stdout] test local::tests::storage_integrity_cross_key_independence ... ok
[INFO] [stdout] test local_fs::tests::put_bytes_if_absent_concurrent_race_handles_already_exists ... ok
[INFO] [stdout] test local_fs::tests::put_bytes_if_absent_directory_target_fails ... ok
[INFO] [stdout] test local_fs::tests::write_bytes_atomically_detects_parent_swap ... ok
[INFO] [stdout] test local_fs::tests::put_bytes_if_absent_creates_private_file_and_directory_modes ... ok
[INFO] [stdout] test local_fs::tests::write_bytes_atomically_empty_bytes ... ok
[INFO] [stdout] test local_fs::tests::put_bytes_if_absent_inserts_and_idempotent ... ok
[INFO] [stdout] test local_fs::tests::write_bytes_atomically_rename_error_cleans_up ... ok
[INFO] [stdout] test local_fs::tests::put_bytes_if_absent_creates_parent_directories ... ok
[INFO] [stdout] test local_path::tests::allows_current_dir_after_normal_component ... ok
[INFO] [stdout] test local_path::tests::rejects_empty_path_when_trailing_separator_not_allowed ... ok
[INFO] [stdout] test local_path::tests::allows_parent_dir_referencing_existing_directory ... ok
[INFO] [stdout] test local_path::tests::allows_missing_components ... ok
[INFO] [stdout] test local_path::tests::rejects_non_directory_ancestor_component ... ok
[INFO] [stdout] test local_path::tests::rejects_unsupported_prefix_component ... ok
[INFO] [stdout] test local_path::tests::resolve_platform_symlinks_normal_path_returns_itself ... ok
[INFO] [stdout] test local_path::tests::resolve_platform_symlinks_relative_path_returns_itself ... ok
[INFO] [stdout] test local_path::tests::resolve_platform_symlinks_root_path_returns_itself ... ok
[INFO] [stdout] test local_path::tests::rejects_symlinked_parent_directory_traversal ... ok
[INFO] [stdout] test local_path::tests::resolve_platform_symlinks_var_path ... ok
[INFO] [stdout] test local_path::tests::resolve_platform_symlinks_empty_returns_empty ... ok
[INFO] [stdout] test local_path::tests::directory_path_error_debug_format ... ok
[INFO] [stdout] test local_fs::tests::set_before_local_write_hook_is_called_on_write ... ok
[INFO] [stdout] test local_path::tests::validate_existing_directory_io_error_path ... ok
[INFO] [stdout] test object::tests::object_body_borrows_input_bytes ... ok
[INFO] [stdout] test object::tests::object_body_from_vec_creates_shared_bytes ... ok
[INFO] [stdout] test object::tests::delete_outcome_distinguishes_deleted_and_missing ... ok
[INFO] [stdout] test object::tests::object_body_borrowed_empty ... ok
[INFO] [stdout] test object::tests::object_body_from_slice_into_bytes_copies ... ok
[INFO] [stdout] test object::tests::object_body_from_vec_empty ... ok
[INFO] [stdout] test object::tests::object_body_shared_from_slice ... ok
[INFO] [stdout] test object::tests::object_integrity_zero_length ... ok
[INFO] [stdout] test object::tests::object_body_shared_into_bytes_returns_same ... ok
[INFO] [stdout] test object::tests::object_integrity_keeps_hash_and_length ... ok
[INFO] [stdout] test object::tests::object_metadata_debug_format ... ok
[INFO] [stdout] test object::tests::object_metadata_keeps_key_length_and_checksum ... ok
[INFO] [stdout] test local_fs::tests::put_bytes_if_absent_rejects_different_bytes ... ok
[INFO] [stdout] test s3::tests::chunk_hash_handles_empty_input ... ok
[INFO] [stdout] test local_path::tests::rejects_symlinked_ancestor_component ... ok
[INFO] [stdout] test object::tests::object_body_keeps_shared_bytes_without_copy ... ok
[INFO] [stdout] test object::tests::object_metadata_with_modified_sets_backend_observed_mtime ... ok
[INFO] [stdout] test object::tests::object_metadata_with_none_checksum ... ok
[INFO] [stdout] test s3::tests::chunk_hash_differs_for_different_inputs ... ok
[INFO] [stdout] test s3::tests::chunk_hash_produces_consistent_result ... ok
[INFO] [stdout] test s3::tests::is_temp_upload_key_does_not_shadow_user_keys ... ok
[INFO] [stdout] test s3::tests::is_temp_upload_key_matches_generated_stream_upload_temp_prefix ... ok
[INFO] [stdout] test s3::tests::is_temp_upload_key_rejects_multiple_tmp_as_middle_segment ... ok
[INFO] [stdout] test s3::tests::is_temp_upload_key_rejects_no_digits_after_tmp ... ok
[INFO] [stdout] test s3::tests::is_temp_upload_key_rejects_non_temp ... ok
[INFO] [stdout] test s3::tests::is_temp_upload_key_rejects_overwrite_prefix_with_wrong_shape ... ok
[INFO] [stdout] test s3::tests::is_temp_upload_key_rejects_partial_grammar_matches ... ok
[INFO] [stdout] test s3::tests::is_temp_upload_key_rejects_stream_upload_prefix_with_wrong_shape ... ok
[INFO] [stdout] test s3::tests::is_temp_upload_key_rejects_tmp_alone_after_prefix ... ok
[INFO] [stdout] test s3::tests::is_temp_upload_key_rejects_user_keys_that_look_like_generated_temps ... ok
[INFO] [stdout] test s3::tests::is_temp_upload_key_matches_generated_overwrite_temp_format ... ok
[INFO] [stdout] test s3::tests::is_temp_upload_key_rejects_without_tmp_suffix ... ok
[INFO] [stdout] test s3::tests::is_temp_upload_key_rejects_empty ... ok
[INFO] [stdout] test key::tests::object_key_parse_never_accepts_absolute_path ... ok
[INFO] [stdout] test local_fs::tests::write_bytes_atomically_overwrites_existing ... ok
[INFO] [stdout] test local_fs::tests::write_bytes_atomically_creates_file ... ok
[INFO] [stdout] test local::tests::storage_integrity_large_object_round_trip ... ok
[INFO] [stdout] test s3::tests::existing_object_outcome_from_file_verify_file_length_fails ... ok
[INFO] [stdout] test s3::tests::location_for_key_without_prefix ... ok
[INFO] [stdout] test s3::tests::location_for_prefix_empty_without_key_prefix ... ok
[INFO] [stdout] test s3::tests::existing_object_outcome_from_file_length_mismatch ... ok
[INFO] [stdout] test s3::tests::location_for_prefix_non_empty_prefix_with_key_prefix ... ok
[INFO] [stdout] test s3::tests::location_for_prefix_with_prefix_no_key_prefix ... ok
[INFO] [stdout] test s3::tests::location_for_prefix_non_empty_no_key_prefix ... ok
[INFO] [stdout] test s3::tests::existing_object_outcome_from_file_zero_length ... ok
[INFO] [stdout] test s3::tests::location_for_prefix_empty_with_key_prefix ... ok
[INFO] [stdout] test s3::tests::location_for_prefix_with_prefix_and_key_prefix ... ok
[INFO] [stdout] test s3::tests::metadata_from_external_no_prefix ... ok
[INFO] [stdout] test s3::tests::metadata_from_external_strips_prefix ... ok
[INFO] [stdout] test s3::tests::minio_tests::minio_put_content_addressed_file ... ok
[INFO] [stdout] test s3::tests::minio_tests::minio_put_if_absent_idempotent ... ok
[INFO] [stdout] test s3::tests::minio_tests::minio_collision_shaped_user_keys_are_listed_and_never_swept ... ok
[INFO] [stdout] test s3::tests::minio_tests::minio_begin_and_finish_content_addressed_upload ... ok
[INFO] [stdout] test s3::tests::normalize_prefix_already_clean ... ok
[INFO] [stdout] test s3::tests::minio_tests::minio_put_if_absent_rejects_conflicting_existing_bytes ... ok
[INFO] [stdout] test s3::tests::normalize_prefix_empty_input_chain ... ok
[INFO] [stdout] test s3::tests::normalize_prefix_no_trim_needed ... ok
[INFO] [stdout] test s3::tests::normalize_prefix_multi_slash ... ok
[INFO] [stdout] test s3::tests::normalize_prefix_preserves_single_component ... ok
[INFO] [stdout] test s3::tests::normalize_prefix_returns_none_for_empty_after_trim ... ok
[INFO] [stdout] test s3::tests::normalize_prefix_preserves_inner_slashes ... ok
[INFO] [stdout] test s3::tests::normalize_prefix_trims_both_slashes ... ok
[INFO] [stdout] test s3::tests::normalize_prefix_trims_leading_slashes ... ok
[INFO] [stdout] test s3::tests::normalize_prefix_single_slash_only ... ok
[INFO] [stdout] test s3::tests::minio_tests::minio_put_file_if_absent ... ok
[INFO] [stdout] test s3::tests::normalize_prefix_trims_trailing_slashes ... ok
[INFO] [stdout] test s3::tests::minio_tests::minio_put_and_get_roundtrip ... ok
[INFO] [stdout] test s3::tests::minio_tests::minio_copy_object_if_absent ... ok
[INFO] [stdout] test s3::tests::minio_tests::minio_sweep_stale_temp_keys_keeps_fresh_temps ... ok
[INFO] [stdout] test s3::tests::minio_tests::minio_sweep_stale_temp_keys_reaps_only_generated_temps ... ok
[INFO] [stdout] test s3::tests::minio_tests::minio_list_flat_namespace_page_pagination ... ok
[INFO] [stdout] test s3::tests::s3_byte_stream_type_is_send ... ok
[INFO] [stdout] test s3::tests::minio_tests::minio_visit_prefix_with_multiple_entries ... ok
[INFO] [stdout] test s3::tests::metadata_from_external_rejects_outside_prefix ... ok
[INFO] [stdout] test s3::tests::s3_complete_resumable_empty_parts_rejected ... ok
[INFO] [stdout] test s3::tests::s3_config_bucket_accessor ... ok
[INFO] [stdout] test s3::tests::s3_config_bucket_accessor_no_prefix ... ok
[INFO] [stdout] test s3::tests::s3_config_bucket_accessor_with_prefix ... ok
[INFO] [stdout] test s3::tests::s3_config_clone_and_eq ... ok
[INFO] [stdout] test s3::tests::s3_config_debug_redacts_credentials ... ok
[INFO] [stdout] test s3::tests::s3_config_debug_shows_virtual_hosted_style ... ok
[INFO] [stdout] test s3::tests::s3_config_debug_without_credentials ... ok
[INFO] [stdout] test s3::tests::s3_config_debug_without_endpoint_shows_none ... ok
[INFO] [stdout] test s3::tests::s3_config_endpoint_defaults_to_none ... ok
[INFO] [stdout] test s3::tests::s3_config_normalizes_key_prefix ... ok
[INFO] [stdout] test local_fs::tests::injected_io_fault_classes_never_expose_torn_bytes ... ok
[INFO] [stdout] test s3::tests::s3_config_with_credentials_only_key ... ok
[INFO] [stdout] test s3::tests::s3_config_with_credentials_only_secret ... ok
[INFO] [stdout] test s3::tests::s3_config_with_endpoint_sets_endpoint ... ok
[INFO] [stdout] test s3::tests::s3_config_with_key_prefix_none_is_noop ... ok
[INFO] [stdout] test s3::tests::s3_config_with_key_prefix_trimmed ... ok
[INFO] [stdout] test s3::tests::s3_complete_resumable_non_consecutive_parts_rejected ... ok
[INFO] [stdout] test s3::tests::s3_config_with_allow_http_defaults_to_false ... ok
[INFO] [stdout] test s3::tests::s3_config_with_virtual_hosted_style_false ... ok
[INFO] [stdout] test s3::tests::s3_config_with_virtual_hosted_style ... ok
[INFO] [stdout] test s3::tests::s3_config_with_virtual_hosted_style_true ... ok
[INFO] [stdout] test local_fs::tests::injected_publication_boundaries_never_expose_torn_bytes ... ok
[INFO] [stdout] test s3::tests::s3_error_display_and_debug_are_implemented ... ok
[INFO] [stdout] test s3::tests::s3_error_display_empty_bucket ... ok
[INFO] [stdout] test s3::tests::s3_error_display_empty_region ... ok
[INFO] [stdout] test s3::tests::s3_error_display_existing_object_conflict ... ok
[INFO] [stdout] test s3::tests::s3_error_display_external ... ok
[INFO] [stdout] test s3::tests::s3_error_display_incomplete_credentials ... ok
[INFO] [stdout] test s3::tests::s3_error_display_integrity_hash_mismatch ... ok
[INFO] [stdout] test s3::tests::s3_error_display_integrity_length_mismatch ... ok
[INFO] [stdout] test s3::tests::s3_error_display_invalid_key_prefix ... ok
[INFO] [stdout] test s3::tests::s3_error_display_invalid_listed_key ... ok
[INFO] [stdout] test s3::tests::s3_error_display_invalid_upload_parts ... ok
[INFO] [stdout] test s3::tests::s3_error_display_io ... ok
[INFO] [stdout] test s3::tests::s3_error_display_path ... ok
[INFO] [stdout] test s3::tests::s3_error_display_range_out_of_bounds ... ok
[INFO] [stdout] test s3::tests::s3_error_display_runtime ... ok
[INFO] [stdout] test s3::tests::s3_error_display_runtime_unavailable ... ok
[INFO] [stdout] test s3::tests::s3_error_from_external_error ... ok
[INFO] [stdout] test s3::tests::s3_error_from_io_error ... ok
[INFO] [stdout] test s3::tests::s3_error_source_external ... ok
[INFO] [stdout] test s3::tests::s3_error_source_invalid_key_prefix ... ok
[INFO] [stdout] test s3::tests::s3_error_source_io ... ok
[INFO] [stdout] test s3::tests::s3_error_source_path ... ok
[INFO] [stdout] test s3::tests::s3_error_source_runtime ... ok
[INFO] [stdout] test s3::tests::s3_block_on_fallback_with_own_runtime_on_contains ... ok
[INFO] [stdout] test s3::tests::s3_block_on_result_fallback_on_list_flat ... ok
[INFO] [stdout] test s3::tests::s3_location_applies_key_prefix ... ok
[INFO] [stdout] test s3::tests::s3_location_for_key_with_key_prefix ... ok
[INFO] [stdout] test s3::tests::s3_block_on_result_fallback_on_visit_prefix ... ok
[INFO] [stdout] test s3::tests::s3_multipart_upload_writer_abort_unstarted ... ok
[INFO] [stdout] test s3::tests::s3_multipart_upload_writer_debug_not_available ... ok
[INFO] [stdout] test s3::tests::s3_multipart_upload_writer_finish ... ok
[INFO] [stdout] test s3::tests::s3_multipart_upload_writer_wait_with_zero_permits ... ok
[INFO] [stdout] test s3::tests::s3_multipart_upload_writer_write_and_abort ... ok
[INFO] [stdout] test s3::tests::s3_location_for_key_without_key_prefix ... ok
[INFO] [stdout] test s3::tests::s3_put_content_addressed_file_nonexistent_file ... ok
[INFO] [stdout] test s3::tests::s3_put_file_if_absent_nonexistent_file ... ok
[INFO] [stdout] test s3::tests::s3_begin_content_addressed_upload_fails_with_connection_error ... ok
[INFO] [stdout] test s3::tests::s3_copy_object_if_absent_source_eq_destination_with_source_exists ... ok
[INFO] [stdout] test s3::tests::s3_store_debug_redacts_credentials ... ok
[INFO] [stdout] test s3::tests::s3_delete_location_if_present_connection_error ... ok
[INFO] [stdout] test s3::tests::s3_store_rejects_dot_segment_key_prefix_after_normalization ... ok
[INFO] [stdout] test s3::tests::s3_store_rejects_empty_bucket ... ok
[INFO] [stdout] test s3::tests::s3_store_rejects_incomplete_credentials_key_without_secret ... ok
[INFO] [stdout] test s3::tests::s3_store_rejects_incomplete_credentials_secret_without_key ... ok
[INFO] [stdout] test s3::tests::s3_store_rejects_traversal_key_prefix ... ok
[INFO] [stdout] test s3::tests::s3_store_debug_shows_runtime_status ... ok
[INFO] [stdout] test s3::tests::stream_payload_for_range_preserves_streamed_bytes ... ok
[INFO] [stdout] test s3::tests::stream_payload_for_range_rejects_mismatched_result_range ... ok
[INFO] [stdout] test s3::tests::streaming_large_copy_rejects_empty_bucket_config ... ok
[INFO] [stdout] test s3::tests::streaming_large_copy_rejects_empty_region_config ... ok
[INFO] [stdout] test s3::tests::temp_key_for_differs_on_subsequent_calls ... ok
[INFO] [stdout] test s3::tests::temp_key_for_overflow_key_rejected ... ok
[INFO] [stdout] test s3::tests::temp_key_for_reserved_prefix_shape ... ok
[INFO] [stdout] test s3::tests::temporary_upload_location_with_prefix ... ok
[INFO] [stdout] test s3::tests::temporary_upload_location_without_prefix ... ok
[INFO] [stdout] test s3::tests::s3_store_default_config_uses_standard_s3_endpoint ... ok
[INFO] [stdout] test s3::tests::validate_config_rejects_empty_bucket ... ok
[INFO] [stdout] test s3::tests::validate_config_rejects_empty_region ... ok
[INFO] [stdout] test s3::tests::validate_config_rejects_whitespace_bucket ... ok
[INFO] [stdout] test s3::tests::validate_config_rejects_whitespace_region ... ok
[INFO] [stdout] test s3::tests::validated_external_range_converts_inclusive_byte_range ... ok
[INFO] [stdout] test s3::tests::validated_external_range_large_range ... ok
[INFO] [stdout] test s3::tests::validated_external_range_rejects_len_overflow ... ok
[INFO] [stdout] test s3::tests::validated_external_range_single_byte ... ok
[INFO] [stdout] test s3::tests::validated_external_range_start_at_u64_max_rejected ... ok
[INFO] [stdout] test s3::tests::validated_external_range_zero_length_rejected ... ok
[INFO] [stdout] test s3::tests::verify_file_length_matches ... ok
[INFO] [stdout] test s3::tests::verify_file_length_mismatch ... ok
[INFO] [stdout] test s3::tests::verify_file_length_nonexistent_file ... ok
[INFO] [stdout] test s3::tests::verify_integrity_accepts_matching_hash_and_length ... ok
[INFO] [stdout] test s3::tests::verify_integrity_rejects_empty_bytes_with_nonzero_length ... ok
[INFO] [stdout] test s3::tests::verify_integrity_rejects_hash_mismatch ... ok
[INFO] [stdout] test s3::tests::verify_integrity_rejects_length_mismatch ... ok
[INFO] [stdout] test store::tests::default_visit_prefix_delegates_to_list_prefix ... ok
[INFO] [stdout] test store::tests::default_visit_prefix_propagates_visitor_error ... ok
[INFO] [stdout] test s3::tests::s3_store_with_full_credentials_accepts_custom_session_token ... ok
[INFO] [stdout] test s3::tests::validate_config_accepts_valid_config ... ok
[INFO] [stdout] test local_fs::tests::content_addressed_publication_is_idempotent_or_rejects_conflicts ... ok
[INFO] [stdout] test s3::tests::s3_delete_if_present_connection_error ... ok
[INFO] [stdout] test s3::tests::s3_block_on_fallback_with_own_runtime_on_delete ... ok
[INFO] [stdout] test s3::tests::s3_block_on_fallback_with_own_runtime_on_metadata ... ok
[INFO] [stdout] test s3::tests::existing_copy_outcome_missing_destination ... ok
[INFO] [stdout] test s3::tests::s3_list_flat_namespace_validates_start_after ... ok
[INFO] [stdout] test s3::tests::s3_complete_resumable_reordered_parts_validated ... ok
[INFO] [stdout] test s3::tests::s3_put_if_absent_connection_error ... ok
[INFO] [stdout] test s3::tests::s3_block_on_fallback_with_own_runtime_on_read_range ... ok
[INFO] [stdout] test s3::tests::s3_list_prefix_empty_prefix_with_connection ... ok
[INFO] [stdout] test key::tests::object_key_parse_rejects_oversized ... ok
[INFO] [stdout] test s3::tests::s3_put_overwrite_connection_error ... ok
[INFO] [stdout] test local_fs::tests::atomic_publication_round_trips_every_acknowledged_payload ... ok
[INFO] [stdout] 
[INFO] [stdout] failures:
[INFO] [stdout] 
[INFO] [stdout] ---- local::tests::local_copy_object_if_absent_hard_link_error stdout ----
[INFO] [stdout] 
[INFO] [stdout] thread 'local::tests::local_copy_object_if_absent_hard_link_error' (4692) panicked at src/local/tests.rs:1865:5:
[INFO] [stdout] expected hard-link error, got Ok(Inserted)
[INFO] [stdout] stack backtrace:
[INFO] [stdout]    0:     0x5a89cfb396c1 - std[70759c8f55707aa4]::backtrace_rs::backtrace::libunwind::trace
[INFO] [stdout]                                at /rustc/dfb0accb7f508ae8be965d8629557221c889dd98/library/std/src/../../backtrace/src/backtrace/libunwind.rs:117:9
[INFO] [stdout]    1:     0x5a89cfb396c1 - std[70759c8f55707aa4]::backtrace_rs::backtrace::trace_unsynchronized::<std[70759c8f55707aa4]::sys::backtrace::_print_fmt::{closure#1}>
[INFO] [stdout]                                at /rustc/dfb0accb7f508ae8be965d8629557221c889dd98/library/std/src/../../backtrace/src/backtrace/mod.rs:66:14
[INFO] [stdout]    2:     0x5a89cfb396c1 - std[70759c8f55707aa4]::sys::backtrace::_print_fmt
[INFO] [stdout]                                at /rustc/dfb0accb7f508ae8be965d8629557221c889dd98/library/std/src/sys/backtrace.rs:74:9
[INFO] [stdout]    3:     0x5a89cfb396c1 - <<std[70759c8f55707aa4]::sys::backtrace::BacktraceLock>::print::DisplayBacktrace as core[df12db4294e9bfd3]::fmt::Display>::fmt
[INFO] [stdout]                                at /rustc/dfb0accb7f508ae8be965d8629557221c889dd98/library/std/src/sys/backtrace.rs:44:26
[INFO] [stdout]    4:     0x5a89cfb52bfa - <core[df12db4294e9bfd3]::fmt::rt::Argument>::fmt
[INFO] [stdout]                                at /rustc/dfb0accb7f508ae8be965d8629557221c889dd98/library/core/src/fmt/rt.rs:152:76
[INFO] [stdout]    5:     0x5a89cfb52bfa - core[df12db4294e9bfd3]::fmt::write
[INFO] [stdout]    6:     0x5a89cfb3e91c - core[df12db4294e9bfd3]::io::write::default_write_fmt::<alloc[2182bb758b4b3781]::vec::Vec<u8>>
[INFO] [stdout]                                at /rustc/dfb0accb7f508ae8be965d8629557221c889dd98/library/core/src/io/write.rs:402:11
[INFO] [stdout]    7:     0x5a89cfb3e91c - <alloc[2182bb758b4b3781]::vec::Vec<u8> as core[df12db4294e9bfd3]::io::write::Write>::write_fmt
[INFO] [stdout]                                at /rustc/dfb0accb7f508ae8be965d8629557221c889dd98/library/core/src/io/write.rs:335:13
[INFO] [stdout]    8:     0x5a89cfb10906 - <std[70759c8f55707aa4]::sys::backtrace::BacktraceLock>::print
[INFO] [stdout]                                at /rustc/dfb0accb7f508ae8be965d8629557221c889dd98/library/std/src/sys/backtrace.rs:47:9
[INFO] [stdout]    9:     0x5a89cfb10906 - std[70759c8f55707aa4]::panicking::default_hook::{closure#0}
[INFO] [stdout]                                at /rustc/dfb0accb7f508ae8be965d8629557221c889dd98/library/std/src/panicking.rs:292:27
[INFO] [stdout]   10:     0x5a89cfb2f579 - std[70759c8f55707aa4]::panicking::default_hook
[INFO] [stdout]                                at /rustc/dfb0accb7f508ae8be965d8629557221c889dd98/library/std/src/panicking.rs:316:9
[INFO] [stdout]   11:     0x5a89cefebee0 - <alloc[2182bb758b4b3781]::boxed::Box<dyn for<'a, 'b> core[df12db4294e9bfd3]::ops::function::Fn<(&'a std[70759c8f55707aa4]::panic::PanicHookInfo<'b>,), Output = ()> + core[df12db4294e9bfd3]::marker::Send + core[df12db4294e9bfd3]::marker::Sync> as core[df12db4294e9bfd3]::ops::function::Fn<(&std[70759c8f55707aa4]::panic::PanicHookInfo,)>>::call
[INFO] [stdout]                                at /rustc/dfb0accb7f508ae8be965d8629557221c889dd98/library/alloc/src/boxed.rs:2334:9
[INFO] [stdout]   12:     0x5a89cefebee0 - test[9d35eded1c95d3be]::test_main_inner::<test[9d35eded1c95d3be]::test_main_static::{closure#0}>::{closure#0}
[INFO] [stdout]                                at /rustc/dfb0accb7f508ae8be965d8629557221c889dd98/library/test/src/lib.rs:155:21
[INFO] [stdout]   13:     0x5a89cfb2f8a2 - <alloc[2182bb758b4b3781]::boxed::Box<dyn for<'a, 'b> core[df12db4294e9bfd3]::ops::function::Fn<(&'a std[70759c8f55707aa4]::panic::PanicHookInfo<'b>,), Output = ()> + core[df12db4294e9bfd3]::marker::Send + core[df12db4294e9bfd3]::marker::Sync> as core[df12db4294e9bfd3]::ops::function::Fn<(&std[70759c8f55707aa4]::panic::PanicHookInfo,)>>::call
[INFO] [stdout]                                at /rustc/dfb0accb7f508ae8be965d8629557221c889dd98/library/alloc/src/boxed.rs:2334:9
[INFO] [stdout]   14:     0x5a89cfb2f8a2 - std[70759c8f55707aa4]::panicking::panic_with_hook
[INFO] [stdout]                                at /rustc/dfb0accb7f508ae8be965d8629557221c889dd98/library/std/src/panicking.rs:823:13
[INFO] [stdout]   15:     0x5a89cfb109b2 - std[70759c8f55707aa4]::panicking::panic_handler::{closure#0}
[INFO] [stdout]                                at /rustc/dfb0accb7f508ae8be965d8629557221c889dd98/library/std/src/panicking.rs:688:13
[INFO] [stdout]   16:     0x5a89cfb091d9 - std[70759c8f55707aa4]::sys::backtrace::__rust_end_short_backtrace::<std[70759c8f55707aa4]::panicking::panic_handler::{closure#0}, !>
[INFO] [stdout]                                at /rustc/dfb0accb7f508ae8be965d8629557221c889dd98/library/std/src/sys/backtrace.rs:182:18
[INFO] [stdout]   17:     0x5a89cfb11b2d - __rustc[8fa7c3cbc660c2b3]::rust_begin_unwind
[INFO] [stdout]                                at /rustc/dfb0accb7f508ae8be965d8629557221c889dd98/library/std/src/panicking.rs:679:5
[INFO] [stdout]   18:     0x5a89cfb5349c - core[df12db4294e9bfd3]::panicking::panic_fmt
[INFO] [stdout]                                at /rustc/dfb0accb7f508ae8be965d8629557221c889dd98/library/core/src/panicking.rs:80:14
[INFO] [stdout]   19:     0x5a89cef97677 - shardline_storage[fa2ecf76951dbaac]::local::tests::local_copy_object_if_absent_hard_link_error
[INFO] [stdout]                                at /opt/rustwide/workdir/src/local/tests.rs:1865:5
[INFO] [stdout]   20:     0x5a89cef8e537 - shardline_storage[fa2ecf76951dbaac]::local::tests::local_copy_object_if_absent_hard_link_error::{closure#0}
[INFO] [stdout]                                at /opt/rustwide/workdir/src/local/tests.rs:1839:49
[INFO] [stdout]   21:     0x5a89ceef4666 - <shardline_storage[fa2ecf76951dbaac]::local::tests::local_copy_object_if_absent_hard_link_error::{closure#0} as core[df12db4294e9bfd3]::ops::function::FnOnce<()>>::call_once
[INFO] [stdout]                                at /rustc/dfb0accb7f508ae8be965d8629557221c889dd98/library/core/src/ops/function.rs:250:5
[INFO] [stdout]   22:     0x5a89cefdf1cb - <fn() -> core[df12db4294e9bfd3]::result::Result<(), alloc[2182bb758b4b3781]::string::String> as core[df12db4294e9bfd3]::ops::function::FnOnce<()>>::call_once
[INFO] [stdout]                                at /rustc/dfb0accb7f508ae8be965d8629557221c889dd98/library/core/src/ops/function.rs:250:5
[INFO] [stdout]   23:     0x5a89cefdf1cb - test[9d35eded1c95d3be]::__rust_begin_short_backtrace::<core[df12db4294e9bfd3]::result::Result<(), alloc[2182bb758b4b3781]::string::String>, fn() -> core[df12db4294e9bfd3]::result::Result<(), alloc[2182bb758b4b3781]::string::String>>
[INFO] [stdout]                                at /rustc/dfb0accb7f508ae8be965d8629557221c889dd98/library/test/src/lib.rs:733:18
[INFO] [stdout]   24:     0x5a89cefec835 - test[9d35eded1c95d3be]::run_test_in_process::{closure#0}
[INFO] [stdout]                                at /rustc/dfb0accb7f508ae8be965d8629557221c889dd98/library/test/src/lib.rs:756:74
[INFO] [stdout]   25:     0x5a89cefec835 - <core[df12db4294e9bfd3]::panic::unwind_safe::AssertUnwindSafe<test[9d35eded1c95d3be]::run_test_in_process::{closure#0}> as core[df12db4294e9bfd3]::ops::function::FnOnce<()>>::call_once
[INFO] [stdout]                                at /rustc/dfb0accb7f508ae8be965d8629557221c889dd98/library/core/src/panic/unwind_safe.rs:275:9
[INFO] [stdout]   26:     0x5a89cefec835 - std[70759c8f55707aa4]::panicking::catch_unwind::do_call::<core[df12db4294e9bfd3]::panic::unwind_safe::AssertUnwindSafe<test[9d35eded1c95d3be]::run_test_in_process::{closure#0}>, core[df12db4294e9bfd3]::result::Result<(), alloc[2182bb758b4b3781]::string::String>>
[INFO] [stdout]                                at /rustc/dfb0accb7f508ae8be965d8629557221c889dd98/library/std/src/panicking.rs:576:43
[INFO] [stdout]   27:     0x5a89cefec835 - std[70759c8f55707aa4]::panicking::catch_unwind::<core[df12db4294e9bfd3]::result::Result<(), alloc[2182bb758b4b3781]::string::String>, core[df12db4294e9bfd3]::panic::unwind_safe::AssertUnwindSafe<test[9d35eded1c95d3be]::run_test_in_process::{closure#0}>>
[INFO] [stdout]                                at /rustc/dfb0accb7f508ae8be965d8629557221c889dd98/library/std/src/panicking.rs:544:19
[INFO] [stdout]   28:     0x5a89cefec835 - std[70759c8f55707aa4]::panic::catch_unwind::<core[df12db4294e9bfd3]::panic::unwind_safe::AssertUnwindSafe<test[9d35eded1c95d3be]::run_test_in_process::{closure#0}>, core[df12db4294e9bfd3]::result::Result<(), alloc[2182bb758b4b3781]::string::String>>
[INFO] [stdout]                                at /rustc/dfb0accb7f508ae8be965d8629557221c889dd98/library/std/src/panic.rs:359:14
[INFO] [stdout]   29:     0x5a89cefec835 - test[9d35eded1c95d3be]::run_test_in_process
[INFO] [stdout]                                at /rustc/dfb0accb7f508ae8be965d8629557221c889dd98/library/test/src/lib.rs:756:27
[INFO] [stdout]   30:     0x5a89cefec835 - test[9d35eded1c95d3be]::run_test::{closure#0}
[INFO] [stdout]                                at /rustc/dfb0accb7f508ae8be965d8629557221c889dd98/library/test/src/lib.rs:677:43
[INFO] [stdout]   31:     0x5a89cefe60f4 - test[9d35eded1c95d3be]::run_test::{closure#1}
[INFO] [stdout]                                at /rustc/dfb0accb7f508ae8be965d8629557221c889dd98/library/test/src/lib.rs:707:41
[INFO] [stdout]   32:     0x5a89cefe60f4 - std[70759c8f55707aa4]::sys::backtrace::__rust_begin_short_backtrace::<test[9d35eded1c95d3be]::run_test::{closure#1}, ()>
[INFO] [stdout]                                at /rustc/dfb0accb7f508ae8be965d8629557221c889dd98/library/std/src/sys/backtrace.rs:166:18
[INFO] [stdout]   33:     0x5a89cefef992 - std[70759c8f55707aa4]::thread::lifecycle::spawn_unchecked::<test[9d35eded1c95d3be]::run_test::{closure#1}, ()>::{closure#1}::{closure#0}
[INFO] [stdout]                                at /rustc/dfb0accb7f508ae8be965d8629557221c889dd98/library/std/src/thread/lifecycle.rs:70:13
[INFO] [stdout]   34:     0x5a89cefef992 - <core[df12db4294e9bfd3]::panic::unwind_safe::AssertUnwindSafe<std[70759c8f55707aa4]::thread::lifecycle::spawn_unchecked<test[9d35eded1c95d3be]::run_test::{closure#1}, ()>::{closure#1}::{closure#0}> as core[df12db4294e9bfd3]::ops::function::FnOnce<()>>::call_once
[INFO] [stdout]                                at /rustc/dfb0accb7f508ae8be965d8629557221c889dd98/library/core/src/panic/unwind_safe.rs:275:9
[INFO] [stdout]   35:     0x5a89cefef992 - std[70759c8f55707aa4]::panicking::catch_unwind::do_call::<core[df12db4294e9bfd3]::panic::unwind_safe::AssertUnwindSafe<std[70759c8f55707aa4]::thread::lifecycle::spawn_unchecked<test[9d35eded1c95d3be]::run_test::{closure#1}, ()>::{closure#1}::{closure#0}>, ()>
[INFO] [stdout]                                at /rustc/dfb0accb7f508ae8be965d8629557221c889dd98/library/std/src/panicking.rs:576:43
[INFO] [stdout]   36:     0x5a89cefef992 - std[70759c8f55707aa4]::panicking::catch_unwind::<(), core[df12db4294e9bfd3]::panic::unwind_safe::AssertUnwindSafe<std[70759c8f55707aa4]::thread::lifecycle::spawn_unchecked<test[9d35eded1c95d3be]::run_test::{closure#1}, ()>::{closure#1}::{closure#0}>>
[INFO] [stdout]                                at /rustc/dfb0accb7f508ae8be965d8629557221c889dd98/library/std/src/panicking.rs:544:19
[INFO] [stdout]   37:     0x5a89cefef992 - std[70759c8f55707aa4]::panic::catch_unwind::<core[df12db4294e9bfd3]::panic::unwind_safe::AssertUnwindSafe<std[70759c8f55707aa4]::thread::lifecycle::spawn_unchecked<test[9d35eded1c95d3be]::run_test::{closure#1}, ()>::{closure#1}::{closure#0}>, ()>
[INFO] [stdout]                                at /rustc/dfb0accb7f508ae8be965d8629557221c889dd98/library/std/src/panic.rs:359:14
[INFO] [stdout]   38:     0x5a89cefef992 - std[70759c8f55707aa4]::thread::lifecycle::spawn_unchecked::<test[9d35eded1c95d3be]::run_test::{closure#1}, ()>::{closure#1}
[INFO] [stdout]                                at /rustc/dfb0accb7f508ae8be965d8629557221c889dd98/library/std/src/thread/lifecycle.rs:68:26
[INFO] [stdout]   39:     0x5a89cefef992 - <std[70759c8f55707aa4]::thread::lifecycle::spawn_unchecked<test[9d35eded1c95d3be]::run_test::{closure#1}, ()>::{closure#1} as core[df12db4294e9bfd3]::ops::function::FnOnce<()>>::call_once::{shim:vtable#0}
[INFO] [stdout]                                at /rustc/dfb0accb7f508ae8be965d8629557221c889dd98/library/core/src/ops/function.rs:250:5
[INFO] [stdout]   40:     0x5a89cfb38369 - <alloc[2182bb758b4b3781]::boxed::Box<dyn core[df12db4294e9bfd3]::ops::function::FnOnce<(), Output = ()> + core[df12db4294e9bfd3]::marker::Send> as core[df12db4294e9bfd3]::ops::function::FnOnce<()>>::call_once
[INFO] [stdout]                                at /rustc/dfb0accb7f508ae8be965d8629557221c889dd98/library/alloc/src/boxed.rs:2320:9
[INFO] [stdout]   41:     0x5a89cfb38369 - <std[70759c8f55707aa4]::sys::thread::unix::Thread>::new::thread_start
[INFO] [stdout]                                at /rustc/dfb0accb7f508ae8be965d8629557221c889dd98/library/std/src/sys/thread/unix.rs:123:17
[INFO] [stdout]   42:     0x766761ededfa - <unknown>
[INFO] [stdout]   43:     0x766761f723d4 - clone
[INFO] [stdout]   44:                0x0 - <unknown>
[INFO] [stdout] 
[INFO] [stdout] ---- local::tests::local_delete_if_present_parent_without_write_permission_errors stdout ----
[INFO] [stdout] 
[INFO] [stdout] thread 'local::tests::local_delete_if_present_parent_without_write_permission_errors' (4693) panicked at src/local/tests.rs:1778:79:
[INFO] [stdout] called `Result::unwrap()` on an `Err` value: Os { code: 2, kind: NotFound, message: "No such file or directory" }
[INFO] [stdout] stack backtrace:
[INFO] [stdout]    0:     0x5a89cfb396c1 - std[70759c8f55707aa4]::backtrace_rs::backtrace::libunwind::trace
[INFO] [stdout]                                at /rustc/dfb0accb7f508ae8be965d8629557221c889dd98/library/std/src/../../backtrace/src/backtrace/libunwind.rs:117:9
[INFO] [stdout]    1:     0x5a89cfb396c1 - std[70759c8f55707aa4]::backtrace_rs::backtrace::trace_unsynchronized::<std[70759c8f55707aa4]::sys::backtrace::_print_fmt::{closure#1}>
[INFO] [stdout]                                at /rustc/dfb0accb7f508ae8be965d8629557221c889dd98/library/std/src/../../backtrace/src/backtrace/mod.rs:66:14
[INFO] [stdout]    2:     0x5a89cfb396c1 - std[70759c8f55707aa4]::sys::backtrace::_print_fmt
[INFO] [stdout]                                at /rustc/dfb0accb7f508ae8be965d8629557221c889dd98/library/std/src/sys/backtrace.rs:74:9
[INFO] [stdout]    3:     0x5a89cfb396c1 - <<std[70759c8f55707aa4]::sys::backtrace::BacktraceLock>::print::DisplayBacktrace as core[df12db4294e9bfd3]::fmt::Display>::fmt
[INFO] [stdout]                                at /rustc/dfb0accb7f508ae8be965d8629557221c889dd98/library/std/src/sys/backtrace.rs:44:26
[INFO] [stdout]    4:     0x5a89cfb52bfa - <core[df12db4294e9bfd3]::fmt::rt::Argument>::fmt
[INFO] [stdout]                                at /rustc/dfb0accb7f508ae8be965d8629557221c889dd98/library/core/src/fmt/rt.rs:152:76
[INFO] [stdout]    5:     0x5a89cfb52bfa - core[df12db4294e9bfd3]::fmt::write
[INFO] [stdout]    6:     0x5a89cfb3e91c - core[df12db4294e9bfd3]::io::write::default_write_fmt::<alloc[2182bb758b4b3781]::vec::Vec<u8>>
[INFO] [stdout]                                at /rustc/dfb0accb7f508ae8be965d8629557221c889dd98/library/core/src/io/write.rs:402:11
[INFO] [stdout]    7:     0x5a89cfb3e91c - <alloc[2182bb758b4b3781]::vec::Vec<u8> as core[df12db4294e9bfd3]::io::write::Write>::write_fmt
[INFO] [stdout]                                at /rustc/dfb0accb7f508ae8be965d8629557221c889dd98/library/core/src/io/write.rs:335:13
[INFO] [stdout]    8:     0x5a89cfb10906 - <std[70759c8f55707aa4]::sys::backtrace::BacktraceLock>::print
[INFO] [stdout]                                at /rustc/dfb0accb7f508ae8be965d8629557221c889dd98/library/std/src/sys/backtrace.rs:47:9
[INFO] [stdout]    9:     0x5a89cfb10906 - std[70759c8f55707aa4]::panicking::default_hook::{closure#0}
[INFO] [stdout]                                at /rustc/dfb0accb7f508ae8be965d8629557221c889dd98/library/std/src/panicking.rs:292:27
[INFO] [stdout]   10:     0x5a89cfb2f579 - std[70759c8f55707aa4]::panicking::default_hook
[INFO] [stdout]                                at /rustc/dfb0accb7f508ae8be965d8629557221c889dd98/library/std/src/panicking.rs:316:9
[INFO] [stdout]   11:     0x5a89cefebee0 - <alloc[2182bb758b4b3781]::boxed::Box<dyn for<'a, 'b> core[df12db4294e9bfd3]::ops::function::Fn<(&'a std[70759c8f55707aa4]::panic::PanicHookInfo<'b>,), Output = ()> + core[df12db4294e9bfd3]::marker::Send + core[df12db4294e9bfd3]::marker::Sync> as core[df12db4294e9bfd3]::ops::function::Fn<(&std[70759c8f55707aa4]::panic::PanicHookInfo,)>>::call
[INFO] [stdout]                                at /rustc/dfb0accb7f508ae8be965d8629557221c889dd98/library/alloc/src/boxed.rs:2334:9
[INFO] [stdout]   12:     0x5a89cefebee0 - test[9d35eded1c95d3be]::test_main_inner::<test[9d35eded1c95d3be]::test_main_static::{closure#0}>::{closure#0}
[INFO] [stdout]                                at /rustc/dfb0accb7f508ae8be965d8629557221c889dd98/library/test/src/lib.rs:155:21
[INFO] [stdout]   13:     0x5a89cfb2f8a2 - <alloc[2182bb758b4b3781]::boxed::Box<dyn for<'a, 'b> core[df12db4294e9bfd3]::ops::function::Fn<(&'a std[70759c8f55707aa4]::panic::PanicHookInfo<'b>,), Output = ()> + core[df12db4294e9bfd3]::marker::Send + core[df12db4294e9bfd3]::marker::Sync> as core[df12db4294e9bfd3]::ops::function::Fn<(&std[70759c8f55707aa4]::panic::PanicHookInfo,)>>::call
[INFO] [stdout]                                at /rustc/dfb0accb7f508ae8be965d8629557221c889dd98/library/alloc/src/boxed.rs:2334:9
[INFO] [stdout]   14:     0x5a89cfb2f8a2 - std[70759c8f55707aa4]::panicking::panic_with_hook
[INFO] [stdout]                                at /rustc/dfb0accb7f508ae8be965d8629557221c889dd98/library/std/src/panicking.rs:823:13
[INFO] [stdout]   15:     0x5a89cfb109b2 - std[70759c8f55707aa4]::panicking::panic_handler::{closure#0}
[INFO] [stdout]                                at /rustc/dfb0accb7f508ae8be965d8629557221c889dd98/library/std/src/panicking.rs:688:13
[INFO] [stdout]   16:     0x5a89cfb091d9 - std[70759c8f55707aa4]::sys::backtrace::__rust_end_short_backtrace::<std[70759c8f55707aa4]::panicking::panic_handler::{closure#0}, !>
[INFO] [stdout]                                at /rustc/dfb0accb7f508ae8be965d8629557221c889dd98/library/std/src/sys/backtrace.rs:182:18
[INFO] [stdout]   17:     0x5a89cfb11b2d - __rustc[8fa7c3cbc660c2b3]::rust_begin_unwind
[INFO] [stdout]                                at /rustc/dfb0accb7f508ae8be965d8629557221c889dd98/library/std/src/panicking.rs:679:5
[INFO] [stdout]   18:     0x5a89cfb5349c - core[df12db4294e9bfd3]::panicking::panic_fmt
[INFO] [stdout]                                at /rustc/dfb0accb7f508ae8be965d8629557221c889dd98/library/core/src/panicking.rs:80:14
[INFO] [stdout]   19:     0x5a89cfb531f2 - core[df12db4294e9bfd3]::result::unwrap_failed
[INFO] [stdout]                                at /rustc/dfb0accb7f508ae8be965d8629557221c889dd98/library/core/src/result.rs:1871:5
[INFO] [stdout]   20:     0x5a89cefad9a0 - <core[df12db4294e9bfd3]::result::Result<(), core[df12db4294e9bfd3]::io::error::Error>>::unwrap
[INFO] [stdout]                                at /rustc/dfb0accb7f508ae8be965d8629557221c889dd98/library/core/src/result.rs:1232:23
[INFO] [stdout]   21:     0x5a89cefad9a0 - shardline_storage[fa2ecf76951dbaac]::local::tests::local_delete_if_present_parent_without_write_permission_errors
[INFO] [stdout]                                at /opt/rustwide/workdir/src/local/tests.rs:1778:79
[INFO] [stdout]   22:     0x5a89cef8f2b7 - shardline_storage[fa2ecf76951dbaac]::local::tests::local_delete_if_present_parent_without_write_permission_errors::{closure#0}
[INFO] [stdout]                                at /opt/rustwide/workdir/src/local/tests.rs:1763:68
[INFO] [stdout]   23:     0x5a89ceef4f66 - <shardline_storage[fa2ecf76951dbaac]::local::tests::local_delete_if_present_parent_without_write_permission_errors::{closure#0} as core[df12db4294e9bfd3]::ops::function::FnOnce<()>>::call_once
[INFO] [stdout]                                at /rustc/dfb0accb7f508ae8be965d8629557221c889dd98/library/core/src/ops/function.rs:250:5
[INFO] [stdout]   24:     0x5a89cefdf1cb - <fn() -> core[df12db4294e9bfd3]::result::Result<(), alloc[2182bb758b4b3781]::string::String> as core[df12db4294e9bfd3]::ops::function::FnOnce<()>>::call_once
[INFO] [stdout]                                at /rustc/dfb0accb7f508ae8be965d8629557221c889dd98/library/core/src/ops/function.rs:250:5
[INFO] [stdout]   25:     0x5a89cefdf1cb - test[9d35eded1c95d3be]::__rust_begin_short_backtrace::<core[df12db4294e9bfd3]::result::Result<(), alloc[2182bb758b4b3781]::string::String>, fn() -> core[df12db4294e9bfd3]::result::Result<(), alloc[2182bb758b4b3781]::string::String>>
[INFO] [stdout]                                at /rustc/dfb0accb7f508ae8be965d8629557221c889dd98/library/test/src/lib.rs:733:18
[INFO] [stdout]   26:     0x5a89cefec835 - test[9d35eded1c95d3be]::run_test_in_process::{closure#0}
[INFO] [stdout]                                at /rustc/dfb0accb7f508ae8be965d8629557221c889dd98/library/test/src/lib.rs:756:74
[INFO] [stdout]   27:     0x5a89cefec835 - <core[df12db4294e9bfd3]::panic::unwind_safe::AssertUnwindSafe<test[9d35eded1c95d3be]::run_test_in_process::{closure#0}> as core[df12db4294e9bfd3]::ops::function::FnOnce<()>>::call_once
[INFO] [stdout]                                at /rustc/dfb0accb7f508ae8be965d8629557221c889dd98/library/core/src/panic/unwind_safe.rs:275:9
[INFO] [stdout]   28:     0x5a89cefec835 - std[70759c8f55707aa4]::panicking::catch_unwind::do_call::<core[df12db4294e9bfd3]::panic::unwind_safe::AssertUnwindSafe<test[9d35eded1c95d3be]::run_test_in_process::{closure#0}>, core[df12db4294e9bfd3]::result::Result<(), alloc[2182bb758b4b3781]::string::String>>
[INFO] [stdout]                                at /rustc/dfb0accb7f508ae8be965d8629557221c889dd98/library/std/src/panicking.rs:576:43
[INFO] [stdout]   29:     0x5a89cefec835 - std[70759c8f55707aa4]::panicking::catch_unwind::<core[df12db4294e9bfd3]::result::Result<(), alloc[2182bb758b4b3781]::string::String>, core[df12db4294e9bfd3]::panic::unwind_safe::AssertUnwindSafe<test[9d35eded1c95d3be]::run_test_in_process::{closure#0}>>
[INFO] [stdout]                                at /rustc/dfb0accb7f508ae8be965d8629557221c889dd98/library/std/src/panicking.rs:544:19
[INFO] [stdout]   30:     0x5a89cefec835 - std[70759c8f55707aa4]::panic::catch_unwind::<core[df12db4294e9bfd3]::panic::unwind_safe::AssertUnwindSafe<test[9d35eded1c95d3be]::run_test_in_process::{closure#0}>, core[df12db4294e9bfd3]::result::Result<(), alloc[2182bb758b4b3781]::string::String>>
[INFO] [stdout]                                at /rustc/dfb0accb7f508ae8be965d8629557221c889dd98/library/std/src/panic.rs:359:14
[INFO] [stdout]   31:     0x5a89cefec835 - test[9d35eded1c95d3be]::run_test_in_process
[INFO] [stdout]                                at /rustc/dfb0accb7f508ae8be965d8629557221c889dd98/library/test/src/lib.rs:756:27
[INFO] [stdout]   32:     0x5a89cefec835 - test[9d35eded1c95d3be]::run_test::{closure#0}
[INFO] [stdout]                                at /rustc/dfb0accb7f508ae8be965d8629557221c889dd98/library/test/src/lib.rs:677:43
[INFO] [stdout]   33:     0x5a89cefe60f4 - test[9d35eded1c95d3be]::run_test::{closure#1}
[INFO] [stdout]                                at /rustc/dfb0accb7f508ae8be965d8629557221c889dd98/library/test/src/lib.rs:707:41
[INFO] [stdout]   34:     0x5a89cefe60f4 - std[70759c8f55707aa4]::sys::backtrace::__rust_begin_short_backtrace::<test[9d35eded1c95d3be]::run_test::{closure#1}, ()>
[INFO] [stdout]                                at /rustc/dfb0accb7f508ae8be965d8629557221c889dd98/library/std/src/sys/backtrace.rs:166:18
[INFO] [stdout]   35:     0x5a89cefef992 - std[70759c8f55707aa4]::thread::lifecycle::spawn_unchecked::<test[9d35eded1c95d3be]::run_test::{closure#1}, ()>::{closure#1}::{closure#0}
[INFO] [stdout]                                at /rustc/dfb0accb7f508ae8be965d8629557221c889dd98/library/std/src/thread/lifecycle.rs:70:13
[INFO] [stdout]   36:     0x5a89cefef992 - <core[df12db4294e9bfd3]::panic::unwind_safe::AssertUnwindSafe<std[70759c8f55707aa4]::thread::lifecycle::spawn_unchecked<test[9d35eded1c95d3be]::run_test::{closure#1}, ()>::{closure#1}::{closure#0}> as core[df12db4294e9bfd3]::ops::function::FnOnce<()>>::call_once
[INFO] [stdout]                                at /rustc/dfb0accb7f508ae8be965d8629557221c889dd98/library/core/src/panic/unwind_safe.rs:275:9
[INFO] [stdout]   37:     0x5a89cefef992 - std[70759c8f55707aa4]::panicking::catch_unwind::do_call::<core[df12db4294e9bfd3]::panic::unwind_safe::AssertUnwindSafe<std[70759c8f55707aa4]::thread::lifecycle::spawn_unchecked<test[9d35eded1c95d3be]::run_test::{closure#1}, ()>::{closure#1}::{closure#0}>, ()>
[INFO] [stdout]                                at /rustc/dfb0accb7f508ae8be965d8629557221c889dd98/library/std/src/panicking.rs:576:43
[INFO] [stdout]   38:     0x5a89cefef992 - std[70759c8f55707aa4]::panicking::catch_unwind::<(), core[df12db4294e9bfd3]::panic::unwind_safe::AssertUnwindSafe<std[70759c8f55707aa4]::thread::lifecycle::spawn_unchecked<test[9d35eded1c95d3be]::run_test::{closure#1}, ()>::{closure#1}::{closure#0}>>
[INFO] [stdout]                                at /rustc/dfb0accb7f508ae8be965d8629557221c889dd98/library/std/src/panicking.rs:544:19
[INFO] [stdout]   39:     0x5a89cefef992 - std[70759c8f55707aa4]::panic::catch_unwind::<core[df12db4294e9bfd3]::panic::unwind_safe::AssertUnwindSafe<std[70759c8f55707aa4]::thread::lifecycle::spawn_unchecked<test[9d35eded1c95d3be]::run_test::{closure#1}, ()>::{closure#1}::{closure#0}>, ()>
[INFO] [stdout]                                at /rustc/dfb0accb7f508ae8be965d8629557221c889dd98/library/std/src/panic.rs:359:14
[INFO] [stdout]   40:     0x5a89cefef992 - std[70759c8f55707aa4]::thread::lifecycle::spawn_unchecked::<test[9d35eded1c95d3be]::run_test::{closure#1}, ()>::{closure#1}
[INFO] [stdout]                                at /rustc/dfb0accb7f508ae8be965d8629557221c889dd98/library/std/src/thread/lifecycle.rs:68:26
[INFO] [stdout]   41:     0x5a89cefef992 - <std[70759c8f55707aa4]::thread::lifecycle::spawn_unchecked<test[9d35eded1c95d3be]::run_test::{closure#1}, ()>::{closure#1} as core[df12db4294e9bfd3]::ops::function::FnOnce<()>>::call_once::{shim:vtable#0}
[INFO] [stdout]                                at /rustc/dfb0accb7f508ae8be965d8629557221c889dd98/library/core/src/ops/function.rs:250:5
[INFO] [stdout]   42:     0x5a89cfb38369 - <alloc[2182bb758b4b3781]::boxed::Box<dyn core[df12db4294e9bfd3]::ops::function::FnOnce<(), Output = ()> + core[df12db4294e9bfd3]::marker::Send> as core[df12db4294e9bfd3]::ops::function::FnOnce<()>>::call_once
[INFO] [stdout]                                at /rustc/dfb0accb7f508ae8be965d8629557221c889dd98/library/alloc/src/boxed.rs:2320:9
[INFO] [stdout]   43:     0x5a89cfb38369 - <std[70759c8f55707aa4]::sys::thread::unix::Thread>::new::thread_start
[INFO] [stdout]                                at /rustc/dfb0accb7f508ae8be965d8629557221c889dd98/library/std/src/sys/thread/unix.rs:123:17
[INFO] [stdout]   44:     0x766761ededfa - <unknown>
[INFO] [stdout]   45:     0x766761f723d4 - clone
[INFO] [stdout]   46:                0x0 - <unknown>
[INFO] [stdout] 
[INFO] [stdout] ---- local::tests::local_read_dir_if_exists_restricted_directory_returns_error stdout ----
[INFO] [stdout] 
[INFO] [stdout] thread 'local::tests::local_read_dir_if_exists_restricted_directory_returns_error' (4890) panicked at src/local/tests.rs:1794:5:
[INFO] [stdout] assertion failed: result.is_err()
[INFO] [stdout] stack backtrace:
[INFO] [stdout]    0:     0x5a89cfb396c1 - std[70759c8f55707aa4]::backtrace_rs::backtrace::libunwind::trace
[INFO] [stdout]                                at /rustc/dfb0accb7f508ae8be965d8629557221c889dd98/library/std/src/../../backtrace/src/backtrace/libunwind.rs:117:9
[INFO] [stdout]    1:     0x5a89cfb396c1 - std[70759c8f55707aa4]::backtrace_rs::backtrace::trace_unsynchronized::<std[70759c8f55707aa4]::sys::backtrace::_print_fmt::{closure#1}>
[INFO] [stdout]                                at /rustc/dfb0accb7f508ae8be965d8629557221c889dd98/library/std/src/../../backtrace/src/backtrace/mod.rs:66:14
[INFO] [stdout]    2:     0x5a89cfb396c1 - std[70759c8f55707aa4]::sys::backtrace::_print_fmt
[INFO] [stdout]                                at /rustc/dfb0accb7f508ae8be965d8629557221c889dd98/library/std/src/sys/backtrace.rs:74:9
[INFO] [stdout]    3:     0x5a89cfb396c1 - <<std[70759c8f55707aa4]::sys::backtrace::BacktraceLock>::print::DisplayBacktrace as core[df12db4294e9bfd3]::fmt::Display>::fmt
[INFO] [stdout]                                at /rustc/dfb0accb7f508ae8be965d8629557221c889dd98/library/std/src/sys/backtrace.rs:44:26
[INFO] [stdout]    4:     0x5a89cfb52bfa - <core[df12db4294e9bfd3]::fmt::rt::Argument>::fmt
[INFO] [stdout]                                at /rustc/dfb0accb7f508ae8be965d8629557221c889dd98/library/core/src/fmt/rt.rs:152:76
[INFO] [stdout]    5:     0x5a89cfb52bfa - core[df12db4294e9bfd3]::fmt::write
[INFO] [stdout]    6:     0x5a89cfb3e91c - core[df12db4294e9bfd3]::io::write::default_write_fmt::<alloc[2182bb758b4b3781]::vec::Vec<u8>>
[INFO] [stdout]                                at /rustc/dfb0accb7f508ae8be965d8629557221c889dd98/library/core/src/io/write.rs:402:11
[INFO] [stdout]    7:     0x5a89cfb3e91c - <alloc[2182bb758b4b3781]::vec::Vec<u8> as core[df12db4294e9bfd3]::io::write::Write>::write_fmt
[INFO] [stdout]                                at /rustc/dfb0accb7f508ae8be965d8629557221c889dd98/library/core/src/io/write.rs:335:13
[INFO] [stdout]    8:     0x5a89cfb10906 - <std[70759c8f55707aa4]::sys::backtrace::BacktraceLock>::print
[INFO] [stdout]                                at /rustc/dfb0accb7f508ae8be965d8629557221c889dd98/library/std/src/sys/backtrace.rs:47:9
[INFO] [stdout]    9:     0x5a89cfb10906 - std[70759c8f55707aa4]::panicking::default_hook::{closure#0}
[INFO] [stdout]                                at /rustc/dfb0accb7f508ae8be965d8629557221c889dd98/library/std/src/panicking.rs:292:27
[INFO] [stdout]   10:     0x5a89cfb2f579 - std[70759c8f55707aa4]::panicking::default_hook
[INFO] [stdout]                                at /rustc/dfb0accb7f508ae8be965d8629557221c889dd98/library/std/src/panicking.rs:316:9
[INFO] [stdout]   11:     0x5a89cefebee0 - <alloc[2182bb758b4b3781]::boxed::Box<dyn for<'a, 'b> core[df12db4294e9bfd3]::ops::function::Fn<(&'a std[70759c8f55707aa4]::panic::PanicHookInfo<'b>,), Output = ()> + core[df12db4294e9bfd3]::marker::Send + core[df12db4294e9bfd3]::marker::Sync> as core[df12db4294e9bfd3]::ops::function::Fn<(&std[70759c8f55707aa4]::panic::PanicHookInfo,)>>::call
[INFO] [stdout]                                at /rustc/dfb0accb7f508ae8be965d8629557221c889dd98/library/alloc/src/boxed.rs:2334:9
[INFO] [stdout]   12:     0x5a89cefebee0 - test[9d35eded1c95d3be]::test_main_inner::<test[9d35eded1c95d3be]::test_main_static::{closure#0}>::{closure#0}
[INFO] [stdout]                                at /rustc/dfb0accb7f508ae8be965d8629557221c889dd98/library/test/src/lib.rs:155:21
[INFO] [stdout]   13:     0x5a89cfb2f8a2 - <alloc[2182bb758b4b3781]::boxed::Box<dyn for<'a, 'b> core[df12db4294e9bfd3]::ops::function::Fn<(&'a std[70759c8f55707aa4]::panic::PanicHookInfo<'b>,), Output = ()> + core[df12db4294e9bfd3]::marker::Send + core[df12db4294e9bfd3]::marker::Sync> as core[df12db4294e9bfd3]::ops::function::Fn<(&std[70759c8f55707aa4]::panic::PanicHookInfo,)>>::call
[INFO] [stdout]                                at /rustc/dfb0accb7f508ae8be965d8629557221c889dd98/library/alloc/src/boxed.rs:2334:9
[INFO] [stdout]   14:     0x5a89cfb2f8a2 - std[70759c8f55707aa4]::panicking::panic_with_hook
[INFO] [stdout]                                at /rustc/dfb0accb7f508ae8be965d8629557221c889dd98/library/std/src/panicking.rs:823:13
[INFO] [stdout]   15:     0x5a89cfb109e4 - std[70759c8f55707aa4]::panicking::panic_handler::{closure#0}
[INFO] [stdout]                                at /rustc/dfb0accb7f508ae8be965d8629557221c889dd98/library/std/src/panicking.rs:681:13
[INFO] [stdout]   16:     0x5a89cfb091d9 - std[70759c8f55707aa4]::sys::backtrace::__rust_end_short_backtrace::<std[70759c8f55707aa4]::panicking::panic_handler::{closure#0}, !>
[INFO] [stdout]                                at /rustc/dfb0accb7f508ae8be965d8629557221c889dd98/library/std/src/sys/backtrace.rs:182:18
[INFO] [stdout]   17:     0x5a89cfb11b2d - __rustc[8fa7c3cbc660c2b3]::rust_begin_unwind
[INFO] [stdout]                                at /rustc/dfb0accb7f508ae8be965d8629557221c889dd98/library/std/src/panicking.rs:679:5
[INFO] [stdout]   18:     0x5a89cfb5349c - core[df12db4294e9bfd3]::panicking::panic_fmt
[INFO] [stdout]                                at /rustc/dfb0accb7f508ae8be965d8629557221c889dd98/library/core/src/panicking.rs:80:14
[INFO] [stdout]   19:     0x5a89cfb53462 - core[df12db4294e9bfd3]::panicking::panic
[INFO] [stdout]                                at /rustc/dfb0accb7f508ae8be965d8629557221c889dd98/library/core/src/panicking.rs:150:5
[INFO] [stdout]   20:     0x5a89cefa9499 - shardline_storage[fa2ecf76951dbaac]::local::tests::local_read_dir_if_exists_restricted_directory_returns_error
[INFO] [stdout]                                at /opt/rustwide/workdir/src/local/tests.rs:1794:5
[INFO] [stdout]   21:     0x5a89cef8f107 - shardline_storage[fa2ecf76951dbaac]::local::tests::local_read_dir_if_exists_restricted_directory_returns_error::{closure#0}
[INFO] [stdout]                                at /opt/rustwide/workdir/src/local/tests.rs:1784:65
[INFO] [stdout]   22:     0x5a89ceef4e46 - <shardline_storage[fa2ecf76951dbaac]::local::tests::local_read_dir_if_exists_restricted_directory_returns_error::{closure#0} as core[df12db4294e9bfd3]::ops::function::FnOnce<()>>::call_once
[INFO] [stdout]                                at /rustc/dfb0accb7f508ae8be965d8629557221c889dd98/library/core/src/ops/function.rs:250:5
[INFO] [stdout]   23:     0x5a89cefdf1cb - <fn() -> core[df12db4294e9bfd3]::result::Result<(), alloc[2182bb758b4b3781]::string::String> as core[df12db4294e9bfd3]::ops::function::FnOnce<()>>::call_once
[INFO] [stdout]                                at /rustc/dfb0accb7f508ae8be965d8629557221c889dd98/library/core/src/ops/function.rs:250:5
[INFO] [stdout]   24:     0x5a89cefdf1cb - test[9d35eded1c95d3be]::__rust_begin_short_backtrace::<core[df12db4294e9bfd3]::result::Result<(), alloc[2182bb758b4b3781]::string::String>, fn() -> core[df12db4294e9bfd3]::result::Result<(), alloc[2182bb758b4b3781]::string::String>>
[INFO] [stdout]                                at /rustc/dfb0accb7f508ae8be965d8629557221c889dd98/library/test/src/lib.rs:733:18
[INFO] [stdout]   25:     0x5a89cefec835 - test[9d35eded1c95d3be]::run_test_in_process::{closure#0}
[INFO] [stdout]                                at /rustc/dfb0accb7f508ae8be965d8629557221c889dd98/library/test/src/lib.rs:756:74
[INFO] [stdout]   26:     0x5a89cefec835 - <core[df12db4294e9bfd3]::panic::unwind_safe::AssertUnwindSafe<test[9d35eded1c95d3be]::run_test_in_process::{closure#0}> as core[df12db4294e9bfd3]::ops::function::FnOnce<()>>::call_once
[INFO] [stdout]                                at /rustc/dfb0accb7f508ae8be965d8629557221c889dd98/library/core/src/panic/unwind_safe.rs:275:9
[INFO] [stdout]   27:     0x5a89cefec835 - std[70759c8f55707aa4]::panicking::catch_unwind::do_call::<core[df12db4294e9bfd3]::panic::unwind_safe::AssertUnwindSafe<test[9d35eded1c95d3be]::run_test_in_process::{closure#0}>, core[df12db4294e9bfd3]::result::Result<(), alloc[2182bb758b4b3781]::string::String>>
[INFO] [stdout]                                at /rustc/dfb0accb7f508ae8be965d8629557221c889dd98/library/std/src/panicking.rs:576:43
[INFO] [stdout]   28:     0x5a89cefec835 - std[70759c8f55707aa4]::panicking::catch_unwind::<core[df12db4294e9bfd3]::result::Result<(), alloc[2182bb758b4b3781]::string::String>, core[df12db4294e9bfd3]::panic::unwind_safe::AssertUnwindSafe<test[9d35eded1c95d3be]::run_test_in_process::{closure#0}>>
[INFO] [stdout]                                at /rustc/dfb0accb7f508ae8be965d8629557221c889dd98/library/std/src/panicking.rs:544:19
[INFO] [stdout]   29:     0x5a89cefec835 - std[70759c8f55707aa4]::panic::catch_unwind::<core[df12db4294e9bfd3]::panic::unwind_safe::AssertUnwindSafe<test[9d35eded1c95d3be]::run_test_in_process::{closure#0}>, core[df12db4294e9bfd3]::result::Result<(), alloc[2182bb758b4b3781]::string::String>>
[INFO] [stdout]                                at /rustc/dfb0accb7f508ae8be965d8629557221c889dd98/library/std/src/panic.rs:359:14
[INFO] [stdout]   30:     0x5a89cefec835 - test[9d35eded1c95d3be]::run_test_in_process
[INFO] [stdout]                                at /rustc/dfb0accb7f508ae8be965d8629557221c889dd98/library/test/src/lib.rs:756:27
[INFO] [stdout]   31:     0x5a89cefec835 - test[9d35eded1c95d3be]::run_test::{closure#0}
[INFO] [stdout]                                at /rustc/dfb0accb7f508ae8be965d8629557221c889dd98/library/test/src/lib.rs:677:43
[INFO] [stdout]   32:     0x5a89cefe60f4 - test[9d35eded1c95d3be]::run_test::{closure#1}
[INFO] [stdout]                                at /rustc/dfb0accb7f508ae8be965d8629557221c889dd98/library/test/src/lib.rs:707:41
[INFO] [stdout]   33:     0x5a89cefe60f4 - std[70759c8f55707aa4]::sys::backtrace::__rust_begin_short_backtrace::<test[9d35eded1c95d3be]::run_test::{closure#1}, ()>
[INFO] [stdout]                                at /rustc/dfb0accb7f508ae8be965d8629557221c889dd98/library/std/src/sys/backtrace.rs:166:18
[INFO] [stdout]   34:     0x5a89cefef992 - std[70759c8f55707aa4]::thread::lifecycle::spawn_unchecked::<test[9d35eded1c95d3be]::run_test::{closure#1}, ()>::{closure#1}::{closure#0}
[INFO] [stdout]                                at /rustc/dfb0accb7f508ae8be965d8629557221c889dd98/library/std/src/thread/lifecycle.rs:70:13
[INFO] [stdout]   35:     0x5a89cefef992 - <core[df12db4294e9bfd3]::panic::unwind_safe::AssertUnwindSafe<std[70759c8f55707aa4]::thread::lifecycle::spawn_unchecked<test[9d35eded1c95d3be]::run_test::{closure#1}, ()>::{closure#1}::{closure#0}> as core[df12db4294e9bfd3]::ops::function::FnOnce<()>>::call_once
[INFO] [stdout]                                at /rustc/dfb0accb7f508ae8be965d8629557221c889dd98/library/core/src/panic/unwind_safe.rs:275:9
[INFO] [stdout]   36:     0x5a89cefef992 - std[70759c8f55707aa4]::panicking::catch_unwind::do_call::<core[df12db4294e9bfd3]::panic::unwind_safe::AssertUnwindSafe<std[70759c8f55707aa4]::thread::lifecycle::spawn_unchecked<test[9d35eded1c95d3be]::run_test::{closure#1}, ()>::{closure#1}::{closure#0}>, ()>
[INFO] [stdout]                                at /rustc/dfb0accb7f508ae8be965d8629557221c889dd98/library/std/src/panicking.rs:576:43
[INFO] [stdout]   37:     0x5a89cefef992 - std[70759c8f55707aa4]::panicking::catch_unwind::<(), core[df12db4294e9bfd3]::panic::unwind_safe::AssertUnwindSafe<std[70759c8f55707aa4]::thread::lifecycle::spawn_unchecked<test[9d35eded1c95d3be]::run_test::{closure#1}, ()>::{closure#1}::{closure#0}>>
[INFO] [stdout]                                at /rustc/dfb0accb7f508ae8be965d8629557221c889dd98/library/std/src/panicking.rs:544:19
[INFO] [stdout]   38:     0x5a89cefef992 - std[70759c8f55707aa4]::panic::catch_unwind::<core[df12db4294e9bfd3]::panic::unwind_safe::AssertUnwindSafe<std[70759c8f55707aa4]::thread::lifecycle::spawn_unchecked<test[9d35eded1c95d3be]::run_test::{closure#1}, ()>::{closure#1}::{closure#0}>, ()>
[INFO] [stdout]                                at /rustc/dfb0accb7f508ae8be965d8629557221c889dd98/library/std/src/panic.rs:359:14
[INFO] [stdout]   39:     0x5a89cefef992 - std[70759c8f55707aa4]::thread::lifecycle::spawn_unchecked::<test[9d35eded1c95d3be]::run_test::{closure#1}, ()>::{closure#1}
[INFO] [stdout]                                at /rustc/dfb0accb7f508ae8be965d8629557221c889dd98/library/std/src/thread/lifecycle.rs:68:26
[INFO] [stdout]   40:     0x5a89cefef992 - <std[70759c8f55707aa4]::thread::lifecycle::spawn_unchecked<test[9d35eded1c95d3be]::run_test::{closure#1}, ()>::{closure#1} as core[df12db4294e9bfd3]::ops::function::FnOnce<()>>::call_once::{shim:vtable#0}
[INFO] [stdout]                                at /rustc/dfb0accb7f508ae8be965d8629557221c889dd98/library/core/src/ops/function.rs:250:5
[INFO] [stdout]   41:     0x5a89cfb38369 - <alloc[2182bb758b4b3781]::boxed::Box<dyn core[df12db4294e9bfd3]::ops::function::FnOnce<(), Output = ()> + core[df12db4294e9bfd3]::marker::Send> as core[df12db4294e9bfd3]::ops::function::FnOnce<()>>::call_once
[INFO] [stdout]                                at /rustc/dfb0accb7f508ae8be965d8629557221c889dd98/library/alloc/src/boxed.rs:2320:9
[INFO] [stdout]   42:     0x5a89cfb38369 - <std[70759c8f55707aa4]::sys::thread::unix::Thread>::new::thread_start
[INFO] [stdout]                                at /rustc/dfb0accb7f508ae8be965d8629557221c889dd98/library/std/src/sys/thread/unix.rs:123:17
[INFO] [stdout]   43:     0x766761ededfa - <unknown>
[INFO] [stdout]   44:     0x766761f723d4 - clone
[INFO] [stdout]   45:                0x0 - <unknown>
[INFO] [stdout] 
[INFO] [stdout] ---- local::tests::local_put_temporary_file_if_absent_read_only_parent stdout ----
[INFO] [stdout] 
[INFO] [stdout] thread 'local::tests::local_put_temporary_file_if_absent_read_only_parent' (4885) panicked at src/local/tests.rs:2043:5:
[INFO] [stdout] expected EACCES error from read-only parent, got Ok(Inserted)
[INFO] [stdout] stack backtrace:
[INFO] [stdout]    0:     0x5a89cfb396c1 - std[70759c8f55707aa4]::backtrace_rs::backtrace::libunwind::trace
[INFO] [stdout]                                at /rustc/dfb0accb7f508ae8be965d8629557221c889dd98/library/std/src/../../backtrace/src/backtrace/libunwind.rs:117:9
[INFO] [stdout]    1:     0x5a89cfb396c1 - std[70759c8f55707aa4]::backtrace_rs::backtrace::trace_unsynchronized::<std[70759c8f55707aa4]::sys::backtrace::_print_fmt::{closure#1}>
[INFO] [stdout]                                at /rustc/dfb0accb7f508ae8be965d8629557221c889dd98/library/std/src/../../backtrace/src/backtrace/mod.rs:66:14
[INFO] [stdout]    2:     0x5a89cfb396c1 - std[70759c8f55707aa4]::sys::backtrace::_print_fmt
[INFO] [stdout]                                at /rustc/dfb0accb7f508ae8be965d8629557221c889dd98/library/std/src/sys/backtrace.rs:74:9
[INFO] [stdout]    3:     0x5a89cfb396c1 - <<std[70759c8f55707aa4]::sys::backtrace::BacktraceLock>::print::DisplayBacktrace as core[df12db4294e9bfd3]::fmt::Display>::fmt
[INFO] [stdout]                                at /rustc/dfb0accb7f508ae8be965d8629557221c889dd98/library/std/src/sys/backtrace.rs:44:26
[INFO] [stdout]    4:     0x5a89cfb52bfa - <core[df12db4294e9bfd3]::fmt::rt::Argument>::fmt
[INFO] [stdout]                                at /rustc/dfb0accb7f508ae8be965d8629557221c889dd98/library/core/src/fmt/rt.rs:152:76
[INFO] [stdout]    5:     0x5a89cfb52bfa - core[df12db4294e9bfd3]::fmt::write
[INFO] [stdout]    6:     0x5a89cfb3e91c - core[df12db4294e9bfd3]::io::write::default_write_fmt::<alloc[2182bb758b4b3781]::vec::Vec<u8>>
[INFO] [stdout]                                at /rustc/dfb0accb7f508ae8be965d8629557221c889dd98/library/core/src/io/write.rs:402:11
[INFO] [stdout]    7:     0x5a89cfb3e91c - <alloc[2182bb758b4b3781]::vec::Vec<u8> as core[df12db4294e9bfd3]::io::write::Write>::write_fmt
[INFO] [stdout]                                at /rustc/dfb0accb7f508ae8be965d8629557221c889dd98/library/core/src/io/write.rs:335:13
[INFO] [stdout]    8:     0x5a89cfb10906 - <std[70759c8f55707aa4]::sys::backtrace::BacktraceLock>::print
[INFO] [stdout]                                at /rustc/dfb0accb7f508ae8be965d8629557221c889dd98/library/std/src/sys/backtrace.rs:47:9
[INFO] [stdout]    9:     0x5a89cfb10906 - std[70759c8f55707aa4]::panicking::default_hook::{closure#0}
[INFO] [stdout]                                at /rustc/dfb0accb7f508ae8be965d8629557221c889dd98/library/std/src/panicking.rs:292:27
[INFO] [stdout]   10:     0x5a89cfb2f579 - std[70759c8f55707aa4]::panicking::default_hook
[INFO] [stdout]                                at /rustc/dfb0accb7f508ae8be965d8629557221c889dd98/library/std/src/panicking.rs:316:9
[INFO] [stdout]   11:     0x5a89cefebee0 - <alloc[2182bb758b4b3781]::boxed::Box<dyn for<'a, 'b> core[df12db4294e9bfd3]::ops::function::Fn<(&'a std[70759c8f55707aa4]::panic::PanicHookInfo<'b>,), Output = ()> + core[df12db4294e9bfd3]::marker::Send + core[df12db4294e9bfd3]::marker::Sync> as core[df12db4294e9bfd3]::ops::function::Fn<(&std[70759c8f55707aa4]::panic::PanicHookInfo,)>>::call
[INFO] [stdout]                                at /rustc/dfb0accb7f508ae8be965d8629557221c889dd98/library/alloc/src/boxed.rs:2334:9
[INFO] [stdout]   12:     0x5a89cefebee0 - test[9d35eded1c95d3be]::test_main_inner::<test[9d35eded1c95d3be]::test_main_static::{closure#0}>::{closure#0}
[INFO] [stdout]                                at /rustc/dfb0accb7f508ae8be965d8629557221c889dd98/library/test/src/lib.rs:155:21
[INFO] [stdout]   13:     0x5a89cfb2f8a2 - <alloc[2182bb758b4b3781]::boxed::Box<dyn for<'a, 'b> core[df12db4294e9bfd3]::ops::function::Fn<(&'a std[70759c8f55707aa4]::panic::PanicHookInfo<'b>,), Output = ()> + core[df12db4294e9bfd3]::marker::Send + core[df12db4294e9bfd3]::marker::Sync> as core[df12db4294e9bfd3]::ops::function::Fn<(&std[70759c8f55707aa4]::panic::PanicHookInfo,)>>::call
[INFO] [stdout]                                at /rustc/dfb0accb7f508ae8be965d8629557221c889dd98/library/alloc/src/boxed.rs:2334:9
[INFO] [stdout]   14:     0x5a89cfb2f8a2 - std[70759c8f55707aa4]::panicking::panic_with_hook
[INFO] [stdout]                                at /rustc/dfb0accb7f508ae8be965d8629557221c889dd98/library/std/src/panicking.rs:823:13
[INFO] [stdout]   15:     0x5a89cfb109b2 - std[70759c8f55707aa4]::panicking::panic_handler::{closure#0}
[INFO] [stdout]                                at /rustc/dfb0accb7f508ae8be965d8629557221c889dd98/library/std/src/panicking.rs:688:13
[INFO] [stdout]   16:     0x5a89cfb091d9 - std[70759c8f55707aa4]::sys::backtrace::__rust_end_short_backtrace::<std[70759c8f55707aa4]::panicking::panic_handler::{closure#0}, !>
[INFO] [stdout]                                at /rustc/dfb0accb7f508ae8be965d8629557221c889dd98/library/std/src/sys/backtrace.rs:182:18
[INFO] [stdout]   17:     0x5a89cfb11b2d - __rustc[8fa7c3cbc660c2b3]::rust_begin_unwind
[INFO] [stdout]                                at /rustc/dfb0accb7f508ae8be965d8629557221c889dd98/library/std/src/panicking.rs:679:5
[INFO] [stdout]   18:     0x5a89cfb5349c - core[df12db4294e9bfd3]::panicking::panic_fmt
[INFO] [stdout]                                at /rustc/dfb0accb7f508ae8be965d8629557221c889dd98/library/core/src/panicking.rs:80:14
[INFO] [stdout]   19:     0x5a89cefa18f8 - shardline_storage[fa2ecf76951dbaac]::local::tests::local_put_temporary_file_if_absent_read_only_parent
[INFO] [stdout]                                at /opt/rustwide/workdir/src/local/tests.rs:2043:5
[INFO] [stdout]   20:     0x5a89cef8ed17 - shardline_storage[fa2ecf76951dbaac]::local::tests::local_put_temporary_file_if_absent_read_only_parent::{closure#0}
[INFO] [stdout]                                at /opt/rustwide/workdir/src/local/tests.rs:2016:57
[INFO] [stdout]   21:     0x5a89ceef4ba6 - <shardline_storage[fa2ecf76951dbaac]::local::tests::local_put_temporary_file_if_absent_read_only_parent::{closure#0} as core[df12db4294e9bfd3]::ops::function::FnOnce<()>>::call_once
[INFO] [stdout]                                at /rustc/dfb0accb7f508ae8be965d8629557221c889dd98/library/core/src/ops/function.rs:250:5
[INFO] [stdout]   22:     0x5a89cefdf1cb - <fn() -> core[df12db4294e9bfd3]::result::Result<(), alloc[2182bb758b4b3781]::string::String> as core[df12db4294e9bfd3]::ops::function::FnOnce<()>>::call_once
[INFO] [stdout]                                at /rustc/dfb0accb7f508ae8be965d8629557221c889dd98/library/core/src/ops/function.rs:250:5
[INFO] [stdout]   23:     0x5a89cefdf1cb - test[9d35eded1c95d3be]::__rust_begin_short_backtrace::<core[df12db4294e9bfd3]::result::Result<(), alloc[2182bb758b4b3781]::string::String>, fn() -> core[df12db4294e9bfd3]::result::Result<(), alloc[2182bb758b4b3781]::string::String>>
[INFO] [stdout]                                at /rustc/dfb0accb7f508ae8be965d8629557221c889dd98/library/test/src/lib.rs:733:18
[INFO] [stdout]   24:     0x5a89cefec835 - test[9d35eded1c95d3be]::run_test_in_process::{closure#0}
[INFO] [stdout]                                at /rustc/dfb0accb7f508ae8be965d8629557221c889dd98/library/test/src/lib.rs:756:74
[INFO] [stdout]   25:     0x5a89cefec835 - <core[df12db4294e9bfd3]::panic::unwind_safe::AssertUnwindSafe<test[9d35eded1c95d3be]::run_test_in_process::{closure#0}> as core[df12db4294e9bfd3]::ops::function::FnOnce<()>>::call_once
[INFO] [stdout]                                at /rustc/dfb0accb7f508ae8be965d8629557221c889dd98/library/core/src/panic/unwind_safe.rs:275:9
[INFO] [stdout]   26:     0x5a89cefec835 - std[70759c8f55707aa4]::panicking::catch_unwind::do_call::<core[df12db4294e9bfd3]::panic::unwind_safe::AssertUnwindSafe<test[9d35eded1c95d3be]::run_test_in_process::{closure#0}>, core[df12db4294e9bfd3]::result::Result<(), alloc[2182bb758b4b3781]::string::String>>
[INFO] [stdout]                                at /rustc/dfb0accb7f508ae8be965d8629557221c889dd98/library/std/src/panicking.rs:576:43
[INFO] [stdout]   27:     0x5a89cefec835 - std[70759c8f55707aa4]::panicking::catch_unwind::<core[df12db4294e9bfd3]::result::Result<(), alloc[2182bb758b4b3781]::string::String>, core[df12db4294e9bfd3]::panic::unwind_safe::AssertUnwindSafe<test[9d35eded1c95d3be]::run_test_in_process::{closure#0}>>
[INFO] [stdout]                                at /rustc/dfb0accb7f508ae8be965d8629557221c889dd98/library/std/src/panicking.rs:544:19
[INFO] [stdout]   28:     0x5a89cefec835 - std[70759c8f55707aa4]::panic::catch_unwind::<core[df12db4294e9bfd3]::panic::unwind_safe::AssertUnwindSafe<test[9d35eded1c95d3be]::run_test_in_process::{closure#0}>, core[df12db4294e9bfd3]::result::Result<(), alloc[2182bb758b4b3781]::string::String>>
[INFO] [stdout]                                at /rustc/dfb0accb7f508ae8be965d8629557221c889dd98/library/std/src/panic.rs:359:14
[INFO] [stdout]   29:     0x5a89cefec835 - test[9d35eded1c95d3be]::run_test_in_process
[INFO] [stdout]                                at /rustc/dfb0accb7f508ae8be965d8629557221c889dd98/library/test/src/lib.rs:756:27
[INFO] [stdout]   30:     0x5a89cefec835 - test[9d35eded1c95d3be]::run_test::{closure#0}
[INFO] [stdout]                                at /rustc/dfb0accb7f508ae8be965d8629557221c889dd98/library/test/src/lib.rs:677:43
[INFO] [stdout]   31:     0x5a89cefe60f4 - test[9d35eded1c95d3be]::run_test::{closure#1}
[INFO] [stdout]                                at /rustc/dfb0accb7f508ae8be965d8629557221c889dd98/library/test/src/lib.rs:707:41
[INFO] [stdout]   32:     0x5a89cefe60f4 - std[70759c8f55707aa4]::sys::backtrace::__rust_begin_short_backtrace::<test[9d35eded1c95d3be]::run_test::{closure#1}, ()>
[INFO] [stdout]                                at /rustc/dfb0accb7f508ae8be965d8629557221c889dd98/library/std/src/sys/backtrace.rs:166:18
[INFO] [stdout]   33:     0x5a89cefef992 - std[70759c8f55707aa4]::thread::lifecycle::spawn_unchecked::<test[9d35eded1c95d3be]::run_test::{closure#1}, ()>::{closure#1}::{closure#0}
[INFO] [stdout]                                at /rustc/dfb0accb7f508ae8be965d8629557221c889dd98/library/std/src/thread/lifecycle.rs:70:13
[INFO] [stdout]   34:     0x5a89cefef992 - <core[df12db4294e9bfd3]::panic::unwind_safe::AssertUnwindSafe<std[70759c8f55707aa4]::thread::lifecycle::spawn_unchecked<test[9d35eded1c95d3be]::run_test::{closure#1}, ()>::{closure#1}::{closure#0}> as core[df12db4294e9bfd3]::ops::function::FnOnce<()>>::call_once
[INFO] [stdout]                                at /rustc/dfb0accb7f508ae8be965d8629557221c889dd98/library/core/src/panic/unwind_safe.rs:275:9
[INFO] [stdout]   35:     0x5a89cefef992 - std[70759c8f55707aa4]::panicking::catch_unwind::do_call::<core[df12db4294e9bfd3]::panic::unwind_safe::AssertUnwindSafe<std[70759c8f55707aa4]::thread::lifecycle::spawn_unchecked<test[9d35eded1c95d3be]::run_test::{closure#1}, ()>::{closure#1}::{closure#0}>, ()>
[INFO] [stdout]                                at /rustc/dfb0accb7f508ae8be965d8629557221c889dd98/library/std/src/panicking.rs:576:43
[INFO] [stdout]   36:     0x5a89cefef992 - std[70759c8f55707aa4]::panicking::catch_unwind::<(), core[df12db4294e9bfd3]::panic::unwind_safe::AssertUnwindSafe<std[70759c8f55707aa4]::thread::lifecycle::spawn_unchecked<test[9d35eded1c95d3be]::run_test::{closure#1}, ()>::{closure#1}::{closure#0}>>
[INFO] [stdout]                                at /rustc/dfb0accb7f508ae8be965d8629557221c889dd98/library/std/src/panicking.rs:544:19
[INFO] [stdout]   37:     0x5a89cefef992 - std[70759c8f55707aa4]::panic::catch_unwind::<core[df12db4294e9bfd3]::panic::unwind_safe::AssertUnwindSafe<std[70759c8f55707aa4]::thread::lifecycle::spawn_unchecked<test[9d35eded1c95d3be]::run_test::{closure#1}, ()>::{closure#1}::{closure#0}>, ()>
[INFO] [stdout]                                at /rustc/dfb0accb7f508ae8be965d8629557221c889dd98/library/std/src/panic.rs:359:14
[INFO] [stdout]   38:     0x5a89cefef992 - std[70759c8f55707aa4]::thread::lifecycle::spawn_unchecked::<test[9d35eded1c95d3be]::run_test::{closure#1}, ()>::{closure#1}
[INFO] [stdout]                                at /rustc/dfb0accb7f508ae8be965d8629557221c889dd98/library/std/src/thread/lifecycle.rs:68:26
[INFO] [stdout]   39:     0x5a89cefef992 - <std[70759c8f55707aa4]::thread::lifecycle::spawn_unchecked<test[9d35eded1c95d3be]::run_test::{closure#1}, ()>::{closure#1} as core[df12db4294e9bfd3]::ops::function::FnOnce<()>>::call_once::{shim:vtable#0}
[INFO] [stdout]                                at /rustc/dfb0accb7f508ae8be965d8629557221c889dd98/library/core/src/ops/function.rs:250:5
[INFO] [stdout]   40:     0x5a89cfb38369 - <alloc[2182bb758b4b3781]::boxed::Box<dyn core[df12db4294e9bfd3]::ops::function::FnOnce<(), Output = ()> + core[df12db4294e9bfd3]::marker::Send> as core[df12db4294e9bfd3]::ops::function::FnOnce<()>>::call_once
[INFO] [stdout]                                at /rustc/dfb0accb7f508ae8be965d8629557221c889dd98/library/alloc/src/boxed.rs:2320:9
[INFO] [stdout]   41:     0x5a89cfb38369 - <std[70759c8f55707aa4]::sys::thread::unix::Thread>::new::thread_start
[INFO] [stdout]                                at /rustc/dfb0accb7f508ae8be965d8629557221c889dd98/library/std/src/sys/thread/unix.rs:123:17
[INFO] [stdout]   42:     0x766761ededfa - <unknown>
[INFO] [stdout]   43:     0x766761f723d4 - clone
[INFO] [stdout]   44:                0x0 - <unknown>
[INFO] [stdout] 
[INFO] [stdout] 
[INFO] [stdout] failures:
[INFO] [stdout]     local::tests::local_copy_object_if_absent_hard_link_error
[INFO] [stdout]     local::tests::local_delete_if_present_parent_without_write_permission_errors
[INFO] [stdout]     local::tests::local_put_temporary_file_if_absent_read_only_parent
[INFO] [stdout]     local::tests::local_read_dir_if_exists_restricted_directory_returns_error
[INFO] [stdout] 
[INFO] [stdout] test result: FAILED. 443 passed; 4 failed; 0 ignored; 0 measured; 0 filtered out; finished in 11.39s
[INFO] [stdout] 
[INFO] [stderr] error: test failed, to rerun pass `--lib`
[INFO] running `Command { std: "docker" "inspect" "7a13f33b3b0e5693278d0d33010197206929d1050932d16640120147f7aff0ce", kill_on_drop: false }`
[INFO] running `Command { std: "docker" "rm" "-f" "7a13f33b3b0e5693278d0d33010197206929d1050932d16640120147f7aff0ce", kill_on_drop: false }`
[INFO] [stdout] 7a13f33b3b0e5693278d0d33010197206929d1050932d16640120147f7aff0ce
