[INFO] fetching crate shardline-oci-adapter 1.11.2...
[INFO] testing shardline-oci-adapter-1.11.2 against 1.99.0-beta.8 for beta-1.100-2
[INFO] extracting crate shardline-oci-adapter 1.11.2 into /workspace/builds/worker-7-tc1/source
[INFO] started tweaking crates.io crate shardline-oci-adapter 1.11.2
[INFO] removed 0 missing tests
[INFO] finished tweaking crates.io crate shardline-oci-adapter 1.11.2
[INFO] tweaked toml for crates.io crate shardline-oci-adapter 1.11.2 written to /workspace/builds/worker-7-tc1/source/Cargo.toml
[INFO] validating manifest of crates.io crate shardline-oci-adapter 1.11.2 on toolchain 1.99.0-beta.8
[INFO] running `Command { std: CARGO_HOME="/workspace/cargo-home" RUSTUP_HOME="/workspace/rustup-home" "/workspace/cargo-home/bin/cargo" "+1.99.0-beta.8" "metadata" "--manifest-path" "Cargo.toml" "--no-deps", kill_on_drop: false }`
[INFO] crate crates.io crate shardline-oci-adapter 1.11.2 already has a lockfile, it will not be regenerated
[INFO] running `Command { std: CARGO_HOME="/workspace/cargo-home" RUSTUP_HOME="/workspace/rustup-home" "/workspace/cargo-home/bin/cargo" "+1.99.0-beta.8" "fetch" "--manifest-path" "Cargo.toml", kill_on_drop: false }`
[INFO] [stderr]     Updating crates.io index
[INFO] [stderr]  Downloading crates ...
[INFO] [stderr]   Downloaded shardline-protocol v1.11.2
[INFO] [stderr]   Downloaded shardline-validation v1.11.2
[INFO] [stderr]   Downloaded redox_syscall v0.7.4
[INFO] [stderr]   Downloaded hybrid-array v0.4.13
[INFO] [stderr]   Downloaded shardline-server-core v1.11.2
[INFO] [stderr]   Downloaded libredox v0.1.16
[INFO] [stderr]   Downloaded penelope-domain v0.1.0
[INFO] [stderr]   Downloaded h2 v0.4.16
[INFO] [stderr]   Downloaded statechronicle-core v0.1.0
[INFO] [stderr]   Downloaded bcs v0.2.1
[INFO] [stderr]   Downloaded trait-variant v0.1.3
[INFO] [stderr]   Downloaded penelope-core v0.1.0
[INFO] [stderr]   Downloaded shardline-storage v1.11.2
[INFO] [stderr]   Downloaded shardline-reliability v1.11.2
[INFO] [stderr]   Downloaded statechronicle-commit v0.1.0
[INFO] [stderr]   Downloaded statechronicle-ports v0.1.0
[INFO] [stderr]   Downloaded statechronicle-intent v0.1.0
[INFO] [stderr]   Downloaded quinn-proto v0.11.16
[INFO] [stderr]   Downloaded blake3 v1.8.4
[INFO] [stderr]   Downloaded object_store v0.14.0
[INFO] [stderr]   Downloaded quick-xml v0.40.1
[INFO] [stderr]   Downloaded shardline-index v1.11.2
[INFO] [stderr]   Downloaded statechronicle-accumulator v0.1.0
[INFO] [stderr]   Downloaded prometheus v0.14.0
[INFO] [stderr]   Downloaded shardline-metrics v1.11.2
[INFO] [stderr]   Downloaded rusqlite v0.32.1
[INFO] [stderr]   Downloaded shardline-auth v1.11.2
[INFO] [stderr]   Downloaded statechronicle-domain v0.1.0
[INFO] running `Command { std: "docker" "create" "-v" "/var/lib/crater-agent-workspace/builds/worker-7-tc1/source:/opt/rustwide/workdir:ro,Z" "-v" "/var/lib/crater-agent-workspace/builds/worker-7-tc1/target:/opt/rustwide/target:rw,Z" "-v" "/var/lib/crater-agent-workspace/cargo-home:/opt/rustwide/cargo-home:ro,Z" "-v" "/var/lib/crater-agent-workspace/rustup-home:/opt/rustwide/rustup-home:ro,Z" "-m" "1610612736" "--network" "none" "ghcr.io/rust-lang/crates-build-env/linux@sha256:3111399a4047eeb3a02b7a90e478d715f38a8c6669b5c4b49d30a17385265909" "sleep" "infinity", kill_on_drop: false }`
[INFO] [stdout] df4c2a016d7732b02dec82964bd8425ae5b3b931537005c0e9857a13d5fb5ac6
[INFO] running `Command { std: "docker" "start" "df4c2a016d7732b02dec82964bd8425ae5b3b931537005c0e9857a13d5fb5ac6", kill_on_drop: false }`
[INFO] running `Command { std: "docker" "inspect" "df4c2a016d7732b02dec82964bd8425ae5b3b931537005c0e9857a13d5fb5ac6", kill_on_drop: false }`
[INFO] running `Command { std: "docker" "exec" "-e" "SOURCE_DIR=/opt/rustwide/workdir" "-e" "CARGO_HOME=/opt/rustwide/cargo-home" "-e" "RUSTUP_HOME=/opt/rustwide/rustup-home" "-e" "CARGO_TARGET_DIR=/opt/rustwide/target" "-w" "/opt/rustwide/workdir" "--user" "0:0" "df4c2a016d7732b02dec82964bd8425ae5b3b931537005c0e9857a13d5fb5ac6" "/opt/rustwide/cargo-home/bin/cargo" "+1.99.0-beta.8" "metadata" "--no-deps" "--format-version=1", kill_on_drop: false }`
[INFO] running `Command { std: "docker" "inspect" "df4c2a016d7732b02dec82964bd8425ae5b3b931537005c0e9857a13d5fb5ac6", kill_on_drop: false }`
[INFO] running `Command { std: "docker" "exec" "-e" "SOURCE_DIR=/opt/rustwide/workdir" "-e" "CARGO_HOME=/opt/rustwide/cargo-home" "-e" "RUSTUP_HOME=/opt/rustwide/rustup-home" "-e" "CARGO_TARGET_DIR=/opt/rustwide/target" "-e" "CARGO_INCREMENTAL=0" "-e" "RUST_BACKTRACE=full" "-e" "RUSTFLAGS=--cap-lints=warn" "-e" "RUSTDOCFLAGS=--cap-lints=warn" "-w" "/opt/rustwide/workdir" "--user" "0:0" "df4c2a016d7732b02dec82964bd8425ae5b3b931537005c0e9857a13d5fb5ac6" "/opt/rustwide/cargo-home/bin/cargo" "+1.99.0-beta.8" "build" "--frozen" "--message-format=json", kill_on_drop: false }`
[INFO] [stderr]    Compiling serde_core v1.0.228
[INFO] [stderr]    Compiling serde v1.0.228
[INFO] [stderr]    Compiling subtle v2.6.1
[INFO] [stderr]    Compiling serde_json v1.0.149
[INFO] [stderr]    Compiling getrandom v0.2.17
[INFO] [stderr]    Compiling generic-array v0.14.7
[INFO] [stderr]    Compiling num-traits v0.2.19
[INFO] [stderr]    Compiling base64ct v1.8.3
[INFO] [stderr]    Compiling aws-lc-rs v1.18.1
[INFO] [stderr]    Compiling zeroize_derive v1.4.3
[INFO] [stderr]    Compiling tracing v0.1.44
[INFO] [stderr]    Compiling tokio v1.52.1
[INFO] [stderr]    Compiling aws-lc-sys v0.45.0
[INFO] [stderr]    Compiling const-oid v0.9.6
[INFO] [stderr]    Compiling futures-io v0.3.32
[INFO] [stderr]    Compiling curve25519-dalek v4.1.3
[INFO] [stderr]    Compiling rustls v0.23.45
[INFO] [stderr]    Compiling futures-util v0.3.32
[INFO] [stderr]    Compiling zerocopy v0.8.48
[INFO] [stderr]    Compiling pem-rfc7468 v0.7.0
[INFO] [stderr]    Compiling curve25519-dalek-derive v0.1.1
[INFO] [stderr]    Compiling signature v2.2.0
[INFO] [stderr]    Compiling uuid v1.23.1
[INFO] [stderr]    Compiling hybrid-array v0.4.13
[INFO] [stderr]    Compiling rand_core v0.6.4
[INFO] [stderr]    Compiling ring v0.17.14
[INFO] [stderr]    Compiling crossbeam-utils v0.8.21
[INFO] [stderr]    Compiling tinyvec_macros v0.1.1
[INFO] [stderr]    Compiling foldhash v0.1.5
[INFO] [stderr]    Compiling tinyvec v1.11.0
[INFO] [stderr]    Compiling hashbrown v0.15.5
[INFO] [stderr]    Compiling parking v2.2.1
[INFO] [stderr]    Compiling crc v3.4.0
[INFO] [stderr]    Compiling zeroize v1.8.2
[INFO] [stderr]    Compiling libsqlite3-sys v0.30.1
[INFO] [stderr]    Compiling event-listener v5.4.2
[INFO] [stderr]    Compiling rustls-pki-types v1.14.0
[INFO] [stderr]    Compiling der v0.7.10
[INFO] [stderr]    Compiling crypto-common v0.1.7
[INFO] [stderr]    Compiling block-buffer v0.10.4
[INFO] [stderr]    Compiling inout v0.1.4
[INFO] [stderr]    Compiling unicode-normalization v0.1.25
[INFO] [stderr]    Compiling digest v0.10.7
[INFO] [stderr]    Compiling blake3 v1.8.4
[INFO] [stderr]    Compiling block-buffer v0.12.1
[INFO] [stderr]    Compiling crypto-common v0.2.2
[INFO] [stderr]    Compiling sha2 v0.10.9
[INFO] [stderr]    Compiling hmac v0.12.1
[INFO] [stderr]    Compiling crossbeam-queue v0.3.12
[INFO] [stderr]    Compiling trait-variant v0.1.3
[INFO] [stderr]    Compiling rustls-native-certs v0.8.3
[INFO] [stderr]    Compiling webpki-roots v1.0.7
[INFO] [stderr]    Compiling webpki-roots v0.26.11
[INFO] [stderr]    Compiling hashlink v0.10.0
[INFO] [stderr]    Compiling unicode-properties v0.1.4
[INFO] [stderr]    Compiling unicode-bidi v0.3.18
[INFO] [stderr]    Compiling prometheus v0.14.0
[INFO] [stderr]    Compiling spin v0.10.1
[INFO] [stderr]    Compiling axum-core v0.5.6
[INFO] [stderr]    Compiling hkdf v0.12.4
[INFO] [stderr]    Compiling atoi v2.0.0
[INFO] [stderr]    Compiling spki v0.7.3
[INFO] [stderr]    Compiling digest v0.11.3
[INFO] [stderr]    Compiling stringprep v0.1.5
[INFO] [stderr]    Compiling pkcs8 v0.10.2
[INFO] [stderr]    Compiling crc-fast v1.10.0
[INFO] [stderr]    Compiling md-5 v0.11.0
[INFO] [stderr]    Compiling ed25519 v2.2.3
[INFO] [stderr]    Compiling md-5 v0.10.6
[INFO] [stderr]    Compiling rand v0.10.1
[INFO] [stderr]    Compiling cipher v0.4.4
[INFO] [stderr]    Compiling universal-hash v0.5.1
[INFO] [stderr]    Compiling humantime v2.3.0
[INFO] [stderr]    Compiling home v0.5.12
[INFO] [stderr]    Compiling opaque-debug v0.3.1
[INFO] [stderr]    Compiling constant_time_eq v0.4.2
[INFO] [stderr]    Compiling arrayvec v0.7.6
[INFO] [stderr]    Compiling whoami v1.6.1
[INFO] [stderr]    Compiling byteorder v1.5.0
[INFO] [stderr]    Compiling dotenvy v0.15.7
[INFO] [stderr]    Compiling ed25519-dalek v2.2.0
[INFO] [stderr]    Compiling arrayref v0.3.9
[INFO] [stderr]    Compiling penelope-core v0.1.0
[INFO] [stderr]    Compiling polyval v0.6.2
[INFO] [stderr]    Compiling fallible-streaming-iterator v0.1.9
[INFO] [stderr]    Compiling getrandom v0.3.4
[INFO] [stderr]    Compiling fallible-iterator v0.3.0
[INFO] [stderr]    Compiling ghash v0.5.1
[INFO] [stderr]    Compiling ctr v0.9.2
[INFO] [stderr]    Compiling aes v0.8.4
[INFO] [stderr]    Compiling aead v0.5.2
[INFO] [stderr]    Compiling shardline-validation v1.11.2
[INFO] [stderr]    Compiling aes-gcm v0.10.3
[INFO] [stderr]    Compiling bcs v0.2.1
[INFO] [stderr]    Compiling serde_path_to_error v0.1.20
[INFO] [stderr]    Compiling smallvec v1.15.1
[INFO] [stderr]    Compiling chrono v0.4.44
[INFO] [stderr]    Compiling statechronicle-core v0.1.0
[INFO] [stderr]    Compiling either v1.15.0
[INFO] [stderr]    Compiling serde_urlencoded v0.7.1
[INFO] [stderr]    Compiling quick-xml v0.40.1
[INFO] [stderr]    Compiling parking_lot_core v0.9.12
[INFO] [stderr]    Compiling icu_normalizer v2.2.0
[INFO] [stderr]    Compiling itertools v0.15.0
[INFO] [stderr]    Compiling parking_lot v0.12.5
[INFO] [stderr]    Compiling shardline-protocol v1.11.2
[INFO] [stderr]    Compiling idna_adapter v1.2.1
[INFO] [stderr]    Compiling tokio-util v0.7.18
[INFO] [stderr]    Compiling idna v1.1.0
[INFO] [stderr]    Compiling tower v0.5.3
[INFO] [stderr]    Compiling futures-intrusive v0.5.0
[INFO] [stderr]    Compiling tokio-stream v0.1.18
[INFO] [stderr]    Compiling penelope-domain v0.1.0
[INFO] [stderr]    Compiling h2 v0.4.16
[INFO] [stderr]    Compiling url v2.5.8
[INFO] [stderr]    Compiling tower-http v0.6.8
[INFO] [stderr]    Compiling shardline-auth v1.11.2
[INFO] [stderr]    Compiling statechronicle-domain v0.1.0
[INFO] [stderr]    Compiling ppv-lite86 v0.2.21
[INFO] [stderr]    Compiling ahash v0.8.12
[INFO] [stderr]    Compiling hashbrown v0.14.5
[INFO] [stderr]    Compiling rand_chacha v0.3.1
[INFO] [stderr]    Compiling rand v0.8.6
[INFO] [stderr]    Compiling hashlink v0.9.1
[INFO] [stderr]    Compiling statechronicle-accumulator v0.1.0
[INFO] [stderr]    Compiling statechronicle-intent v0.1.0
[INFO] [stderr]    Compiling statechronicle-ports v0.1.0
[INFO] [stderr]    Compiling statechronicle-commit v0.1.0
[INFO] [stderr]    Compiling shardline-reliability v1.11.2
[INFO] [stderr]    Compiling hyper v1.9.0
[INFO] [stderr]    Compiling hyper-util v0.1.20
[INFO] [stderr]    Compiling rusqlite v0.32.1
[INFO] [stderr]    Compiling axum v0.8.9
[INFO] [stderr]    Compiling rustls-webpki v0.103.15
[INFO] [stderr]    Compiling shardline-metrics v1.11.2
[INFO] [stderr]    Compiling tokio-rustls v0.26.4
[INFO] [stderr]    Compiling rustls-platform-verifier v0.6.2
[INFO] [stderr]    Compiling sqlx-core v0.8.6
[INFO] [stderr]    Compiling hyper-rustls v0.27.9
[INFO] [stderr]    Compiling reqwest v0.13.2
[INFO] [stderr]    Compiling object_store v0.14.0
[INFO] [stderr]    Compiling sqlx-postgres v0.8.6
[INFO] [stderr]    Compiling sqlx v0.8.6
[INFO] [stderr]    Compiling shardline-storage v1.11.2
[INFO] [stderr]    Compiling shardline-index v1.11.2
[INFO] [stderr]    Compiling shardline-server-core v1.11.2
[INFO] [stderr]    Compiling shardline-oci-adapter v1.11.2 (/opt/rustwide/workdir)
[INFO] [stderr]     Finished `dev` profile [unoptimized + debuginfo] target(s) in 1m 57s
[INFO] running `Command { std: "docker" "inspect" "df4c2a016d7732b02dec82964bd8425ae5b3b931537005c0e9857a13d5fb5ac6", kill_on_drop: false }`
[INFO] running `Command { std: "docker" "exec" "-e" "SOURCE_DIR=/opt/rustwide/workdir" "-e" "CARGO_HOME=/opt/rustwide/cargo-home" "-e" "RUSTUP_HOME=/opt/rustwide/rustup-home" "-e" "CARGO_TARGET_DIR=/opt/rustwide/target" "-e" "CARGO_INCREMENTAL=0" "-e" "RUST_BACKTRACE=full" "-e" "RUSTFLAGS=--cap-lints=warn" "-e" "RUSTDOCFLAGS=--cap-lints=warn" "-w" "/opt/rustwide/workdir" "--user" "0:0" "df4c2a016d7732b02dec82964bd8425ae5b3b931537005c0e9857a13d5fb5ac6" "/opt/rustwide/cargo-home/bin/cargo" "+1.99.0-beta.8" "test" "--frozen" "--no-run" "--message-format=json", kill_on_drop: false }`
[INFO] [stderr]    Compiling shardline-oci-adapter v1.11.2 (/opt/rustwide/workdir)
[INFO] [stderr]     Finished `test` profile [unoptimized + debuginfo] target(s) in 13.19s
[INFO] running `Command { std: "docker" "inspect" "df4c2a016d7732b02dec82964bd8425ae5b3b931537005c0e9857a13d5fb5ac6", kill_on_drop: false }`
[INFO] running `Command { std: "docker" "exec" "-e" "SOURCE_DIR=/opt/rustwide/workdir" "-e" "CARGO_HOME=/opt/rustwide/cargo-home" "-e" "RUSTUP_HOME=/opt/rustwide/rustup-home" "-e" "CARGO_TARGET_DIR=/opt/rustwide/target" "-e" "CARGO_INCREMENTAL=0" "-e" "RUST_BACKTRACE=full" "-e" "RUSTFLAGS=--cap-lints=warn" "-e" "RUSTDOCFLAGS=--cap-lints=warn" "-w" "/opt/rustwide/workdir" "--user" "0:0" "df4c2a016d7732b02dec82964bd8425ae5b3b931537005c0e9857a13d5fb5ac6" "/opt/rustwide/cargo-home/bin/cargo" "+1.99.0-beta.8" "test" "--frozen", kill_on_drop: false }`
[INFO] [stderr]     Finished `test` profile [unoptimized + debuginfo] target(s) in 0.44s
[INFO] [stderr]      Running unittests src/lib.rs (/opt/rustwide/target/debug/deps/shardline_oci_adapter-241941671b5e93d1)
[INFO] [stdout] 
[INFO] [stdout] running 228 tests
[INFO] [stdout] test error::tests::object_prefix_error_display_message ... ok
[INFO] [stdout] test error::tests::all_from_trait_conversions ... ok
[INFO] [stdout] test error::tests::invalid_digest_display_message ... ok
[INFO] [stdout] test error::tests::invalid_content_hash_display_message ... ok
[INFO] [stdout] test error::tests::object_store_error_display_message ... ok
[INFO] [stdout] test error::tests::invalid_upload_session_display_message ... ok
[INFO] [stdout] test protocol_support::tests::object_key_invalid_empty ... ok
[INFO] [stdout] test error::tests::s3_object_store_error_display_message ... ok
[INFO] [stdout] test error::tests::too_many_upload_sessions_display_message ... ok
[INFO] [stdout] test error::tests::overflow_display_message ... ok
[INFO] [stdout] test error::tests::json_error_display_message ... ok
[INFO] [stdout] test error::tests::invalid_manifest_reference_display_message ... ok
[INFO] [stdout] test error::tests::io_error_display_message ... ok
[INFO] [stdout] test error::tests::invalid_repository_name_display_message ... ok
[INFO] [stdout] test error::tests::numeric_conversion_error_display_message ... ok
[INFO] [stdout] test error::tests::error_variant_debug_format ... ok
[INFO] [stdout] test protocol_support::tests::protocol_validation_invalid_repository_name ... ok
[INFO] [stdout] test protocol_support::tests::object_key_invalid_unsafe_path ... ok
[INFO] [stdout] test protocol_support::tests::oci_repository_name_with_null_byte_rejected ... ok
[INFO] [stdout] test protocol_support::tests::protocol_validation_invalid_upload_session ... ok
[INFO] [stdout] test protocol_support::tests::scope_namespace_none_returns_global ... ok
[INFO] [stdout] test protocol_support::tests::oci_tag_validator_enforces_allowed_characters ... ok
[INFO] [stdout] test protocol_support::tests::oci_repository_validator_rejects_traversal_and_uppercase ... ok
[INFO] [stdout] test protocol_support::tests::scope_namespace_with_scope_returns_64_char_hex ... ok
[INFO] [stdout] test protocol_support::tests::object_key_valid ... ok
[INFO] [stdout] test protocol_support::tests::oci_repository_scope_validator_accepts_bound_roots_and_nested_namespaces ... ok
[INFO] [stdout] test protocol_support::tests::protocol_validation_invalid_digest ... ok
[INFO] [stdout] test protocol_support::tests::protocol_validation_invalid_manifest_reference ... ok
[INFO] [stdout] test error::tests::expected_body_hash_mismatch_display_message ... ok
[INFO] [stdout] test error::tests::local_object_store_error_display_message ... ok
[INFO] [stdout] test error::tests::not_found_display_message ... ok
[INFO] [stdout] test protocol_support::tests::protocol_validation_invalid_content_hash ... ok
[INFO] [stdout] test protocol_support::tests::sha256_digest_parser_requires_prefixed_lowercase_hex ... ok
[INFO] [stdout] test protocol_support::tests::stable_hex_id_differs_for_different_inputs ... ok
[INFO] [stdout] test protocol_support::tests::stable_hex_id_is_deterministic ... ok
[INFO] [stdout] test protocol_support::tests::stable_hex_id_produces_64_char_hex ... ok
[INFO] [stdout] test protocol_support::tests::validate_oci_repository_scope_none_scope_ok ... ok
[INFO] [stdout] test protocol_support::tests::validate_oci_tag_nfc_vs_nfd_no_canonicalization ... ok
[INFO] [stdout] test protocol_support::tests::validate_oci_tag_rejects_utf8_multibyte_chars ... ok
[INFO] [stdout] test protocol_support::tests::validate_oci_tag_valid_tags ... ok
[INFO] [stdout] test protocol_support::tests::protocol_validation_not_found ... ok
[INFO] [stdout] test tests::abort_s3_multipart_upload_session_no_multipart_returns_ok ... ok
[INFO] [stdout] test protocol_support::tests::shared_sha256_object_key_invalid_digest_errors ... ok
[INFO] [stdout] test protocol_support::tests::upload_session_validator_accepts_hex_and_hyphen_only ... ok
[INFO] [stdout] test protocol_support::tests::validate_oci_tag_invalid_tags ... ok
[INFO] [stdout] test tests::count_active_sessions_read_dir_error ... ok
[INFO] [stdout] test protocol_support::tests::validate_upload_session_id_too_long_errors ... ok
[INFO] [stdout] test tests::append_file_anchored_rejects_escaped_path ... ok
[INFO] [stdout] test protocol_support::tests::shared_sha256_key_uses_stable_shared_namespace ... ok
[INFO] [stdout] test tests::append_upload_bytes_invalid_session_id_returns_invalid_upload_session ... ok
[INFO] [stdout] test tests::append_upload_bytes_returns_not_found_for_missing_session ... ok
[INFO] [stdout] test tests::count_active_sessions_skips_invalid_json ... ok
[INFO] [stdout] test tests::count_active_sessions_skips_unreadable_json ... ok
[INFO] [stdout] test tests::count_active_upload_sessions_empty_dir_returns_zero ... ok
[INFO] [stdout] test tests::count_active_sessions_skips_expired_session ... ok
[INFO] [stdout] test tests::create_upload_session_rejects_invalid_repository ... ok
[INFO] [stdout] test tests::delete_file_anchored_rejects_escaped_path ... ok
[INFO] [stdout] test tests::append_upload_bytes_extends_session ... ok
[INFO] [stdout] test tests::append_upload_bytes_io_error_on_inaccessible_body ... ok
[INFO] [stdout] test tests::create_upload_session_rejects_invalid_repository_scope ... ok
[INFO] [stdout] test tests::append_upload_bytes_large_content ... ok
[INFO] [stdout] test tests::create_upload_session_persists_metadata ... ok
[INFO] [stdout] test tests::global_scope_namespace_returns_global ... ok
[INFO] [stdout] test tests::lock_upload_sessions_acquires_and_releases_lock ... ok
[INFO] [stdout] test tests::append_upload_bytes_empty_bytes_returns_current_length ... ok
[INFO] [stdout] test tests::lock_upload_sessions_creates_lock_file ... ok
[INFO] [stdout] test tests::delete_upload_session_rejects_tampered_session_snapshot ... ok
[INFO] [stdout] test tests::new_upload_session_id_format_is_32_char_hex ... ok
[INFO] [stdout] test tests::count_active_upload_sessions_with_one_active_session ... ok
[INFO] [stdout] test tests::oci_blob_key_different_digests_produce_different_keys ... ok
[INFO] [stdout] test tests::oci_blob_key_empty_digest_fails ... ok
[INFO] [stdout] test tests::oci_blob_key_empty_repo_errors ... ok
[INFO] [stdout] test tests::oci_blob_key_global_namespace ... ok
[INFO] [stdout] test tests::oci_blob_key_includes_digest_in_path ... ok
[INFO] [stdout] test tests::oci_blob_key_with_path_traversal_digest_rejected ... ok
[INFO] [stdout] test tests::create_upload_session_returns_valid_session_id ... ok
[INFO] [stdout] test tests::oci_blob_key_with_scope ... ok
[INFO] [stdout] test tests::oci_blob_location_format ... ok
[INFO] [stdout] test tests::create_upload_session_with_repository_scope_works ... ok
[INFO] [stdout] test tests::oci_manifest_key_global_namespace ... ok
[INFO] [stdout] test tests::oci_manifest_key_different_repos_produce_different_keys ... ok
[INFO] [stdout] test tests::oci_manifest_key_includes_digest_in_path ... ok
[INFO] [stdout] test tests::create_upload_session_metadata_write_failure_cleans_up ... ok
[INFO] [stdout] test tests::oci_manifest_key_rejects_empty_repo ... ok
[INFO] [stdout] test tests::oci_manifest_key_with_scope ... ok
[INFO] [stdout] test tests::oci_manifest_location_format ... ok
[INFO] [stdout] test tests::oci_manifest_key_rejects_invalid_digest ... ok
[INFO] [stdout] test tests::delete_upload_session_rejects_tampered_evidence ... ok
[INFO] [stdout] test tests::oci_manifest_media_type_key_empty_repo_errors ... ok
[INFO] [stdout] test tests::oci_manifest_media_type_key_contains_expected_path ... ok
[INFO] [stdout] test tests::oci_manifest_location_with_digest ... ok
[INFO] [stdout] test tests::oci_manifest_media_type_key_includes_digest_in_path ... ok
[INFO] [stdout] test tests::oci_manifest_prefix_returns_manifest_path ... ok
[INFO] [stdout] test tests::oci_manifest_prefix_with_scope ... ok
[INFO] [stdout] test tests::oci_manifest_prefix_works_with_scope ... ok
[INFO] [stdout] test tests::new_upload_session_id_is_unique ... ok
[INFO] [stdout] test tests::delete_upload_session_is_idempotent ... ok
[INFO] [stdout] test tests::lock_upload_sessions_reentrant_same_process ... ok
[INFO] [stdout] test tests::oci_blob_location_with_complex_repo ... ok
[INFO] [stdout] test tests::oci_manifest_location_allows_any_reference ... ok
[INFO] [stdout] test tests::oci_manifest_prefix_invalid_repo_errors ... ok
[INFO] [stdout] test tests::oci_tag_key_different_tags_produce_different_keys ... ok
[INFO] [stdout] test tests::oci_tag_key_empty_tag_errors ... ok
[INFO] [stdout] test tests::oci_tag_key_global_namespace ... ok
[INFO] [stdout] test tests::oci_tag_key_invalid_repo_errors ... ok
[INFO] [stdout] test tests::oci_tag_key_invalid_tag_uppercase ... ok
[INFO] [stdout] test tests::oci_tag_key_invalid_tag_errors ... ok
[INFO] [stdout] test tests::oci_tag_key_rejects_invalid_tag_starting_with_hyphen ... ok
[INFO] [stdout] test tests::oci_tag_key_with_scope_uses_hashed_namespace ... ok
[INFO] [stdout] test tests::oci_tag_target_key_empty_tag_errors ... ok
[INFO] [stdout] test tests::oci_tag_prefix_with_scope ... ok
[INFO] [stdout] test tests::oci_tag_prefix_invalid_repo_errors ... ok
[INFO] [stdout] test tests::oci_tag_target_key_empty_repo_errors ... ok
[INFO] [stdout] test tests::oci_tag_target_key_invalid_digest_errors ... ok
[INFO] [stdout] test tests::oci_tag_target_key_global_namespace ... ok
[INFO] [stdout] test tests::oci_tag_target_key_with_scope ... ok
[INFO] [stdout] test tests::oci_tag_target_prefix_errors_with_invalid_digest ... ok
[INFO] [stdout] test tests::oci_tag_target_prefix_empty_repo_errors ... ok
[INFO] [stdout] test tests::oci_tag_target_prefix_global_namespace ... ok
[INFO] [stdout] test tests::oci_tag_prefix_returns_tag_path ... ok
[INFO] [stdout] test tests::oci_tag_target_key_with_none_scope_uses_global ... ok
[INFO] [stdout] test tests::oci_tag_target_prefix_invalid_digest_errors ... ok
[INFO] [stdout] test tests::oci_tag_target_prefix_with_none_scope ... ok
[INFO] [stdout] test tests::oci_tag_target_prefix_with_scope ... ok
[INFO] [stdout] test tests::open_anchored_file_rejects_escaped_path ... ok
[INFO] [stdout] test tests::parse_reference_digest ... ok
[INFO] [stdout] test tests::parse_reference_rejects_digest_with_garbage_suffix ... ok
[INFO] [stdout] test tests::parse_reference_rejects_invalid_digest ... ok
[INFO] [stdout] test tests::parse_reference_tag ... ok
[INFO] [stdout] test tests::parse_reference_empty_tag_errors ... ok
[INFO] [stdout] test tests::oci_tag_key_with_scope ... ok
[INFO] [stdout] test tests::parse_reference_with_colon_behaves_as_tag ... ok
[INFO] [stdout] test tests::persistence_locks_for_different_roots_run_in_parallel ... ok
[INFO] [stdout] test tests::purge_expired_read_dir_error ... ok
[INFO] [stdout] test tests::purge_expired_session_read_error_deletes ... ok
[INFO] [stdout] test tests::delete_upload_session_returns_first_error ... ok
[INFO] [stdout] test tests::purge_expired_session_stem_not_utf8_bin ... ok
[INFO] [stdout] test tests::purge_expired_session_stem_validation_skips_bin ... ok
[INFO] [stdout] test tests::purge_expired_session_stem_validation_skips_json ... ok
[INFO] [stdout] test tests::purge_expired_upload_sessions_handles_missing_upload_dir ... ok
[INFO] [stdout] test tests::purge_expired_session_stem_not_utf8_json ... ok
[INFO] [stdout] test tests::purge_expired_corrupt_json_metadata_is_preserved ... ok
[INFO] [stdout] test tests::create_s3_multipart_session_persists_metadata ... ok
[INFO] [stdout] test tests::read_file_anchored_rejects_escaped_path ... ok
[INFO] [stdout] test tests::purge_expired_orphaned_bin_files_cleaned ... ok
[INFO] [stdout] test tests::malformed_reliability_envelope_is_not_downgraded_to_legacy ... ok
[INFO] [stdout] test tests::purge_expired_already_expired_session_cleaned ... ok
[INFO] [stdout] test tests::create_upload_session_respects_limit ... ok
[INFO] [stdout] test tests::read_upload_session_returns_not_found_for_missing ... ok
[INFO] [stdout] test tests::read_upload_session_returns_not_found_for_nonexistent ... ok
[INFO] [stdout] test tests::purge_expired_upload_sessions_keeps_fresh_sessions ... ok
[INFO] [stdout] test tests::read_upload_session_missing_local_body_returns_not_found ... ok
[INFO] [stdout] test tests::canonical_key_matches_object_key ... ok
[INFO] [stdout] test tests::read_upload_session_rejects_expired_tampering_without_deleting_state ... ok
[INFO] [stdout] test tests::read_upload_session_io_error_on_inaccessible_metadata ... ok
[INFO] [stdout] test tests::delete_upload_session_removes_files ... ok
[INFO] [stdout] test tests::s3_append_non_s3_session_returns_not_found ... ok
[INFO] [stdout] test tests::purge_expired_upload_sessions_removes_expired_and_keeps_fresh_sequentially ... ok
[INFO] [stdout] test tests::read_upload_session_does_not_write_missing_canonical_evidence ... ok
[INFO] [stdout] test tests::oci_mutations_append_snapshot_evidence_instead_of_resetting_it ... ok
[INFO] [stdout] test tests::s3_finalize_non_s3_session_returns_not_found ... ok
[INFO] [stdout] test tests::purge_expired_upload_sessions_removes_old_sessions ... ok
[INFO] [stdout] test tests::s3_ensure_started_upload_id_none_errors ... ok
[INFO] [stdout] test tests::purge_expired_missing_body_file_cleaned ... ok
[INFO] [stdout] test tests::purge_expired_s3_multipart_abort ... ok
[INFO] [stdout] test tests::s3_finalize_hash_mismatch_empty_multipart ... ok
[INFO] [stdout] test tests::s3_multipart_empty_upload_falls_back_to_single_put ... ok
[INFO] [stdout] test tests::serializable_sha256_empty_state_matches_reference ... ok
[INFO] [stdout] test tests::serializable_sha256_multiple_updates_match_concatenated ... ok
[INFO] [stdout] test tests::serializable_sha256_serialization_round_trip ... ok
[INFO] [stdout] test tests::serializable_sha256_serialization_round_trip_after_multiple_updates ... ok
[INFO] [stdout] test tests::serializable_sha256_single_update_matches_reference ... ok
[INFO] [stdout] test tests::s3_multipart_abort_cleans_up ... ok
[INFO] [stdout] test error::tests::error_variant_display_messages_all_variants ... ok
[INFO] [stdout] test tests::touch_upload_session_invalid_session_id_errors ... ok
[INFO] [stdout] test tests::purge_expired_read_error_is_preserved_with_permission_denied ... FAILED
[INFO] [stdout] test error::tests::blocking_task_error_display_message ... ok
[INFO] [stdout] test tests::s3_read_upload_tail_io_error ... ok
[INFO] [stdout] test tests::tampered_merkle_journal_is_rejected ... ok
[INFO] [stdout] test tests::upload_body_integrity_handles_various_content ... ok
[INFO] [stdout] test tests::upload_body_integrity_empty_session ... ok
[INFO] [stdout] test tests::upload_body_path_for_session_contains_bin_extension ... ok
[INFO] [stdout] test tests::upload_body_path_for_session_returns_path ... ok
[INFO] [stdout] test tests::upload_body_path_for_session_rejects_invalid_id ... ok
[INFO] [stdout] test tests::upload_body_integrity_matches_expected_sha256 ... ok
[INFO] [stdout] test tests::upload_file_exists_async_rejects_escaped_path ... ok
[INFO] [stdout] test tests::upload_file_len_async_rejects_escaped_path ... ok
[INFO] [stdout] test tests::upload_length_returns_not_found_for_missing ... ok
[INFO] [stdout] test tests::upload_body_integrity_not_found ... ok
[INFO] [stdout] test tests::s3_finalize_empty_parts_aborts_and_puts ... ok
[INFO] [stdout] test tests::upload_session_expired_returns_false_when_within_ttl ... ok
[INFO] [stdout] test tests::upload_session_expired_returns_false_at_exact_boundary ... ok
[INFO] [stdout] test tests::upload_length_io_error_on_inaccessible_body ... ok
[INFO] [stdout] test tests::upload_session_expired_returns_true_when_past_ttl ... ok
[INFO] [stdout] test tests::upload_session_length_with_multipart_returns_length ... ok
[INFO] [stdout] test tests::upload_session_length_with_multipart_no_data_returns_zero ... ok
[INFO] [stdout] test tests::upload_session_location_format ... ok
[INFO] [stdout] test tests::upload_session_length_without_multipart_returns_none ... ok
[INFO] [stdout] test tests::upload_length_returns_correct_value ... ok
[INFO] [stdout] test tests::validate_repository_accepts_valid_name ... ok
[INFO] [stdout] test tests::upload_session_location_with_session_id ... ok
[INFO] [stdout] test tests::validate_repository_rejects_double_slash ... ok
[INFO] [stdout] test tests::upload_session_ids_are_hex_and_not_reused_back_to_back ... ok
[INFO] [stdout] test tests::validate_repository_rejects_traversal ... ok
[INFO] [stdout] test tests::validate_repository_rejects_uppercase ... ok
[INFO] [stdout] test tests::validate_repository_rejects_empty ... ok
[INFO] [stdout] test tests::write_file_atomically_tests::creates_file_with_expected_content ... ok
[INFO] [stdout] test tests::write_file_atomically_tests::post_rename_parent_anchor_check_passes ... ok
[INFO] [stdout] test tests::write_file_atomically_tests::rejects_path_escaping_root ... ok
[INFO] [stdout] test tests::write_file_atomically_tests::handles_empty_bytes ... ok
[INFO] [stdout] test tests::write_file_atomically_tests::rejects_path_absolute_outside_root ... ok
[INFO] [stdout] test tests::write_file_atomically_tests::rename_failure_cleans_up_temporary ... ok
[INFO] [stdout] test tests::write_file_atomically_tests::overwrites_existing_file ... ok
[INFO] [stdout] test tests::write_upload_tail_io_error_on_remove_direct ... ok
[INFO] [stdout] test tests::write_file_atomically_tests::writes_into_nested_subdirectory ... ok
[INFO] [stdout] test tests::upload_length_with_zero_length_body ... ok
[INFO] [stdout] test tests::write_file_atomically_tests::respects_root_distinct_dirs ... ok
[INFO] [stdout] test tests::s3_finalize_part_upload_error_aborts ... ok
[INFO] [stdout] test tests::touch_upload_session_persists_updated_timestamp ... ok
[INFO] [stdout] test tests::s3_multipart_hash_mismatch_aborts ... ok
[INFO] [stdout] test tests::serializable_sha256_state_matches_reference_digest ... ok
[INFO] [stdout] test tests::s3_multipart_append_and_finalize ... ok
[INFO] [stdout] test tests::read_upload_session_returns_not_found_when_expired ... ok
[INFO] [stdout] test tests::s3_multipart_concurrent_append_stress ... ok
[INFO] [stdout] test tests::s3_multipart_append_triggers_part_at_chunk_boundary ... ok
[INFO] [stdout] test tests::s3_write_upload_tail_remove_non_existent ... ok
[INFO] [stdout] test tests::s3_write_upload_tail_empty_removes_file ... ok
[INFO] [stdout] test tests::s3_finalize_complete_error_aborts ... ok
[INFO] [stdout] 
[INFO] [stdout] failures:
[INFO] [stdout] 
[INFO] [stdout] ---- tests::purge_expired_read_error_is_preserved_with_permission_denied stdout ----
[INFO] [stdout] 
[INFO] [stdout] thread 'tests::purge_expired_read_error_is_preserved_with_permission_denied' (3565) panicked at src/tests.rs:2744:5:
[INFO] [stdout] assertion failed: matches!(result, Err(OciAdapterError::Io(_)))
[INFO] [stdout] stack backtrace:
[INFO] [stdout]    0:     0x6202797680a1 - std[70759c8f55707aa4]::backtrace_rs::backtrace::libunwind::trace
[INFO] [stdout]                                at /rustc/dfb0accb7f508ae8be965d8629557221c889dd98/library/std/src/../../backtrace/src/backtrace/libunwind.rs:117:9
[INFO] [stdout]    1:     0x6202797680a1 - std[70759c8f55707aa4]::backtrace_rs::backtrace::trace_unsynchronized::<std[70759c8f55707aa4]::sys::backtrace::_print_fmt::{closure#1}>
[INFO] [stdout]                                at /rustc/dfb0accb7f508ae8be965d8629557221c889dd98/library/std/src/../../backtrace/src/backtrace/mod.rs:66:14
[INFO] [stdout]    2:     0x6202797680a1 - std[70759c8f55707aa4]::sys::backtrace::_print_fmt
[INFO] [stdout]                                at /rustc/dfb0accb7f508ae8be965d8629557221c889dd98/library/std/src/sys/backtrace.rs:74:9
[INFO] [stdout]    3:     0x6202797680a1 - <<std[70759c8f55707aa4]::sys::backtrace::BacktraceLock>::print::DisplayBacktrace as core[df12db4294e9bfd3]::fmt::Display>::fmt
[INFO] [stdout]                                at /rustc/dfb0accb7f508ae8be965d8629557221c889dd98/library/std/src/sys/backtrace.rs:44:26
[INFO] [stdout]    4:     0x62027977ddba - <core[df12db4294e9bfd3]::fmt::rt::Argument>::fmt
[INFO] [stdout]                                at /rustc/dfb0accb7f508ae8be965d8629557221c889dd98/library/core/src/fmt/rt.rs:152:76
[INFO] [stdout]    5:     0x62027977ddba - core[df12db4294e9bfd3]::fmt::write
[INFO] [stdout]    6:     0x62027976c93c - core[df12db4294e9bfd3]::io::write::default_write_fmt::<alloc[2182bb758b4b3781]::vec::Vec<u8>>
[INFO] [stdout]                                at /rustc/dfb0accb7f508ae8be965d8629557221c889dd98/library/core/src/io/write.rs:402:11
[INFO] [stdout]    7:     0x62027976c93c - <alloc[2182bb758b4b3781]::vec::Vec<u8> as core[df12db4294e9bfd3]::io::write::Write>::write_fmt
[INFO] [stdout]                                at /rustc/dfb0accb7f508ae8be965d8629557221c889dd98/library/core/src/io/write.rs:335:13
[INFO] [stdout]    8:     0x620279741546 - <std[70759c8f55707aa4]::sys::backtrace::BacktraceLock>::print
[INFO] [stdout]                                at /rustc/dfb0accb7f508ae8be965d8629557221c889dd98/library/std/src/sys/backtrace.rs:47:9
[INFO] [stdout]    9:     0x620279741546 - std[70759c8f55707aa4]::panicking::default_hook::{closure#0}
[INFO] [stdout]                                at /rustc/dfb0accb7f508ae8be965d8629557221c889dd98/library/std/src/panicking.rs:292:27
[INFO] [stdout]   10:     0x62027975f199 - std[70759c8f55707aa4]::panicking::default_hook
[INFO] [stdout]                                at /rustc/dfb0accb7f508ae8be965d8629557221c889dd98/library/std/src/panicking.rs:316:9
[INFO] [stdout]   11:     0x620279402170 - <alloc[2182bb758b4b3781]::boxed::Box<dyn for<'a, 'b> core[df12db4294e9bfd3]::ops::function::Fn<(&'a std[70759c8f55707aa4]::panic::PanicHookInfo<'b>,), Output = ()> + core[df12db4294e9bfd3]::marker::Send + core[df12db4294e9bfd3]::marker::Sync> as core[df12db4294e9bfd3]::ops::function::Fn<(&std[70759c8f55707aa4]::panic::PanicHookInfo,)>>::call
[INFO] [stdout]                                at /rustc/dfb0accb7f508ae8be965d8629557221c889dd98/library/alloc/src/boxed.rs:2334:9
[INFO] [stdout]   12:     0x620279402170 - test[9d35eded1c95d3be]::test_main_inner::<test[9d35eded1c95d3be]::test_main_static::{closure#0}>::{closure#0}
[INFO] [stdout]                                at /rustc/dfb0accb7f508ae8be965d8629557221c889dd98/library/test/src/lib.rs:155:21
[INFO] [stdout]   13:     0x62027975f4c2 - <alloc[2182bb758b4b3781]::boxed::Box<dyn for<'a, 'b> core[df12db4294e9bfd3]::ops::function::Fn<(&'a std[70759c8f55707aa4]::panic::PanicHookInfo<'b>,), Output = ()> + core[df12db4294e9bfd3]::marker::Send + core[df12db4294e9bfd3]::marker::Sync> as core[df12db4294e9bfd3]::ops::function::Fn<(&std[70759c8f55707aa4]::panic::PanicHookInfo,)>>::call
[INFO] [stdout]                                at /rustc/dfb0accb7f508ae8be965d8629557221c889dd98/library/alloc/src/boxed.rs:2334:9
[INFO] [stdout]   14:     0x62027975f4c2 - std[70759c8f55707aa4]::panicking::panic_with_hook
[INFO] [stdout]                                at /rustc/dfb0accb7f508ae8be965d8629557221c889dd98/library/std/src/panicking.rs:823:13
[INFO] [stdout]   15:     0x620279741624 - std[70759c8f55707aa4]::panicking::panic_handler::{closure#0}
[INFO] [stdout]                                at /rustc/dfb0accb7f508ae8be965d8629557221c889dd98/library/std/src/panicking.rs:681:13
[INFO] [stdout]   16:     0x620279739fc9 - std[70759c8f55707aa4]::sys::backtrace::__rust_end_short_backtrace::<std[70759c8f55707aa4]::panicking::panic_handler::{closure#0}, !>
[INFO] [stdout]                                at /rustc/dfb0accb7f508ae8be965d8629557221c889dd98/library/std/src/sys/backtrace.rs:182:18
[INFO] [stdout]   17:     0x62027974239d - __rustc[8fa7c3cbc660c2b3]::rust_begin_unwind
[INFO] [stdout]                                at /rustc/dfb0accb7f508ae8be965d8629557221c889dd98/library/std/src/panicking.rs:679:5
[INFO] [stdout]   18:     0x62027977e5dc - core[df12db4294e9bfd3]::panicking::panic_fmt
[INFO] [stdout]                                at /rustc/dfb0accb7f508ae8be965d8629557221c889dd98/library/core/src/panicking.rs:80:14
[INFO] [stdout]   19:     0x62027977e5a2 - core[df12db4294e9bfd3]::panicking::panic
[INFO] [stdout]                                at /rustc/dfb0accb7f508ae8be965d8629557221c889dd98/library/core/src/panicking.rs:150:5
[INFO] [stdout]   20:     0x620279231ff5 - shardline_oci_adapter[1fe3e886c12f696b]::tests::purge_expired_read_error_is_preserved_with_permission_denied::{closure#0}
[INFO] [stdout]                                at /opt/rustwide/workdir/src/tests.rs:2744:5
[INFO] [stdout]   21:     0x6202792e5422 - <core[df12db4294e9bfd3]::pin::Pin<&mut dyn core[df12db4294e9bfd3]::future::future::Future<Output = ()>> as core[df12db4294e9bfd3]::future::future::Future>::poll
[INFO] [stdout]                                at /rustc/dfb0accb7f508ae8be965d8629557221c889dd98/library/core/src/future/future.rs:133:9
[INFO] [stdout]   22:     0x6202792e551d - <core[df12db4294e9bfd3]::pin::Pin<&mut core[df12db4294e9bfd3]::pin::Pin<&mut dyn core[df12db4294e9bfd3]::future::future::Future<Output = ()>>> as core[df12db4294e9bfd3]::future::future::Future>::poll
[INFO] [stdout]                                at /rustc/dfb0accb7f508ae8be965d8629557221c889dd98/library/core/src/future/future.rs:133:9
[INFO] [stdout]   23:     0x62027931927d - <tokio[202a815e2761a1c0]::runtime::scheduler::current_thread::CoreGuard>::block_on::<core[df12db4294e9bfd3]::pin::Pin<&mut core[df12db4294e9bfd3]::pin::Pin<&mut dyn core[df12db4294e9bfd3]::future::future::Future<Output = ()>>>>::{closure#0}::{closure#0}::{closure#0}
[INFO] [stdout]                                at /opt/rustwide/cargo-home/registry/src/index.crates.io-1949cf8c6b5b557f/tokio-1.52.1/src/runtime/scheduler/current_thread/mod.rs:778:70
[INFO] [stdout]   24:     0x620279318c75 - tokio[202a815e2761a1c0]::task::coop::with_budget::<core[df12db4294e9bfd3]::task::poll::Poll<()>, <tokio[202a815e2761a1c0]::runtime::scheduler::current_thread::CoreGuard>::block_on<core[df12db4294e9bfd3]::pin::Pin<&mut core[df12db4294e9bfd3]::pin::Pin<&mut dyn core[df12db4294e9bfd3]::future::future::Future<Output = ()>>>>::{closure#0}::{closure#0}::{closure#0}>
[INFO] [stdout]                                at /opt/rustwide/cargo-home/registry/src/index.crates.io-1949cf8c6b5b557f/tokio-1.52.1/src/task/coop/mod.rs:167:5
[INFO] [stdout]   25:     0x620279318c75 - tokio[202a815e2761a1c0]::task::coop::budget::<core[df12db4294e9bfd3]::task::poll::Poll<()>, <tokio[202a815e2761a1c0]::runtime::scheduler::current_thread::CoreGuard>::block_on<core[df12db4294e9bfd3]::pin::Pin<&mut core[df12db4294e9bfd3]::pin::Pin<&mut dyn core[df12db4294e9bfd3]::future::future::Future<Output = ()>>>>::{closure#0}::{closure#0}::{closure#0}>
[INFO] [stdout]                                at /opt/rustwide/cargo-home/registry/src/index.crates.io-1949cf8c6b5b557f/tokio-1.52.1/src/task/coop/mod.rs:133:5
[INFO] [stdout]   26:     0x620279318c75 - <tokio[202a815e2761a1c0]::runtime::scheduler::current_thread::CoreGuard>::block_on::<core[df12db4294e9bfd3]::pin::Pin<&mut core[df12db4294e9bfd3]::pin::Pin<&mut dyn core[df12db4294e9bfd3]::future::future::Future<Output = ()>>>>::{closure#0}::{closure#0}
[INFO] [stdout]                                at /opt/rustwide/cargo-home/registry/src/index.crates.io-1949cf8c6b5b557f/tokio-1.52.1/src/runtime/scheduler/current_thread/mod.rs:778:25
[INFO] [stdout]   27:     0x6202793060f2 - <tokio[202a815e2761a1c0]::runtime::scheduler::current_thread::Context>::enter::<core[df12db4294e9bfd3]::task::poll::Poll<()>, <tokio[202a815e2761a1c0]::runtime::scheduler::current_thread::CoreGuard>::block_on<core[df12db4294e9bfd3]::pin::Pin<&mut core[df12db4294e9bfd3]::pin::Pin<&mut dyn core[df12db4294e9bfd3]::future::future::Future<Output = ()>>>>::{closure#0}::{closure#0}>
[INFO] [stdout]                                at /opt/rustwide/cargo-home/registry/src/index.crates.io-1949cf8c6b5b557f/tokio-1.52.1/src/runtime/scheduler/current_thread/mod.rs:451:19
[INFO] [stdout]   28:     0x620279315e1d - <tokio[202a815e2761a1c0]::runtime::scheduler::current_thread::CoreGuard>::block_on::<core[df12db4294e9bfd3]::pin::Pin<&mut core[df12db4294e9bfd3]::pin::Pin<&mut dyn core[df12db4294e9bfd3]::future::future::Future<Output = ()>>>>::{closure#0}
[INFO] [stdout]                                at /opt/rustwide/cargo-home/registry/src/index.crates.io-1949cf8c6b5b557f/tokio-1.52.1/src/runtime/scheduler/current_thread/mod.rs:777:44
[INFO] [stdout]   29:     0x620279313a94 - <tokio[202a815e2761a1c0]::runtime::scheduler::current_thread::CoreGuard>::enter::<<tokio[202a815e2761a1c0]::runtime::scheduler::current_thread::CoreGuard>::block_on<core[df12db4294e9bfd3]::pin::Pin<&mut core[df12db4294e9bfd3]::pin::Pin<&mut dyn core[df12db4294e9bfd3]::future::future::Future<Output = ()>>>>::{closure#0}, core[df12db4294e9bfd3]::option::Option<()>>::{closure#0}
[INFO] [stdout]                                at /opt/rustwide/cargo-home/registry/src/index.crates.io-1949cf8c6b5b557f/tokio-1.52.1/src/runtime/scheduler/current_thread/mod.rs:865:68
[INFO] [stdout]   30:     0x62027929a55b - <tokio[202a815e2761a1c0]::runtime::context::scoped::Scoped<tokio[202a815e2761a1c0]::runtime::scheduler::Context>>::set::<<tokio[202a815e2761a1c0]::runtime::scheduler::current_thread::CoreGuard>::enter<<tokio[202a815e2761a1c0]::runtime::scheduler::current_thread::CoreGuard>::block_on<core[df12db4294e9bfd3]::pin::Pin<&mut core[df12db4294e9bfd3]::pin::Pin<&mut dyn core[df12db4294e9bfd3]::future::future::Future<Output = ()>>>>::{closure#0}, core[df12db4294e9bfd3]::option::Option<()>>::{closure#0}, (alloc[2182bb758b4b3781]::boxed::Box<tokio[202a815e2761a1c0]::runtime::scheduler::current_thread::Core>, core[df12db4294e9bfd3]::option::Option<()>)>
[INFO] [stdout]                                at /opt/rustwide/cargo-home/registry/src/index.crates.io-1949cf8c6b5b557f/tokio-1.52.1/src/runtime/context/scoped.rs:40:9
[INFO] [stdout]   31:     0x6202793707f9 - tokio[202a815e2761a1c0]::runtime::context::set_scheduler::<(alloc[2182bb758b4b3781]::boxed::Box<tokio[202a815e2761a1c0]::runtime::scheduler::current_thread::Core>, core[df12db4294e9bfd3]::option::Option<()>), <tokio[202a815e2761a1c0]::runtime::scheduler::current_thread::CoreGuard>::enter<<tokio[202a815e2761a1c0]::runtime::scheduler::current_thread::CoreGuard>::block_on<core[df12db4294e9bfd3]::pin::Pin<&mut core[df12db4294e9bfd3]::pin::Pin<&mut dyn core[df12db4294e9bfd3]::future::future::Future<Output = ()>>>>::{closure#0}, core[df12db4294e9bfd3]::option::Option<()>>::{closure#0}>::{closure#0}
[INFO] [stdout]                                at /opt/rustwide/cargo-home/registry/src/index.crates.io-1949cf8c6b5b557f/tokio-1.52.1/src/runtime/context.rs:181:38
[INFO] [stdout]   32:     0x6202792b072f - <std[70759c8f55707aa4]::thread::local::LocalKey<tokio[202a815e2761a1c0]::runtime::context::Context>>::try_with::<tokio[202a815e2761a1c0]::runtime::context::set_scheduler<(alloc[2182bb758b4b3781]::boxed::Box<tokio[202a815e2761a1c0]::runtime::scheduler::current_thread::Core>, core[df12db4294e9bfd3]::option::Option<()>), <tokio[202a815e2761a1c0]::runtime::scheduler::current_thread::CoreGuard>::enter<<tokio[202a815e2761a1c0]::runtime::scheduler::current_thread::CoreGuard>::block_on<core[df12db4294e9bfd3]::pin::Pin<&mut core[df12db4294e9bfd3]::pin::Pin<&mut dyn core[df12db4294e9bfd3]::future::future::Future<Output = ()>>>>::{closure#0}, core[df12db4294e9bfd3]::option::Option<()>>::{closure#0}>::{closure#0}, (alloc[2182bb758b4b3781]::boxed::Box<tokio[202a815e2761a1c0]::runtime::scheduler::current_thread::Core>, core[df12db4294e9bfd3]::option::Option<()>)>
[INFO] [stdout]                                at /rustc/dfb0accb7f508ae8be965d8629557221c889dd98/library/std/src/thread/local.rs:463:12
[INFO] [stdout]   33:     0x6202792afb9e - <std[70759c8f55707aa4]::thread::local::LocalKey<tokio[202a815e2761a1c0]::runtime::context::Context>>::with::<tokio[202a815e2761a1c0]::runtime::context::set_scheduler<(alloc[2182bb758b4b3781]::boxed::Box<tokio[202a815e2761a1c0]::runtime::scheduler::current_thread::Core>, core[df12db4294e9bfd3]::option::Option<()>), <tokio[202a815e2761a1c0]::runtime::scheduler::current_thread::CoreGuard>::enter<<tokio[202a815e2761a1c0]::runtime::scheduler::current_thread::CoreGuard>::block_on<core[df12db4294e9bfd3]::pin::Pin<&mut core[df12db4294e9bfd3]::pin::Pin<&mut dyn core[df12db4294e9bfd3]::future::future::Future<Output = ()>>>>::{closure#0}, core[df12db4294e9bfd3]::option::Option<()>>::{closure#0}>::{closure#0}, (alloc[2182bb758b4b3781]::boxed::Box<tokio[202a815e2761a1c0]::runtime::scheduler::current_thread::Core>, core[df12db4294e9bfd3]::option::Option<()>)>
[INFO] [stdout]                                at /rustc/dfb0accb7f508ae8be965d8629557221c889dd98/library/std/src/thread/local.rs:427:20
[INFO] [stdout]   34:     0x620279366e8d - tokio[202a815e2761a1c0]::runtime::context::set_scheduler::<(alloc[2182bb758b4b3781]::boxed::Box<tokio[202a815e2761a1c0]::runtime::scheduler::current_thread::Core>, core[df12db4294e9bfd3]::option::Option<()>), <tokio[202a815e2761a1c0]::runtime::scheduler::current_thread::CoreGuard>::enter<<tokio[202a815e2761a1c0]::runtime::scheduler::current_thread::CoreGuard>::block_on<core[df12db4294e9bfd3]::pin::Pin<&mut core[df12db4294e9bfd3]::pin::Pin<&mut dyn core[df12db4294e9bfd3]::future::future::Future<Output = ()>>>>::{closure#0}, core[df12db4294e9bfd3]::option::Option<()>>::{closure#0}>
[INFO] [stdout]                                at /opt/rustwide/cargo-home/registry/src/index.crates.io-1949cf8c6b5b557f/tokio-1.52.1/src/runtime/context.rs:181:17
[INFO] [stdout]   35:     0x62027930c960 - <tokio[202a815e2761a1c0]::runtime::scheduler::current_thread::CoreGuard>::enter::<<tokio[202a815e2761a1c0]::runtime::scheduler::current_thread::CoreGuard>::block_on<core[df12db4294e9bfd3]::pin::Pin<&mut core[df12db4294e9bfd3]::pin::Pin<&mut dyn core[df12db4294e9bfd3]::future::future::Future<Output = ()>>>>::{closure#0}, core[df12db4294e9bfd3]::option::Option<()>>
[INFO] [stdout]                                at /opt/rustwide/cargo-home/registry/src/index.crates.io-1949cf8c6b5b557f/tokio-1.52.1/src/runtime/scheduler/current_thread/mod.rs:865:27
[INFO] [stdout]   36:     0x62027930d596 - <tokio[202a815e2761a1c0]::runtime::scheduler::current_thread::CoreGuard>::block_on::<core[df12db4294e9bfd3]::pin::Pin<&mut core[df12db4294e9bfd3]::pin::Pin<&mut dyn core[df12db4294e9bfd3]::future::future::Future<Output = ()>>>>
[INFO] [stdout]                                at /opt/rustwide/cargo-home/registry/src/index.crates.io-1949cf8c6b5b557f/tokio-1.52.1/src/runtime/scheduler/current_thread/mod.rs:765:24
[INFO] [stdout]   37:     0x620279312720 - <tokio[202a815e2761a1c0]::runtime::scheduler::current_thread::CurrentThread>::block_on::<core[df12db4294e9bfd3]::pin::Pin<&mut dyn core[df12db4294e9bfd3]::future::future::Future<Output = ()>>>::{closure#0}
[INFO] [stdout]                                at /opt/rustwide/cargo-home/registry/src/index.crates.io-1949cf8c6b5b557f/tokio-1.52.1/src/runtime/scheduler/current_thread/mod.rs:205:33
[INFO] [stdout]   38:     0x620279367e88 - tokio[202a815e2761a1c0]::runtime::context::runtime::enter_runtime::<<tokio[202a815e2761a1c0]::runtime::scheduler::current_thread::CurrentThread>::block_on<core[df12db4294e9bfd3]::pin::Pin<&mut dyn core[df12db4294e9bfd3]::future::future::Future<Output = ()>>>::{closure#0}, ()>
[INFO] [stdout]                                at /opt/rustwide/cargo-home/registry/src/index.crates.io-1949cf8c6b5b557f/tokio-1.52.1/src/runtime/context/runtime.rs:65:16
[INFO] [stdout]   39:     0x6202793034e4 - <tokio[202a815e2761a1c0]::runtime::scheduler::current_thread::CurrentThread>::block_on::<core[df12db4294e9bfd3]::pin::Pin<&mut dyn core[df12db4294e9bfd3]::future::future::Future<Output = ()>>>
[INFO] [stdout]                                at /opt/rustwide/cargo-home/registry/src/index.crates.io-1949cf8c6b5b557f/tokio-1.52.1/src/runtime/scheduler/current_thread/mod.rs:193:9
[INFO] [stdout]   40:     0x6202793d3f7f - <tokio[202a815e2761a1c0]::runtime::runtime::Runtime>::block_on_inner::<core[df12db4294e9bfd3]::pin::Pin<&mut dyn core[df12db4294e9bfd3]::future::future::Future<Output = ()>>>
[INFO] [stdout]                                at /opt/rustwide/cargo-home/registry/src/index.crates.io-1949cf8c6b5b557f/tokio-1.52.1/src/runtime/runtime.rs:371:52
[INFO] [stdout]   41:     0x6202793d432b - <tokio[202a815e2761a1c0]::runtime::runtime::Runtime>::block_on::<core[df12db4294e9bfd3]::pin::Pin<&mut dyn core[df12db4294e9bfd3]::future::future::Future<Output = ()>>>
[INFO] [stdout]                                at /opt/rustwide/cargo-home/registry/src/index.crates.io-1949cf8c6b5b557f/tokio-1.52.1/src/runtime/runtime.rs:345:18
[INFO] [stdout]   42:     0x62027924d4b0 - shardline_oci_adapter[1fe3e886c12f696b]::tests::purge_expired_read_error_is_preserved_with_permission_denied
[INFO] [stdout]                                at /opt/rustwide/workdir/src/tests.rs:2751:6
[INFO] [stdout]   43:     0x6202791f5e57 - shardline_oci_adapter[1fe3e886c12f696b]::tests::purge_expired_read_error_is_preserved_with_permission_denied::{closure#0}
[INFO] [stdout]                                at /opt/rustwide/workdir/src/tests.rs:2711:72
[INFO] [stdout]   44:     0x620279299256 - <shardline_oci_adapter[1fe3e886c12f696b]::tests::purge_expired_read_error_is_preserved_with_permission_denied::{closure#0} as core[df12db4294e9bfd3]::ops::function::FnOnce<()>>::call_once
[INFO] [stdout]                                at /rustc/dfb0accb7f508ae8be965d8629557221c889dd98/library/core/src/ops/function.rs:250:5
[INFO] [stdout]   45:     0x6202793f545b - <fn() -> core[df12db4294e9bfd3]::result::Result<(), alloc[2182bb758b4b3781]::string::String> as core[df12db4294e9bfd3]::ops::function::FnOnce<()>>::call_once
[INFO] [stdout]                                at /rustc/dfb0accb7f508ae8be965d8629557221c889dd98/library/core/src/ops/function.rs:250:5
[INFO] [stdout]   46:     0x6202793f545b - test[9d35eded1c95d3be]::__rust_begin_short_backtrace::<core[df12db4294e9bfd3]::result::Result<(), alloc[2182bb758b4b3781]::string::String>, fn() -> core[df12db4294e9bfd3]::result::Result<(), alloc[2182bb758b4b3781]::string::String>>
[INFO] [stdout]                                at /rustc/dfb0accb7f508ae8be965d8629557221c889dd98/library/test/src/lib.rs:733:18
[INFO] [stdout]   47:     0x620279402ac5 - test[9d35eded1c95d3be]::run_test_in_process::{closure#0}
[INFO] [stdout]                                at /rustc/dfb0accb7f508ae8be965d8629557221c889dd98/library/test/src/lib.rs:756:74
[INFO] [stdout]   48:     0x620279402ac5 - <core[df12db4294e9bfd3]::panic::unwind_safe::AssertUnwindSafe<test[9d35eded1c95d3be]::run_test_in_process::{closure#0}> as core[df12db4294e9bfd3]::ops::function::FnOnce<()>>::call_once
[INFO] [stdout]                                at /rustc/dfb0accb7f508ae8be965d8629557221c889dd98/library/core/src/panic/unwind_safe.rs:275:9
[INFO] [stdout]   49:     0x620279402ac5 - std[70759c8f55707aa4]::panicking::catch_unwind::do_call::<core[df12db4294e9bfd3]::panic::unwind_safe::AssertUnwindSafe<test[9d35eded1c95d3be]::run_test_in_process::{closure#0}>, core[df12db4294e9bfd3]::result::Result<(), alloc[2182bb758b4b3781]::string::String>>
[INFO] [stdout]                                at /rustc/dfb0accb7f508ae8be965d8629557221c889dd98/library/std/src/panicking.rs:576:43
[INFO] [stdout]   50:     0x620279402ac5 - std[70759c8f55707aa4]::panicking::catch_unwind::<core[df12db4294e9bfd3]::result::Result<(), alloc[2182bb758b4b3781]::string::String>, core[df12db4294e9bfd3]::panic::unwind_safe::AssertUnwindSafe<test[9d35eded1c95d3be]::run_test_in_process::{closure#0}>>
[INFO] [stdout]                                at /rustc/dfb0accb7f508ae8be965d8629557221c889dd98/library/std/src/panicking.rs:544:19
[INFO] [stdout]   51:     0x620279402ac5 - std[70759c8f55707aa4]::panic::catch_unwind::<core[df12db4294e9bfd3]::panic::unwind_safe::AssertUnwindSafe<test[9d35eded1c95d3be]::run_test_in_process::{closure#0}>, core[df12db4294e9bfd3]::result::Result<(), alloc[2182bb758b4b3781]::string::String>>
[INFO] [stdout]                                at /rustc/dfb0accb7f508ae8be965d8629557221c889dd98/library/std/src/panic.rs:359:14
[INFO] [stdout]   52:     0x620279402ac5 - test[9d35eded1c95d3be]::run_test_in_process
[INFO] [stdout]                                at /rustc/dfb0accb7f508ae8be965d8629557221c889dd98/library/test/src/lib.rs:756:27
[INFO] [stdout]   53:     0x620279402ac5 - test[9d35eded1c95d3be]::run_test::{closure#0}
[INFO] [stdout]                                at /rustc/dfb0accb7f508ae8be965d8629557221c889dd98/library/test/src/lib.rs:677:43
[INFO] [stdout]   54:     0x6202793fc384 - test[9d35eded1c95d3be]::run_test::{closure#1}
[INFO] [stdout]                                at /rustc/dfb0accb7f508ae8be965d8629557221c889dd98/library/test/src/lib.rs:707:41
[INFO] [stdout]   55:     0x6202793fc384 - std[70759c8f55707aa4]::sys::backtrace::__rust_begin_short_backtrace::<test[9d35eded1c95d3be]::run_test::{closure#1}, ()>
[INFO] [stdout]                                at /rustc/dfb0accb7f508ae8be965d8629557221c889dd98/library/std/src/sys/backtrace.rs:166:18
[INFO] [stdout]   56:     0x620279405c22 - std[70759c8f55707aa4]::thread::lifecycle::spawn_unchecked::<test[9d35eded1c95d3be]::run_test::{closure#1}, ()>::{closure#1}::{closure#0}
[INFO] [stdout]                                at /rustc/dfb0accb7f508ae8be965d8629557221c889dd98/library/std/src/thread/lifecycle.rs:70:13
[INFO] [stdout]   57:     0x620279405c22 - <core[df12db4294e9bfd3]::panic::unwind_safe::AssertUnwindSafe<std[70759c8f55707aa4]::thread::lifecycle::spawn_unchecked<test[9d35eded1c95d3be]::run_test::{closure#1}, ()>::{closure#1}::{closure#0}> as core[df12db4294e9bfd3]::ops::function::FnOnce<()>>::call_once
[INFO] [stdout]                                at /rustc/dfb0accb7f508ae8be965d8629557221c889dd98/library/core/src/panic/unwind_safe.rs:275:9
[INFO] [stdout]   58:     0x620279405c22 - std[70759c8f55707aa4]::panicking::catch_unwind::do_call::<core[df12db4294e9bfd3]::panic::unwind_safe::AssertUnwindSafe<std[70759c8f55707aa4]::thread::lifecycle::spawn_unchecked<test[9d35eded1c95d3be]::run_test::{closure#1}, ()>::{closure#1}::{closure#0}>, ()>
[INFO] [stdout]                                at /rustc/dfb0accb7f508ae8be965d8629557221c889dd98/library/std/src/panicking.rs:576:43
[INFO] [stdout]   59:     0x620279405c22 - std[70759c8f55707aa4]::panicking::catch_unwind::<(), core[df12db4294e9bfd3]::panic::unwind_safe::AssertUnwindSafe<std[70759c8f55707aa4]::thread::lifecycle::spawn_unchecked<test[9d35eded1c95d3be]::run_test::{closure#1}, ()>::{closure#1}::{closure#0}>>
[INFO] [stdout]                                at /rustc/dfb0accb7f508ae8be965d8629557221c889dd98/library/std/src/panicking.rs:544:19
[INFO] [stdout]   60:     0x620279405c22 - std[70759c8f55707aa4]::panic::catch_unwind::<core[df12db4294e9bfd3]::panic::unwind_safe::AssertUnwindSafe<std[70759c8f55707aa4]::thread::lifecycle::spawn_unchecked<test[9d35eded1c95d3be]::run_test::{closure#1}, ()>::{closure#1}::{closure#0}>, ()>
[INFO] [stdout]                                at /rustc/dfb0accb7f508ae8be965d8629557221c889dd98/library/std/src/panic.rs:359:14
[INFO] [stdout]   61:     0x620279405c22 - std[70759c8f55707aa4]::thread::lifecycle::spawn_unchecked::<test[9d35eded1c95d3be]::run_test::{closure#1}, ()>::{closure#1}
[INFO] [stdout]                                at /rustc/dfb0accb7f508ae8be965d8629557221c889dd98/library/std/src/thread/lifecycle.rs:68:26
[INFO] [stdout]   62:     0x620279405c22 - <std[70759c8f55707aa4]::thread::lifecycle::spawn_unchecked<test[9d35eded1c95d3be]::run_test::{closure#1}, ()>::{closure#1} as core[df12db4294e9bfd3]::ops::function::FnOnce<()>>::call_once::{shim:vtable#0}
[INFO] [stdout]                                at /rustc/dfb0accb7f508ae8be965d8629557221c889dd98/library/core/src/ops/function.rs:250:5
[INFO] [stdout]   63:     0x620279767459 - <alloc[2182bb758b4b3781]::boxed::Box<dyn core[df12db4294e9bfd3]::ops::function::FnOnce<(), Output = ()> + core[df12db4294e9bfd3]::marker::Send> as core[df12db4294e9bfd3]::ops::function::FnOnce<()>>::call_once
[INFO] [stdout]                                at /rustc/dfb0accb7f508ae8be965d8629557221c889dd98/library/alloc/src/boxed.rs:2320:9
[INFO] [stdout]   64:     0x620279767459 - <std[70759c8f55707aa4]::sys::thread::unix::Thread>::new::thread_start
[INFO] [stdout]                                at /rustc/dfb0accb7f508ae8be965d8629557221c889dd98/library/std/src/sys/thread/unix.rs:123:17
[INFO] [stdout]   65:     0x71599f189dfa - <unknown>
[INFO] [stdout]   66:     0x71599f21d3d4 - clone
[INFO] [stdout]   67:                0x0 - <unknown>
[INFO] [stdout] 
[INFO] [stdout] 
[INFO] [stdout] failures:
[INFO] [stdout]     tests::purge_expired_read_error_is_preserved_with_permission_denied
[INFO] [stdout] 
[INFO] [stdout] test result: FAILED. 227 passed; 1 failed; 0 ignored; 0 measured; 0 filtered out; finished in 2.82s
[INFO] [stdout] 
[INFO] [stderr] error: test failed, to rerun pass `--lib`
[INFO] running `Command { std: "docker" "inspect" "df4c2a016d7732b02dec82964bd8425ae5b3b931537005c0e9857a13d5fb5ac6", kill_on_drop: false }`
[INFO] running `Command { std: "docker" "rm" "-f" "df4c2a016d7732b02dec82964bd8425ae5b3b931537005c0e9857a13d5fb5ac6", kill_on_drop: false }`
[INFO] [stdout] df4c2a016d7732b02dec82964bd8425ae5b3b931537005c0e9857a13d5fb5ac6
