[INFO] fetching crate shardcache-client-rs 0.9.0...
[INFO] testing shardcache-client-rs-0.9.0 against 1.99.0-beta.8 for beta-1.100-2
[INFO] extracting crate shardcache-client-rs 0.9.0 into /workspace/builds/worker-7-tc1/source
[INFO] started tweaking crates.io crate shardcache-client-rs 0.9.0
[INFO] finished tweaking crates.io crate shardcache-client-rs 0.9.0
[INFO] tweaked toml for crates.io crate shardcache-client-rs 0.9.0 written to /workspace/builds/worker-7-tc1/source/Cargo.toml
[INFO] validating manifest of crates.io crate shardcache-client-rs 0.9.0 on toolchain 1.99.0-beta.8
[INFO] running `Command { std: CARGO_HOME="/workspace/cargo-home" RUSTUP_HOME="/workspace/rustup-home" "/workspace/cargo-home/bin/cargo" "+1.99.0-beta.8" "metadata" "--manifest-path" "Cargo.toml" "--no-deps", kill_on_drop: false }`
[INFO] crate crates.io crate shardcache-client-rs 0.9.0 already has a lockfile, it will not be regenerated
[INFO] running `Command { std: CARGO_HOME="/workspace/cargo-home" RUSTUP_HOME="/workspace/rustup-home" "/workspace/cargo-home/bin/cargo" "+1.99.0-beta.8" "fetch" "--manifest-path" "Cargo.toml", kill_on_drop: false }`
[INFO] running `Command { std: "docker" "create" "-v" "/var/lib/crater-agent-workspace/builds/worker-7-tc1/source:/opt/rustwide/workdir:ro,Z" "-v" "/var/lib/crater-agent-workspace/builds/worker-7-tc1/target:/opt/rustwide/target:rw,Z" "-v" "/var/lib/crater-agent-workspace/cargo-home:/opt/rustwide/cargo-home:ro,Z" "-v" "/var/lib/crater-agent-workspace/rustup-home:/opt/rustwide/rustup-home:ro,Z" "-m" "1610612736" "--network" "none" "ghcr.io/rust-lang/crates-build-env/linux@sha256:3111399a4047eeb3a02b7a90e478d715f38a8c6669b5c4b49d30a17385265909" "sleep" "infinity", kill_on_drop: false }`
[INFO] [stdout] c2c3b1e35852593575012bb8b99b0fe1a12021c8d49b0268f7c4d8bdd49cf09d
[INFO] running `Command { std: "docker" "start" "c2c3b1e35852593575012bb8b99b0fe1a12021c8d49b0268f7c4d8bdd49cf09d", kill_on_drop: false }`
[INFO] running `Command { std: "docker" "inspect" "c2c3b1e35852593575012bb8b99b0fe1a12021c8d49b0268f7c4d8bdd49cf09d", kill_on_drop: false }`
[INFO] running `Command { std: "docker" "exec" "-e" "SOURCE_DIR=/opt/rustwide/workdir" "-e" "CARGO_HOME=/opt/rustwide/cargo-home" "-e" "RUSTUP_HOME=/opt/rustwide/rustup-home" "-e" "CARGO_TARGET_DIR=/opt/rustwide/target" "-w" "/opt/rustwide/workdir" "--user" "0:0" "c2c3b1e35852593575012bb8b99b0fe1a12021c8d49b0268f7c4d8bdd49cf09d" "/opt/rustwide/cargo-home/bin/cargo" "+1.99.0-beta.8" "metadata" "--no-deps" "--format-version=1", kill_on_drop: false }`
[INFO] running `Command { std: "docker" "inspect" "c2c3b1e35852593575012bb8b99b0fe1a12021c8d49b0268f7c4d8bdd49cf09d", kill_on_drop: false }`
[INFO] running `Command { std: "docker" "exec" "-e" "SOURCE_DIR=/opt/rustwide/workdir" "-e" "CARGO_HOME=/opt/rustwide/cargo-home" "-e" "RUSTUP_HOME=/opt/rustwide/rustup-home" "-e" "CARGO_TARGET_DIR=/opt/rustwide/target" "-e" "CARGO_INCREMENTAL=0" "-e" "RUST_BACKTRACE=full" "-e" "RUSTFLAGS=--cap-lints=warn" "-e" "RUSTDOCFLAGS=--cap-lints=warn" "-w" "/opt/rustwide/workdir" "--user" "0:0" "c2c3b1e35852593575012bb8b99b0fe1a12021c8d49b0268f7c4d8bdd49cf09d" "/opt/rustwide/cargo-home/bin/cargo" "+1.99.0-beta.8" "build" "--frozen" "--message-format=json", kill_on_drop: false }`
[INFO] [stderr]    Compiling proc-macro2 v1.0.106
[INFO] [stderr]    Compiling libc v0.2.186
[INFO] [stderr]    Compiling xxhash-rust v0.8.15
[INFO] [stderr]    Compiling quote v1.0.45
[INFO] [stderr]    Compiling syn v2.0.117
[INFO] [stderr]    Compiling thiserror-impl v2.0.18
[INFO] [stderr]    Compiling thiserror v2.0.18
[INFO] [stderr]    Compiling shardcache-client-rs v0.9.0 (/opt/rustwide/workdir)
[INFO] [stderr]     Finished `dev` profile [unoptimized + debuginfo] target(s) in 4.42s
[INFO] running `Command { std: "docker" "inspect" "c2c3b1e35852593575012bb8b99b0fe1a12021c8d49b0268f7c4d8bdd49cf09d", kill_on_drop: false }`
[INFO] running `Command { std: "docker" "exec" "-e" "SOURCE_DIR=/opt/rustwide/workdir" "-e" "CARGO_HOME=/opt/rustwide/cargo-home" "-e" "RUSTUP_HOME=/opt/rustwide/rustup-home" "-e" "CARGO_TARGET_DIR=/opt/rustwide/target" "-e" "CARGO_INCREMENTAL=0" "-e" "RUST_BACKTRACE=full" "-e" "RUSTFLAGS=--cap-lints=warn" "-e" "RUSTDOCFLAGS=--cap-lints=warn" "-w" "/opt/rustwide/workdir" "--user" "0:0" "c2c3b1e35852593575012bb8b99b0fe1a12021c8d49b0268f7c4d8bdd49cf09d" "/opt/rustwide/cargo-home/bin/cargo" "+1.99.0-beta.8" "test" "--frozen" "--no-run" "--message-format=json", kill_on_drop: false }`
[INFO] [stderr]    Compiling shardcache-client-rs v0.9.0 (/opt/rustwide/workdir)
[INFO] [stderr]     Finished `test` profile [unoptimized + debuginfo] target(s) in 0.62s
[INFO] running `Command { std: "docker" "inspect" "c2c3b1e35852593575012bb8b99b0fe1a12021c8d49b0268f7c4d8bdd49cf09d", kill_on_drop: false }`
[INFO] running `Command { std: "docker" "exec" "-e" "SOURCE_DIR=/opt/rustwide/workdir" "-e" "CARGO_HOME=/opt/rustwide/cargo-home" "-e" "RUSTUP_HOME=/opt/rustwide/rustup-home" "-e" "CARGO_TARGET_DIR=/opt/rustwide/target" "-e" "CARGO_INCREMENTAL=0" "-e" "RUST_BACKTRACE=full" "-e" "RUSTFLAGS=--cap-lints=warn" "-e" "RUSTDOCFLAGS=--cap-lints=warn" "-w" "/opt/rustwide/workdir" "--user" "0:0" "c2c3b1e35852593575012bb8b99b0fe1a12021c8d49b0268f7c4d8bdd49cf09d" "/opt/rustwide/cargo-home/bin/cargo" "+1.99.0-beta.8" "test" "--frozen", kill_on_drop: false }`
[INFO] [stderr]     Finished `test` profile [unoptimized + debuginfo] target(s) in 0.02s
[INFO] [stderr]      Running unittests src/lib.rs (/opt/rustwide/target/debug/deps/shardcache_client_rs-ebbfda4887189d93)
[INFO] [stdout] 
[INFO] [stdout] running 2 tests
[INFO] [stdout] test connection::tests::truncated_value_body_returns_error_without_uninitialized_output ... ok
[INFO] [stdout] test connection::tests::limited_value_rejects_advertised_body_before_allocation ... ok
[INFO] [stdout] 
[INFO] [stdout] test result: ok. 2 passed; 0 failed; 0 ignored; 0 measured; 0 filtered out; finished in 0.00s
[INFO] [stdout] 
[INFO] [stderr]    Doc-tests shardcache_client_rs
[INFO] [stdout] 
[INFO] [stdout] running 9 tests
[INFO] [stdout] test src/../README.md - (line 292) ... ignored
[INFO] [stdout] test src/../README.md - (line 312) ... ignored
[INFO] [stdout] test src/../README.md - (line 330) ... ignored
[INFO] [stdout] test src/../README.md - (line 105) - compile ... ok
[INFO] [stdout] test src/../README.md - (line 180) - compile ... ok
[INFO] [stdout] test src/../README.md - (line 83) - compile ... ok
[INFO] [stdout] test src/../README.md - (line 151) - compile ... ok
[INFO] [stdout] test src/../README.md - (line 130) - compile ... ok
[INFO] [stderr] error: doctest failed, to rerun pass `--doc`
[INFO] [stdout] test src/../README.md - (line 212) - compile ... FAILED
[INFO] [stdout] 
[INFO] [stdout] failures:
[INFO] [stdout] 
[INFO] [stdout] ---- src/../README.md - (line 212) stdout ----
[INFO] [stdout] error[E0432]: unresolved imports `shardcache_client_rs::VAddOptions`, `shardcache_client_rs::VSimOptions`
[INFO] [stdout]    --> src/../README.md:215:46
[INFO] [stdout]     |
[INFO] [stdout] 215 | use shardcache_client_rs::{ShardCacheClient, VAddOptions, VSimOptions};
[INFO] [stdout]     |                                              ^^^^^^^^^^^  ^^^^^^^^^^^ no `VSimOptions` in the root
[INFO] [stdout]     |                                              |
[INFO] [stdout]     |                                              no `VAddOptions` in the root
[INFO] [stdout]     |
[INFO] [stdout] note: found an item that was configured out
[INFO] [stdout]    --> src/lib.rs:20:28
[INFO] [stdout]     |
[INFO] [stdout]  19 | #[cfg(feature = "vector")]
[INFO] [stdout]     |       ------------------ the item is gated behind the `vector` feature
[INFO] [stdout]  20 | pub use commands::vector::{VAddOptions, VSimMatch, VSimOptions, VectorQuantization};
[INFO] [stdout]     |                            ^^^^^^^^^^^
[INFO] [stdout] note: found an item that was configured out
[INFO] [stdout]    --> src/lib.rs:20:52
[INFO] [stdout]     |
[INFO] [stdout]  19 | #[cfg(feature = "vector")]
[INFO] [stdout]     |       ------------------ the item is gated behind the `vector` feature
[INFO] [stdout]  20 | pub use commands::vector::{VAddOptions, VSimMatch, VSimOptions, VectorQuantization};
[INFO] [stdout]     |                                                    ^^^^^^^^^^^
[INFO] [stdout] 
[INFO] [stdout] error[E0599]: no method named `ping` found for struct `ShardCacheClient` in the current scope
[INFO] [stdout]    --> src/../README.md:226:12
[INFO] [stdout]     |
[INFO] [stdout] 226 |     client.ping()?;
[INFO] [stdout]     |            ^^^^ method not found in `ShardCacheClient`
[INFO] [stdout] 
[INFO] [stdout] error[E0599]: no method named `vadd` found for struct `ShardCacheClient` in the current scope
[INFO] [stdout]    --> src/../README.md:227:12
[INFO] [stdout]     |
[INFO] [stdout] 227 |     client.vadd(
[INFO] [stdout]     |     -------^^^^ method not found in `ShardCacheClient`
[INFO] [stdout] 
[INFO] [stdout] error[E0599]: no method named `vsim` found for struct `ShardCacheClient` in the current scope
[INFO] [stdout]    --> src/../README.md:235:26
[INFO] [stdout]     |
[INFO] [stdout] 235 |     let matches = client.vsim(
[INFO] [stdout]     |                   -------^^^^ method not found in `ShardCacheClient`
[INFO] [stdout] 
[INFO] [stdout] error[E0599]: no method named `vrem` found for struct `ShardCacheClient` in the current scope
[INFO] [stdout]    --> src/../README.md:248:20
[INFO] [stdout]     |
[INFO] [stdout] 248 |     assert!(client.vrem(b"objects", b"doc:42")?);
[INFO] [stdout]     |                    ^^^^ method not found in `ShardCacheClient`
[INFO] [stdout] 
[INFO] [stdout] error: aborting due to 5 previous errors
[INFO] [stdout] 
[INFO] [stdout] Some errors have detailed explanations: E0432, E0599.
[INFO] [stdout] For more information about an error, try `rustc --explain E0432`.
[INFO] [stdout] Couldn't compile the test.
[INFO] [stdout] 
[INFO] [stdout] failures:
[INFO] [stdout]     src/../README.md - (line 212)
[INFO] [stdout] 
[INFO] [stdout] test result: FAILED. 5 passed; 1 failed; 3 ignored; 0 measured; 0 filtered out; finished in 0.22s
[INFO] [stdout] 
[INFO] [stdout] all doctests ran in 0.36s; merged doctests compilation took 0.14s
[INFO] running `Command { std: "docker" "inspect" "c2c3b1e35852593575012bb8b99b0fe1a12021c8d49b0268f7c4d8bdd49cf09d", kill_on_drop: false }`
[INFO] running `Command { std: "docker" "rm" "-f" "c2c3b1e35852593575012bb8b99b0fe1a12021c8d49b0268f7c4d8bdd49cf09d", kill_on_drop: false }`
[INFO] [stdout] c2c3b1e35852593575012bb8b99b0fe1a12021c8d49b0268f7c4d8bdd49cf09d
