[INFO] fetching crate shapemaker 1.1.1...
[INFO] testing shapemaker-1.1.1 against 1.100.0-beta.1 for beta-1.100-2
[INFO] extracting crate shapemaker 1.1.1 into /workspace/builds/worker-6-tc2/source
[INFO] started tweaking crates.io crate shapemaker 1.1.1
[INFO] finished tweaking crates.io crate shapemaker 1.1.1
[INFO] tweaked toml for crates.io crate shapemaker 1.1.1 written to /workspace/builds/worker-6-tc2/source/Cargo.toml
[INFO] validating manifest of crates.io crate shapemaker 1.1.1 on toolchain 1.100.0-beta.1
[INFO] running `Command { std: CARGO_HOME="/workspace/cargo-home" RUSTUP_HOME="/workspace/rustup-home" "/workspace/cargo-home/bin/cargo" "+1.100.0-beta.1" "metadata" "--manifest-path" "Cargo.toml" "--no-deps", kill_on_drop: false }`
[INFO] crate crates.io crate shapemaker 1.1.1 already has a lockfile, it will not be regenerated
[INFO] running `Command { std: CARGO_HOME="/workspace/cargo-home" RUSTUP_HOME="/workspace/rustup-home" "/workspace/cargo-home/bin/cargo" "+1.100.0-beta.1" "fetch" "--manifest-path" "Cargo.toml", kill_on_drop: false }`
[INFO] running `Command { std: "docker" "create" "-v" "/var/lib/crater-agent-workspace/builds/worker-6-tc2/source:/opt/rustwide/workdir:ro,Z" "-v" "/var/lib/crater-agent-workspace/builds/worker-6-tc2/target:/opt/rustwide/target:rw,Z" "-v" "/var/lib/crater-agent-workspace/cargo-home:/opt/rustwide/cargo-home:ro,Z" "-v" "/var/lib/crater-agent-workspace/rustup-home:/opt/rustwide/rustup-home:ro,Z" "-m" "1610612736" "--network" "none" "ghcr.io/rust-lang/crates-build-env/linux@sha256:3111399a4047eeb3a02b7a90e478d715f38a8c6669b5c4b49d30a17385265909" "sleep" "infinity", kill_on_drop: false }`
[INFO] [stdout] b95e0a01b171ba3e490876aefe45930c5822405cb95fc1d60843f23a8ab26739
[INFO] running `Command { std: "docker" "start" "b95e0a01b171ba3e490876aefe45930c5822405cb95fc1d60843f23a8ab26739", kill_on_drop: false }`
[INFO] running `Command { std: "docker" "inspect" "b95e0a01b171ba3e490876aefe45930c5822405cb95fc1d60843f23a8ab26739", kill_on_drop: false }`
[INFO] running `Command { std: "docker" "exec" "-e" "SOURCE_DIR=/opt/rustwide/workdir" "-e" "CARGO_HOME=/opt/rustwide/cargo-home" "-e" "RUSTUP_HOME=/opt/rustwide/rustup-home" "-e" "CARGO_TARGET_DIR=/opt/rustwide/target" "-w" "/opt/rustwide/workdir" "--user" "0:0" "b95e0a01b171ba3e490876aefe45930c5822405cb95fc1d60843f23a8ab26739" "/opt/rustwide/cargo-home/bin/cargo" "+1.100.0-beta.1" "metadata" "--no-deps" "--format-version=1", kill_on_drop: false }`
[INFO] running `Command { std: "docker" "inspect" "b95e0a01b171ba3e490876aefe45930c5822405cb95fc1d60843f23a8ab26739", kill_on_drop: false }`
[INFO] running `Command { std: "docker" "exec" "-e" "SOURCE_DIR=/opt/rustwide/workdir" "-e" "CARGO_HOME=/opt/rustwide/cargo-home" "-e" "RUSTUP_HOME=/opt/rustwide/rustup-home" "-e" "CARGO_TARGET_DIR=/opt/rustwide/target" "-e" "CARGO_INCREMENTAL=0" "-e" "RUST_BACKTRACE=full" "-e" "RUSTFLAGS=--cap-lints=warn" "-e" "RUSTDOCFLAGS=--cap-lints=warn" "-w" "/opt/rustwide/workdir" "--user" "0:0" "b95e0a01b171ba3e490876aefe45930c5822405cb95fc1d60843f23a8ab26739" "/opt/rustwide/cargo-home/bin/cargo" "+1.100.0-beta.1" "build" "--frozen" "--message-format=json", kill_on_drop: false }`
[INFO] [stderr]    Compiling proc-macro2 v1.0.93
[INFO] [stderr]    Compiling unicode-ident v1.0.12
[INFO] [stderr]    Compiling libc v0.2.169
[INFO] [stderr]    Compiling autocfg v1.3.0
[INFO] [stderr]    Compiling log v0.4.26
[INFO] [stderr]    Compiling libm v0.2.11
[INFO] [stderr]    Compiling simd-adler32 v0.3.7
[INFO] [stderr]    Compiling memchr v2.7.2
[INFO] [stderr]    Compiling crossbeam-utils v0.8.19
[INFO] [stderr]    Compiling thiserror v1.0.59
[INFO] [stderr]    Compiling bytemuck v1.21.0
[INFO] [stderr]    Compiling version_check v0.9.4
[INFO] [stderr]    Compiling adler2 v2.0.0
[INFO] [stderr]    Compiling serde v1.0.218
[INFO] [stderr]    Compiling num-traits v0.2.19
[INFO] [stderr]    Compiling miniz_oxide v0.8.4
[INFO] [stderr]    Compiling slotmap v1.0.7
[INFO] [stderr]    Compiling crc32fast v1.4.2
[INFO] [stderr]    Compiling quote v1.0.36
[INFO] [stderr]    Compiling core_maths v0.1.1
[INFO] [stderr]    Compiling arrayvec v0.7.6
[INFO] [stderr]    Compiling syn v2.0.98
[INFO] [stderr]    Compiling ucd-trie v0.1.6
[INFO] [stderr]    Compiling smallvec v1.14.0
[INFO] [stderr]    Compiling float-cmp v0.9.0
[INFO] [stderr]    Compiling flate2 v1.0.35
[INFO] [stderr]    Compiling strict-num v0.1.1
[INFO] [stderr]    Compiling crossbeam-epoch v0.9.18
[INFO] [stderr]    Compiling ttf-parser v0.24.1
[INFO] [stderr]    Compiling getrandom v0.2.14
[INFO] [stderr]    Compiling once_cell v1.19.0
[INFO] [stderr]    Compiling tinyvec_macros v0.1.1
[INFO] [stderr]    Compiling rayon-core v1.12.1
[INFO] [stderr]    Compiling rustversion v1.0.15
[INFO] [stderr]    Compiling shlex v1.3.0
[INFO] [stderr]    Compiling roxmltree v0.20.0
[INFO] [stderr]    Compiling crossbeam-deque v0.8.5
[INFO] [stderr]    Compiling cc v1.2.14
[INFO] [stderr]    Compiling tiny-skia-path v0.11.4
[INFO] [stderr]    Compiling tinyvec v1.8.1
[INFO] [stderr]    Compiling rand_core v0.6.4
[INFO] [stderr]    Compiling kurbo v0.11.1
[INFO] [stderr]    Compiling fontconfig-parser v0.5.7
[INFO] [stderr]    Compiling memmap2 v0.9.5
[INFO] [stderr]    Compiling matrixmultiply v0.3.9
[INFO] [stderr]    Compiling fdeflate v0.3.7
[INFO] [stderr]    Compiling ppv-lite86 v0.2.17
[INFO] [stderr]    Compiling regex-syntax v0.8.3
[INFO] [stderr]    Compiling bitflags v2.8.0
[INFO] [stderr]    Compiling either v1.11.0
[INFO] [stderr]    Compiling siphasher v1.0.1
[INFO] [stderr]    Compiling portable-atomic v1.6.0
[INFO] [stderr]    Compiling unicode-bidi-mirroring v0.3.0
[INFO] [stderr]    Compiling serde_json v1.0.116
[INFO] [stderr]    Compiling unicode-script v0.5.7
[INFO] [stderr]    Compiling unicode-ccc v0.3.0
[INFO] [stderr]    Compiling unicode-properties v0.1.3
[INFO] [stderr]    Compiling png v0.17.16
[INFO] [stderr]    Compiling backtrace v0.3.71
[INFO] [stderr]    Compiling fontdb v0.22.0
[INFO] [stderr]    Compiling svgtypes v0.15.3
[INFO] [stderr]    Compiling rand_chacha v0.3.1
[INFO] [stderr]    Compiling rustybuzz v0.18.0
[INFO] [stderr]    Compiling simplecss v0.2.2
[INFO] [stderr]    Compiling unicode-bidi v0.3.18
[INFO] [stderr]    Compiling weezl v0.1.8
[INFO] [stderr]    Compiling thiserror-impl v1.0.59
[INFO] [stderr]    Compiling serde_derive v1.0.218
[INFO] [stderr]    Compiling regex-automata v0.4.6
[INFO] [stderr]    Compiling base64 v0.22.1
[INFO] [stderr]    Compiling itoa v1.0.11
[INFO] [stderr]    Compiling heck v0.4.1
[INFO] [stderr]    Compiling adler v1.0.2
[INFO] [stderr]    Compiling data-url v0.3.1
[INFO] [stderr]    Compiling anyhow v1.0.82
[INFO] [stderr]    Compiling imagesize v0.13.0
[INFO] [stderr]    Compiling byteorder-lite v0.1.0
[INFO] [stderr]    Compiling iana-time-zone v0.1.60
[INFO] [stderr]    Compiling unicode-vo v0.1.0
[INFO] [stderr]    Compiling zune-core v0.4.12
[INFO] [stderr]    Compiling gimli v0.28.1
[INFO] [stderr]    Compiling pest v2.7.10
[INFO] [stderr]    Compiling ryu v1.0.17
[INFO] [stderr]    Compiling rawpointer v0.2.1
[INFO] [stderr]    Compiling unicode-width v0.1.12
[INFO] [stderr]    Compiling color_quant v1.1.0
[INFO] [stderr]    Compiling quick-error v2.0.1
[INFO] [stderr]    Compiling xmlwriter v0.1.0
[INFO] [stderr]    Compiling pico-args v0.5.0
[INFO] [stderr]    Compiling usvg v0.44.0
[INFO] [stderr]    Compiling image-webp v0.1.3
[INFO] [stderr]    Compiling gif v0.13.1
[INFO] [stderr]    Compiling regex v1.10.4
[INFO] [stderr]    Compiling pest_meta v2.7.10
[INFO] [stderr]    Compiling console v0.15.8
[INFO] [stderr]    Compiling pest_generator v2.7.10
[INFO] [stderr]    Compiling zune-jpeg v0.4.14
[INFO] [stderr]    Compiling addr2line v0.21.0
[INFO] [stderr]    Compiling chrono v0.4.38
[INFO] [stderr]    Compiling miniz_oxide v0.7.2
[INFO] [stderr]    Compiling strum_macros v0.26.2
[INFO] [stderr]    Compiling rayon v1.10.0
[INFO] [stderr]    Compiling tiny-skia v0.11.4
[INFO] [stderr]    Compiling pest_derive v2.7.10
[INFO] [stderr]    Compiling rand v0.8.5
[INFO] [stderr]    Compiling num-integer v0.1.46
[INFO] [stderr]    Compiling num-complex v0.4.6
[INFO] [stderr]    Compiling object v0.32.2
[INFO] [stderr]    Compiling rgb v0.8.50
[INFO] [stderr]    Compiling number_prefix v0.4.0
[INFO] [stderr]    Compiling deunicode v1.4.4
[INFO] [stderr]    Compiling ascii v1.1.0
[INFO] [stderr]    Compiling strsim v0.10.0
[INFO] [stderr]    Compiling half v1.8.3
[INFO] [stderr]    Compiling chunked_transfer v1.5.0
[INFO] [stderr]    Compiling rustc-demangle v0.1.23
[INFO] [stderr]    Compiling httpdate v1.0.3
[INFO] [stderr]    Compiling resvg v0.44.0
[INFO] [stderr]    Compiling slug v0.1.5
[INFO] [stderr]    Compiling tiny_http v0.12.0
[INFO] [stderr]    Compiling indicatif v0.17.8
[INFO] [stderr]    Compiling midly v0.5.3
[INFO] [stderr]    Compiling strum v0.26.2
[INFO] [stderr]    Compiling ndarray v0.16.1
[INFO] [stderr]    Compiling nanoid v0.4.0
[INFO] [stderr]    Compiling chrono-human-duration v0.1.1
[INFO] [stderr]    Compiling serde_cbor v0.11.2
[INFO] [stderr]    Compiling docopt v1.1.1
[INFO] [stderr]    Compiling itertools v0.12.1
[INFO] [stderr]    Compiling num_cpus v1.16.0
[INFO] [stderr]    Compiling measure_time v0.9.0
[INFO] [stderr]    Compiling svg v0.17.0
[INFO] [stderr]    Compiling hound v3.5.1
[INFO] [stderr]    Compiling handlebars v5.1.2
[INFO] [stderr]    Compiling rgb2yuv420 v0.2.3
[INFO] [stderr]    Compiling roxmltree v0.19.0
[INFO] [stderr]    Compiling shapemaker v1.1.1 (/opt/rustwide/workdir)
[INFO] [stdout] warning: unused import: `Toggleable`
[INFO] [stdout]  --> src/graphics/layer.rs:1:63
[INFO] [stdout]   |
[INFO] [stdout] 1 | use crate::{ColoredObject, Fill, Filter, ObjectSizes, Region, Toggleable};
[INFO] [stdout]   |                                                               ^^^^^^^^^^
[INFO] [stdout]   |
[INFO] [stdout]   = note: `#[warn(unused_imports)]` (part of `#[warn(unused)]`) on by default
[INFO] [stdout] 
[INFO] [stdout] 
[INFO] [stdout] warning: trait `Toggleable` is never used
[INFO] [stdout]   --> src/lib.rs:24:7
[INFO] [stdout]    |
[INFO] [stdout] 24 | trait Toggleable {
[INFO] [stdout]    |       ^^^^^^^^^^
[INFO] [stdout]    |
[INFO] [stdout]    = note: `#[warn(dead_code)]` (part of `#[warn(unused)]`) on by default
[INFO] [stdout] 
[INFO] [stdout] 
[INFO] [stdout] warning: hiding a lifetime that's elided elsewhere is confusing
[INFO] [stdout]   --> src/rendering/fonts.rs:17:25
[INFO] [stdout]    |
[INFO] [stdout] 17 | pub fn load_fonts(args: &FontOptions) -> anyhow::Result<usvg::Options> {
[INFO] [stdout]    |                         ^^^^^^^^^^^^                    ^^^^^^^^^^^^^ the same lifetime is hidden here
[INFO] [stdout]    |                         |
[INFO] [stdout]    |                         the lifetime is elided here
[INFO] [stdout]    |
[INFO] [stdout]    = help: the same lifetime is referred to in inconsistent ways, making the signature confusing
[INFO] [stdout]    = note: `#[warn(mismatched_lifetime_syntaxes)]` on by default
[INFO] [stdout] help: use `'_` for type paths
[INFO] [stdout]    |
[INFO] [stdout] 17 | pub fn load_fonts(args: &FontOptions) -> anyhow::Result<usvg::Options<'_>> {
[INFO] [stdout]    |                                                                      ++++
[INFO] [stdout] 
[INFO] [stdout] 
[INFO] [stderr] warning: unused dependency `chrono-human-duration`
[INFO] [stderr]   --> Cargo.toml:14:15
[INFO] [stderr]    |
[INFO] [stderr] 14 | [dependencies.chrono-human-duration]
[INFO] [stderr]    |               ^^^^^^^^^^^^^^^^^^^^^^
[INFO] [stderr]    |
[INFO] [stderr]    = note: `cargo::unused_dependencies` is set to `warn` by default
[INFO] [stderr] help: consider removing the dependency on `chrono-human-duration`
[INFO] [stderr] warning: unused dependency `handlebars`
[INFO] [stderr]   --> Cargo.toml:36:15
[INFO] [stderr]    |
[INFO] [stderr] 36 | [dependencies.handlebars]
[INFO] [stderr]    |               ^^^^^^^^^^^
[INFO] [stderr]    |
[INFO] [stderr] help: consider removing the dependency on `handlebars`
[INFO] [stderr] warning: unused dependency `hound`
[INFO] [stderr]   --> Cargo.toml:39:15
[INFO] [stderr]    |
[INFO] [stderr] 39 | [dependencies.hound]
[INFO] [stderr]    |               ^^^^^^
[INFO] [stderr]    |
[INFO] [stderr] help: consider removing the dependency on `hound`
[INFO] [stderr] warning: unused dependency `ndarray`
[INFO] [stderr]   --> Cargo.toml:60:15
[INFO] [stderr]    |
[INFO] [stderr] 60 | [dependencies.ndarray]
[INFO] [stderr]    |               ^^^^^^^^
[INFO] [stderr]    |
[INFO] [stderr] help: consider removing the dependency on `ndarray`
[INFO] [stderr] warning: unused dependency `num_cpus`
[INFO] [stderr]   --> Cargo.toml:63:15
[INFO] [stderr]    |
[INFO] [stderr] 63 | [dependencies.num_cpus]
[INFO] [stderr]    |               ^^^^^^^^^
[INFO] [stderr]    |
[INFO] [stderr] help: consider removing the dependency on `num_cpus`
[INFO] [stderr] warning: unused dependency `rgb2yuv420`
[INFO] [stderr]   --> Cargo.toml:78:15
[INFO] [stderr]    |
[INFO] [stderr] 78 | [dependencies.rgb2yuv420]
[INFO] [stderr]    |               ^^^^^^^^^^^
[INFO] [stderr]    |
[INFO] [stderr] help: consider removing the dependency on `rgb2yuv420`
[INFO] [stderr] warning: unused dependency `roxmltree`
[INFO] [stderr]   --> Cargo.toml:81:15
[INFO] [stderr]    |
[INFO] [stderr] 81 | [dependencies.roxmltree]
[INFO] [stderr]    |               ^^^^^^^^^^
[INFO] [stderr]    |
[INFO] [stderr] help: consider removing the dependency on `roxmltree`
[INFO] [stderr] warning: unused dependency `tiny_http`
[INFO] [stderr]    --> Cargo.toml:110:15
[INFO] [stderr]     |
[INFO] [stderr] 110 | [dependencies.tiny_http]
[INFO] [stderr]     |               ^^^^^^^^^^
[INFO] [stderr]     |
[INFO] [stderr] help: consider removing the dependency on `tiny_http`
[INFO] [stderr] warning: `shapemaker` (manifest) generated 8 warnings
[INFO] [stderr]     Finished `dev` profile [unoptimized + debuginfo] target(s) in 1m 50s
[INFO] running `Command { std: "docker" "inspect" "b95e0a01b171ba3e490876aefe45930c5822405cb95fc1d60843f23a8ab26739", kill_on_drop: false }`
[INFO] running `Command { std: "docker" "exec" "-e" "SOURCE_DIR=/opt/rustwide/workdir" "-e" "CARGO_HOME=/opt/rustwide/cargo-home" "-e" "RUSTUP_HOME=/opt/rustwide/rustup-home" "-e" "CARGO_TARGET_DIR=/opt/rustwide/target" "-e" "CARGO_INCREMENTAL=0" "-e" "RUST_BACKTRACE=full" "-e" "RUSTFLAGS=--cap-lints=warn" "-e" "RUSTDOCFLAGS=--cap-lints=warn" "-w" "/opt/rustwide/workdir" "--user" "0:0" "b95e0a01b171ba3e490876aefe45930c5822405cb95fc1d60843f23a8ab26739" "/opt/rustwide/cargo-home/bin/cargo" "+1.100.0-beta.1" "test" "--frozen" "--no-run" "--message-format=json", kill_on_drop: false }`
[INFO] [stderr]    Compiling rust-analyzer v0.0.1
[INFO] [stdout] warning: unused import: `Toggleable`
[INFO] [stdout]  --> src/graphics/layer.rs:1:63
[INFO] [stdout]   |
[INFO] [stdout] 1 | use crate::{ColoredObject, Fill, Filter, ObjectSizes, Region, Toggleable};
[INFO] [stdout]   |                                                               ^^^^^^^^^^
[INFO] [stdout]   |
[INFO] [stdout]   = note: `#[warn(unused_imports)]` (part of `#[warn(unused)]`) on by default
[INFO] [stdout] 
[INFO] [stdout] 
[INFO] [stdout] warning: trait `Toggleable` is never used
[INFO] [stdout]   --> src/lib.rs:24:7
[INFO] [stdout]    |
[INFO] [stdout] 24 | trait Toggleable {
[INFO] [stdout]    |       ^^^^^^^^^^
[INFO] [stdout]    |
[INFO] [stdout]    = note: `#[warn(dead_code)]` (part of `#[warn(unused)]`) on by default
[INFO] [stdout] 
[INFO] [stdout] 
[INFO] [stdout] warning: hiding a lifetime that's elided elsewhere is confusing
[INFO] [stdout]   --> src/rendering/fonts.rs:17:25
[INFO] [stdout]    |
[INFO] [stdout] 17 | pub fn load_fonts(args: &FontOptions) -> anyhow::Result<usvg::Options> {
[INFO] [stdout]    |                         ^^^^^^^^^^^^                    ^^^^^^^^^^^^^ the same lifetime is hidden here
[INFO] [stdout]    |                         |
[INFO] [stdout]    |                         the lifetime is elided here
[INFO] [stdout]    |
[INFO] [stdout]    = help: the same lifetime is referred to in inconsistent ways, making the signature confusing
[INFO] [stdout]    = note: `#[warn(mismatched_lifetime_syntaxes)]` on by default
[INFO] [stdout] help: use `'_` for type paths
[INFO] [stdout]    |
[INFO] [stdout] 17 | pub fn load_fonts(args: &FontOptions) -> anyhow::Result<usvg::Options<'_>> {
[INFO] [stdout]    |                                                                      ++++
[INFO] [stdout] 
[INFO] [stdout] 
[INFO] [stderr]    Compiling shapemaker v1.1.1 (/opt/rustwide/workdir)
[INFO] [stdout] warning: unused import: `Toggleable`
[INFO] [stdout]  --> src/graphics/layer.rs:1:63
[INFO] [stdout]   |
[INFO] [stdout] 1 | use crate::{ColoredObject, Fill, Filter, ObjectSizes, Region, Toggleable};
[INFO] [stdout]   |                                                               ^^^^^^^^^^
[INFO] [stdout]   |
[INFO] [stdout]   = note: `#[warn(unused_imports)]` (part of `#[warn(unused)]`) on by default
[INFO] [stdout] 
[INFO] [stdout] 
[INFO] [stdout] warning: trait `Toggleable` is never used
[INFO] [stdout]   --> src/lib.rs:24:7
[INFO] [stdout]    |
[INFO] [stdout] 24 | trait Toggleable {
[INFO] [stdout]    |       ^^^^^^^^^^
[INFO] [stdout]    |
[INFO] [stdout]    = note: `#[warn(dead_code)]` (part of `#[warn(unused)]`) on by default
[INFO] [stdout] 
[INFO] [stdout] 
[INFO] [stdout] warning: hiding a lifetime that's elided elsewhere is confusing
[INFO] [stdout]   --> src/rendering/fonts.rs:17:25
[INFO] [stdout]    |
[INFO] [stdout] 17 | pub fn load_fonts(args: &FontOptions) -> anyhow::Result<usvg::Options> {
[INFO] [stdout]    |                         ^^^^^^^^^^^^                    ^^^^^^^^^^^^^ the same lifetime is hidden here
[INFO] [stdout]    |                         |
[INFO] [stdout]    |                         the lifetime is elided here
[INFO] [stdout]    |
[INFO] [stdout]    = help: the same lifetime is referred to in inconsistent ways, making the signature confusing
[INFO] [stdout]    = note: `#[warn(mismatched_lifetime_syntaxes)]` on by default
[INFO] [stdout] help: use `'_` for type paths
[INFO] [stdout]    |
[INFO] [stdout] 17 | pub fn load_fonts(args: &FontOptions) -> anyhow::Result<usvg::Options<'_>> {
[INFO] [stdout]    |                                                                      ++++
[INFO] [stdout] 
[INFO] [stdout] 
[INFO] [stderr] warning: unused dependency `chrono-human-duration`
[INFO] [stderr]   --> Cargo.toml:14:15
[INFO] [stderr]    |
[INFO] [stderr] 14 | [dependencies.chrono-human-duration]
[INFO] [stderr]    |               ^^^^^^^^^^^^^^^^^^^^^^
[INFO] [stderr]    |
[INFO] [stderr]    = note: `cargo::unused_dependencies` is set to `warn` by default
[INFO] [stderr] help: consider removing the dependency on `chrono-human-duration`
[INFO] [stderr] warning: unused dependency `handlebars`
[INFO] [stderr]   --> Cargo.toml:36:15
[INFO] [stderr]    |
[INFO] [stderr] 36 | [dependencies.handlebars]
[INFO] [stderr]    |               ^^^^^^^^^^^
[INFO] [stderr]    |
[INFO] [stderr] help: consider removing the dependency on `handlebars`
[INFO] [stderr] warning: unused dependency `hound`
[INFO] [stderr]   --> Cargo.toml:39:15
[INFO] [stderr]    |
[INFO] [stderr] 39 | [dependencies.hound]
[INFO] [stderr]    |               ^^^^^^
[INFO] [stderr]    |
[INFO] [stderr] help: consider removing the dependency on `hound`
[INFO] [stderr] warning: unused dependency `ndarray`
[INFO] [stderr]   --> Cargo.toml:60:15
[INFO] [stderr]    |
[INFO] [stderr] 60 | [dependencies.ndarray]
[INFO] [stderr]    |               ^^^^^^^^
[INFO] [stderr]    |
[INFO] [stderr] help: consider removing the dependency on `ndarray`
[INFO] [stderr] warning: unused dependency `num_cpus`
[INFO] [stderr]   --> Cargo.toml:63:15
[INFO] [stderr]    |
[INFO] [stderr] 63 | [dependencies.num_cpus]
[INFO] [stderr]    |               ^^^^^^^^^
[INFO] [stderr]    |
[INFO] [stderr] help: consider removing the dependency on `num_cpus`
[INFO] [stderr] warning: unused dependency `rgb2yuv420`
[INFO] [stderr]   --> Cargo.toml:78:15
[INFO] [stderr]    |
[INFO] [stderr] 78 | [dependencies.rgb2yuv420]
[INFO] [stderr]    |               ^^^^^^^^^^^
[INFO] [stderr]    |
[INFO] [stderr] help: consider removing the dependency on `rgb2yuv420`
[INFO] [stderr] warning: unused dependency `roxmltree`
[INFO] [stderr]   --> Cargo.toml:81:15
[INFO] [stderr]    |
[INFO] [stderr] 81 | [dependencies.roxmltree]
[INFO] [stderr]    |               ^^^^^^^^^^
[INFO] [stderr]    |
[INFO] [stderr] help: consider removing the dependency on `roxmltree`
[INFO] [stderr] warning: unused dependency `tiny_http`
[INFO] [stderr]    --> Cargo.toml:110:15
[INFO] [stderr]     |
[INFO] [stderr] 110 | [dependencies.tiny_http]
[INFO] [stderr]     |               ^^^^^^^^^^
[INFO] [stderr]     |
[INFO] [stderr] help: consider removing the dependency on `tiny_http`
[INFO] [stderr] warning: `shapemaker` (manifest) generated 8 warnings
[INFO] [stderr]     Finished `test` profile [unoptimized + debuginfo] target(s) in 1.70s
[INFO] running `Command { std: "docker" "inspect" "b95e0a01b171ba3e490876aefe45930c5822405cb95fc1d60843f23a8ab26739", kill_on_drop: false }`
[INFO] running `Command { std: "docker" "exec" "-e" "SOURCE_DIR=/opt/rustwide/workdir" "-e" "CARGO_HOME=/opt/rustwide/cargo-home" "-e" "RUSTUP_HOME=/opt/rustwide/rustup-home" "-e" "CARGO_TARGET_DIR=/opt/rustwide/target" "-e" "CARGO_INCREMENTAL=0" "-e" "RUST_BACKTRACE=full" "-e" "RUSTFLAGS=--cap-lints=warn" "-e" "RUSTDOCFLAGS=--cap-lints=warn" "-w" "/opt/rustwide/workdir" "--user" "0:0" "b95e0a01b171ba3e490876aefe45930c5822405cb95fc1d60843f23a8ab26739" "/opt/rustwide/cargo-home/bin/cargo" "+1.100.0-beta.1" "test" "--frozen", kill_on_drop: false }`
[INFO] [stderr] warning: unused import: `Toggleable`
[INFO] [stderr]  --> src/graphics/layer.rs:1:63
[INFO] [stderr]   |
[INFO] [stderr] 1 | use crate::{ColoredObject, Fill, Filter, ObjectSizes, Region, Toggleable};
[INFO] [stderr]   |                                                               ^^^^^^^^^^
[INFO] [stderr]   |
[INFO] [stderr]   = note: `#[warn(unused_imports)]` (part of `#[warn(unused)]`) on by default
[INFO] [stderr] 
[INFO] [stderr] warning: trait `Toggleable` is never used
[INFO] [stderr]   --> src/lib.rs:24:7
[INFO] [stderr]    |
[INFO] [stderr] 24 | trait Toggleable {
[INFO] [stderr]    |       ^^^^^^^^^^
[INFO] [stderr]    |
[INFO] [stderr]    = note: `#[warn(dead_code)]` (part of `#[warn(unused)]`) on by default
[INFO] [stderr] 
[INFO] [stderr] warning: hiding a lifetime that's elided elsewhere is confusing
[INFO] [stderr]   --> src/rendering/fonts.rs:17:25
[INFO] [stderr]    |
[INFO] [stderr] 17 | pub fn load_fonts(args: &FontOptions) -> anyhow::Result<usvg::Options> {
[INFO] [stderr]    |                         ^^^^^^^^^^^^                    ^^^^^^^^^^^^^ the same lifetime is hidden here
[INFO] [stderr]    |                         |
[INFO] [stderr]    |                         the lifetime is elided here
[INFO] [stderr]    |
[INFO] [stderr]    = help: the same lifetime is referred to in inconsistent ways, making the signature confusing
[INFO] [stderr]    = note: `#[warn(mismatched_lifetime_syntaxes)]` on by default
[INFO] [stderr] help: use `'_` for type paths
[INFO] [stderr]    |
[INFO] [stderr] 17 | pub fn load_fonts(args: &FontOptions) -> anyhow::Result<usvg::Options<'_>> {
[INFO] [stderr]    |                                                                      ++++
[INFO] [stderr] 
[INFO] [stderr] warning: `shapemaker` (lib) generated 3 warnings (run `cargo fix --lib -p shapemaker` to apply 1 suggestion)
[INFO] [stderr] warning: `shapemaker` (lib test) generated 3 warnings (3 duplicates)
[INFO] [stderr] warning: unused dependency `chrono-human-duration`
[INFO] [stderr]   --> Cargo.toml:14:15
[INFO] [stderr]    |
[INFO] [stderr] 14 | [dependencies.chrono-human-duration]
[INFO] [stderr]    |               ^^^^^^^^^^^^^^^^^^^^^^
[INFO] [stderr]    |
[INFO] [stderr]    = note: `cargo::unused_dependencies` is set to `warn` by default
[INFO] [stderr] help: consider removing the dependency on `chrono-human-duration`
[INFO] [stderr] warning: unused dependency `handlebars`
[INFO] [stderr]   --> Cargo.toml:36:15
[INFO] [stderr]    |
[INFO] [stderr] 36 | [dependencies.handlebars]
[INFO] [stderr]    |               ^^^^^^^^^^^
[INFO] [stderr]    |
[INFO] [stderr] help: consider removing the dependency on `handlebars`
[INFO] [stderr] warning: unused dependency `hound`
[INFO] [stderr]   --> Cargo.toml:39:15
[INFO] [stderr]    |
[INFO] [stderr] 39 | [dependencies.hound]
[INFO] [stderr]    |               ^^^^^^
[INFO] [stderr]    |
[INFO] [stderr] help: consider removing the dependency on `hound`
[INFO] [stderr] warning: unused dependency `ndarray`
[INFO] [stderr]   --> Cargo.toml:60:15
[INFO] [stderr]    |
[INFO] [stderr] 60 | [dependencies.ndarray]
[INFO] [stderr]    |               ^^^^^^^^
[INFO] [stderr]    |
[INFO] [stderr] help: consider removing the dependency on `ndarray`
[INFO] [stderr] warning: unused dependency `num_cpus`
[INFO] [stderr]   --> Cargo.toml:63:15
[INFO] [stderr]    |
[INFO] [stderr] 63 | [dependencies.num_cpus]
[INFO] [stderr]    |               ^^^^^^^^^
[INFO] [stderr]    |
[INFO] [stderr] help: consider removing the dependency on `num_cpus`
[INFO] [stderr] warning: unused dependency `rgb2yuv420`
[INFO] [stderr]   --> Cargo.toml:78:15
[INFO] [stderr]    |
[INFO] [stderr] 78 | [dependencies.rgb2yuv420]
[INFO] [stderr]    |               ^^^^^^^^^^^
[INFO] [stderr]    |
[INFO] [stderr] help: consider removing the dependency on `rgb2yuv420`
[INFO] [stderr] warning: unused dependency `roxmltree`
[INFO] [stderr]   --> Cargo.toml:81:15
[INFO] [stderr]    |
[INFO] [stderr] 81 | [dependencies.roxmltree]
[INFO] [stderr]    |               ^^^^^^^^^^
[INFO] [stderr]    |
[INFO] [stderr] help: consider removing the dependency on `roxmltree`
[INFO] [stderr] warning: unused dependency `tiny_http`
[INFO] [stderr]    --> Cargo.toml:110:15
[INFO] [stderr]     |
[INFO] [stderr] 110 | [dependencies.tiny_http]
[INFO] [stderr]     |               ^^^^^^^^^^
[INFO] [stderr]     |
[INFO] [stderr] help: consider removing the dependency on `tiny_http`
[INFO] [stderr] warning: `shapemaker` (manifest) generated 8 warnings
[INFO] [stderr]     Finished `test` profile [unoptimized + debuginfo] target(s) in 0.23s
[INFO] [stderr]      Running unittests src/lib.rs (/opt/rustwide/target/debug/build/shapemaker/469ee8d02f86e769/out/shapemaker-469ee8d02f86e769)
[INFO] [stdout] 
[INFO] [stdout] running 1 test
[INFO] [stdout] test geometry::region::test_sub_and_transate_coherence ... ok
[INFO] [stdout] 
[INFO] [stdout] test result: ok. 1 passed; 0 failed; 0 ignored; 0 measured; 0 filtered out; finished in 0.00s
[INFO] [stdout] 
[INFO] [stderr]      Running unittests src/main.rs (/opt/rustwide/target/debug/build/shapemaker/ebedb9acfd27cdd6/out/shapemaker-ebedb9acfd27cdd6)
[INFO] [stdout] 
[INFO] [stdout] running 0 tests
[INFO] [stdout] 
[INFO] [stdout] test result: ok. 0 passed; 0 failed; 0 ignored; 0 measured; 0 filtered out; finished in 0.00s
[INFO] [stdout] 
[INFO] [stderr]    Doc-tests shapemaker
[INFO] [stdout] 
[INFO] [stdout] running 1 test
[INFO] [stdout] test src/video/animation.rs - video::animation::Animation::new (line 24) ... FAILED
[INFO] [stdout] 
[INFO] [stdout] failures:
[INFO] [stdout] 
[INFO] [stdout] ---- src/video/animation.rs - video::animation::Animation::new (line 24) stdout ----
[INFO] [stdout] error[E0433]: cannot find type `Animation` in this scope
[INFO] [stdout]   --> src/video/animation.rs:25:1
[INFO] [stdout]    |
[INFO] [stdout] 25 | Animation::new("example", &|t, canvas, _| {
[INFO] [stdout]    | ^^^^^^^^^ use of undeclared type `Animation`
[INFO] [stdout] 
[INFO] [stdout] error[E0433]: cannot find type `Fill` in this scope
[INFO] [stdout]   --> src/video/animation.rs:26:38
[INFO] [stdout]    |
[INFO] [stdout] 26 |     canvas.root().object("dot").fill(Fill::Translucent(Color::Red, t))
[INFO] [stdout]    |                                      ^^^^ use of undeclared type `Fill`
[INFO] [stdout] 
[INFO] [stdout] error[E0433]: cannot find type `Color` in this scope
[INFO] [stdout]   --> src/video/animation.rs:26:56
[INFO] [stdout]    |
[INFO] [stdout] 26 |     canvas.root().object("dot").fill(Fill::Translucent(Color::Red, t))
[INFO] [stdout]    |                                                        ^^^^^ use of undeclared type `Color`
[INFO] [stdout] 
[INFO] [stdout] error: aborting due to 3 previous errors
[INFO] [stdout] 
[INFO] [stdout] For more information about this error, try `rustc --explain E0433`.
[INFO] [stdout] Couldn't compile the test.
[INFO] [stdout] 
[INFO] [stdout] failures:
[INFO] [stdout]     src/video/animation.rs - video::animation::Animation::new (line 24)
[INFO] [stdout] 
[INFO] [stdout] test result: FAILED. 0 passed; 1 failed; 0 ignored; 0 measured; 0 filtered out; finished in 0.26s
[INFO] [stdout] 
[INFO] [stderr] error: doctest failed, to rerun pass `--doc`
[INFO] running `Command { std: "docker" "inspect" "b95e0a01b171ba3e490876aefe45930c5822405cb95fc1d60843f23a8ab26739", kill_on_drop: false }`
[INFO] running `Command { std: "docker" "rm" "-f" "b95e0a01b171ba3e490876aefe45930c5822405cb95fc1d60843f23a8ab26739", kill_on_drop: false }`
[INFO] [stdout] b95e0a01b171ba3e490876aefe45930c5822405cb95fc1d60843f23a8ab26739
