[INFO] fetching crate shacl 0.3.24...
[INFO] testing shacl-0.3.24 against 1.99.0-beta.8 for beta-1.100-2
[INFO] extracting crate shacl 0.3.24 into /workspace/builds/worker-7-tc1/source
[INFO] started tweaking crates.io crate shacl 0.3.24
[INFO] removed 0 missing examples
[INFO] removed 0 missing tests
[INFO] finished tweaking crates.io crate shacl 0.3.24
[INFO] tweaked toml for crates.io crate shacl 0.3.24 written to /workspace/builds/worker-7-tc1/source/Cargo.toml
[INFO] validating manifest of crates.io crate shacl 0.3.24 on toolchain 1.99.0-beta.8
[INFO] running `Command { std: CARGO_HOME="/workspace/cargo-home" RUSTUP_HOME="/workspace/rustup-home" "/workspace/cargo-home/bin/cargo" "+1.99.0-beta.8" "metadata" "--manifest-path" "Cargo.toml" "--no-deps", kill_on_drop: false }`
[INFO] crate crates.io crate shacl 0.3.24 already has a lockfile, it will not be regenerated
[INFO] running `Command { std: CARGO_HOME="/workspace/cargo-home" RUSTUP_HOME="/workspace/rustup-home" "/workspace/cargo-home/bin/cargo" "+1.99.0-beta.8" "fetch" "--manifest-path" "Cargo.toml", kill_on_drop: false }`
[INFO] [stderr]     Updating crates.io index
[INFO] [stderr]     Blocking waiting for file lock on package cache
[INFO] [stderr]  Downloading crates ...
[INFO] [stderr]   Downloaded sparesults v0.3.4
[INFO] [stderr]   Downloaded sparql_service v0.3.24
[INFO] [stderr]   Downloaded peg-runtime v0.8.6
[INFO] [stderr]   Downloaded oxsdatatypes v0.2.3
[INFO] [stderr]   Downloaded oxiri v0.2.11
[INFO] [stderr]   Downloaded oxilangtag v0.1.6
[INFO] [stderr]   Downloaded tabled_derive v0.11.0
[INFO] [stderr]   Downloaded json-event-parser v0.2.3
[INFO] [stderr]   Downloaded peg v0.8.6
[INFO] [stderr]   Downloaded rudof_viz v0.3.24
[INFO] [stderr]   Downloaded rudof_iri v0.3.24
[INFO] [stderr]   Downloaded oxjsonld v0.2.6
[INFO] [stderr]   Downloaded peg-macros v0.8.6
[INFO] [stderr]   Downloaded papergrid v0.17.0
[INFO] [stderr]   Downloaded oxrdfio v0.2.6
[INFO] [stderr]   Downloaded spareval v0.2.7
[INFO] [stderr]   Downloaded sparopt v0.3.7
[INFO] [stderr]   Downloaded spargebra v0.4.7
[INFO] [stderr]   Downloaded rudof_config v0.3.24
[INFO] [stderr]   Downloaded ryu-js v1.0.3
[INFO] [stderr]   Downloaded include_dir v0.7.4
[INFO] [stderr]   Downloaded tabled v0.20.0
[INFO] [stderr]   Downloaded oxttl v0.2.4
[INFO] [stderr]   Downloaded include_dir_macros v0.7.4
[INFO] [stderr]   Downloaded rudof_rdf v0.3.24
[INFO] [stderr]   Downloaded oxhttp v0.3.3
[INFO] [stderr]   Downloaded cc v1.4.6
[INFO] [stderr]   Downloaded oxigraph v0.5.11
[INFO] [stderr]   Downloaded mie v0.3.24
[INFO] [stderr]   Downloaded prefixmap v0.3.24
[INFO] [stderr]   Downloaded yaml-rust2 v0.10.4
[INFO] [stderr]   Downloaded oxiri v0.3.1
[INFO] [stderr]   Downloaded oxrdf v0.3.4
[INFO] [stderr]   Downloaded rudof_typing v0.3.24
[INFO] [stderr]   Downloaded oxrdfxml v0.2.4
[INFO] running `Command { std: "docker" "create" "-v" "/var/lib/crater-agent-workspace/builds/worker-7-tc1/source:/opt/rustwide/workdir:ro,Z" "-v" "/var/lib/crater-agent-workspace/builds/worker-7-tc1/target:/opt/rustwide/target:rw,Z" "-v" "/var/lib/crater-agent-workspace/cargo-home:/opt/rustwide/cargo-home:ro,Z" "-v" "/var/lib/crater-agent-workspace/rustup-home:/opt/rustwide/rustup-home:ro,Z" "-m" "1610612736" "--network" "none" "ghcr.io/rust-lang/crates-build-env/linux@sha256:3111399a4047eeb3a02b7a90e478d715f38a8c6669b5c4b49d30a17385265909" "sleep" "infinity", kill_on_drop: false }`
[INFO] [stdout] a5f59286a92e747a1b16c7b52c79c74830b19eee66202a7889b189354e04e1e0
[INFO] running `Command { std: "docker" "start" "a5f59286a92e747a1b16c7b52c79c74830b19eee66202a7889b189354e04e1e0", kill_on_drop: false }`
[INFO] running `Command { std: "docker" "inspect" "a5f59286a92e747a1b16c7b52c79c74830b19eee66202a7889b189354e04e1e0", kill_on_drop: false }`
[INFO] running `Command { std: "docker" "exec" "-e" "SOURCE_DIR=/opt/rustwide/workdir" "-e" "CARGO_HOME=/opt/rustwide/cargo-home" "-e" "RUSTUP_HOME=/opt/rustwide/rustup-home" "-e" "CARGO_TARGET_DIR=/opt/rustwide/target" "-w" "/opt/rustwide/workdir" "--user" "0:0" "a5f59286a92e747a1b16c7b52c79c74830b19eee66202a7889b189354e04e1e0" "/opt/rustwide/cargo-home/bin/cargo" "+1.99.0-beta.8" "metadata" "--no-deps" "--format-version=1", kill_on_drop: false }`
[INFO] running `Command { std: "docker" "inspect" "a5f59286a92e747a1b16c7b52c79c74830b19eee66202a7889b189354e04e1e0", kill_on_drop: false }`
[INFO] running `Command { std: "docker" "exec" "-e" "SOURCE_DIR=/opt/rustwide/workdir" "-e" "CARGO_HOME=/opt/rustwide/cargo-home" "-e" "RUSTUP_HOME=/opt/rustwide/rustup-home" "-e" "CARGO_TARGET_DIR=/opt/rustwide/target" "-e" "CARGO_INCREMENTAL=0" "-e" "RUST_BACKTRACE=full" "-e" "RUSTFLAGS=--cap-lints=warn" "-e" "RUSTDOCFLAGS=--cap-lints=warn" "-w" "/opt/rustwide/workdir" "--user" "0:0" "a5f59286a92e747a1b16c7b52c79c74830b19eee66202a7889b189354e04e1e0" "/opt/rustwide/cargo-home/bin/cargo" "+1.99.0-beta.8" "build" "--frozen" "--message-format=json", kill_on_drop: false }`
[INFO] [stderr]    Compiling serde_core v1.0.229
[INFO] [stderr]    Compiling smallvec v1.16.1
[INFO] [stderr]    Compiling zerocopy v0.8.57
[INFO] [stderr]    Compiling thiserror v2.0.20
[INFO] [stderr]    Compiling proc-macro2 v1.0.107
[INFO] [stderr]    Compiling find-msvc-tools v0.1.12
[INFO] [stderr]    Compiling getrandom v0.3.4
[INFO] [stderr]    Compiling oxiri v0.2.11
[INFO] [stderr]    Compiling sha2 v0.11.0
[INFO] [stderr]    Compiling getrandom v0.2.17
[INFO] [stderr]    Compiling http v1.5.0
[INFO] [stderr]    Compiling mio v1.2.3
[INFO] [stderr]    Compiling socket2 v0.6.5
[INFO] [stderr]    Compiling rustls v0.23.45
[INFO] [stderr]    Compiling futures-sink v0.3.34
[INFO] [stderr]    Compiling slab v0.4.12
[INFO] [stderr]    Compiling rand_core v0.9.5
[INFO] [stderr]    Compiling futures-util v0.3.34
[INFO] [stderr]    Compiling rustls-native-certs v0.8.4
[INFO] [stderr]    Compiling num-traits v0.2.19
[INFO] [stderr]    Compiling cc v1.4.6
[INFO] [stderr]    Compiling futures-channel v0.3.34
[INFO] [stderr]    Compiling getrandom v0.4.3
[INFO] [stderr]    Compiling parking_lot_core v0.9.12
[INFO] [stderr]    Compiling sync_wrapper v1.0.2
[INFO] [stderr]    Compiling peg-runtime v0.8.6
[INFO] [stderr]    Compiling vte v0.14.1
[INFO] [stderr]    Compiling quick-xml v0.37.5
[INFO] [stderr]    Compiling quote v1.0.47
[INFO] [stderr]    Compiling parking_lot v0.12.5
[INFO] [stderr]    Compiling http-body v1.1.0
[INFO] [stderr]    Compiling syn v3.0.5
[INFO] [stderr]    Compiling syn v2.0.119
[INFO] [stderr]    Compiling json-event-parser v0.2.3
[INFO] [stderr]    Compiling http-body-util v0.1.5
[INFO] [stderr]    Compiling ansitok v0.3.0
[INFO] [stderr]    Compiling peg-macros v0.8.6
[INFO] [stderr]    Compiling rand_xorshift v0.4.0
[INFO] [stderr]    Compiling hashbrown v0.15.5
[INFO] [stderr]    Compiling proc-macro-error-attr2 v2.0.0
[INFO] [stderr]    Compiling encoding_rs v0.8.41
[INFO] [stderr]    Compiling oxiri v0.3.1
[INFO] [stderr]    Compiling ryu-js v1.0.3
[INFO] [stderr]    Compiling winnow v1.0.4
[INFO] [stderr]    Compiling dirs-sys v0.5.0
[INFO] [stderr]    Compiling rustix v1.1.4
[INFO] [stderr]    Compiling ansi-str v0.9.0
[INFO] [stderr]    Compiling regex v1.13.1
[INFO] [stderr]    Compiling md-5 v0.11.0
[INFO] [stderr]    Compiling sha1 v0.11.0
[INFO] [stderr]    Compiling konst_macro_rules v0.2.19
[INFO] [stderr]    Compiling fastrand v2.5.0
[INFO] [stderr]    Compiling winnow v0.7.15
[INFO] [stderr]    Compiling toml_parser v1.1.3+spec-1.1.0
[INFO] [stderr]    Compiling bytecount v0.6.9
[INFO] [stderr]    Compiling toml_writer v1.1.2+spec-1.1.0
[INFO] [stderr]    Compiling konst v0.2.20
[INFO] [stderr]    Compiling ring v0.17.14
[INFO] [stderr]    Compiling papergrid v0.17.0
[INFO] [stderr]    Compiling const_format_proc_macros v0.2.34
[INFO] [stderr]    Compiling dashmap v6.2.1
[INFO] [stderr]    Compiling hashlink v0.10.0
[INFO] [stderr]    Compiling dirs v6.0.0
[INFO] [stderr]    Compiling testing_table v0.3.0
[INFO] [stderr]    Compiling include_dir_macros v0.7.4
[INFO] [stderr]    Compiling csv-core v0.1.13
[INFO] [stderr]    Compiling colored v3.1.1
[INFO] [stderr]    Compiling arraydeque v0.5.1
[INFO] [stderr]    Compiling peg v0.8.6
[INFO] [stderr]    Compiling serde_json v1.0.151
[INFO] [stderr]    Compiling indexmap v2.14.2
[INFO] [stderr]    Compiling toml_datetime v0.7.5+spec-1.1.0
[INFO] [stderr]    Compiling serde_spanned v1.1.1
[INFO] [stderr]    Compiling include_dir v0.7.4
[INFO] [stderr]    Compiling csv v1.4.0
[INFO] [stderr]    Compiling const_format v0.2.36
[INFO] [stderr]    Compiling toml v0.9.12+spec-1.1.0
[INFO] [stderr]    Compiling tempfile v3.27.0
[INFO] [stderr]    Compiling ppv-lite86 v0.2.21
[INFO] [stderr]    Compiling rand_chacha v0.9.0
[INFO] [stderr]    Compiling rand v0.9.5
[INFO] [stderr]    Compiling synstructure v0.13.2
[INFO] [stderr]    Compiling proc-macro-error2 v2.0.1
[INFO] [stderr]    Compiling proptest v1.11.0
[INFO] [stderr]    Compiling serde_derive v1.0.229
[INFO] [stderr]    Compiling zerovec-derive v0.11.6
[INFO] [stderr]    Compiling thiserror-impl v2.0.20
[INFO] [stderr]    Compiling displaydoc v0.2.7
[INFO] [stderr]    Compiling tokio-macros v2.7.2
[INFO] [stderr]    Compiling multiversion-macros v0.9.0
[INFO] [stderr]    Compiling zerofrom-derive v0.1.7
[INFO] [stderr]    Compiling yoke-derive v0.8.2
[INFO] [stderr]    Compiling tracing-attributes v0.1.31
[INFO] [stderr]    Compiling tabled_derive v0.11.0
[INFO] [stderr]    Compiling tokio v1.53.1
[INFO] [stderr]    Compiling multiversion v0.9.0
[INFO] [stderr]    Compiling tracing v0.1.44
[INFO] [stderr]    Compiling rustls-webpki v0.103.15
[INFO] [stderr]    Compiling tabled v0.20.0
[INFO] [stderr]    Compiling zerofrom v0.1.8
[INFO] [stderr]    Compiling yoke v0.8.3
[INFO] [stderr]    Compiling oxsdatatypes v0.2.3
[INFO] [stderr]    Compiling zerovec v0.11.8
[INFO] [stderr]    Compiling zerotrie v0.2.5
[INFO] [stderr]    Compiling yaml-rust2 v0.10.4
[INFO] [stderr]    Compiling tinystr v0.8.4
[INFO] [stderr]    Compiling potential_utf v0.1.6
[INFO] [stderr]    Compiling icu_collections v2.3.0
[INFO] [stderr]    Compiling icu_locale_core v2.3.0
[INFO] [stderr]    Compiling serde v1.0.229
[INFO] [stderr]    Compiling oxilangtag v0.1.6
[INFO] [stderr]    Compiling serde_urlencoded v0.7.1
[INFO] [stderr]    Compiling either v1.18.0
[INFO] [stderr]    Compiling rudof_config v0.3.24
[INFO] [stderr]    Compiling rudof_viz v0.3.24
[INFO] [stderr]    Compiling rust_decimal v1.43.0
[INFO] [stderr]    Compiling petgraph v0.8.3
[INFO] [stderr]    Compiling oxrdf v0.3.4
[INFO] [stderr]    Compiling itertools v0.14.0
[INFO] [stderr]    Compiling rayon v1.12.0
[INFO] [stderr]    Compiling rudof_typing v0.3.24
[INFO] [stderr]    Compiling icu_provider v2.3.1
[INFO] [stderr]    Compiling spargebra v0.4.7
[INFO] [stderr]    Compiling oxttl v0.2.4
[INFO] [stderr]    Compiling oxrdfxml v0.2.4
[INFO] [stderr]    Compiling sparesults v0.3.4
[INFO] [stderr]    Compiling oxjsonld v0.2.6
[INFO] [stderr]    Compiling icu_normalizer v2.3.0
[INFO] [stderr]    Compiling icu_properties v2.3.0
[INFO] [stderr]    Compiling rustls-platform-verifier v0.7.0
[INFO] [stderr]    Compiling hyper v1.11.1
[INFO] [stderr]    Compiling tokio-rustls v0.26.5
[INFO] [stderr]    Compiling tower v0.5.3
[INFO] [stderr]    Compiling oxrdfio v0.2.6
[INFO] [stderr]    Compiling idna_adapter v1.2.2
[INFO] [stderr]    Compiling idna v1.1.0
[INFO] [stderr]    Compiling hyper-util v0.1.20
[INFO] [stderr]    Compiling url v2.5.8
[INFO] [stderr]    Compiling sparopt v0.3.7
[INFO] [stderr]    Compiling tower-http v0.6.11
[INFO] [stderr]    Compiling oxhttp v0.3.3
[INFO] [stderr]    Compiling spareval v0.2.7
[INFO] [stderr]    Compiling hyper-rustls v0.27.9
[INFO] [stderr]    Compiling reqwest v0.12.28
[INFO] [stderr]    Compiling rudof_iri v0.3.24
[INFO] [stderr]    Compiling oxigraph v0.5.11
[INFO] [stderr]    Compiling prefixmap v0.3.24
[INFO] [stderr]    Compiling mie v0.3.24
[INFO] [stderr]    Compiling rudof_rdf v0.3.24
[INFO] [stderr]    Compiling sparql_service v0.3.24
[INFO] [stderr]    Compiling shacl v0.3.24 (/opt/rustwide/workdir)
[INFO] [stderr]     Finished `dev` profile [unoptimized + debuginfo] target(s) in 1m 26s
[INFO] [stderr] warning: the following packages contain code that will be rejected by a future version of Rust: proc-macro-error2 v2.0.1
[INFO] [stderr] note: to see what the problems were, use the option `--future-incompat-report`, or run `cargo report future-incompatibilities --id 2`
[INFO] running `Command { std: "docker" "inspect" "a5f59286a92e747a1b16c7b52c79c74830b19eee66202a7889b189354e04e1e0", kill_on_drop: false }`
[INFO] running `Command { std: "docker" "exec" "-e" "SOURCE_DIR=/opt/rustwide/workdir" "-e" "CARGO_HOME=/opt/rustwide/cargo-home" "-e" "RUSTUP_HOME=/opt/rustwide/rustup-home" "-e" "CARGO_TARGET_DIR=/opt/rustwide/target" "-e" "CARGO_INCREMENTAL=0" "-e" "RUST_BACKTRACE=full" "-e" "RUSTFLAGS=--cap-lints=warn" "-e" "RUSTDOCFLAGS=--cap-lints=warn" "-w" "/opt/rustwide/workdir" "--user" "0:0" "a5f59286a92e747a1b16c7b52c79c74830b19eee66202a7889b189354e04e1e0" "/opt/rustwide/cargo-home/bin/cargo" "+1.99.0-beta.8" "test" "--frozen" "--no-run" "--message-format=json", kill_on_drop: false }`
[INFO] [stderr]    Compiling shacl v0.3.24 (/opt/rustwide/workdir)
[INFO] [stderr]     Finished `test` profile [unoptimized + debuginfo] target(s) in 17.90s
[INFO] [stderr] warning: the following packages contain code that will be rejected by a future version of Rust: proc-macro-error2 v2.0.1
[INFO] [stderr] note: to see what the problems were, use the option `--future-incompat-report`, or run `cargo report future-incompatibilities --id 2`
[INFO] running `Command { std: "docker" "inspect" "a5f59286a92e747a1b16c7b52c79c74830b19eee66202a7889b189354e04e1e0", kill_on_drop: false }`
[INFO] running `Command { std: "docker" "exec" "-e" "SOURCE_DIR=/opt/rustwide/workdir" "-e" "CARGO_HOME=/opt/rustwide/cargo-home" "-e" "RUSTUP_HOME=/opt/rustwide/rustup-home" "-e" "CARGO_TARGET_DIR=/opt/rustwide/target" "-e" "CARGO_INCREMENTAL=0" "-e" "RUST_BACKTRACE=full" "-e" "RUSTFLAGS=--cap-lints=warn" "-e" "RUSTDOCFLAGS=--cap-lints=warn" "-w" "/opt/rustwide/workdir" "--user" "0:0" "a5f59286a92e747a1b16c7b52c79c74830b19eee66202a7889b189354e04e1e0" "/opt/rustwide/cargo-home/bin/cargo" "+1.99.0-beta.8" "test" "--frozen", kill_on_drop: false }`
[INFO] [stderr]     Finished `test` profile [unoptimized + debuginfo] target(s) in 1.14s
[INFO] [stderr] warning: the following packages contain code that will be rejected by a future version of Rust: proc-macro-error2 v2.0.1
[INFO] [stderr] note: to see what the problems were, use the option `--future-incompat-report`, or run `cargo report future-incompatibilities --id 2`
[INFO] [stderr]      Running unittests src/lib.rs (/opt/rustwide/target/debug/deps/shacl-f1594d6c2e157978)
[INFO] [stdout] 
[INFO] [stdout] running 83 tests
[INFO] [stdout] test ir::recursion::tests::display_matches_serde_names ... ok
[INFO] [stdout] test ast::shape::tests::test_clone ... ok
[INFO] [stdout] test ir::recursion::tests::default_is_cautious ... ok
[INFO] [stdout] test ir::dg::stratification::tests::negation_of_a_different_recursive_shape_is_non_stratified ... ok
[INFO] [stdout] test types::message_interpolation::tests::accepts_digits_underscore_and_non_ascii_letters_in_names ... ok
[INFO] [stdout] test ir::dg::stratification::tests::negation_of_a_non_recursive_shape_is_stratified ... ok
[INFO] [stdout] test rdf::test::tests::test_parse_shacl_rdf ... ok
[INFO] [stdout] test rdf::test::tests::test_language_in ... ok
[INFO] [stdout] test ir::dg::stratification::tests::self_loop_is_recursive ... ok
[INFO] [stdout] test ir::dg::stratification::tests::purely_positive_cycle_is_positive ... ok
[INFO] [stdout] test ir::dg::stratification::tests::non_recursive_shape_is_classified_as_such ... ok
[INFO] [stdout] test ir::dg::stratification::tests::negation_of_a_shape_that_transitively_depends_on_recursion_is_non_stratified ... ok
[INFO] [stdout] test ir::dg::stratification::tests::negation_embedded_in_the_cycle_itself_is_non_stratified ... ok
[INFO] [stdout] test types::message_interpolation::tests::does_not_interpolate_again_the_inserted_values ... ok
[INFO] [stdout] test types::message_interpolation::tests::iri_value_is_the_full_iri ... ok
[INFO] [stdout] test types::message_interpolation::tests::keeps_block_when_variable_has_no_value ... ok
[INFO] [stdout] test types::message_interpolation::tests::keeps_braces_that_are_not_variable_blocks ... ok
[INFO] [stdout] test types::message_interpolation::tests::keeps_non_ascii_text ... ok
[INFO] [stdout] test types::message_interpolation::tests::keeps_text_without_blocks ... ok
[INFO] [stdout] test types::message_interpolation::tests::literal_value_is_the_lexical_form ... ok
[INFO] [stdout] test types::message_interpolation::tests::replaces_many_blocks_and_repeated_blocks ... ok
[INFO] [stdout] test types::message_interpolation::tests::replaces_question_mark_block ... ok
[INFO] [stdout] test validator::cache::shared::tests::clones_share_the_same_underlying_cache ... ok
[INFO] [stdout] test validator::cache::shared::tests::recording_a_non_conformant_outcome_caches_violations_only ... ok
[INFO] [stdout] test validator::cache::shared::tests::unrecorded_pair_is_not_validated_and_has_no_cached_outcome ... ok
[INFO] [stdout] test types::message_interpolation::tests::blank_node_value_has_prefix ... ok
[INFO] [stdout] test types::message_interpolation::tests::keeps_block_without_closing_brace ... ok
[INFO] [stdout] test types::message_interpolation::tests::message_map_interpolates_each_language ... ok
[INFO] [stdout] test ir::test::tests::test_schema_iterator ... ok
[INFO] [stdout] test types::message_interpolation::tests::replaces_blocks_next_to_each_other ... ok
[INFO] [stdout] test types::message_interpolation::tests::replaces_dollar_block ... ok
[INFO] [stdout] test validator::config::tests::builder_sets_recursion_semantics ... ok
[INFO] [stdout] test validator::config::tests::builder_sets_evidence_shapes_only ... ok
[INFO] [stdout] test validator::config::tests::builders_toggle_store_flags ... ok
[INFO] [stdout] test validator::config::tests::toml_configures_evidence_shapes_only ... ok
[INFO] [stdout] test validator::config::tests::toml_configures_recursion_semantics ... ok
[INFO] [stdout] test validator::config::tests::toml_configures_store_flags ... ok
[INFO] [stdout] test validator::constraints::test::tests::errors_and_evidences_mode_records_both ... ok
[INFO] [stdout] test validator::config::tests::partial_toml_sets_rdf_base ... ok
[INFO] [stdout] test validator::constraints::test::tests::cautious_mode_rejects_an_ungrounded_cycle ... ok
[INFO] [stdout] test validator::config::tests::defaults ... ok
[INFO] [stdout] test validator::config::tests::toml_round_trip ... ok
[INFO] [stdout] test validator::constraints::test::tests::evidence_mode_records_a_pass_for_the_conforming_node ... ok
[INFO] [stdout] test validator::constraints::test::tests::default_config_keeps_errors_but_not_evidence ... ok
[INFO] [stdout] test validator::constraints::test::tests::evidence_shapes_only_drops_component_level_evidence_but_keeps_shape_level ... ok
[INFO] [stdout] test validator::constraints::test::tests::chain_and_cycle_in_the_same_batch_terminate_correctly ... ok
[INFO] [stdout] test validator::constraints::test::tests::none_mode_rejects_the_cyclic_schema_outright ... ok
[INFO] [stdout] test validator::cache::shared::tests::recording_a_conformant_outcome_caches_evidence_only ... ok
[INFO] [stdout] test validator::constraints::test::tests::closed_emits_one_evidence_per_conforming_focus_node ... ok
[INFO] [stdout] test validator::constraints::test::tests::and_combinator_emits_evidence_when_all_branches_conform ... ok
[INFO] [stdout] test validator::constraints::test::tests::self_referencing_shape_with_a_terminating_chain_conforms_under_both_semantics ... ok
[INFO] [stdout] test validator::constraints::test::tests::no_errors_mode_still_reports_conforms_correctly ... ok
[INFO] [stdout] test validator::constraints::test::tests::recursion_kinds_reports_stratified_for_the_stratified_negation_schema ... ok
[INFO] [stdout] test validator::constraints::test::tests::shape_level_evidence_is_recorded_even_when_no_sub_constraint_evidence_fires ... ok
[INFO] [stdout] test validator::constraints::test::tests::brave_mode_accepts_a_self_consistent_cycle ... ok
[INFO] [stdout] test validator::report::evidence::tests::builders_set_optional_fields ... ok
[INFO] [stdout] test validator::recursion::tests::from_str_accepts_names_and_lfp_gfp_aliases ... ok
[INFO] [stdout] test validator::report::outcome::tests::from_iter_collects_across_outcomes ... ok
[INFO] [stdout] test validator::report::outcome::tests::empty_outcome_conforms ... ok
[INFO] [stdout] test validator::report::evidence::tests::equality_ignores_nothing_but_matches_on_all_fields ... ok
[INFO] [stdout] test validator::report::evidence::tests::new_is_component_level_new_shape_is_shape_level ... ok
[INFO] [stdout] test validator::report::outcome::tests::extend_merges_both_vectors ... ok
[INFO] [stdout] test validator::constraints::test::tests::negation_of_an_unrelated_recursive_shape_is_rejected_under_every_semantics ... ok
[INFO] [stdout] test validator::report::outcome::tests::outcome_with_violation_does_not_conform ... ok
[INFO] [stdout] test validator::report::result::tests::path_to_rdf_inverse ... ok
[INFO] [stdout] test validator::report::result::tests::path_to_rdf_alternative ... ok
[INFO] [stdout] test validator::report::result::tests::path_to_rdf_nested ... ok
[INFO] [stdout] test validator::report::result::tests::path_to_rdf_one_or_more ... ok
[INFO] [stdout] test validator::report::tests::default_report_conforms ... ok
[INFO] [stdout] test validator::report::tests::conforms_is_independent_of_whether_results_are_retained ... ok
[INFO] [stdout] test validator::report::result::tests::path_to_rdf_zero_or_more ... ok
[INFO] [stdout] test validator::report::result::tests::path_to_rdf_predicate ... ok
[INFO] [stdout] test validator::report::result::tests::path_to_rdf_sequence ... ok
[INFO] [stdout] test validator::report::tests::to_rdf_serializes_conforms_field_not_results_emptiness ... ok
[INFO] [stdout] test validator::report::result::tests::path_to_rdf_zero_or_one ... ok
[INFO] [stdout] test validator::constraints::test::tests::stratified_negation_rejects_the_negated_node_independently_of_the_recursion_semantics ... ok
[INFO] [stdout] test validator::constraints::test::tests::stratified_negation_compiles_under_both_recursion_semantics ... ok
[INFO] [stdout] test validator::constraints::test::tests::test_min_exclusive_native ... ok
[INFO] [stdout] test validator::constraints::test::tests::sparql_constraint_message_interpolates_result_variables ... ok
[INFO] [stdout] test validator::recursion::tests::display_round_trips_through_from_str ... ok
[INFO] [stdout] test validator::constraints::test::tests::stratified_negation_agrees_with_recursion_semantics_for_the_cycle_itself ... ok
[INFO] [stdout] test validator::report::evidence::tests::same_fields_but_different_kind_are_not_equal ... ok
[INFO] [stdout] test validator::report::outcome::tests::outcome_with_only_evidence_conforms ... ok
[INFO] [stdout] 
[INFO] [stdout] test result: ok. 83 passed; 0 failed; 0 ignored; 0 measured; 0 filtered out; finished in 0.16s
[INFO] [stdout] 
[INFO] [stderr]      Running tests/shacl_testsuite.rs (/opt/rustwide/target/debug/deps/shacl_testsuite-0e7c011910fa1632)
[INFO] [stdout] 
[INFO] [stdout] running 132 tests
[INFO] [stdout] test core::misc::tests::deactivated_001 ... FAILED
[INFO] [stdout] test core::misc::tests::message_001 ... FAILED
[INFO] [stdout] test core::node::tests::closed_002 ... FAILED
[INFO] [stdout] test core::node::tests::and_001 ... FAILED
[INFO] [stdout] test core::complex::tests::shacl_shacl_data_shapes ... FAILED
[INFO] [stdout] test core::node::tests::class_002 ... FAILED
[INFO] [stdout] test core::misc::tests::severity_001 ... FAILED
[INFO] [stdout] test core::node::tests::and_002 ... FAILED
[INFO] [stdout] test core::node::tests::class_001 ... FAILED
[INFO] [stdout] test core::misc::tests::severity_002 ... FAILED
[INFO] [stdout] test core::misc::tests::deactivated_002 ... FAILED
[INFO] [stdout] test core::node::tests::closed_001 ... FAILED
[INFO] [stdout] test core::node::tests::datatype_002 ... FAILED
[INFO] [stdout] test core::node::tests::class_003 ... FAILED
[INFO] [stdout] test core::node::tests::max_exclusive_001 ... FAILED
[INFO] [stdout] test core::node::tests::in_001 ... FAILED
[INFO] [stdout] test core::node::tests::has_value_001 ... FAILED
[INFO] [stdout] test core::node::tests::equals_001 ... FAILED
[INFO] [stdout] test core::node::tests::language_in_001 ... FAILED
[INFO] [stdout] test core::node::tests::disjoint_001 ... FAILED
[INFO] [stdout] test core::complex::tests::shacl_shacl ... FAILED
[INFO] [stdout] test core::node::tests::datatype_001 ... FAILED
[INFO] [stdout] test core::node::tests::max_inclusive_001 ... FAILED
[INFO] [stdout] test core::node::tests::max_length_001 ... FAILED
[INFO] [stdout] test core::complex::tests::personexample ... FAILED
[INFO] [stdout] test core::node::tests::min_exclusive_001 ... FAILED
[INFO] [stdout] test core::node::tests::min_inclusive_002 ... FAILED
[INFO] [stdout] test core::node::tests::node_001 ... FAILED
[INFO] [stdout] test core::node::tests::node_kind_001 ... FAILED
[INFO] [stdout] test core::node::tests::not_002 ... FAILED
[INFO] [stdout] test core::node::tests::min_length_001 ... FAILED
[INFO] [stdout] test core::node::tests::min_inclusive_003 ... FAILED
[INFO] [stdout] test core::node::tests::not_001 ... FAILED
[INFO] [stdout] test core::node::tests::or_001 ... FAILED
[INFO] [stdout] test core::node::tests::pattern_001 ... FAILED
[INFO] [stdout] test core::node::tests::xone_duplicate_shapes ... FAILED
[INFO] [stdout] test core::node::tests::xone_duplicate ... FAILED
[INFO] [stdout] test core::node::tests::pattern_002 ... FAILED
[INFO] [stdout] test core::path::tests::path_complex_001 ... FAILED
[INFO] [stdout] test core::node::tests::qualified_001 ... FAILED
[INFO] [stdout] test core::path::tests::path_complex_002 ... FAILED
[INFO] [stdout] test core::path::tests::path_alternative_001 ... FAILED
[INFO] [stdout] test core::path::tests::path_sequence_002 ... FAILED
[INFO] [stdout] test core::node::tests::xone_001 ... FAILED
[INFO] [stdout] test core::path::tests::path_one_or_more_001 ... FAILED
[INFO] [stdout] test core::node::tests::xone_duplicate_data ... FAILED
[INFO] [stdout] test core::node::tests::qualified_001_data ... FAILED
[INFO] [stdout] test core::path::tests::path_sequence_001 ... FAILED
[INFO] [stdout] test core::path::tests::path_complex_002_shapes ... FAILED
[INFO] [stdout] test core::path::tests::path_zero_or_one_001 ... FAILED
[INFO] [stdout] test core::path::tests::path_complex_002_data ... FAILED
[INFO] [stdout] test core::property::tests::datatype_001 ... FAILED
[INFO] [stdout] test core::path::tests::path_strange_002 ... FAILED
[INFO] [stdout] test core::property::tests::datatype_002 ... FAILED
[INFO] [stdout] test core::path::tests::path_unused_001_data ... FAILED
[INFO] [stdout] test core::node::tests::qualified_001_shapes ... FAILED
[INFO] [stdout] test core::property::tests::and_001 ... FAILED
[INFO] [stdout] test core::path::tests::path_zero_or_more_001 ... FAILED
[INFO] [stdout] test core::property::tests::datatype_003 ... FAILED
[INFO] [stdout] test core::property::tests::equals_001 ... FAILED
[INFO] [stdout] test core::property::tests::language_in_001 ... FAILED
[INFO] [stdout] test core::property::tests::less_than_002 ... FAILED
[INFO] [stdout] test core::property::tests::max_count_001 ... FAILED
[INFO] [stdout] test core::property::tests::in_001 ... FAILED
[INFO] [stdout] test core::property::tests::max_count_002 ... FAILED
[INFO] [stdout] test core::property::tests::less_than_or_equals_001 ... FAILED
[INFO] [stdout] test core::property::tests::class_001 ... FAILED
[INFO] [stdout] test core::property::tests::max_exclusive_001 ... FAILED
[INFO] [stdout] test core::path::tests::path_strange_001 ... FAILED
[INFO] [stdout] test core::property::tests::min_count_001 ... FAILED
[INFO] [stdout] test core::path::tests::path_unused_001_shapes ... FAILED
[INFO] [stdout] test core::property::tests::max_inclusive_001 ... FAILED
[INFO] [stdout] test core::property::tests::min_count_002 ... FAILED
[INFO] [stdout] test core::property::tests::node_001 ... FAILED
[INFO] [stdout] test core::property::tests::node_002 ... FAILED
[INFO] [stdout] test core::path::tests::path_unused_001 ... FAILED
[INFO] [stdout] test core::path::tests::path_sequence_duplicate_001 ... FAILED
[INFO] [stdout] test core::property::tests::datatype_ill_formed ... FAILED
[INFO] [stdout] test core::property::tests::pattern_002 ... FAILED
[INFO] [stdout] test core::property::tests::not_001 ... FAILED
[INFO] [stdout] test core::property::tests::or_001 ... FAILED
[INFO] [stdout] test core::property::tests::or_datatypes_001 ... FAILED
[INFO] [stdout] test core::property::tests::qualified_value_shape_001 ... FAILED
[INFO] [stdout] test core::property::tests::node_kind_001 ... FAILED
[INFO] [stdout] test core::property::tests::property_001 ... FAILED
[INFO] [stdout] test core::property::tests::min_exclusive_002 ... FAILED
[INFO] [stdout] test core::property::tests::has_value_001 ... FAILED
[INFO] [stdout] test core::property::tests::less_than_001 ... FAILED
[INFO] [stdout] test core::property::tests::min_length_001 ... FAILED
[INFO] [stdout] test core::property::tests::qualified_value_shapes_disjoint_001 ... FAILED
[INFO] [stdout] test core::property::tests::disjoint_001 ... FAILED
[INFO] [stdout] test core::property::tests::pattern_001 ... FAILED
[INFO] [stdout] test core::property::tests::unique_lang_002_shapes ... FAILED
[INFO] [stdout] test core::property::tests::qualified_min_count_disjoint_001 ... FAILED
[INFO] [stdout] test core::property::tests::min_exclusive_001 ... FAILED
[INFO] [stdout] test core::property::tests::unique_lang_002 ... FAILED
[INFO] [stdout] test core::property::tests::unique_lang_001 ... FAILED
[INFO] [stdout] test core::property::tests::max_length_001 ... FAILED
[INFO] [stdout] test core::targets::tests::target_class_implicit_001 ... FAILED
[INFO] [stdout] test core::property::tests::unique_lang_002_data ... FAILED
[INFO] [stdout] test sparql::component::tests::node_validator_001 ... ignored
[INFO] [stdout] test core::targets::tests::target_subjects_of_002 ... FAILED
[INFO] [stdout] test core::node::tests::min_inclusive_001 ... FAILED
[INFO] [stdout] test core::targets::tests::target_node_001 ... FAILED
[INFO] [stdout] test sparql::component::tests::optional_001 ... ignored
[INFO] [stdout] test sparql::component::tests::property_validator_select_001 ... ignored
[INFO] [stdout] test sparql::component::tests::validator_001 ... ignored
[INFO] [stdout] test core::targets::tests::target_objects_of_001 ... FAILED
[INFO] [stdout] test core::targets::tests::target_subjects_of_001 ... FAILED
[INFO] [stdout] test sparql::pre_binding::tests::pre_binding_001 ... ignored
[INFO] [stdout] test sparql::pre_binding::tests::pre_binding_002 ... ignored
[INFO] [stdout] test sparql::pre_binding::tests::pre_binding_003 ... ignored
[INFO] [stdout] test sparql::pre_binding::tests::pre_binding_004 ... ignored
[INFO] [stdout] test sparql::pre_binding::tests::pre_binding_005 ... ignored
[INFO] [stdout] test sparql::pre_binding::tests::pre_binding_006 ... ignored
[INFO] [stdout] test sparql::pre_binding::tests::pre_binding_007 ... ignored
[INFO] [stdout] test sparql::pre_binding::tests::shapes_graph_001 ... ignored
[INFO] [stdout] test core::targets::tests::multiple_targets_001 ... FAILED
[INFO] [stdout] test sparql::pre_binding::tests::unsupported_sparql_001 ... ignored
[INFO] [stdout] test sparql::pre_binding::tests::unsupported_sparql_002 ... ignored
[INFO] [stdout] test sparql::pre_binding::tests::unsupported_sparql_003 ... ignored
[INFO] [stdout] test sparql::pre_binding::tests::unsupported_sparql_004 ... ignored
[INFO] [stdout] test sparql::pre_binding::tests::unsupported_sparql_005 ... ignored
[INFO] [stdout] test sparql::pre_binding::tests::unsupported_sparql_006 ... ignored
[INFO] [stdout] test core::validation_reports::tests::shared ... FAILED
[INFO] [stdout] test sparql::node::tests::sparql_001 ... FAILED
[INFO] [stdout] test sparql::node::tests::prefixes_001 ... FAILED
[INFO] [stdout] test sparql::node::tests::sparql_002 ... FAILED
[INFO] [stdout] test core::targets::tests::target_class_001 ... FAILED
[INFO] [stdout] test sparql::node::tests::sparql_003 ... FAILED
[INFO] [stdout] test sparql::property::tests::sparql_001 ... FAILED
[INFO] [stdout] test core::path::tests::path_inverse_001 ... FAILED
[INFO] [stdout] 
[INFO] [stdout] failures:
[INFO] [stdout] 
[INFO] [stdout] ---- core::misc::tests::deactivated_001 stdout ----
[INFO] [stdout] Error: Validation("No such file or directory (os error 2)")
[INFO] [stdout] 
[INFO] [stdout] ---- core::misc::tests::message_001 stdout ----
[INFO] [stdout] Error: Validation("No such file or directory (os error 2)")
[INFO] [stdout] 
[INFO] [stdout] ---- core::node::tests::closed_002 stdout ----
[INFO] [stdout] Error: Validation("No such file or directory (os error 2)")
[INFO] [stdout] 
[INFO] [stdout] ---- core::node::tests::and_001 stdout ----
[INFO] [stdout] Error: Validation("No such file or directory (os error 2)")
[INFO] [stdout] 
[INFO] [stdout] ---- core::complex::tests::shacl_shacl_data_shapes stdout ----
[INFO] [stdout] Error: Validation("No such file or directory (os error 2)")
[INFO] [stdout] 
[INFO] [stdout] ---- core::node::tests::class_002 stdout ----
[INFO] [stdout] Error: Validation("No such file or directory (os error 2)")
[INFO] [stdout] 
[INFO] [stdout] ---- core::misc::tests::severity_001 stdout ----
[INFO] [stdout] Error: Validation("No such file or directory (os error 2)")
[INFO] [stdout] 
[INFO] [stdout] ---- core::node::tests::and_002 stdout ----
[INFO] [stdout] Error: Validation("No such file or directory (os error 2)")
[INFO] [stdout] 
[INFO] [stdout] ---- core::node::tests::class_001 stdout ----
[INFO] [stdout] Error: Validation("No such file or directory (os error 2)")
[INFO] [stdout] 
[INFO] [stdout] ---- core::misc::tests::severity_002 stdout ----
[INFO] [stderr] error: test failed, to rerun pass `--test shacl_testsuite`
[INFO] [stdout] Error: Validation("No such file or directory (os error 2)")
[INFO] [stdout] 
[INFO] [stdout] ---- core::misc::tests::deactivated_002 stdout ----
[INFO] [stdout] Error: Validation("No such file or directory (os error 2)")
[INFO] [stdout] 
[INFO] [stdout] ---- core::node::tests::closed_001 stdout ----
[INFO] [stdout] Error: Validation("No such file or directory (os error 2)")
[INFO] [stdout] 
[INFO] [stdout] ---- core::node::tests::datatype_002 stdout ----
[INFO] [stdout] Error: Validation("No such file or directory (os error 2)")
[INFO] [stdout] 
[INFO] [stdout] ---- core::node::tests::class_003 stdout ----
[INFO] [stdout] Error: Validation("No such file or directory (os error 2)")
[INFO] [stdout] 
[INFO] [stdout] ---- core::node::tests::max_exclusive_001 stdout ----
[INFO] [stdout] Error: Validation("No such file or directory (os error 2)")
[INFO] [stdout] 
[INFO] [stdout] ---- core::node::tests::in_001 stdout ----
[INFO] [stdout] Error: Validation("No such file or directory (os error 2)")
[INFO] [stdout] 
[INFO] [stdout] ---- core::node::tests::has_value_001 stdout ----
[INFO] [stdout] Error: Validation("No such file or directory (os error 2)")
[INFO] [stdout] 
[INFO] [stdout] ---- core::node::tests::equals_001 stdout ----
[INFO] [stdout] Error: Validation("No such file or directory (os error 2)")
[INFO] [stdout] 
[INFO] [stdout] ---- core::node::tests::language_in_001 stdout ----
[INFO] [stdout] Error: Validation("No such file or directory (os error 2)")
[INFO] [stdout] 
[INFO] [stdout] ---- core::node::tests::disjoint_001 stdout ----
[INFO] [stdout] Error: Validation("No such file or directory (os error 2)")
[INFO] [stdout] 
[INFO] [stdout] ---- core::complex::tests::shacl_shacl stdout ----
[INFO] [stdout] Error: Validation("No such file or directory (os error 2)")
[INFO] [stdout] 
[INFO] [stdout] ---- core::node::tests::datatype_001 stdout ----
[INFO] [stdout] Error: Validation("No such file or directory (os error 2)")
[INFO] [stdout] 
[INFO] [stdout] ---- core::node::tests::max_inclusive_001 stdout ----
[INFO] [stdout] Error: Validation("No such file or directory (os error 2)")
[INFO] [stdout] 
[INFO] [stdout] ---- core::node::tests::max_length_001 stdout ----
[INFO] [stdout] Error: Validation("No such file or directory (os error 2)")
[INFO] [stdout] 
[INFO] [stdout] ---- core::complex::tests::personexample stdout ----
[INFO] [stdout] Error: Validation("No such file or directory (os error 2)")
[INFO] [stdout] 
[INFO] [stdout] ---- core::node::tests::min_exclusive_001 stdout ----
[INFO] [stdout] Error: Validation("No such file or directory (os error 2)")
[INFO] [stdout] 
[INFO] [stdout] ---- core::node::tests::min_inclusive_002 stdout ----
[INFO] [stdout] Error: Validation("No such file or directory (os error 2)")
[INFO] [stdout] 
[INFO] [stdout] ---- core::node::tests::node_001 stdout ----
[INFO] [stdout] Error: Validation("No such file or directory (os error 2)")
[INFO] [stdout] 
[INFO] [stdout] ---- core::node::tests::node_kind_001 stdout ----
[INFO] [stdout] Error: Validation("No such file or directory (os error 2)")
[INFO] [stdout] 
[INFO] [stdout] ---- core::node::tests::not_002 stdout ----
[INFO] [stdout] Error: Validation("No such file or directory (os error 2)")
[INFO] [stdout] 
[INFO] [stdout] ---- core::node::tests::min_length_001 stdout ----
[INFO] [stdout] Error: Validation("No such file or directory (os error 2)")
[INFO] [stdout] 
[INFO] [stdout] ---- core::node::tests::min_inclusive_003 stdout ----
[INFO] [stdout] Error: Validation("No such file or directory (os error 2)")
[INFO] [stdout] 
[INFO] [stdout] ---- core::node::tests::not_001 stdout ----
[INFO] [stdout] Error: Validation("No such file or directory (os error 2)")
[INFO] [stdout] 
[INFO] [stdout] ---- core::node::tests::or_001 stdout ----
[INFO] [stdout] Error: Validation("No such file or directory (os error 2)")
[INFO] [stdout] 
[INFO] [stdout] ---- core::node::tests::pattern_001 stdout ----
[INFO] [stdout] Error: Validation("No such file or directory (os error 2)")
[INFO] [stdout] 
[INFO] [stdout] ---- core::node::tests::xone_duplicate_shapes stdout ----
[INFO] [stdout] Error: Validation("No such file or directory (os error 2)")
[INFO] [stdout] 
[INFO] [stdout] ---- core::node::tests::xone_duplicate stdout ----
[INFO] [stdout] Error: Validation("No such file or directory (os error 2)")
[INFO] [stdout] 
[INFO] [stdout] ---- core::node::tests::pattern_002 stdout ----
[INFO] [stdout] Error: Validation("No such file or directory (os error 2)")
[INFO] [stdout] 
[INFO] [stdout] ---- core::path::tests::path_complex_001 stdout ----
[INFO] [stdout] Error: Validation("No such file or directory (os error 2)")
[INFO] [stdout] 
[INFO] [stdout] ---- core::node::tests::qualified_001 stdout ----
[INFO] [stdout] Error: Validation("No such file or directory (os error 2)")
[INFO] [stdout] 
[INFO] [stdout] ---- core::path::tests::path_complex_002 stdout ----
[INFO] [stdout] Error: Validation("No such file or directory (os error 2)")
[INFO] [stdout] 
[INFO] [stdout] ---- core::path::tests::path_alternative_001 stdout ----
[INFO] [stdout] Error: Validation("No such file or directory (os error 2)")
[INFO] [stdout] 
[INFO] [stdout] ---- core::path::tests::path_sequence_002 stdout ----
[INFO] [stdout] Error: Validation("No such file or directory (os error 2)")
[INFO] [stdout] 
[INFO] [stdout] ---- core::node::tests::xone_001 stdout ----
[INFO] [stdout] Error: Validation("No such file or directory (os error 2)")
[INFO] [stdout] 
[INFO] [stdout] ---- core::path::tests::path_one_or_more_001 stdout ----
[INFO] [stdout] Error: Validation("No such file or directory (os error 2)")
[INFO] [stdout] 
[INFO] [stdout] ---- core::node::tests::xone_duplicate_data stdout ----
[INFO] [stdout] Error: Validation("No such file or directory (os error 2)")
[INFO] [stdout] 
[INFO] [stdout] ---- core::node::tests::qualified_001_data stdout ----
[INFO] [stdout] Error: Validation("No such file or directory (os error 2)")
[INFO] [stdout] 
[INFO] [stdout] ---- core::path::tests::path_sequence_001 stdout ----
[INFO] [stdout] Error: Validation("No such file or directory (os error 2)")
[INFO] [stdout] 
[INFO] [stdout] ---- core::path::tests::path_complex_002_shapes stdout ----
[INFO] [stdout] Error: Validation("No such file or directory (os error 2)")
[INFO] [stdout] 
[INFO] [stdout] ---- core::path::tests::path_zero_or_one_001 stdout ----
[INFO] [stdout] Error: Validation("No such file or directory (os error 2)")
[INFO] [stdout] 
[INFO] [stdout] ---- core::path::tests::path_complex_002_data stdout ----
[INFO] [stdout] Error: Validation("No such file or directory (os error 2)")
[INFO] [stdout] 
[INFO] [stdout] ---- core::property::tests::datatype_001 stdout ----
[INFO] [stdout] Error: Validation("No such file or directory (os error 2)")
[INFO] [stdout] 
[INFO] [stdout] ---- core::path::tests::path_strange_002 stdout ----
[INFO] [stdout] Error: Validation("No such file or directory (os error 2)")
[INFO] [stdout] 
[INFO] [stdout] ---- core::property::tests::datatype_002 stdout ----
[INFO] [stdout] Error: Validation("No such file or directory (os error 2)")
[INFO] [stdout] 
[INFO] [stdout] ---- core::path::tests::path_unused_001_data stdout ----
[INFO] [stdout] Error: Validation("No such file or directory (os error 2)")
[INFO] [stdout] 
[INFO] [stdout] ---- core::node::tests::qualified_001_shapes stdout ----
[INFO] [stdout] Error: Validation("No such file or directory (os error 2)")
[INFO] [stdout] 
[INFO] [stdout] ---- core::property::tests::and_001 stdout ----
[INFO] [stdout] Error: Validation("No such file or directory (os error 2)")
[INFO] [stdout] 
[INFO] [stdout] ---- core::path::tests::path_zero_or_more_001 stdout ----
[INFO] [stdout] Error: Validation("No such file or directory (os error 2)")
[INFO] [stdout] 
[INFO] [stdout] ---- core::property::tests::datatype_003 stdout ----
[INFO] [stdout] Error: Validation("No such file or directory (os error 2)")
[INFO] [stdout] 
[INFO] [stdout] ---- core::property::tests::equals_001 stdout ----
[INFO] [stdout] Error: Validation("No such file or directory (os error 2)")
[INFO] [stdout] 
[INFO] [stdout] ---- core::property::tests::language_in_001 stdout ----
[INFO] [stdout] Error: Validation("No such file or directory (os error 2)")
[INFO] [stdout] 
[INFO] [stdout] ---- core::property::tests::less_than_002 stdout ----
[INFO] [stdout] Error: Validation("No such file or directory (os error 2)")
[INFO] [stdout] 
[INFO] [stdout] ---- core::property::tests::max_count_001 stdout ----
[INFO] [stdout] Error: Validation("No such file or directory (os error 2)")
[INFO] [stdout] 
[INFO] [stdout] ---- core::property::tests::in_001 stdout ----
[INFO] [stdout] Error: Validation("No such file or directory (os error 2)")
[INFO] [stdout] 
[INFO] [stdout] ---- core::property::tests::max_count_002 stdout ----
[INFO] [stdout] Error: Validation("No such file or directory (os error 2)")
[INFO] [stdout] 
[INFO] [stdout] ---- core::property::tests::less_than_or_equals_001 stdout ----
[INFO] [stdout] Error: Validation("No such file or directory (os error 2)")
[INFO] [stdout] 
[INFO] [stdout] ---- core::property::tests::class_001 stdout ----
[INFO] [stdout] Error: Validation("No such file or directory (os error 2)")
[INFO] [stdout] 
[INFO] [stdout] ---- core::property::tests::max_exclusive_001 stdout ----
[INFO] [stdout] Error: Validation("No such file or directory (os error 2)")
[INFO] [stdout] 
[INFO] [stdout] ---- core::path::tests::path_strange_001 stdout ----
[INFO] [stdout] Error: Validation("No such file or directory (os error 2)")
[INFO] [stdout] 
[INFO] [stdout] ---- core::property::tests::min_count_001 stdout ----
[INFO] [stdout] Error: Validation("No such file or directory (os error 2)")
[INFO] [stdout] 
[INFO] [stdout] ---- core::path::tests::path_unused_001_shapes stdout ----
[INFO] [stdout] Error: Validation("No such file or directory (os error 2)")
[INFO] [stdout] 
[INFO] [stdout] ---- core::property::tests::max_inclusive_001 stdout ----
[INFO] [stdout] Error: Validation("No such file or directory (os error 2)")
[INFO] [stdout] 
[INFO] [stdout] ---- core::property::tests::min_count_002 stdout ----
[INFO] [stdout] Error: Validation("No such file or directory (os error 2)")
[INFO] [stdout] 
[INFO] [stdout] ---- core::property::tests::node_001 stdout ----
[INFO] [stdout] Error: Validation("No such file or directory (os error 2)")
[INFO] [stdout] 
[INFO] [stdout] ---- core::property::tests::node_002 stdout ----
[INFO] [stdout] Error: Validation("No such file or directory (os error 2)")
[INFO] [stdout] 
[INFO] [stdout] ---- core::path::tests::path_unused_001 stdout ----
[INFO] [stdout] Error: Validation("No such file or directory (os error 2)")
[INFO] [stdout] 
[INFO] [stdout] ---- core::path::tests::path_sequence_duplicate_001 stdout ----
[INFO] [stdout] Error: Validation("No such file or directory (os error 2)")
[INFO] [stdout] 
[INFO] [stdout] ---- core::property::tests::datatype_ill_formed stdout ----
[INFO] [stdout] Error: Validation("No such file or directory (os error 2)")
[INFO] [stdout] 
[INFO] [stdout] ---- core::property::tests::pattern_002 stdout ----
[INFO] [stdout] Error: Validation("No such file or directory (os error 2)")
[INFO] [stdout] 
[INFO] [stdout] ---- core::property::tests::not_001 stdout ----
[INFO] [stdout] Error: Validation("No such file or directory (os error 2)")
[INFO] [stdout] 
[INFO] [stdout] ---- core::property::tests::or_001 stdout ----
[INFO] [stdout] Error: Validation("No such file or directory (os error 2)")
[INFO] [stdout] 
[INFO] [stdout] ---- core::property::tests::or_datatypes_001 stdout ----
[INFO] [stdout] Error: Validation("No such file or directory (os error 2)")
[INFO] [stdout] 
[INFO] [stdout] ---- core::property::tests::qualified_value_shape_001 stdout ----
[INFO] [stdout] Error: Validation("No such file or directory (os error 2)")
[INFO] [stdout] 
[INFO] [stdout] ---- core::property::tests::node_kind_001 stdout ----
[INFO] [stdout] Error: Validation("No such file or directory (os error 2)")
[INFO] [stdout] 
[INFO] [stdout] ---- core::property::tests::property_001 stdout ----
[INFO] [stdout] Error: Validation("No such file or directory (os error 2)")
[INFO] [stdout] 
[INFO] [stdout] ---- core::property::tests::min_exclusive_002 stdout ----
[INFO] [stdout] Error: Validation("No such file or directory (os error 2)")
[INFO] [stdout] 
[INFO] [stdout] ---- core::property::tests::has_value_001 stdout ----
[INFO] [stdout] Error: Validation("No such file or directory (os error 2)")
[INFO] [stdout] 
[INFO] [stdout] ---- core::property::tests::less_than_001 stdout ----
[INFO] [stdout] Error: Validation("No such file or directory (os error 2)")
[INFO] [stdout] 
[INFO] [stdout] ---- core::property::tests::min_length_001 stdout ----
[INFO] [stdout] Error: Validation("No such file or directory (os error 2)")
[INFO] [stdout] 
[INFO] [stdout] ---- core::property::tests::qualified_value_shapes_disjoint_001 stdout ----
[INFO] [stdout] Error: Validation("No such file or directory (os error 2)")
[INFO] [stdout] 
[INFO] [stdout] ---- core::property::tests::disjoint_001 stdout ----
[INFO] [stdout] Error: Validation("No such file or directory (os error 2)")
[INFO] [stdout] 
[INFO] [stdout] ---- core::property::tests::pattern_001 stdout ----
[INFO] [stdout] Error: Validation("No such file or directory (os error 2)")
[INFO] [stdout] 
[INFO] [stdout] ---- core::property::tests::unique_lang_002_shapes stdout ----
[INFO] [stdout] Error: Validation("No such file or directory (os error 2)")
[INFO] [stdout] 
[INFO] [stdout] ---- core::property::tests::qualified_min_count_disjoint_001 stdout ----
[INFO] [stdout] Error: Validation("No such file or directory (os error 2)")
[INFO] [stdout] 
[INFO] [stdout] ---- core::property::tests::min_exclusive_001 stdout ----
[INFO] [stdout] Error: Validation("No such file or directory (os error 2)")
[INFO] [stdout] 
[INFO] [stdout] ---- core::property::tests::unique_lang_002 stdout ----
[INFO] [stdout] Error: Validation("No such file or directory (os error 2)")
[INFO] [stdout] 
[INFO] [stdout] ---- core::property::tests::unique_lang_001 stdout ----
[INFO] [stdout] Error: Validation("No such file or directory (os error 2)")
[INFO] [stdout] 
[INFO] [stdout] ---- core::property::tests::max_length_001 stdout ----
[INFO] [stdout] Error: Validation("No such file or directory (os error 2)")
[INFO] [stdout] 
[INFO] [stdout] ---- core::targets::tests::target_class_implicit_001 stdout ----
[INFO] [stdout] Error: Validation("No such file or directory (os error 2)")
[INFO] [stdout] 
[INFO] [stdout] ---- core::property::tests::unique_lang_002_data stdout ----
[INFO] [stdout] Error: Validation("No such file or directory (os error 2)")
[INFO] [stdout] 
[INFO] [stdout] ---- core::targets::tests::target_subjects_of_002 stdout ----
[INFO] [stdout] Error: Validation("No such file or directory (os error 2)")
[INFO] [stdout] 
[INFO] [stdout] ---- core::node::tests::min_inclusive_001 stdout ----
[INFO] [stdout] Error: Validation("No such file or directory (os error 2)")
[INFO] [stdout] 
[INFO] [stdout] ---- core::targets::tests::target_node_001 stdout ----
[INFO] [stdout] Error: Validation("No such file or directory (os error 2)")
[INFO] [stdout] 
[INFO] [stdout] ---- core::targets::tests::target_objects_of_001 stdout ----
[INFO] [stdout] Error: Validation("No such file or directory (os error 2)")
[INFO] [stdout] 
[INFO] [stdout] ---- core::targets::tests::target_subjects_of_001 stdout ----
[INFO] [stdout] Error: Validation("No such file or directory (os error 2)")
[INFO] [stdout] 
[INFO] [stdout] ---- core::targets::tests::multiple_targets_001 stdout ----
[INFO] [stdout] Error: Validation("No such file or directory (os error 2)")
[INFO] [stdout] 
[INFO] [stdout] ---- core::validation_reports::tests::shared stdout ----
[INFO] [stdout] Error: Validation("No such file or directory (os error 2)")
[INFO] [stdout] 
[INFO] [stdout] ---- sparql::node::tests::sparql_001 stdout ----
[INFO] [stdout] Error: Validation("No such file or directory (os error 2)")
[INFO] [stdout] 
[INFO] [stdout] ---- sparql::node::tests::prefixes_001 stdout ----
[INFO] [stdout] Error: Validation("No such file or directory (os error 2)")
[INFO] [stdout] 
[INFO] [stdout] ---- sparql::node::tests::sparql_002 stdout ----
[INFO] [stdout] Error: Validation("No such file or directory (os error 2)")
[INFO] [stdout] 
[INFO] [stdout] ---- core::targets::tests::target_class_001 stdout ----
[INFO] [stdout] Error: Validation("No such file or directory (os error 2)")
[INFO] [stdout] 
[INFO] [stdout] ---- sparql::node::tests::sparql_003 stdout ----
[INFO] [stdout] Error: Validation("No such file or directory (os error 2)")
[INFO] [stdout] 
[INFO] [stdout] ---- sparql::property::tests::sparql_001 stdout ----
[INFO] [stdout] Error: Validation("No such file or directory (os error 2)")
[INFO] [stdout] 
[INFO] [stdout] ---- core::path::tests::path_inverse_001 stdout ----
[INFO] [stdout] Error: Validation("No such file or directory (os error 2)")
[INFO] [stdout] 
[INFO] [stdout] 
[INFO] [stdout] failures:
[INFO] [stdout]     core::complex::tests::personexample
[INFO] [stdout]     core::complex::tests::shacl_shacl
[INFO] [stdout]     core::complex::tests::shacl_shacl_data_shapes
[INFO] [stdout]     core::misc::tests::deactivated_001
[INFO] [stdout]     core::misc::tests::deactivated_002
[INFO] [stdout]     core::misc::tests::message_001
[INFO] [stdout]     core::misc::tests::severity_001
[INFO] [stdout]     core::misc::tests::severity_002
[INFO] [stdout]     core::node::tests::and_001
[INFO] [stdout]     core::node::tests::and_002
[INFO] [stdout]     core::node::tests::class_001
[INFO] [stdout]     core::node::tests::class_002
[INFO] [stdout]     core::node::tests::class_003
[INFO] [stdout]     core::node::tests::closed_001
[INFO] [stdout]     core::node::tests::closed_002
[INFO] [stdout]     core::node::tests::datatype_001
[INFO] [stdout]     core::node::tests::datatype_002
[INFO] [stdout]     core::node::tests::disjoint_001
[INFO] [stdout]     core::node::tests::equals_001
[INFO] [stdout]     core::node::tests::has_value_001
[INFO] [stdout]     core::node::tests::in_001
[INFO] [stdout]     core::node::tests::language_in_001
[INFO] [stdout]     core::node::tests::max_exclusive_001
[INFO] [stdout]     core::node::tests::max_inclusive_001
[INFO] [stdout]     core::node::tests::max_length_001
[INFO] [stdout]     core::node::tests::min_exclusive_001
[INFO] [stdout]     core::node::tests::min_inclusive_001
[INFO] [stdout]     core::node::tests::min_inclusive_002
[INFO] [stdout]     core::node::tests::min_inclusive_003
[INFO] [stdout]     core::node::tests::min_length_001
[INFO] [stdout]     core::node::tests::node_001
[INFO] [stdout]     core::node::tests::node_kind_001
[INFO] [stdout]     core::node::tests::not_001
[INFO] [stdout]     core::node::tests::not_002
[INFO] [stdout]     core::node::tests::or_001
[INFO] [stdout]     core::node::tests::pattern_001
[INFO] [stdout]     core::node::tests::pattern_002
[INFO] [stdout]     core::node::tests::qualified_001
[INFO] [stdout]     core::node::tests::qualified_001_data
[INFO] [stdout]     core::node::tests::qualified_001_shapes
[INFO] [stdout]     core::node::tests::xone_001
[INFO] [stdout]     core::node::tests::xone_duplicate
[INFO] [stdout]     core::node::tests::xone_duplicate_data
[INFO] [stdout]     core::node::tests::xone_duplicate_shapes
[INFO] [stdout]     core::path::tests::path_alternative_001
[INFO] [stdout]     core::path::tests::path_complex_001
[INFO] [stdout]     core::path::tests::path_complex_002
[INFO] [stdout]     core::path::tests::path_complex_002_data
[INFO] [stdout]     core::path::tests::path_complex_002_shapes
[INFO] [stdout]     core::path::tests::path_inverse_001
[INFO] [stdout]     core::path::tests::path_one_or_more_001
[INFO] [stdout]     core::path::tests::path_sequence_001
[INFO] [stdout]     core::path::tests::path_sequence_002
[INFO] [stdout]     core::path::tests::path_sequence_duplicate_001
[INFO] [stdout]     core::path::tests::path_strange_001
[INFO] [stdout]     core::path::tests::path_strange_002
[INFO] [stdout]     core::path::tests::path_unused_001
[INFO] [stdout]     core::path::tests::path_unused_001_data
[INFO] [stdout]     core::path::tests::path_unused_001_shapes
[INFO] [stdout]     core::path::tests::path_zero_or_more_001
[INFO] [stdout]     core::path::tests::path_zero_or_one_001
[INFO] [stdout]     core::property::tests::and_001
[INFO] [stdout]     core::property::tests::class_001
[INFO] [stdout]     core::property::tests::datatype_001
[INFO] [stdout]     core::property::tests::datatype_002
[INFO] [stdout]     core::property::tests::datatype_003
[INFO] [stdout]     core::property::tests::datatype_ill_formed
[INFO] [stdout]     core::property::tests::disjoint_001
[INFO] [stdout]     core::property::tests::equals_001
[INFO] [stdout]     core::property::tests::has_value_001
[INFO] [stdout]     core::property::tests::in_001
[INFO] [stdout]     core::property::tests::language_in_001
[INFO] [stdout]     core::property::tests::less_than_001
[INFO] [stdout]     core::property::tests::less_than_002
[INFO] [stdout]     core::property::tests::less_than_or_equals_001
[INFO] [stdout]     core::property::tests::max_count_001
[INFO] [stdout]     core::property::tests::max_count_002
[INFO] [stdout]     core::property::tests::max_exclusive_001
[INFO] [stdout]     core::property::tests::max_inclusive_001
[INFO] [stdout]     core::property::tests::max_length_001
[INFO] [stdout]     core::property::tests::min_count_001
[INFO] [stdout]     core::property::tests::min_count_002
[INFO] [stdout]     core::property::tests::min_exclusive_001
[INFO] [stdout]     core::property::tests::min_exclusive_002
[INFO] [stdout]     core::property::tests::min_length_001
[INFO] [stdout]     core::property::tests::node_001
[INFO] [stdout]     core::property::tests::node_002
[INFO] [stdout]     core::property::tests::node_kind_001
[INFO] [stdout]     core::property::tests::not_001
[INFO] [stdout]     core::property::tests::or_001
[INFO] [stdout]     core::property::tests::or_datatypes_001
[INFO] [stdout]     core::property::tests::pattern_001
[INFO] [stdout]     core::property::tests::pattern_002
[INFO] [stdout]     core::property::tests::property_001
[INFO] [stdout]     core::property::tests::qualified_min_count_disjoint_001
[INFO] [stdout]     core::property::tests::qualified_value_shape_001
[INFO] [stdout]     core::property::tests::qualified_value_shapes_disjoint_001
[INFO] [stdout]     core::property::tests::unique_lang_001
[INFO] [stdout]     core::property::tests::unique_lang_002
[INFO] [stdout]     core::property::tests::unique_lang_002_data
[INFO] [stdout]     core::property::tests::unique_lang_002_shapes
[INFO] [stdout]     core::targets::tests::multiple_targets_001
[INFO] [stdout]     core::targets::tests::target_class_001
[INFO] [stdout]     core::targets::tests::target_class_implicit_001
[INFO] [stdout]     core::targets::tests::target_node_001
[INFO] [stdout]     core::targets::tests::target_objects_of_001
[INFO] [stdout]     core::targets::tests::target_subjects_of_001
[INFO] [stdout]     core::targets::tests::target_subjects_of_002
[INFO] [stdout]     core::validation_reports::tests::shared
[INFO] [stdout]     sparql::node::tests::prefixes_001
[INFO] [stdout]     sparql::node::tests::sparql_001
[INFO] [stdout]     sparql::node::tests::sparql_002
[INFO] [stdout]     sparql::node::tests::sparql_003
[INFO] [stdout]     sparql::property::tests::sparql_001
[INFO] [stdout] 
[INFO] [stdout] test result: FAILED. 0 passed; 114 failed; 18 ignored; 0 measured; 0 filtered out; finished in 0.02s
[INFO] [stdout] 
[INFO] running `Command { std: "docker" "inspect" "a5f59286a92e747a1b16c7b52c79c74830b19eee66202a7889b189354e04e1e0", kill_on_drop: false }`
[INFO] running `Command { std: "docker" "rm" "-f" "a5f59286a92e747a1b16c7b52c79c74830b19eee66202a7889b189354e04e1e0", kill_on_drop: false }`
[INFO] [stdout] a5f59286a92e747a1b16c7b52c79c74830b19eee66202a7889b189354e04e1e0
