[INFO] fetching crate sfu 0.5.0...
[INFO] testing sfu-0.5.0 against 1.99.0-beta.8 for beta-1.100-2
[INFO] extracting crate sfu 0.5.0 into /workspace/builds/worker-0-tc1/source
[INFO] started tweaking crates.io crate sfu 0.5.0
[INFO] removed 0 missing examples
[INFO] removed 0 missing tests
[INFO] finished tweaking crates.io crate sfu 0.5.0
[INFO] tweaked toml for crates.io crate sfu 0.5.0 written to /workspace/builds/worker-0-tc1/source/Cargo.toml
[INFO] validating manifest of crates.io crate sfu 0.5.0 on toolchain 1.99.0-beta.8
[INFO] running `Command { std: CARGO_HOME="/workspace/cargo-home" RUSTUP_HOME="/workspace/rustup-home" "/workspace/cargo-home/bin/cargo" "+1.99.0-beta.8" "metadata" "--manifest-path" "Cargo.toml" "--no-deps", kill_on_drop: false }`
[INFO] crate crates.io crate sfu 0.5.0 already has a lockfile, it will not be regenerated
[INFO] running `Command { std: CARGO_HOME="/workspace/cargo-home" RUSTUP_HOME="/workspace/rustup-home" "/workspace/cargo-home/bin/cargo" "+1.99.0-beta.8" "fetch" "--manifest-path" "Cargo.toml", kill_on_drop: false }`
[INFO] [stderr]     Updating crates.io index
[INFO] [stderr]  Downloading crates ...
[INFO] [stderr]   Downloaded event-listener v5.4.2
[INFO] [stderr]   Downloaded asn1-rs-derive v0.5.1
[INFO] [stderr]   Downloaded substring v1.4.5
[INFO] [stderr]   Downloaded crc32c v0.6.8
[INFO] [stderr]   Downloaded smallvec v1.16.0
[INFO] [stderr]   Downloaded wg v1.1.0
[INFO] [stderr]   Downloaded oid-registry v0.7.1
[INFO] [stderr]   Downloaded rancor v0.1.3
[INFO] [stderr]   Downloaded ptr_meta v0.3.2
[INFO] [stderr]   Downloaded ptr_meta_derive v0.3.2
[INFO] [stderr]   Downloaded munge v0.4.7
[INFO] [stderr]   Downloaded munge_macro v0.4.7
[INFO] [stderr]   Downloaded wasm-bindgen-macro v0.2.127
[INFO] [stderr]   Downloaded wasm-bindgen-shared v0.2.127
[INFO] [stderr]   Downloaded rend v0.5.4
[INFO] [stderr]   Downloaded crc-catalog v2.5.0
[INFO] [stderr]   Downloaded bytecheck v0.8.3
[INFO] [stderr]   Downloaded defmt-parser v1.0.0
[INFO] [stderr]   Downloaded rtc-crypto v0.21.0-rc.2
[INFO] [stderr]   Downloaded triomphe v0.1.16
[INFO] [stderr]   Downloaded rtc-shared v0.21.0-rc.2
[INFO] [stderr]   Downloaded sansio v1.0.1
[INFO] [stderr]   Downloaded rkyv_derive v0.8.18
[INFO] [stderr]   Downloaded bytecheck_derive v0.8.3
[INFO] [stderr]   Downloaded pem v4.0.0
[INFO] [stderr]   Downloaded rtc-datachannel v0.21.0-rc.2
[INFO] [stderr]   Downloaded async-channel v2.5.0
[INFO] [stderr]   Downloaded ctrlc v3.5.2
[INFO] [stderr]   Downloaded portable-atomic-util v0.2.8
[INFO] [stderr]   Downloaded find-msvc-tools v0.1.12
[INFO] [stderr]   Downloaded rtc-turn v0.21.0-rc.2
[INFO] [stderr]   Downloaded rtc-stun v0.21.0-rc.2
[INFO] [stderr]   Downloaded rtc-media v0.21.0-rc.2
[INFO] [stderr]   Downloaded rtc-srtp v0.21.0-rc.2
[INFO] [stderr]   Downloaded rtc-sdp v0.21.0-rc.2
[INFO] [stderr]   Downloaded yasna v0.6.0
[INFO] [stderr]   Downloaded sha1 v0.11.0
[INFO] [stderr]   Downloaded kstat-rs v0.2.5
[INFO] [stderr]   Downloaded bytesize v1.3.3
[INFO] [stderr]   Downloaded jiff-static v0.2.35
[INFO] [stderr]   Downloaded asn1-rs v0.6.2
[INFO] [stderr]   Downloaded der-parser v9.0.0
[INFO] [stderr]   Downloaded rtc-rtp v0.21.0-rc.2
[INFO] [stderr]   Downloaded rtc-rtcp v0.21.0-rc.2
[INFO] [stderr]   Downloaded rtc-mdns v0.21.0-rc.2
[INFO] [stderr]   Downloaded uuid v1.26.0
[INFO] [stderr]   Downloaded rcgen v0.14.10
[INFO] [stderr]   Downloaded quinn-udp v0.6.1
[INFO] [stderr]   Downloaded event-listener-strategy v0.5.4
[INFO] [stderr]   Downloaded tokio-rustls v0.26.5
[INFO] [stderr]   Downloaded mach2 v0.6.0
[INFO] [stderr]   Downloaded defmt-macros v1.1.1
[INFO] [stderr]   Downloaded objc2-encode v4.1.0
[INFO] [stderr]   Downloaded block2 v0.6.2
[INFO] [stderr]   Downloaded clap_derive v4.6.4
[INFO] [stderr]   Downloaded x509-parser v0.16.0
[INFO] [stderr]   Downloaded rustls-webpki v0.103.15
[INFO] [stderr]   Downloaded cc v1.4.5
[INFO] [stderr]   Downloaded rtc-ice v0.21.0-rc.2
[INFO] [stderr]   Downloaded wasm-bindgen v0.2.127
[INFO] [stderr]   Downloaded wasm-bindgen-macro-support v0.2.127
[INFO] [stderr]   Downloaded tinyvec v1.13.2
[INFO] [stderr]   Downloaded tokio-tungstenite v0.26.2
[INFO] [stderr]   Downloaded systemstat v0.2.7
[INFO] [stderr]   Downloaded dispatch2 v0.3.1
[INFO] [stderr]   Downloaded clap v4.6.6
[INFO] [stderr]   Downloaded asn1-rs v0.7.2
[INFO] [stderr]   Downloaded hybrid-array v0.4.14
[INFO] [stderr]   Downloaded const-oid v0.10.2
[INFO] [stderr]   Downloaded tungstenite v0.26.2
[INFO] [stderr]   Downloaded rtc-sctp v0.21.0-rc.2
[INFO] [stderr]   Downloaded indexmap v2.14.1
[INFO] [stderr]   Downloaded async-broadcast v0.7.2
[INFO] [stderr]   Downloaded tungstenite v0.30.0
[INFO] [stderr]   Downloaded defmt v1.1.1
[INFO] [stderr]   Downloaded crossbeam-channel v0.5.16
[INFO] [stderr]   Downloaded js-sys v0.3.104
[INFO] [stderr]   Downloaded rtc-dtls v0.21.0-rc.2
[INFO] [stderr]   Downloaded rand v0.9.5
[INFO] [stderr]   Downloaded zerocopy-derive v0.8.56
[INFO] [stderr]   Downloaded rkyv v0.8.18
[INFO] [stderr]   Downloaded wasip2 v1.0.4+wasi-0.2.12
[INFO] [stderr]   Downloaded jiff-core v0.1.0
[INFO] [stderr]   Downloaded syn v3.0.4
[INFO] [stderr]   Downloaded rtc-interceptor v0.21.0-rc.2
[INFO] [stderr]   Downloaded portable-atomic v1.15.0
[INFO] [stderr]   Downloaded clap_builder v4.6.6
[INFO] [stderr]   Downloaded ccm v0.5.0
[INFO] [stderr]   Downloaded objc2 v0.6.4
[INFO] [stderr]   Downloaded zerocopy v0.8.56
[INFO] [stderr]   Downloaded webrtc v0.21.0-rc.2
[INFO] [stderr]   Downloaded rustls v0.23.43
[INFO] [stderr]   Downloaded jiff v0.2.35
[INFO] [stderr]   Downloaded rtc v0.21.0-rc.2
[INFO] running `Command { std: "docker" "create" "-v" "/var/lib/crater-agent-workspace/builds/worker-0-tc1/source:/opt/rustwide/workdir:ro,Z" "-v" "/var/lib/crater-agent-workspace/builds/worker-0-tc1/target:/opt/rustwide/target:rw,Z" "-v" "/var/lib/crater-agent-workspace/cargo-home:/opt/rustwide/cargo-home:ro,Z" "-v" "/var/lib/crater-agent-workspace/rustup-home:/opt/rustwide/rustup-home:ro,Z" "-m" "1610612736" "--network" "none" "ghcr.io/rust-lang/crates-build-env/linux@sha256:3111399a4047eeb3a02b7a90e478d715f38a8c6669b5c4b49d30a17385265909" "sleep" "infinity", kill_on_drop: false }`
[INFO] [stdout] 396db96b52f9e3b3cbc5046ee482f81cee8b82b673da053b8e8d1b7f5c0927c3
[INFO] running `Command { std: "docker" "start" "396db96b52f9e3b3cbc5046ee482f81cee8b82b673da053b8e8d1b7f5c0927c3", kill_on_drop: false }`
[INFO] running `Command { std: "docker" "inspect" "396db96b52f9e3b3cbc5046ee482f81cee8b82b673da053b8e8d1b7f5c0927c3", kill_on_drop: false }`
[INFO] running `Command { std: "docker" "exec" "-e" "SOURCE_DIR=/opt/rustwide/workdir" "-e" "CARGO_HOME=/opt/rustwide/cargo-home" "-e" "RUSTUP_HOME=/opt/rustwide/rustup-home" "-e" "CARGO_TARGET_DIR=/opt/rustwide/target" "-w" "/opt/rustwide/workdir" "--user" "0:0" "396db96b52f9e3b3cbc5046ee482f81cee8b82b673da053b8e8d1b7f5c0927c3" "/opt/rustwide/cargo-home/bin/cargo" "+1.99.0-beta.8" "metadata" "--no-deps" "--format-version=1", kill_on_drop: false }`
[INFO] running `Command { std: "docker" "inspect" "396db96b52f9e3b3cbc5046ee482f81cee8b82b673da053b8e8d1b7f5c0927c3", kill_on_drop: false }`
[INFO] running `Command { std: "docker" "exec" "-e" "SOURCE_DIR=/opt/rustwide/workdir" "-e" "CARGO_HOME=/opt/rustwide/cargo-home" "-e" "RUSTUP_HOME=/opt/rustwide/rustup-home" "-e" "CARGO_TARGET_DIR=/opt/rustwide/target" "-e" "CARGO_INCREMENTAL=0" "-e" "RUST_BACKTRACE=full" "-e" "RUSTFLAGS=--cap-lints=warn" "-e" "RUSTDOCFLAGS=--cap-lints=warn" "-w" "/opt/rustwide/workdir" "--user" "0:0" "396db96b52f9e3b3cbc5046ee482f81cee8b82b673da053b8e8d1b7f5c0927c3" "/opt/rustwide/cargo-home/bin/cargo" "+1.99.0-beta.8" "build" "--frozen" "--message-format=json", kill_on_drop: false }`
[INFO] [stderr]    Compiling proc-macro2 v1.0.107
[INFO] [stderr]    Compiling libc v0.2.189
[INFO] [stderr]    Compiling stable_deref_trait v1.2.1
[INFO] [stderr]    Compiling writeable v0.6.4
[INFO] [stderr]    Compiling litemap v0.8.3
[INFO] [stderr]    Compiling generic-array v0.14.7
[INFO] [stderr]    Compiling utf8_iter v1.0.4
[INFO] [stderr]    Compiling icu_properties_data v2.3.0
[INFO] [stderr]    Compiling icu_normalizer_data v2.3.0
[INFO] [stderr]    Compiling typenum v1.20.1
[INFO] [stderr]    Compiling rand_core v0.10.1
[INFO] [stderr]    Compiling getrandom v0.4.3
[INFO] [stderr]    Compiling smallvec v1.16.0
[INFO] [stderr]    Compiling memoffset v0.9.1
[INFO] [stderr]    Compiling thiserror v2.0.20
[INFO] [stderr]    Compiling cpufeatures v0.3.1
[INFO] [stderr]    Compiling cfg_aliases v0.2.2
[INFO] [stderr]    Compiling chacha20 v0.10.2
[INFO] [stderr]    Compiling nix v0.31.3
[INFO] [stderr]    Compiling substring v1.4.5
[INFO] [stderr]    Compiling percent-encoding v2.3.2
[INFO] [stderr]    Compiling quote v1.0.47
[INFO] [stderr]    Compiling syn v3.0.4
[INFO] [stderr]    Compiling syn v2.0.119
[INFO] [stderr]    Compiling form_urlencoded v1.2.2
[INFO] [stderr]    Compiling bitflags v2.13.1
[INFO] [stderr]    Compiling bytes v1.12.1
[INFO] [stderr]    Compiling shlex v2.0.1
[INFO] [stderr]    Compiling find-msvc-tools v0.1.12
[INFO] [stderr]    Compiling subtle v2.6.1
[INFO] [stderr]    Compiling cc v1.4.5
[INFO] [stderr]    Compiling memchr v2.8.3
[INFO] [stderr]    Compiling untrusted v0.9.0
[INFO] [stderr]    Compiling zeroize v1.9.0
[INFO] [stderr]    Compiling num-conv v0.2.2
[INFO] [stderr]    Compiling time-core v0.1.9
[INFO] [stderr]    Compiling powerfmt v0.2.0
[INFO] [stderr]    Compiling cpufeatures v0.2.17
[INFO] [stderr]    Compiling deranged v0.5.8
[INFO] [stderr]    Compiling time-macros v0.2.32
[INFO] [stderr]    Compiling minimal-lexical v0.2.1
[INFO] [stderr]    Compiling log v0.4.34
[INFO] [stderr]    Compiling block-buffer v0.10.4
[INFO] [stderr]    Compiling inout v0.1.4
[INFO] [stderr]    Compiling nom v7.1.3
[INFO] [stderr]    Compiling sansio v1.0.1
[INFO] [stderr]    Compiling semver v1.0.28
[INFO] [stderr]    Compiling getrandom v0.2.17
[INFO] [stderr]    Compiling rand_core v0.6.4
[INFO] [stderr]    Compiling rand v0.10.2
[INFO] [stderr]    Compiling crypto-common v0.1.7
[INFO] [stderr]    Compiling ring v0.17.14
[INFO] [stderr]    Compiling digest v0.10.7
[INFO] [stderr]    Compiling cipher v0.4.4
[INFO] [stderr]    Compiling time v0.3.55
[INFO] [stderr]    Compiling ctr v0.9.2
[INFO] [stderr]    Compiling aead v0.5.2
[INFO] [stderr]    Compiling ccm v0.5.0
[INFO] [stderr]    Compiling aes v0.8.4
[INFO] [stderr]    Compiling hmac v0.12.1
[INFO] [stderr]    Compiling md-5 v0.10.6
[INFO] [stderr]    Compiling sha1 v0.10.7
[INFO] [stderr]    Compiling rustc_version v0.4.1
[INFO] [stderr]    Compiling rusticata-macros v4.1.0
[INFO] [stderr]    Compiling base64 v0.22.1
[INFO] [stderr]    Compiling rustls-pki-types v1.15.1
[INFO] [stderr]    Compiling crc-catalog v2.5.0
[INFO] [stderr]    Compiling crc32c v0.6.8
[INFO] [stderr]    Compiling simdutf8 v0.1.5
[INFO] [stderr]    Compiling oid-registry v0.7.1
[INFO] [stderr]    Compiling crc v3.4.0
[INFO] [stderr]    Compiling num-bigint v0.4.8
[INFO] [stderr]    Compiling rustls v0.23.43
[INFO] [stderr]    Compiling base64 v0.23.1
[INFO] [stderr]    Compiling socket2 v0.6.5
[INFO] [stderr]    Compiling rustc-hash v2.1.3
[INFO] [stderr]    Compiling slab v0.4.12
[INFO] [stderr]    Compiling pem v4.0.0
[INFO] [stderr]    Compiling yasna v0.6.0
[INFO] [stderr]    Compiling hashbrown v0.17.1
[INFO] [stderr]    Compiling data-encoding v2.11.1
[INFO] [stderr]    Compiling once_cell v1.21.4
[INFO] [stderr]    Compiling synstructure v0.13.2
[INFO] [stderr]    Compiling displaydoc v0.2.7
[INFO] [stderr]    Compiling zerovec-derive v0.11.6
[INFO] [stderr]    Compiling thiserror-impl v2.0.20
[INFO] [stderr]    Compiling serde_derive v1.0.229
[INFO] [stderr]    Compiling ptr_meta_derive v0.3.2
[INFO] [stderr]    Compiling bytecheck_derive v0.8.3
[INFO] [stderr]    Compiling rkyv_derive v0.8.18
[INFO] [stderr]    Compiling ptr_meta v0.3.2
[INFO] [stderr]    Compiling rancor v0.1.3
[INFO] [stderr]    Compiling pem v3.0.6
[INFO] [stderr]    Compiling bytecheck v0.8.3
[INFO] [stderr]    Compiling uuid v1.26.0
[INFO] [stderr]    Compiling serde_json v1.0.151
[INFO] [stderr]    Compiling rend v0.5.4
[INFO] [stderr]    Compiling zerofrom-derive v0.1.7
[INFO] [stderr]    Compiling yoke-derive v0.8.2
[INFO] [stderr]    Compiling thiserror-impl v1.0.69
[INFO] [stderr]    Compiling rtc-crypto v0.21.0-rc.2
[INFO] [stderr]    Compiling asn1-rs-derive v0.5.1
[INFO] [stderr]    Compiling asn1-rs-impl v0.2.0
[INFO] [stderr]    Compiling munge_macro v0.4.7
[INFO] [stderr]    Compiling rustls-webpki v0.103.15
[INFO] [stderr]    Compiling zerofrom v0.1.8
[INFO] [stderr]    Compiling thiserror v1.0.69
[INFO] [stderr]    Compiling yoke v0.8.3
[INFO] [stderr]    Compiling rcgen v0.14.10
[INFO] [stderr]    Compiling asn1-rs v0.6.2
[INFO] [stderr]    Compiling zerovec v0.11.8
[INFO] [stderr]    Compiling zerotrie v0.2.5
[INFO] [stderr]    Compiling munge v0.4.7
[INFO] [stderr]    Compiling serde v1.0.229
[INFO] [stderr]    Compiling unicase v2.9.0
[INFO] [stderr]    Compiling hex v0.4.3
[INFO] [stderr]    Compiling tinystr v0.8.4
[INFO] [stderr]    Compiling potential_utf v0.1.6
[INFO] [stderr]    Compiling icu_collections v2.3.0
[INFO] [stderr]    Compiling icu_locale_core v2.3.0
[INFO] [stderr]    Compiling der-parser v9.0.0
[INFO] [stderr]    Compiling x509-parser v0.16.0
[INFO] [stderr]    Compiling icu_provider v2.3.1
[INFO] [stderr]    Compiling icu_normalizer v2.3.0
[INFO] [stderr]    Compiling icu_properties v2.3.0
[INFO] [stderr]    Compiling rkyv v0.8.18
[INFO] [stderr]    Compiling idna_adapter v1.2.2
[INFO] [stderr]    Compiling idna v1.1.0
[INFO] [stderr]    Compiling url v2.5.8
[INFO] [stderr]    Compiling rtc-shared v0.21.0-rc.2
[INFO] [stderr]    Compiling rtc-rtp v0.21.0-rc.2
[INFO] [stderr]    Compiling rtc-rtcp v0.21.0-rc.2
[INFO] [stderr]    Compiling rtc-stun v0.21.0-rc.2
[INFO] [stderr]    Compiling rtc-sctp v0.21.0-rc.2
[INFO] [stderr]    Compiling rtc-mdns v0.21.0-rc.2
[INFO] [stderr]    Compiling rtc-sdp v0.21.0-rc.2
[INFO] [stderr]    Compiling rtc-dtls v0.21.0-rc.2
[INFO] [stderr]    Compiling rtc-ice v0.21.0-rc.2
[INFO] [stderr]    Compiling rtc-srtp v0.21.0-rc.2
[INFO] [stderr]    Compiling rtc-interceptor v0.21.0-rc.2
[INFO] [stderr]    Compiling rtc-media v0.21.0-rc.2
[INFO] [stderr]    Compiling rtc-turn v0.21.0-rc.2
[INFO] [stderr]    Compiling rtc-datachannel v0.21.0-rc.2
[INFO] [stderr]    Compiling rtc v0.21.0-rc.2
[INFO] [stderr]    Compiling sfu v0.5.0 (/opt/rustwide/workdir)
[INFO] [stderr]     Finished `dev` profile [unoptimized + debuginfo] target(s) in 1m 57s
[INFO] running `Command { std: "docker" "inspect" "396db96b52f9e3b3cbc5046ee482f81cee8b82b673da053b8e8d1b7f5c0927c3", kill_on_drop: false }`
[INFO] running `Command { std: "docker" "exec" "-e" "SOURCE_DIR=/opt/rustwide/workdir" "-e" "CARGO_HOME=/opt/rustwide/cargo-home" "-e" "RUSTUP_HOME=/opt/rustwide/rustup-home" "-e" "CARGO_TARGET_DIR=/opt/rustwide/target" "-e" "CARGO_INCREMENTAL=0" "-e" "RUST_BACKTRACE=full" "-e" "RUSTFLAGS=--cap-lints=warn" "-e" "RUSTDOCFLAGS=--cap-lints=warn" "-w" "/opt/rustwide/workdir" "--user" "0:0" "396db96b52f9e3b3cbc5046ee482f81cee8b82b673da053b8e8d1b7f5c0927c3" "/opt/rustwide/cargo-home/bin/cargo" "+1.99.0-beta.8" "test" "--frozen" "--no-run" "--message-format=json", kill_on_drop: false }`
[INFO] [stderr]    Compiling typenum v1.20.1
[INFO] [stderr]    Compiling syn v3.0.4
[INFO] [stderr]    Compiling nix v0.31.3
[INFO] [stderr]    Compiling log v0.4.34
[INFO] [stderr]    Compiling rustls v0.23.43
[INFO] [stderr]    Compiling futures-core v0.3.34
[INFO] [stderr]    Compiling parking_lot_core v0.9.12
[INFO] [stderr]    Compiling zerocopy v0.8.56
[INFO] [stderr]    Compiling getrandom v0.3.4
[INFO] [stderr]    Compiling lock_api v0.4.14
[INFO] [stderr]    Compiling futures-sink v0.3.34
[INFO] [stderr]    Compiling crossbeam-utils v0.8.22
[INFO] [stderr]    Compiling futures-channel v0.3.34
[INFO] [stderr]    Compiling parking_lot v0.12.5
[INFO] [stderr]    Compiling errno v0.3.14
[INFO] [stderr]    Compiling utf8parse v0.2.2
[INFO] [stderr]    Compiling futures-io v0.3.34
[INFO] [stderr]    Compiling parking v2.2.1
[INFO] [stderr]    Compiling httparse v1.10.1
[INFO] [stderr]    Compiling event-listener v5.4.2
[INFO] [stderr]    Compiling generic-array v0.14.7
[INFO] [stderr]    Compiling hybrid-array v0.4.14
[INFO] [stderr]    Compiling anstyle-parse v1.0.0
[INFO] [stderr]    Compiling signal-hook-registry v1.4.8
[INFO] [stderr]    Compiling rand_core v0.9.5
[INFO] [stderr]    Compiling mio v1.2.3
[INFO] [stderr]    Compiling aho-corasick v1.1.5
[INFO] [stderr]    Compiling crypto-common v0.1.7
[INFO] [stderr]    Compiling block-buffer v0.10.4
[INFO] [stderr]    Compiling digest v0.10.7
[INFO] [stderr]    Compiling inout v0.1.4
[INFO] [stderr]    Compiling sha1 v0.10.7
[INFO] [stderr]    Compiling cipher v0.4.4
[INFO] [stderr]    Compiling aead v0.5.2
[INFO] [stderr]    Compiling hmac v0.12.1
[INFO] [stderr]    Compiling md-5 v0.10.6
[INFO] [stderr]    Compiling is_terminal_polyfill v1.70.2
[INFO] [stderr]    Compiling colorchoice v1.0.5
[INFO] [stderr]    Compiling anstyle-query v1.1.5
[INFO] [stderr]    Compiling block-buffer v0.12.1
[INFO] [stderr]    Compiling anstream v1.0.0
[INFO] [stderr]    Compiling crypto-common v0.2.2
[INFO] [stderr]    Compiling ctr v0.9.2
[INFO] [stderr]    Compiling aes v0.8.4
[INFO] [stderr]    Compiling ccm v0.5.0
[INFO] [stderr]    Compiling event-listener-strategy v0.5.4
[INFO] [stderr]    Compiling http v1.5.0
[INFO] [stderr]    Compiling quinn-udp v0.6.1
[INFO] [stderr]    Compiling regex-automata v0.4.18
[INFO] [stderr]    Compiling const-oid v0.10.2
[INFO] [stderr]    Compiling digest v0.11.3
[INFO] [stderr]    Compiling concurrent-queue v2.5.0
[INFO] [stderr]    Compiling webpki-roots v1.0.9
[INFO] [stderr]    Compiling strsim v0.11.1
[INFO] [stderr]    Compiling utf-8 v0.7.6
[INFO] [stderr]    Compiling clap_lex v1.1.0
[INFO] [stderr]    Compiling jiff-core v0.1.0
[INFO] [stderr]    Compiling clap_builder v4.6.6
[INFO] [stderr]    Compiling webpki-roots v0.26.11
[INFO] [stderr]    Compiling async-channel v2.5.0
[INFO] [stderr]    Compiling sha1 v0.11.0
[INFO] [stderr]    Compiling async-broadcast v0.7.2
[INFO] [stderr]    Compiling bytesize v1.3.3
[INFO] [stderr]    Compiling chrono v0.4.45
[INFO] [stderr]    Compiling systemstat v0.2.7
[INFO] [stderr]    Compiling displaydoc v0.2.7
[INFO] [stderr]    Compiling zerovec-derive v0.11.6
[INFO] [stderr]    Compiling thiserror-impl v2.0.20
[INFO] [stderr]    Compiling zerotrie v0.2.5
[INFO] [stderr]    Compiling serde_derive v1.0.229
[INFO] [stderr]    Compiling ptr_meta_derive v0.3.2
[INFO] [stderr]    Compiling ptr_meta v0.3.2
[INFO] [stderr]    Compiling rancor v0.1.3
[INFO] [stderr]    Compiling asn1-rs v0.6.2
[INFO] [stderr]    Compiling zerovec v0.11.8
[INFO] [stderr]    Compiling thiserror v2.0.20
[INFO] [stderr]    Compiling rtc-crypto v0.21.0-rc.2
[INFO] [stderr]    Compiling bytecheck_derive v0.8.3
[INFO] [stderr]    Compiling tinystr v0.8.4
[INFO] [stderr]    Compiling icu_locale_core v2.3.0
[INFO] [stderr]    Compiling potential_utf v0.1.6
[INFO] [stderr]    Compiling icu_collections v2.3.0
[INFO] [stderr]    Compiling bytecheck v0.8.3
[INFO] [stderr]    Compiling futures-macro v0.3.34
[INFO] [stderr]    Compiling der-parser v9.0.0
[INFO] [stderr]    Compiling rend v0.5.4
[INFO] [stderr]    Compiling oid-registry v0.7.1
[INFO] [stderr]    Compiling rkyv_derive v0.8.18
[INFO] [stderr]    Compiling icu_provider v2.3.1
[INFO] [stderr]    Compiling x509-parser v0.16.0
[INFO] [stderr]    Compiling futures-util v0.3.34
[INFO] [stderr]    Compiling icu_properties v2.3.0
[INFO] [stderr]    Compiling icu_normalizer v2.3.0
[INFO] [stderr]    Compiling tokio-macros v2.7.2
[INFO] [stderr]    Compiling serde v1.0.229
[INFO] [stderr]    Compiling ppv-lite86 v0.2.21
[INFO] [stderr]    Compiling tokio v1.53.1
[INFO] [stderr]    Compiling rand_chacha v0.9.0
[INFO] [stderr]    Compiling regex v1.13.1
[INFO] [stderr]    Compiling idna_adapter v1.2.2
[INFO] [stderr]    Compiling idna v1.1.0
[INFO] [stderr]    Compiling rand v0.9.5
[INFO] [stderr]    Compiling env_filter v2.0.0
[INFO] [stderr]    Compiling triomphe v0.1.16
[INFO] [stderr]    Compiling url v2.5.8
[INFO] [stderr]    Compiling async-trait v0.1.92
[INFO] [stderr]    Compiling tungstenite v0.26.2
[INFO] [stderr]    Compiling rtc-shared v0.21.0-rc.2
[INFO] [stderr]    Compiling clap_derive v4.6.4
[INFO] [stderr]    Compiling jiff v0.2.35
[INFO] [stderr]    Compiling wg v1.1.0
[INFO] [stderr]    Compiling tungstenite v0.30.0
[INFO] [stderr]    Compiling rtc-rtp v0.21.0-rc.2
[INFO] [stderr]    Compiling rtc-stun v0.21.0-rc.2
[INFO] [stderr]    Compiling rtc-rtcp v0.21.0-rc.2
[INFO] [stderr]    Compiling rkyv v0.8.18
[INFO] [stderr]    Compiling rtc-sctp v0.21.0-rc.2
[INFO] [stderr]    Compiling rtc-mdns v0.21.0-rc.2
[INFO] [stderr]    Compiling rtc-media v0.21.0-rc.2
[INFO] [stderr]    Compiling rtc-turn v0.21.0-rc.2
[INFO] [stderr]    Compiling rtc-interceptor v0.21.0-rc.2
[INFO] [stderr]    Compiling rtc-ice v0.21.0-rc.2
[INFO] [stderr]    Compiling rtc-srtp v0.21.0-rc.2
[INFO] [stderr]    Compiling rtc-sdp v0.21.0-rc.2
[INFO] [stderr]    Compiling rtc-datachannel v0.21.0-rc.2
[INFO] [stderr]    Compiling futures-executor v0.3.34
[INFO] [stderr]    Compiling futures v0.3.34
[INFO] [stderr]    Compiling env_logger v0.11.11
[INFO] [stderr]    Compiling clap v4.6.6
[INFO] [stderr]    Compiling crossbeam-channel v0.5.16
[INFO] [stderr]    Compiling ctrlc v3.5.2
[INFO] [stderr]    Compiling tokio-rustls v0.26.5
[INFO] [stderr]    Compiling rustls-pemfile v2.2.0
[INFO] [stderr]    Compiling tokio-tungstenite v0.26.2
[INFO] [stderr]    Compiling rtc-dtls v0.21.0-rc.2
[INFO] [stderr]    Compiling rtc v0.21.0-rc.2
[INFO] [stderr]    Compiling webrtc v0.21.0-rc.2
[INFO] [stderr]    Compiling sfu v0.5.0 (/opt/rustwide/workdir)
[INFO] [stderr]     Finished `test` profile [unoptimized + debuginfo] target(s) in 2m 50s
[INFO] running `Command { std: "docker" "inspect" "396db96b52f9e3b3cbc5046ee482f81cee8b82b673da053b8e8d1b7f5c0927c3", kill_on_drop: false }`
[INFO] running `Command { std: "docker" "exec" "-e" "SOURCE_DIR=/opt/rustwide/workdir" "-e" "CARGO_HOME=/opt/rustwide/cargo-home" "-e" "RUSTUP_HOME=/opt/rustwide/rustup-home" "-e" "CARGO_TARGET_DIR=/opt/rustwide/target" "-e" "CARGO_INCREMENTAL=0" "-e" "RUST_BACKTRACE=full" "-e" "RUSTFLAGS=--cap-lints=warn" "-e" "RUSTDOCFLAGS=--cap-lints=warn" "-w" "/opt/rustwide/workdir" "--user" "0:0" "396db96b52f9e3b3cbc5046ee482f81cee8b82b673da053b8e8d1b7f5c0927c3" "/opt/rustwide/cargo-home/bin/cargo" "+1.99.0-beta.8" "test" "--frozen", kill_on_drop: false }`
[INFO] [stderr]     Finished `test` profile [unoptimized + debuginfo] target(s) in 0.35s
[INFO] [stderr]      Running unittests src/lib.rs (/opt/rustwide/target/debug/deps/sfu-c9e3d346dd298a74)
[INFO] [stdout] 
[INFO] [stdout] running 27 tests
[INFO] [stdout] test client::tests::outgoing_payload_type_maps_codec_across_legs ... ok
[INFO] [stdout] test forward::tests::simulcast_layers_bind_to_the_same_key ... ok
[INFO] [stdout] test forward::tests::routes_bound_ssrc_to_subscriber_senders ... ok
[INFO] [stdout] test forward::tests::retain_prunes_ssrc_bindings_with_their_key ... ok
[INFO] [stdout] test room::tests::decodes_only_the_standard_alphabet ... ok
[INFO] [stdout] test room::tests::decodes_only_the_canonical_spelling ... ok
[INFO] [stdout] test room::tests::local_ufrag_decoding_rejects_malformed_input ... ok
[INFO] [stdout] test room::tests::local_ufrag_is_unique_per_client ... ok
[INFO] [stdout] test room::tests::round_trips_every_uuid_shape ... ok
[INFO] [stdout] test room::tests::local_ufrag_round_trips_through_both_separators ... ok
[INFO] [stdout] test rtcp_forwarder::tests::leaves_other_rtcp_to_the_chain ... ok
[INFO] [stdout] test client::tests::builds_client_with_interceptor_registry ... ok
[INFO] [stdout] test client::tests::builds_client_with_custom_media_engine ... ok
[INFO] [stdout] test client::tests::builds_client_with_custom_setting_engine ... ok
[INFO] [stdout] test client::tests::builds_default_peer_connection_client ... ok
[INFO] [stdout] test client::tests::forwarding_track_uses_receiver_parameters_when_track_codings_are_empty ... ok
[INFO] [stdout] test rtcp_forwarder::tests::marks_keyframe_requests_for_the_application ... ok
[INFO] [stdout] test rtcp_forwarder::tests::passes_the_write_path_through_untouched ... ok
[INFO] [stdout] test sfu::tests::leave_removes_client_and_reaps_empty_room ... ok
[INFO] [stdout] test sfu::tests::join_creates_room_and_client ... ok
[INFO] [stdout] test room::tests::decodes_only_sixteen_byte_payloads ... ok
[INFO] [stdout] test sfu::tests::session_description_offer_returns_answer ... ok
[INFO] [stdout] test sfu::tests::subscribe_offer_after_publisher_published ... ok
[INFO] [stdout] test sfu::tests::publish_triggers_subscribe_offer_to_other_client ... ok
[INFO] [stdout] test sfu::tests::subscribe_offer_filters_unsupported_publisher_codecs ... ok
[INFO] [stdout] test sfu::tests::subscribe_offer_advertises_all_publisher_codecs ... ok
[INFO] [stdout] test sfu::tests::republish_same_offer_is_idempotent ... ok
[INFO] [stdout] 
[INFO] [stdout] test result: ok. 27 passed; 0 failed; 0 ignored; 0 measured; 0 filtered out; finished in 0.24s
[INFO] [stdout] 
[INFO] [stderr]      Running tests/data_channel_test.rs (/opt/rustwide/target/debug/deps/data_channel_test-744744d35fe5b432)
[INFO] [stdout] 
[INFO] [stdout] running 3 tests
[INFO] [stdout] test test_data_channels ... FAILED
[INFO] [stdout] test test_multiple_concurrent_rooms ... FAILED
[INFO] [stdout] test test_data_channel ... FAILED
[INFO] [stdout] 
[INFO] [stdout] failures:
[INFO] [stdout] 
[INFO] [stdout] ---- test_data_channels stdout ----
[INFO] [stdout] /opt/rustwide/cargo-home/registry/src/index.crates.io-1949cf8c6b5b557f/webrtc-0.21.0-rc.2/src/peer_connection/mod.rs:1012 [ERROR] 18:17:19.476190 - I/O error: io error: No such device (os error 19)
[INFO] [stdout] Error: io error: No such device (os error 19)
[INFO] [stdout] 
[INFO] [stdout] Stack backtrace:
[INFO] [stdout]    0: <anyhow::Error as core::convert::From<rtc_shared::error::Error>>::from
[INFO] [stdout]              at /opt/rustwide/cargo-home/registry/src/index.crates.io-1949cf8c6b5b557f/anyhow-1.0.104/src/backtrace.rs:10:14
[INFO] [stdout]    1: <core::result::Result<alloc::sync::Arc<dyn webrtc::peer_connection::PeerConnection>, anyhow::Error> as core::ops::try_trait::FromResidual<core::result::Result<core::convert::Infallible, rtc_shared::error::Error>>>::from_residual
[INFO] [stdout]              at /rustc/dfb0accb7f508ae8be965d8629557221c889dd98/library/core/src/result.rs:2193:27
[INFO] [stdout]    2: data_channel_test::common::build_peer_connection::{closure#0}
[INFO] [stdout]              at ./tests/common/mod.rs:263:14
[INFO] [stdout]    3: data_channel_test::common::connect_with_media_engine::{closure#0}
[INFO] [stdout]              at ./tests/common/mod.rs:777:6
[INFO] [stdout]    4: data_channel_test::common::connect::{closure#0}
[INFO] [stdout]              at ./tests/common/mod.rs:732:88
[INFO] [stdout]    5: data_channel_test::test_data_channels::{closure#0}
[INFO] [stdout]              at ./tests/data_channel_test.rs:23:75
[INFO] [stdout]    6: <core::pin::Pin<&mut dyn core::future::future::Future<Output = core::result::Result<(), anyhow::Error>>> as core::future::future::Future>::poll
[INFO] [stdout]              at /rustc/dfb0accb7f508ae8be965d8629557221c889dd98/library/core/src/future/future.rs:133:9
[INFO] [stdout]    7: <core::pin::Pin<&mut core::pin::Pin<&mut dyn core::future::future::Future<Output = core::result::Result<(), anyhow::Error>>>> as core::future::future::Future>::poll
[INFO] [stdout]              at /rustc/dfb0accb7f508ae8be965d8629557221c889dd98/library/core/src/future/future.rs:133:9
[INFO] [stdout]    8: <tokio::runtime::scheduler::current_thread::CoreGuard>::block_on::<core::pin::Pin<&mut core::pin::Pin<&mut dyn core::future::future::Future<Output = core::result::Result<(), anyhow::Error>>>>>::{closure#0}::{closure#0}::{closure#0}
[INFO] [stdout]              at /opt/rustwide/cargo-home/registry/src/index.crates.io-1949cf8c6b5b557f/tokio-1.53.1/src/runtime/scheduler/current_thread/mod.rs:830:70
[INFO] [stdout]    9: tokio::task::coop::with_budget::<core::task::poll::Poll<core::result::Result<(), anyhow::Error>>, <tokio::runtime::scheduler::current_thread::CoreGuard>::block_on<core::pin::Pin<&mut core::pin::Pin<&mut dyn core::future::future::Future<Output = core::result::Result<(), anyhow::Error>>>>>::{closure#0}::{closure#0}::{closure#0}>
[INFO] [stdout]              at /opt/rustwide/cargo-home/registry/src/index.crates.io-1949cf8c6b5b557f/tokio-1.53.1/src/task/coop/mod.rs:167:5
[INFO] [stdout]   10: tokio::task::coop::budget::<core::task::poll::Poll<core::result::Result<(), anyhow::Error>>, <tokio::runtime::scheduler::current_thread::CoreGuard>::block_on<core::pin::Pin<&mut core::pin::Pin<&mut dyn core::future::future::Future<Output = core::result::Result<(), anyhow::Error>>>>>::{closure#0}::{closure#0}::{closure#0}>
[INFO] [stdout]              at /opt/rustwide/cargo-home/registry/src/index.crates.io-1949cf8c6b5b557f/tokio-1.53.1/src/task/coop/mod.rs:133:5
[INFO] [stdout]   11: <tokio::runtime::scheduler::current_thread::CoreGuard>::block_on::<core::pin::Pin<&mut core::pin::Pin<&mut dyn core::future::future::Future<Output = core::result::Result<(), anyhow::Error>>>>>::{closure#0}::{closure#0}
[INFO] [stdout]              at /opt/rustwide/cargo-home/registry/src/index.crates.io-1949cf8c6b5b557f/tokio-1.53.1/src/runtime/scheduler/current_thread/mod.rs:830:25
[INFO] [stdout]   12: <tokio::runtime::scheduler::current_thread::Context>::enter::<core::task::poll::Poll<core::result::Result<(), anyhow::Error>>, <tokio::runtime::scheduler::current_thread::CoreGuard>::block_on<core::pin::Pin<&mut core::pin::Pin<&mut dyn core::future::future::Future<Output = core::result::Result<(), anyhow::Error>>>>>::{closure#0}::{closure#0}>
[INFO] [stdout]              at /opt/rustwide/cargo-home/registry/src/index.crates.io-1949cf8c6b5b557f/tokio-1.53.1/src/runtime/scheduler/current_thread/mod.rs:488:19
[INFO] [stdout]   13: <tokio::runtime::scheduler::current_thread::CoreGuard>::block_on::<core::pin::Pin<&mut core::pin::Pin<&mut dyn core::future::future::Future<Output = core::result::Result<(), anyhow::Error>>>>>::{closure#0}
[INFO] [stdout]              at /opt/rustwide/cargo-home/registry/src/index.crates.io-1949cf8c6b5b557f/tokio-1.53.1/src/runtime/scheduler/current_thread/mod.rs:829:44
[INFO] [stdout]   14: <tokio::runtime::scheduler::current_thread::CoreGuard>::enter::<<tokio::runtime::scheduler::current_thread::CoreGuard>::block_on<core::pin::Pin<&mut core::pin::Pin<&mut dyn core::future::future::Future<Output = core::result::Result<(), anyhow::Error>>>>>::{closure#0}, core::option::Option<core::result::Result<(), anyhow::Error>>>::{closure#0}
[INFO] [stdout]              at /opt/rustwide/cargo-home/registry/src/index.crates.io-1949cf8c6b5b557f/tokio-1.53.1/src/runtime/scheduler/current_thread/mod.rs:906:68
[INFO] [stdout]   15: <tokio::runtime::context::scoped::Scoped<tokio::runtime::scheduler::Context>>::set::<<tokio::runtime::scheduler::current_thread::CoreGuard>::enter<<tokio::runtime::scheduler::current_thread::CoreGuard>::block_on<core::pin::Pin<&mut core::pin::Pin<&mut dyn core::future::future::Future<Output = core::result::Result<(), anyhow::Error>>>>>::{closure#0}, core::option::Option<core::result::Result<(), anyhow::Error>>>::{closure#0}, (alloc::boxed::Box<tokio::runtime::scheduler::current_thread::Core>, core::option::Option<core::result::Result<(), anyhow::Error>>)>
[INFO] [stdout]              at /opt/rustwide/cargo-home/registry/src/index.crates.io-1949cf8c6b5b557f/tokio-1.53.1/src/runtime/context/scoped.rs:40:9
[INFO] [stdout]   16: tokio::runtime::context::set_scheduler::<(alloc::boxed::Box<tokio::runtime::scheduler::current_thread::Core>, core::option::Option<core::result::Result<(), anyhow::Error>>), <tokio::runtime::scheduler::current_thread::CoreGuard>::enter<<tokio::runtime::scheduler::current_thread::CoreGuard>::block_on<core::pin::Pin<&mut core::pin::Pin<&mut dyn core::future::future::Future<Output = core::result::Result<(), anyhow::Error>>>>>::{closure#0}, core::option::Option<core::result::Result<(), anyhow::Error>>>::{closure#0}>::{closure#0}
[INFO] [stdout]              at /opt/rustwide/cargo-home/registry/src/index.crates.io-1949cf8c6b5b557f/tokio-1.53.1/src/runtime/context.rs:187:38
[INFO] [stdout]   17: <std::thread::local::LocalKey<tokio::runtime::context::Context>>::try_with::<tokio::runtime::context::set_scheduler<(alloc::boxed::Box<tokio::runtime::scheduler::current_thread::Core>, core::option::Option<core::result::Result<(), anyhow::Error>>), <tokio::runtime::scheduler::current_thread::CoreGuard>::enter<<tokio::runtime::scheduler::current_thread::CoreGuard>::block_on<core::pin::Pin<&mut core::pin::Pin<&mut dyn core::future::future::Future<Output = core::result::Result<(), anyhow::Error>>>>>::{closure#0}, core::option::Option<core::result::Result<(), anyhow::Error>>>::{closure#0}>::{closure#0}, (alloc::boxed::Box<tokio::runtime::scheduler::current_thread::Core>, core::option::Option<core::result::Result<(), anyhow::Error>>)>
[INFO] [stdout]              at /rustc/dfb0accb7f508ae8be965d8629557221c889dd98/library/std/src/thread/local.rs:463:12
[INFO] [stdout]   18: <std::thread::local::LocalKey<tokio::runtime::context::Context>>::with::<tokio::runtime::context::set_scheduler<(alloc::boxed::Box<tokio::runtime::scheduler::current_thread::Core>, core::option::Option<core::result::Result<(), anyhow::Error>>), <tokio::runtime::scheduler::current_thread::CoreGuard>::enter<<tokio::runtime::scheduler::current_thread::CoreGuard>::block_on<core::pin::Pin<&mut core::pin::Pin<&mut dyn core::future::future::Future<Output = core::result::Result<(), anyhow::Error>>>>>::{closure#0}, core::option::Option<core::result::Result<(), anyhow::Error>>>::{closure#0}>::{closure#0}, (alloc::boxed::Box<tokio::runtime::scheduler::current_thread::Core>, core::option::Option<core::result::Result<(), anyhow::Error>>)>
[INFO] [stdout]              at /rustc/dfb0accb7f508ae8be965d8629557221c889dd98/library/std/src/thread/local.rs:427:20
[INFO] [stdout]   19: tokio::runtime::context::set_scheduler::<(alloc::boxed::Box<tokio::runtime::scheduler::current_thread::Core>, core::option::Option<core::result::Result<(), anyhow::Error>>), <tokio::runtime::scheduler::current_thread::CoreGuard>::enter<<tokio::runtime::scheduler::current_thread::CoreGuard>::block_on<core::pin::Pin<&mut core::pin::Pin<&mut dyn core::future::future::Future<Output = core::result::Result<(), anyhow::Error>>>>>::{closure#0}, core::option::Option<core::result::Result<(), anyhow::Error>>>::{closure#0}>
[INFO] [stdout]              at /opt/rustwide/cargo-home/registry/src/index.crates.io-1949cf8c6b5b557f/tokio-1.53.1/src/runtime/context.rs:187:17
[INFO] [stdout]   20: <tokio::runtime::scheduler::current_thread::CoreGuard>::enter::<<tokio::runtime::scheduler::current_thread::CoreGuard>::block_on<core::pin::Pin<&mut core::pin::Pin<&mut dyn core::future::future::Future<Output = core::result::Result<(), anyhow::Error>>>>>::{closure#0}, core::option::Option<core::result::Result<(), anyhow::Error>>>
[INFO] [stdout]              at /opt/rustwide/cargo-home/registry/src/index.crates.io-1949cf8c6b5b557f/tokio-1.53.1/src/runtime/scheduler/current_thread/mod.rs:906:27
[INFO] [stdout]   21: <tokio::runtime::scheduler::current_thread::CoreGuard>::block_on::<core::pin::Pin<&mut core::pin::Pin<&mut dyn core::future::future::Future<Output = core::result::Result<(), anyhow::Error>>>>>
[INFO] [stdout]              at /opt/rustwide/cargo-home/registry/src/index.crates.io-1949cf8c6b5b557f/tokio-1.53.1/src/runtime/scheduler/current_thread/mod.rs:817:24
[INFO] [stdout]   22: <tokio::runtime::scheduler::current_thread::CurrentThread>::block_on::<core::pin::Pin<&mut dyn core::future::future::Future<Output = core::result::Result<(), anyhow::Error>>>>::{closure#0}
[INFO] [stdout]              at /opt/rustwide/cargo-home/registry/src/index.crates.io-1949cf8c6b5b557f/tokio-1.53.1/src/runtime/scheduler/current_thread/mod.rs:218:33
[INFO] [stdout]   23: tokio::runtime::context::runtime::enter_runtime::<<tokio::runtime::scheduler::current_thread::CurrentThread>::block_on<core::pin::Pin<&mut dyn core::future::future::Future<Output = core::result::Result<(), anyhow::Error>>>>::{closure#0}, core::result::Result<(), anyhow::Error>>
[INFO] [stdout]              at /opt/rustwide/cargo-home/registry/src/index.crates.io-1949cf8c6b5b557f/tokio-1.53.1/src/runtime/context/runtime.rs:65:16
[INFO] [stdout]   24: <tokio::runtime::scheduler::current_thread::CurrentThread>::block_on::<core::pin::Pin<&mut dyn core::future::future::Future<Output = core::result::Result<(), anyhow::Error>>>>
[INFO] [stdout]              at /opt/rustwide/cargo-home/registry/src/index.crates.io-1949cf8c6b5b557f/tokio-1.53.1/src/runtime/scheduler/current_thread/mod.rs:206:9
[INFO] [stdout]   25: <tokio::runtime::runtime::Runtime>::block_on_inner::<core::pin::Pin<&mut dyn core::future::future::Future<Output = core::result::Result<(), anyhow::Error>>>>
[INFO] [stdout]              at /opt/rustwide/cargo-home/registry/src/index.crates.io-1949cf8c6b5b557f/tokio-1.53.1/src/runtime/runtime.rs:374:52
[INFO] [stdout]   26: <tokio::runtime::runtime::Runtime>::block_on::<core::pin::Pin<&mut dyn core::future::future::Future<Output = core::result::Result<(), anyhow::Error>>>>
[INFO] [stdout]              at /opt/rustwide/cargo-home/registry/src/index.crates.io-1949cf8c6b5b557f/tokio-1.53.1/src/runtime/runtime.rs:343:18
[INFO] [stdout]   27: data_channel_test::test_data_channels
[INFO] [stdout]              at ./tests/data_channel_test.rs:28:7
[INFO] [stdout]   28: data_channel_test::test_data_channels::{closure#0}
[INFO] [stdout]              at ./tests/data_channel_test.rs:19:34
[INFO] [stdout]   29: <data_channel_test::test_data_channels::{closure#0} as core::ops::function::FnOnce<()>>::call_once
[INFO] [stdout]              at /rustc/dfb0accb7f508ae8be965d8629557221c889dd98/library/core/src/ops/function.rs:250:5
[INFO] [stdout]   30: <fn() -> core::result::Result<(), alloc::string::String> as core::ops::function::FnOnce<()>>::call_once
[INFO] [stdout]              at /rustc/dfb0accb7f508ae8be965d8629557221c889dd98/library/core/src/ops/function.rs:250:5
[INFO] [stdout]   31: test::__rust_begin_short_backtrace::<core::result::Result<(), alloc::string::String>, fn() -> core::result::Result<(), alloc::string::String>>
[INFO] [stdout]              at /rustc/dfb0accb7f508ae8be965d8629557221c889dd98/library/test/src/lib.rs:733:18
[INFO] [stdout]   32: test::run_test_in_process::{closure#0}
[INFO] [stdout]              at /rustc/dfb0accb7f508ae8be965d8629557221c889dd98/library/test/src/lib.rs:756:74
[INFO] [stdout]   33: <core::panic::unwind_safe::AssertUnwindSafe<test::run_test_in_process::{closure#0}> as core::ops::function::FnOnce<()>>::call_once
[INFO] [stdout]              at /rustc/dfb0accb7f508ae8be965d8629557221c889dd98/library/core/src/panic/unwind_safe.rs:275:9
[INFO] [stdout]   34: std::panicking::catch_unwind::do_call::<core::panic::unwind_safe::AssertUnwindSafe<test::run_test_in_process::{closure#0}>, core::result::Result<(), alloc::string::String>>
[INFO] [stdout]              at /rustc/dfb0accb7f508ae8be965d8629557221c889dd98/library/std/src/panicking.rs:576:43
[INFO] [stdout]   35: std::panicking::catch_unwind::<core::result::Result<(), alloc::string::String>, core::panic::unwind_safe::AssertUnwindSafe<test::run_test_in_process::{closure#0}>>
[INFO] [stdout]              at /rustc/dfb0accb7f508ae8be965d8629557221c889dd98/library/std/src/panicking.rs:544:19
[INFO] [stdout]   36: std::panic::catch_unwind::<core::panic::unwind_safe::AssertUnwindSafe<test::run_test_in_process::{closure#0}>, core::result::Result<(), alloc::string::String>>
[INFO] [stdout]              at /rustc/dfb0accb7f508ae8be965d8629557221c889dd98/library/std/src/panic.rs:359:14
[INFO] [stdout]   37: test::run_test_in_process
[INFO] [stdout]              at /rustc/dfb0accb7f508ae8be965d8629557221c889dd98/library/test/src/lib.rs:756:27
[INFO] [stdout]   38: test::run_test::{closure#0}
[INFO] [stdout]              at /rustc/dfb0accb7f508ae8be965d8629557221c889dd98/library/test/src/lib.rs:677:43
[INFO] [stdout]   39: test::run_test::{closure#1}
[INFO] [stdout]              at /rustc/dfb0accb7f508ae8be965d8629557221c889dd98/library/test/src/lib.rs:707:41
[INFO] [stdout]   40: std::sys::backtrace::__rust_begin_short_backtrace::<test::run_test::{closure#1}, ()>
[INFO] [stdout]              at /rustc/dfb0accb7f508ae8be965d8629557221c889dd98/library/std/src/sys/backtrace.rs:166:18
[INFO] [stdout]   41: std::thread::lifecycle::spawn_unchecked::<test::run_test::{closure#1}, ()>::{closure#1}::{closure#0}
[INFO] [stdout]              at /rustc/dfb0accb7f508ae8be965d8629557221c889dd98/library/std/src/thread/lifecycle.rs:70:13
[INFO] [stdout]   42: <core::panic::unwind_safe::AssertUnwindSafe<std::thread::lifecycle::spawn_unchecked<test::run_test::{closure#1}, ()>::{closure#1}::{closure#0}> as core::ops::function::FnOnce<()>>::call_once
[INFO] [stdout]              at /rustc/dfb0accb7f508ae8be965d8629557221c889dd98/library/core/src/panic/unwind_safe.rs:275:9
[INFO] [stdout]   43: std::panicking::catch_unwind::do_call::<core::panic::unwind_safe::AssertUnwindSafe<std::thread::lifecycle::spawn_unchecked<test::run_test::{closure#1}, ()>::{closure#1}::{closure#0}>, ()>
[INFO] [stdout]              at /rustc/dfb0accb7f508ae8be965d8629557221c889dd98/library/std/src/panicking.rs:576:43
[INFO] [stdout]   44: std::panicking::catch_unwind::<(), core::panic::unwind_safe::AssertUnwindSafe<std::thread::lifecycle::spawn_unchecked<test::run_test::{closure#1}, ()>::{closure#1}::{closure#0}>>
[INFO] [stdout]              at /rustc/dfb0accb7f508ae8be965d8629557221c889dd98/library/std/src/panicking.rs:544:19
[INFO] [stdout]   45: std::panic::catch_unwind::<core::panic::unwind_safe::AssertUnwindSafe<std::thread::lifecycle::spawn_unchecked<test::run_test::{closure#1}, ()>::{closure#1}::{closure#0}>, ()>
[INFO] [stdout]              at /rustc/dfb0accb7f508ae8be965d8629557221c889dd98/library/std/src/panic.rs:359:14
[INFO] [stdout]   46: std::thread::lifecycle::spawn_unchecked::<test::run_test::{closure#1}, ()>::{closure#1}
[INFO] [stdout]              at /rustc/dfb0accb7f508ae8be965d8629557221c889dd98/library/std/src/thread/lifecycle.rs:68:26
[INFO] [stdout]   47: <std::thread::lifecycle::spawn_unchecked<test::run_test::{closure#1}, ()>::{closure#1} as core::ops::function::FnOnce<()>>::call_once::{shim:vtable#0}
[INFO] [stdout]              at /rustc/dfb0accb7f508ae8be965d8629557221c889dd98/library/core/src/ops/function.rs:250:5
[INFO] [stdout]   48: <alloc::boxed::Box<dyn core::ops::function::FnOnce<(), Output = ()> + core::marker::Send> as core::ops::function::FnOnce<()>>::call_once
[INFO] [stdout]              at /rustc/dfb0accb7f508ae8be965d8629557221c889dd98/library/alloc/src/boxed.rs:2320:9
[INFO] [stdout]   49: <std::sys::thread::unix::Thread>::new::thread_start
[INFO] [stdout]              at /rustc/dfb0accb7f508ae8be965d8629557221c889dd98/library/std/src/sys/thread/unix.rs:123:17
[INFO] [stdout]   50: <unknown>
[INFO] [stdout]   51: clone
[INFO] [stdout] 
[INFO] [stdout] ---- test_multiple_concurrent_rooms stdout ----
[INFO] [stdout] /opt/rustwide/cargo-home/registry/src/index.crates.io-1949cf8c6b5b557f/webrtc-0.21.0-rc.2/src/peer_connection/mod.rs:1012 [ERROR] 18:17:19.477362 - I/O error: io error: No such device (os error 19)
[INFO] [stdout] /opt/rustwide/cargo-home/registry/src/index.crates.io-1949cf8c6b5b557f/webrtc-0.21.0-rc.2/src/peer_connection/mod.rs:1012 [ERROR] 18:17:19.477530 - I/O error: io error: No such device (os error 19)
[INFO] [stdout] /opt/rustwide/cargo-home/registry/src/index.crates.io-1949cf8c6b5b557f/webrtc-0.21.0-rc.2/src/peer_connection/mod.rs:1012 [ERROR] 18:17:19.477641 - I/O error: io error: No such device (os error 19)
[INFO] [stdout] /opt/rustwide/cargo-home/registry/src/index.crates.io-1949cf8c6b5b557f/webrtc-0.21.0-rc.2/src/peer_connection/mod.rs:1012 [ERROR] 18:17:19.477754 - I/O error: io error: No such device (os error 19)
[INFO] [stdout] /opt/rustwide/cargo-home/registry/src/index.crates.io-1949cf8c6b5b557f/webrtc-0.21.0-rc.2/src/peer_connection/mod.rs:1012 [ERROR] 18:17:19.477879 - I/O error: io error: No such device (os error 19)
[INFO] [stdout] Error: io error: No such device (os error 19)
[INFO] [stdout] 
[INFO] [stdout] Stack backtrace:
[INFO] [stdout]    0: <anyhow::Error as core::convert::From<rtc_shared::error::Error>>::from
[INFO] [stdout]              at /opt/rustwide/cargo-home/registry/src/index.crates.io-1949cf8c6b5b557f/anyhow-1.0.104/src/backtrace.rs:10:14
[INFO] [stdout]    1: <core::result::Result<alloc::sync::Arc<dyn webrtc::peer_connection::PeerConnection>, anyhow::Error> as core::ops::try_trait::FromResidual<core::result::Result<core::convert::Infallible, rtc_shared::error::Error>>>::from_residual
[INFO] [stdout]              at /rustc/dfb0accb7f508ae8be965d8629557221c889dd98/library/core/src/result.rs:2193:27
[INFO] [stdout]    2: data_channel_test::common::build_peer_connection::{closure#0}
[INFO] [stdout]              at ./tests/common/mod.rs:263:14
[INFO] [stdout]    3: data_channel_test::common::connect_with_media_engine::{closure#0}
[INFO] [stdout]              at ./tests/common/mod.rs:777:6
[INFO] [stdout]    4: data_channel_test::common::connect::{closure#0}
[INFO] [stdout]              at ./tests/common/mod.rs:732:88
[INFO] [stdout]    5: data_channel_test::test_multiple_concurrent_rooms::{closure#0}::{closure#0}
[INFO] [stdout]              at ./tests/data_channel_test.rs:40:72
[INFO] [stdout]    6: <core::pin::Pin<alloc::boxed::Box<data_channel_test::test_multiple_concurrent_rooms::{closure#0}::{closure#0}>> as core::future::future::Future>::poll
[INFO] [stdout]              at /rustc/dfb0accb7f508ae8be965d8629557221c889dd98/library/core/src/future/future.rs:133:9
[INFO] [stdout]    7: <tokio::runtime::task::core::Core<core::pin::Pin<alloc::boxed::Box<data_channel_test::test_multiple_concurrent_rooms::{closure#0}::{closure#0}>>, alloc::sync::Arc<tokio::runtime::scheduler::current_thread::Handle>>>::poll::{closure#0}
[INFO] [stdout]              at /opt/rustwide/cargo-home/registry/src/index.crates.io-1949cf8c6b5b557f/tokio-1.53.1/src/runtime/task/core.rs:380:24
[INFO] [stdout]    8: <tokio::loom::std::unsafe_cell::UnsafeCell<tokio::runtime::task::core::Stage<core::pin::Pin<alloc::boxed::Box<data_channel_test::test_multiple_concurrent_rooms::{closure#0}::{closure#0}>>>>>::with_mut::<core::task::poll::Poll<core::result::Result<(), anyhow::Error>>, <tokio::runtime::task::core::Core<core::pin::Pin<alloc::boxed::Box<data_channel_test::test_multiple_concurrent_rooms::{closure#0}::{closure#0}>>, alloc::sync::Arc<tokio::runtime::scheduler::current_thread::Handle>>>::poll::{closure#0}>
[INFO] [stdout]              at /opt/rustwide/cargo-home/registry/src/index.crates.io-1949cf8c6b5b557f/tokio-1.53.1/src/loom/std/unsafe_cell.rs:16:9
[INFO] [stdout]    9: <tokio::runtime::task::core::Core<core::pin::Pin<alloc::boxed::Box<data_channel_test::test_multiple_concurrent_rooms::{closure#0}::{closure#0}>>, alloc::sync::Arc<tokio::runtime::scheduler::current_thread::Handle>>>::poll
[INFO] [stdout]              at /opt/rustwide/cargo-home/registry/src/index.crates.io-1949cf8c6b5b557f/tokio-1.53.1/src/runtime/task/core.rs:369:30
[INFO] [stdout]   10: tokio::runtime::task::harness::poll_future::<core::pin::Pin<alloc::boxed::Box<data_channel_test::test_multiple_concurrent_rooms::{closure#0}::{closure#0}>>, alloc::sync::Arc<tokio::runtime::scheduler::current_thread::Handle>>::{closure#0}
[INFO] [stdout]              at /opt/rustwide/cargo-home/registry/src/index.crates.io-1949cf8c6b5b557f/tokio-1.53.1/src/runtime/task/harness.rs:535:30
[INFO] [stdout]   11: <core::panic::unwind_safe::AssertUnwindSafe<tokio::runtime::task::harness::poll_future<core::pin::Pin<alloc::boxed::Box<data_channel_test::test_multiple_concurrent_rooms::{closure#0}::{closure#0}>>, alloc::sync::Arc<tokio::runtime::scheduler::current_thread::Handle>>::{closure#0}> as core::ops::function::FnOnce<()>>::call_once
[INFO] [stdout]              at /rustc/dfb0accb7f508ae8be965d8629557221c889dd98/library/core/src/panic/unwind_safe.rs:275:9
[INFO] [stdout]   12: std::panicking::catch_unwind::do_call::<core::panic::unwind_safe::AssertUnwindSafe<tokio::runtime::task::harness::poll_future<core::pin::Pin<alloc::boxed::Box<data_channel_test::test_multiple_concurrent_rooms::{closure#0}::{closure#0}>>, alloc::sync::Arc<tokio::runtime::scheduler::current_thread::Handle>>::{closure#0}>, core::task::poll::Poll<core::result::Result<(), anyhow::Error>>>
[INFO] [stdout]              at /rustc/dfb0accb7f508ae8be965d8629557221c889dd98/library/std/src/panicking.rs:576:43
[INFO] [stdout]   13: __rust_try
[INFO] [stdout]   14: std::panicking::catch_unwind::<core::task::poll::Poll<core::result::Result<(), anyhow::Error>>, core::panic::unwind_safe::AssertUnwindSafe<tokio::runtime::task::harness::poll_future<core::pin::Pin<alloc::boxed::Box<data_channel_test::test_multiple_concurrent_rooms::{closure#0}::{closure#0}>>, alloc::sync::Arc<tokio::runtime::scheduler::current_thread::Handle>>::{closure#0}>>
[INFO] [stdout]              at /rustc/dfb0accb7f508ae8be965d8629557221c889dd98/library/std/src/panicking.rs:544:19
[INFO] [stdout]   15: std::panic::catch_unwind::<core::panic::unwind_safe::AssertUnwindSafe<tokio::runtime::task::harness::poll_future<core::pin::Pin<alloc::boxed::Box<data_channel_test::test_multiple_concurrent_rooms::{closure#0}::{closure#0}>>, alloc::sync::Arc<tokio::runtime::scheduler::current_thread::Handle>>::{closure#0}>, core::task::poll::Poll<core::result::Result<(), anyhow::Error>>>
[INFO] [stdout]              at /rustc/dfb0accb7f508ae8be965d8629557221c889dd98/library/std/src/panic.rs:359:14
[INFO] [stdout]   16: tokio::runtime::task::harness::poll_future::<core::pin::Pin<alloc::boxed::Box<data_channel_test::test_multiple_concurrent_rooms::{closure#0}::{closure#0}>>, alloc::sync::Arc<tokio::runtime::scheduler::current_thread::Handle>>
[INFO] [stdout]              at /opt/rustwide/cargo-home/registry/src/index.crates.io-1949cf8c6b5b557f/tokio-1.53.1/src/runtime/task/harness.rs:523:18
[INFO] [stdout]   17: <tokio::runtime::task::harness::Harness<core::pin::Pin<alloc::boxed::Box<data_channel_test::test_multiple_concurrent_rooms::{closure#0}::{closure#0}>>, alloc::sync::Arc<tokio::runtime::scheduler::current_thread::Handle>>>::poll_inner
[INFO] [stdout]              at /opt/rustwide/cargo-home/registry/src/index.crates.io-1949cf8c6b5b557f/tokio-1.53.1/src/runtime/task/harness.rs:210:27
[INFO] [stdout]   18: <tokio::runtime::task::harness::Harness<core::pin::Pin<alloc::boxed::Box<data_channel_test::test_multiple_concurrent_rooms::{closure#0}::{closure#0}>>, alloc::sync::Arc<tokio::runtime::scheduler::current_thread::Handle>>>::poll
[INFO] [stdout]              at /opt/rustwide/cargo-home/registry/src/index.crates.io-1949cf8c6b5b557f/tokio-1.53.1/src/runtime/task/harness.rs:155:20
[INFO] [stdout]   19: tokio::runtime::task::raw::poll::<core::pin::Pin<alloc::boxed::Box<data_channel_test::test_multiple_concurrent_rooms::{closure#0}::{closure#0}>>, alloc::sync::Arc<tokio::runtime::scheduler::current_thread::Handle>>
[INFO] [stdout]              at /opt/rustwide/cargo-home/registry/src/index.crates.io-1949cf8c6b5b557f/tokio-1.53.1/src/runtime/task/raw.rs:343:13
[INFO] [stdout]   20: <tokio::runtime::task::raw::RawTask>::poll
[INFO] [stdout]              at /opt/rustwide/cargo-home/registry/src/index.crates.io-1949cf8c6b5b557f/tokio-1.53.1/src/runtime/task/raw.rs:273:18
[INFO] [stdout]   21: <tokio::runtime::task::LocalNotified<alloc::sync::Arc<tokio::runtime::scheduler::current_thread::Handle>>>::run
[INFO] [stdout]              at /opt/rustwide/cargo-home/registry/src/index.crates.io-1949cf8c6b5b557f/tokio-1.53.1/src/runtime/task/mod.rs:519:13
[INFO] [stdout]   22: <tokio::runtime::scheduler::current_thread::Context>::run_task::{closure#0}::{closure#0}
[INFO] [stdout]              at /opt/rustwide/cargo-home/registry/src/index.crates.io-1949cf8c6b5b557f/tokio-1.53.1/src/runtime/scheduler/current_thread/mod.rs:398:22
[INFO] [stdout]   23: tokio::task::coop::with_budget::<(), <tokio::runtime::scheduler::current_thread::Context>::run_task::{closure#0}::{closure#0}>
[INFO] [stdout]              at /opt/rustwide/cargo-home/registry/src/index.crates.io-1949cf8c6b5b557f/tokio-1.53.1/src/task/coop/mod.rs:167:5
[INFO] [stdout]   24: tokio::task::coop::budget::<(), <tokio::runtime::scheduler::current_thread::Context>::run_task::{closure#0}::{closure#0}>
[INFO] [stdout]              at /opt/rustwide/cargo-home/registry/src/index.crates.io-1949cf8c6b5b557f/tokio-1.53.1/src/task/coop/mod.rs:133:5
[INFO] [stdout]   25: <tokio::runtime::scheduler::current_thread::Context>::run_task::{closure#0}
[INFO] [stdout]              at /opt/rustwide/cargo-home/registry/src/index.crates.io-1949cf8c6b5b557f/tokio-1.53.1/src/runtime/scheduler/current_thread/mod.rs:394:13
[INFO] [stdout]   26: <tokio::runtime::scheduler::current_thread::Context>::enter::<(), <tokio::runtime::scheduler::current_thread::Context>::run_task::{closure#0}>
[INFO] [stdout]              at /opt/rustwide/cargo-home/registry/src/index.crates.io-1949cf8c6b5b557f/tokio-1.53.1/src/runtime/scheduler/current_thread/mod.rs:488:19
[INFO] [stdout]   27: <tokio::runtime::scheduler::current_thread::Context>::run_task
[INFO] [stdout]              at /opt/rustwide/cargo-home/registry/src/index.crates.io-1949cf8c6b5b557f/tokio-1.53.1/src/runtime/scheduler/current_thread/mod.rs:393:32
[INFO] [stdout]   28: <tokio::runtime::scheduler::current_thread::CoreGuard>::block_on::<core::pin::Pin<&mut core::pin::Pin<&mut dyn core::future::future::Future<Output = core::result::Result<(), anyhow::Error>>>>>::{closure#0}
[INFO] [stdout]              at /opt/rustwide/cargo-home/registry/src/index.crates.io-1949cf8c6b5b557f/tokio-1.53.1/src/runtime/scheduler/current_thread/mod.rs:870:37
[INFO] [stdout]   29: <tokio::runtime::scheduler::current_thread::CoreGuard>::enter::<<tokio::runtime::scheduler::current_thread::CoreGuard>::block_on<core::pin::Pin<&mut core::pin::Pin<&mut dyn core::future::future::Future<Output = core::result::Result<(), anyhow::Error>>>>>::{closure#0}, core::option::Option<core::result::Result<(), anyhow::Error>>>::{closure#0}
[INFO] [stdout]              at /opt/rustwide/cargo-home/registry/src/index.crates.io-1949cf8c6b5b557f/tokio-1.53.1/src/runtime/scheduler/current_thread/mod.rs:906:68
[INFO] [stdout]   30: <tokio::runtime::context::scoped::Scoped<tokio::runtime::scheduler::Context>>::set::<<tokio::runtime::scheduler::current_thread::CoreGuard>::enter<<tokio::runtime::scheduler::current_thread::CoreGuard>::block_on<core::pin::Pin<&mut core::pin::Pin<&mut dyn core::future::future::Future<Output = core::result::Result<(), anyhow::Error>>>>>::{closure#0}, core::option::Option<core::result::Result<(), anyhow::Error>>>::{closure#0}, (alloc::boxed::Box<tokio::runtime::scheduler::current_thread::Core>, core::option::Option<core::result::Result<(), anyhow::Error>>)>
[INFO] [stdout]              at /opt/rustwide/cargo-home/registry/src/index.crates.io-1949cf8c6b5b557f/tokio-1.53.1/src/runtime/context/scoped.rs:40:9
[INFO] [stdout]   31: tokio::runtime::context::set_scheduler::<(alloc::boxed::Box<tokio::runtime::scheduler::current_thread::Core>, core::option::Option<core::result::Result<(), anyhow::Error>>), <tokio::runtime::scheduler::current_thread::CoreGuard>::enter<<tokio::runtime::scheduler::current_thread::CoreGuard>::block_on<core::pin::Pin<&mut core::pin::Pin<&mut dyn core::future::future::Future<Output = core::result::Result<(), anyhow::Error>>>>>::{closure#0}, core::option::Option<core::result::Result<(), anyhow::Error>>>::{closure#0}>::{closure#0}
[INFO] [stdout]              at /opt/rustwide/cargo-home/registry/src/index.crates.io-1949cf8c6b5b557f/tokio-1.53.1/src/runtime/context.rs:187:38
[INFO] [stdout]   32: <std::thread::local::LocalKey<tokio::runtime::context::Context>>::try_with::<tokio::runtime::context::set_scheduler<(alloc::boxed::Box<tokio::runtime::scheduler::current_thread::Core>, core::option::Option<core::result::Result<(), anyhow::Error>>), <tokio::runtime::scheduler::current_thread::CoreGuard>::enter<<tokio::runtime::scheduler::current_thread::CoreGuard>::block_on<core::pin::Pin<&mut core::pin::Pin<&mut dyn core::future::future::Future<Output = core::result::Result<(), anyhow::Error>>>>>::{closure#0}, core::option::Option<core::result::Result<(), anyhow::Error>>>::{closure#0}>::{closure#0}, (alloc::boxed::Box<tokio::runtime::scheduler::current_thread::Core>, core::option::Option<core::result::Result<(), anyhow::Error>>)>
[INFO] [stdout]              at /rustc/dfb0accb7f508ae8be965d8629557221c889dd98/library/std/src/thread/local.rs:463:12
[INFO] [stdout]   33: <std::thread::local::LocalKey<tokio::runtime::context::Context>>::with::<tokio::runtime::context::set_scheduler<(alloc::boxed::Box<tokio::runtime::scheduler::current_thread::Core>, core::option::Option<core::result::Result<(), anyhow::Error>>), <tokio::runtime::scheduler::current_thread::CoreGuard>::enter<<tokio::runtime::scheduler::current_thread::CoreGuard>::block_on<core::pin::Pin<&mut core::pin::Pin<&mut dyn core::future::future::Future<Output = core::result::Result<(), anyhow::Error>>>>>::{closure#0}, core::option::Option<core::result::Result<(), anyhow::Error>>>::{closure#0}>::{closure#0}, (alloc::boxed::Box<tokio::runtime::scheduler::current_thread::Core>, core::option::Option<core::result::Result<(), anyhow::Error>>)>
[INFO] [stdout]              at /rustc/dfb0accb7f508ae8be965d8629557221c889dd98/library/std/src/thread/local.rs:427:20
[INFO] [stdout]   34: tokio::runtime::context::set_scheduler::<(alloc::boxed::Box<tokio::runtime::scheduler::current_thread::Core>, core::option::Option<core::result::Result<(), anyhow::Error>>), <tokio::runtime::scheduler::current_thread::CoreGuard>::enter<<tokio::runtime::scheduler::current_thread::CoreGuard>::block_on<core::pin::Pin<&mut core::pin::Pin<&mut dyn core::future::future::Future<Output = core::result::Result<(), anyhow::Error>>>>>::{closure#0}, core::option::Option<core::result::Result<(), anyhow::Error>>>::{closure#0}>
[INFO] [stdout]              at /opt/rustwide/cargo-home/registry/src/index.crates.io-1949cf8c6b5b557f/tokio-1.53.1/src/runtime/context.rs:187:17
[INFO] [stdout]   35: <tokio::runtime::scheduler::current_thread::CoreGuard>::enter::<<tokio::runtime::scheduler::current_thread::CoreGuard>::block_on<core::pin::Pin<&mut core::pin::Pin<&mut dyn core::future::future::Future<Output = core::result::Result<(), anyhow::Error>>>>>::{closure#0}, core::option::Option<core::result::Result<(), anyhow::Error>>>
[INFO] [stdout]              at /opt/rustwide/cargo-home/registry/src/index.crates.io-1949cf8c6b5b557f/tokio-1.53.1/src/runtime/scheduler/current_thread/mod.rs:906:27
[INFO] [stdout]   36: <tokio::runtime::scheduler::current_thread::CoreGuard>::block_on::<core::pin::Pin<&mut core::pin::Pin<&mut dyn core::future::future::Future<Output = core::result::Result<(), anyhow::Error>>>>>
[INFO] [stdout]              at /opt/rustwide/cargo-home/registry/src/index.crates.io-1949cf8c6b5b557f/tokio-1.53.1/src/runtime/scheduler/current_thread/mod.rs:817:24
[INFO] [stdout]   37: <tokio::runtime::scheduler::current_thread::CurrentThread>::block_on::<core::pin::Pin<&mut dyn core::future::future::Future<Output = core::result::Result<(), anyhow::Error>>>>::{closure#0}
[INFO] [stdout]              at /opt/rustwide/cargo-home/registry/src/index.crates.io-1949cf8c6b5b557f/tokio-1.53.1/src/runtime/scheduler/current_thread/mod.rs:218:33
[INFO] [stdout]   38: tokio::runtime::context::runtime::enter_runtime::<<tokio::runtime::scheduler::current_thread::CurrentThread>::block_on<core::pin::Pin<&mut dyn core::future::future::Future<Output = core::result::Result<(), anyhow::Error>>>>::{closure#0}, core::result::Result<(), anyhow::Error>>
[INFO] [stdout]              at /opt/rustwide/cargo-home/registry/src/index.crates.io-1949cf8c6b5b557f/tokio-1.53.1/src/runtime/context/runtime.rs:65:16
[INFO] [stdout]   39: <tokio::runtime::scheduler::current_thread::CurrentThread>::block_on::<core::pin::Pin<&mut dyn core::future::future::Future<Output = core::result::Result<(), anyhow::Error>>>>
[INFO] [stdout]              at /opt/rustwide/cargo-home/registry/src/index.crates.io-1949cf8c6b5b557f/tokio-1.53.1/src/runtime/scheduler/current_thread/mod.rs:206:9
[INFO] [stdout]   40: <tokio::runtime::runtime::Runtime>::block_on_inner::<core::pin::Pin<&mut dyn core::future::future::Future<Output = core::result::Result<(), anyhow::Error>>>>
[INFO] [stdout]              at /opt/rustwide/cargo-home/registry/src/index.crates.io-1949cf8c6b5b557f/tokio-1.53.1/src/runtime/runtime.rs:374:52
[INFO] [stdout]   41: <tokio::runtime::runtime::Runtime>::block_on::<core::pin::Pin<&mut dyn core::future::future::Future<Output = core::result::Result<(), anyhow::Error>>>>
[INFO] [stdout]              at /opt/rustwide/cargo-home/registry/src/index.crates.io-1949cf8c6b5b557f/tokio-1.53.1/src/runtime/runtime.rs:343:18
[INFO] [stdout]   42: data_channel_test::test_multiple_concurrent_rooms
[INFO] [stdout]              at ./tests/data_channel_test.rs:56:7
[INFO] [stdout]   43: data_channel_test::test_multiple_concurrent_rooms::{closure#0}
[INFO] [stdout]              at ./tests/data_channel_test.rs:33:46
[INFO] [stdout]   44: <data_channel_test::test_multiple_concurrent_rooms::{closure#0} as core::ops::function::FnOnce<()>>::call_once
[INFO] [stdout]              at /rustc/dfb0accb7f508ae8be965d8629557221c889dd98/library/core/src/ops/function.rs:250:5
[INFO] [stdout]   45: <fn() -> core::result::Result<(), alloc::string::String> as core::ops::function::FnOnce<()>>::call_once
[INFO] [stdout]              at /rustc/dfb0accb7f508ae8be965d8629557221c889dd98/library/core/src/ops/function.rs:250:5
[INFO] [stdout]   46: test::__rust_begin_short_backtrace::<core::result::Result<(), alloc::string::String>, fn() -> core::result::Result<(), alloc::string::String>>
[INFO] [stdout]              at /rustc/dfb0accb7f508ae8be965d8629557221c889dd98/library/test/src/lib.rs:733:18
[INFO] [stdout]   47: test::run_test_in_process::{closure#0}
[INFO] [stdout]              at /rustc/dfb0accb7f508ae8be965d8629557221c889dd98/library/test/src/lib.rs:756:74
[INFO] [stdout]   48: <core::panic::unwind_safe::AssertUnwindSafe<test::run_test_in_process::{closure#0}> as core::ops::function::FnOnce<()>>::call_once
[INFO] [stdout]              at /rustc/dfb0accb7f508ae8be965d8629557221c889dd98/library/core/src/panic/unwind_safe.rs:275:9
[INFO] [stdout]   49: std::panicking::catch_unwind::do_call::<core::panic::unwind_safe::AssertUnwindSafe<test::run_test_in_process::{closure#0}>, core::result::Result<(), alloc::string::String>>
[INFO] [stdout]              at /rustc/dfb0accb7f508ae8be965d8629557221c889dd98/library/std/src/panicking.rs:576:43
[INFO] [stdout]   50: std::panicking::catch_unwind::<core::result::Result<(), alloc::string::String>, core::panic::unwind_safe::AssertUnwindSafe<test::run_test_in_process::{closure#0}>>
[INFO] [stdout]              at /rustc/dfb0accb7f508ae8be965d8629557221c889dd98/library/std/src/panicking.rs:544:19
[INFO] [stdout]   51: std::panic::catch_unwind::<core::panic::unwind_safe::AssertUnwindSafe<test::run_test_in_process::{closure#0}>, core::result::Result<(), alloc::string::String>>
[INFO] [stdout]              at /rustc/dfb0accb7f508ae8be965d8629557221c889dd98/library/std/src/panic.rs:359:14
[INFO] [stdout]   52: test::run_test_in_process
[INFO] [stdout]              at /rustc/dfb0accb7f508ae8be965d8629557221c889dd98/library/test/src/lib.rs:756:27
[INFO] [stdout]   53: test::run_test::{closure#0}
[INFO] [stdout]              at /rustc/dfb0accb7f508ae8be965d8629557221c889dd98/library/test/src/lib.rs:677:43
[INFO] [stdout]   54: test::run_test::{closure#1}
[INFO] [stdout]              at /rustc/dfb0accb7f508ae8be965d8629557221c889dd98/library/test/src/lib.rs:707:41
[INFO] [stdout]   55: std::sys::backtrace::__rust_begin_short_backtrace::<test::run_test::{closure#1}, ()>
[INFO] [stdout]              at /rustc/dfb0accb7f508ae8be965d8629557221c889dd98/library/std/src/sys/backtrace.rs:166:18
[INFO] [stdout]   56: std::thread::lifecycle::spawn_unchecked::<test::run_test::{closure#1}, ()>::{closure#1}::{closure#0}
[INFO] [stdout]              at /rustc/dfb0accb7f508ae8be965d8629557221c889dd98/library/std/src/thread/lifecycle.rs:70:13
[INFO] [stdout]   57: <core::panic::unwind_safe::AssertUnwindSafe<std::thread::lifecycle::spawn_unchecked<test::run_test::{closure#1}, ()>::{closure#1}::{closure#0}> as core::ops::function::FnOnce<()>>::call_once
[INFO] [stdout]              at /rustc/dfb0accb7f508ae8be965d8629557221c889dd98/library/core/src/panic/unwind_safe.rs:275:9
[INFO] [stdout]   58: std::panicking::catch_unwind::do_call::<core::panic::unwind_safe::AssertUnwindSafe<std::thread::lifecycle::spawn_unchecked<test::run_test::{closure#1}, ()>::{closure#1}::{closure#0}>, ()>
[INFO] [stdout]              at /rustc/dfb0accb7f508ae8be965d8629557221c889dd98/library/std/src/panicking.rs:576:43
[INFO] [stdout]   59: std::panicking::catch_unwind::<(), core::panic::unwind_safe::AssertUnwindSafe<std::thread::lifecycle::spawn_unchecked<test::run_test::{closure#1}, ()>::{closure#1}::{closure#0}>>
[INFO] [stdout]              at /rustc/dfb0accb7f508ae8be965d8629557221c889dd98/library/std/src/panicking.rs:544:19
[INFO] [stdout]   60: std::panic::catch_unwind::<core::panic::unwind_safe::AssertUnwindSafe<std::thread::lifecycle::spawn_unchecked<test::run_test::{closure#1}, ()>::{closure#1}::{closure#0}>, ()>
[INFO] [stdout]              at /rustc/dfb0accb7f508ae8be965d8629557221c889dd98/library/std/src/panic.rs:359:14
[INFO] [stdout]   61: std::thread::lifecycle::spawn_unchecked::<test::run_test::{closure#1}, ()>::{closure#1}
[INFO] [stdout]              at /rustc/dfb0accb7f508ae8be965d8629557221c889dd98/library/std/src/thread/lifecycle.rs:68:26
[INFO] [stdout]   62: <std::thread::lifecycle::spawn_unchecked<test::run_test::{closure#1}, ()>::{closure#1} as core::ops::function::FnOnce<()>>::call_once::{shim:vtable#0}
[INFO] [stdout]              at /rustc/dfb0accb7f508ae8be965d8629557221c889dd98/library/core/src/ops/function.rs:250:5
[INFO] [stdout]   63: <alloc::boxed::Box<dyn core::ops::function::FnOnce<(), Output = ()> + core::marker::Send> as core::ops::function::FnOnce<()>>::call_once
[INFO] [stdout]              at /rustc/dfb0accb7f508ae8be965d8629557221c889dd98/library/alloc/src/boxed.rs:2320:9
[INFO] [stdout]   64: <std::sys::thread::unix::Thread>::new::thread_start
[INFO] [stdout]              at /rustc/dfb0accb7f508ae8be965d8629557221c889dd98/library/std/src/sys/thread/unix.rs:123:17
[INFO] [stdout]   65: <unknown>
[INFO] [stdout]   66: clone
[INFO] [stdout] 
[INFO] [stdout] ---- test_data_channel stdout ----
[INFO] [stdout] /opt/rustwide/cargo-home/registry/src/index.crates.io-1949cf8c6b5b557f/webrtc-0.21.0-rc.2/src/peer_connection/mod.rs:1012 [ERROR] 18:17:19.478297 - I/O error: io error: No such device (os error 19)
[INFO] [stdout] Error: io error: No such device (os error 19)
[INFO] [stdout] 
[INFO] [stdout] Stack backtrace:
[INFO] [stdout]    0: <anyhow::Error as core::convert::From<rtc_shared::error::Error>>::from
[INFO] [stdout]              at /opt/rustwide/cargo-home/registry/src/index.crates.io-1949cf8c6b5b557f/anyhow-1.0.104/src/backtrace.rs:10:14
[INFO] [stdout]    1: <core::result::Result<alloc::sync::Arc<dyn webrtc::peer_connection::PeerConnection>, anyhow::Error> as core::ops::try_trait::FromResidual<core::result::Result<core::convert::Infallible, rtc_shared::error::Error>>>::from_residual
[INFO] [stdout]              at /rustc/dfb0accb7f508ae8be965d8629557221c889dd98/library/core/src/result.rs:2193:27
[INFO] [stdout]    2: data_channel_test::common::build_peer_connection::{closure#0}
[INFO] [stdout]              at ./tests/common/mod.rs:263:14
[INFO] [stdout]    3: data_channel_test::common::connect_with_media_engine::{closure#0}
[INFO] [stdout]              at ./tests/common/mod.rs:777:6
[INFO] [stdout]    4: data_channel_test::common::connect::{closure#0}
[INFO] [stdout]              at ./tests/common/mod.rs:732:88
[INFO] [stdout]    5: data_channel_test::test_data_channel::{closure#0}
[INFO] [stdout]              at ./tests/data_channel_test.rs:12:63
[INFO] [stdout]    6: <core::pin::Pin<&mut dyn core::future::future::Future<Output = core::result::Result<(), anyhow::Error>>> as core::future::future::Future>::poll
[INFO] [stdout]              at /rustc/dfb0accb7f508ae8be965d8629557221c889dd98/library/core/src/future/future.rs:133:9
[INFO] [stdout]    7: <core::pin::Pin<&mut core::pin::Pin<&mut dyn core::future::future::Future<Output = core::result::Result<(), anyhow::Error>>>> as core::future::future::Future>::poll
[INFO] [stdout]              at /rustc/dfb0accb7f508ae8be965d8629557221c889dd98/library/core/src/future/future.rs:133:9
[INFO] [stdout]    8: <tokio::runtime::scheduler::current_thread::CoreGuard>::block_on::<core::pin::Pin<&mut core::pin::Pin<&mut dyn core::future::future::Future<Output = core::result::Result<(), anyhow::Error>>>>>::{closure#0}::{closure#0}::{closure#0}
[INFO] [stdout]              at /opt/rustwide/cargo-home/registry/src/index.crates.io-1949cf8c6b5b557f/tokio-1.53.1/src/runtime/scheduler/current_thread/mod.rs:830:70
[INFO] [stdout]    9: tokio::task::coop::with_budget::<core::task::poll::Poll<core::result::Result<(), anyhow::Error>>, <tokio::runtime::scheduler::current_thread::CoreGuard>::block_on<core::pin::Pin<&mut core::pin::Pin<&mut dyn core::future::future::Future<Output = core::result::Result<(), anyhow::Error>>>>>::{closure#0}::{closure#0}::{closure#0}>
[INFO] [stdout]              at /opt/rustwide/cargo-home/registry/src/index.crates.io-1949cf8c6b5b557f/tokio-1.53.1/src/task/coop/mod.rs:167:5
[INFO] [stdout]   10: tokio::task::coop::budget::<core::task::poll::Poll<core::result::Result<(), anyhow::Error>>, <tokio::runtime::scheduler::current_thread::CoreGuard>::block_on<core::pin::Pin<&mut core::pin::Pin<&mut dyn core::future::future::Future<Output = core::result::Result<(), anyhow::Error>>>>>::{closure#0}::{closure#0}::{closure#0}>
[INFO] [stdout]              at /opt/rustwide/cargo-home/registry/src/index.crates.io-1949cf8c6b5b557f/tokio-1.53.1/src/task/coop/mod.rs:133:5
[INFO] [stdout]   11: <tokio::runtime::scheduler::current_thread::CoreGuard>::block_on::<core::pin::Pin<&mut core::pin::Pin<&mut dyn core::future::future::Future<Output = core::result::Result<(), anyhow::Error>>>>>::{closure#0}::{closure#0}
[INFO] [stdout]              at /opt/rustwide/cargo-home/registry/src/index.crates.io-1949cf8c6b5b557f/tokio-1.53.1/src/runtime/scheduler/current_thread/mod.rs:830:25
[INFO] [stdout]   12: <tokio::runtime::scheduler::current_thread::Context>::enter::<core::task::poll::Poll<core::result::Result<(), anyhow::Error>>, <tokio::runtime::scheduler::current_thread::CoreGuard>::block_on<core::pin::Pin<&mut core::pin::Pin<&mut dyn core::future::future::Future<Output = core::result::Result<(), anyhow::Error>>>>>::{closure#0}::{closure#0}>
[INFO] [stdout]              at /opt/rustwide/cargo-home/registry/src/index.crates.io-1949cf8c6b5b557f/tokio-1.53.1/src/runtime/scheduler/current_thread/mod.rs:488:19
[INFO] [stdout]   13: <tokio::runtime::scheduler::current_thread::CoreGuard>::block_on::<core::pin::Pin<&mut core::pin::Pin<&mut dyn core::future::future::Future<Output = core::result::Result<(), anyhow::Error>>>>>::{closure#0}
[INFO] [stdout]              at /opt/rustwide/cargo-home/registry/src/index.crates.io-1949cf8c6b5b557f/tokio-1.53.1/src/runtime/scheduler/current_thread/mod.rs:829:44
[INFO] [stdout]   14: <tokio::runtime::scheduler::current_thread::CoreGuard>::enter::<<tokio::runtime::scheduler::current_thread::CoreGuard>::block_on<core::pin::Pin<&mut core::pin::Pin<&mut dyn core::future::future::Future<Output = core::result::Result<(), anyhow::Error>>>>>::{closure#0}, core::option::Option<core::result::Result<(), anyhow::Error>>>::{closure#0}
[INFO] [stdout]              at /opt/rustwide/cargo-home/registry/src/index.crates.io-1949cf8c6b5b557f/tokio-1.53.1/src/runtime/scheduler/current_thread/mod.rs:906:68
[INFO] [stdout]   15: <tokio::runtime::context::scoped::Scoped<tokio::runtime::scheduler::Context>>::set::<<tokio::runtime::scheduler::current_thread::CoreGuard>::enter<<tokio::runtime::scheduler::current_thread::CoreGuard>::block_on<core::pin::Pin<&mut core::pin::Pin<&mut dyn core::future::future::Future<Output = core::result::Result<(), anyhow::Error>>>>>::{closure#0}, core::option::Option<core::result::Result<(), anyhow::Error>>>::{closure#0}, (alloc::boxed::Box<tokio::runtime::scheduler::current_thread::Core>, core::option::Option<core::result::Result<(), anyhow::Error>>)>
[INFO] [stdout]              at /opt/rustwide/cargo-home/registry/src/index.crates.io-1949cf8c6b5b557f/tokio-1.53.1/src/runtime/context/scoped.rs:40:9
[INFO] [stdout]   16: tokio::runtime::context::set_scheduler::<(alloc::boxed::Box<tokio::runtime::scheduler::current_thread::Core>, core::option::Option<core::result::Result<(), anyhow::Error>>), <tokio::runtime::scheduler::current_thread::CoreGuard>::enter<<tokio::runtime::scheduler::current_thread::CoreGuard>::block_on<core::pin::Pin<&mut core::pin::Pin<&mut dyn core::future::future::Future<Output = core::result::Result<(), anyhow::Error>>>>>::{closure#0}, core::option::Option<core::result::Result<(), anyhow::Error>>>::{closure#0}>::{closure#0}
[INFO] [stdout]              at /opt/rustwide/cargo-home/registry/src/index.crates.io-1949cf8c6b5b557f/tokio-1.53.1/src/runtime/context.rs:187:38
[INFO] [stdout]   17: <std::thread::local::LocalKey<tokio::runtime::context::Context>>::try_with::<tokio::runtime::context::set_scheduler<(alloc::boxed::Box<tokio::runtime::scheduler::current_thread::Core>, core::option::Option<core::result::Result<(), anyhow::Error>>), <tokio::runtime::scheduler::current_thread::CoreGuard>::enter<<tokio::runtime::scheduler::current_thread::CoreGuard>::block_on<core::pin::Pin<&mut core::pin::Pin<&mut dyn core::future::future::Future<Output = core::result::Result<(), anyhow::Error>>>>>::{closure#0}, core::option::Option<core::result::Result<(), anyhow::Error>>>::{closure#0}>::{closure#0}, (alloc::boxed::Box<tokio::runtime::scheduler::current_thread::Core>, core::option::Option<core::result::Result<(), anyhow::Error>>)>
[INFO] [stdout]              at /rustc/dfb0accb7f508ae8be965d8629557221c889dd98/library/std/src/thread/local.rs:463:12
[INFO] [stdout]   18: <std::thread::local::LocalKey<tokio::runtime::context::Context>>::with::<tokio::runtime::context::set_scheduler<(alloc::boxed::Box<tokio::runtime::scheduler::current_thread::Core>, core::option::Option<core::result::Result<(), anyhow::Error>>), <tokio::runtime::scheduler::current_thread::CoreGuard>::enter<<tokio::runtime::scheduler::current_thread::CoreGuard>::block_on<core::pin::Pin<&mut core::pin::Pin<&mut dyn core::future::future::Future<Output = core::result::Result<(), anyhow::Error>>>>>::{closure#0}, core::option::Option<core::result::Result<(), anyhow::Error>>>::{closure#0}>::{closure#0}, (alloc::boxed::Box<tokio::runtime::scheduler::current_thread::Core>, core::option::Option<core::result::Result<(), anyhow::Error>>)>
[INFO] [stdout]              at /rustc/dfb0accb7f508ae8be965d8629557221c889dd98/library/std/src/thread/local.rs:427:20
[INFO] [stdout]   19: tokio::runtime::context::set_scheduler::<(alloc::boxed::Box<tokio::runtime::scheduler::current_thread::Core>, core::option::Option<core::result::Result<(), anyhow::Error>>), <tokio::runtime::scheduler::current_thread::CoreGuard>::enter<<tokio::runtime::scheduler::current_thread::CoreGuard>::block_on<core::pin::Pin<&mut core::pin::Pin<&mut dyn core::future::future::Future<Output = core::result::Result<(), anyhow::Error>>>>>::{closure#0}, core::option::Option<core::result::Result<(), anyhow::Error>>>::{closure#0}>
[INFO] [stdout]              at /opt/rustwide/cargo-home/registry/src/index.crates.io-1949cf8c6b5b557f/tokio-1.53.1/src/runtime/context.rs:187:17
[INFO] [stdout]   20: <tokio::runtime::scheduler::current_thread::CoreGuard>::enter::<<tokio::runtime::scheduler::current_thread::CoreGuard>::block_on<core::pin::Pin<&mut core::pin::Pin<&mut dyn core::future::future::Future<Output = core::result::Result<(), anyhow::Error>>>>>::{closure#0}, core::option::Option<core::result::Result<(), anyhow::Error>>>
[INFO] [stdout]              at /opt/rustwide/cargo-home/registry/src/index.crates.io-1949cf8c6b5b557f/tokio-1.53.1/src/runtime/scheduler/current_thread/mod.rs:906:27
[INFO] [stdout]   21: <tokio::runtime::scheduler::current_thread::CoreGuard>::block_on::<core::pin::Pin<&mut core::pin::Pin<&mut dyn core::future::future::Future<Output = core::result::Result<(), anyhow::Error>>>>>
[INFO] [stdout]              at /opt/rustwide/cargo-home/registry/src/index.crates.io-1949cf8c6b5b557f/tokio-1.53.1/src/runtime/scheduler/current_thread/mod.rs:817:24
[INFO] [stdout]   22: <tokio::runtime::scheduler::current_thread::CurrentThread>::block_on::<core::pin::Pin<&mut dyn core::future::future::Future<Output = core::result::Result<(), anyhow::Error>>>>::{closure#0}
[INFO] [stdout]              at /opt/rustwide/cargo-home/registry/src/index.crates.io-1949cf8c6b5b557f/tokio-1.53.1/src/runtime/scheduler/current_thread/mod.rs:218:33
[INFO] [stdout]   23: tokio::runtime::context::runtime::enter_runtime::<<tokio::runtime::scheduler::current_thread::CurrentThread>::block_on<core::pin::Pin<&mut dyn core::future::future::Future<Output = core::result::Result<(), anyhow::Error>>>>::{closure#0}, core::result::Result<(), anyhow::Error>>
[INFO] [stdout]              at /opt/rustwide/cargo-home/registry/src/index.crates.io-1949cf8c6b5b557f/tokio-1.53.1/src/runtime/context/runtime.rs:65:16
[INFO] [stdout]   24: <tokio::runtime::scheduler::current_thread::CurrentThread>::block_on::<core::pin::Pin<&mut dyn core::future::future::Future<Output = core::result::Result<(), anyhow::Error>>>>
[INFO] [stdout]              at /opt/rustwide/cargo-home/registry/src/index.crates.io-1949cf8c6b5b557f/tokio-1.53.1/src/runtime/scheduler/current_thread/mod.rs:206:9
[INFO] [stdout]   25: <tokio::runtime::runtime::Runtime>::block_on_inner::<core::pin::Pin<&mut dyn core::future::future::Future<Output = core::result::Result<(), anyhow::Error>>>>
[INFO] [stdout]              at /opt/rustwide/cargo-home/registry/src/index.crates.io-1949cf8c6b5b557f/tokio-1.53.1/src/runtime/runtime.rs:374:52
[INFO] [stdout]   26: <tokio::runtime::runtime::Runtime>::block_on::<core::pin::Pin<&mut dyn core::future::future::Future<Output = core::result::Result<(), anyhow::Error>>>>
[INFO] [stdout]              at /opt/rustwide/cargo-home/registry/src/index.crates.io-1949cf8c6b5b557f/tokio-1.53.1/src/runtime/runtime.rs:343:18
[INFO] [stdout]   27: data_channel_test::test_data_channel
[INFO] [stdout]              at ./tests/data_channel_test.rs:14:7
[INFO] [stdout]   28: data_channel_test::test_data_channel::{closure#0}
[INFO] [stdout]              at ./tests/data_channel_test.rs:10:33
[INFO] [stdout]   29: <data_channel_test::test_data_channel::{closure#0} as core::ops::function::FnOnce<()>>::call_once
[INFO] [stdout]              at /rustc/dfb0accb7f508ae8be965d8629557221c889dd98/library/core/src/ops/function.rs:250:5
[INFO] [stdout]   30: <fn() -> core::result::Result<(), alloc::string::String> as core::ops::function::FnOnce<()>>::call_once
[INFO] [stdout]              at /rustc/dfb0accb7f508ae8be965d8629557221c889dd98/library/core/src/ops/function.rs:250:5
[INFO] [stdout]   31: test::__rust_begin_short_backtrace::<core::result::Result<(), alloc::string::String>, fn() -> core::result::Result<(), alloc::string::String>>
[INFO] [stdout]              at /rustc/dfb0accb7f508ae8be965d8629557221c889dd98/library/test/src/lib.rs:733:18
[INFO] [stdout]   32: test::run_test_in_process::{closure#0}
[INFO] [stdout]              at /rustc/dfb0accb7f508ae8be965d8629557221c889dd98/library/test/src/lib.rs:756:74
[INFO] [stdout]   33: <core::panic::unwind_safe::AssertUnwindSafe<test::run_test_in_process::{closure#0}> as core::ops::function::FnOnce<()>>::call_once
[INFO] [stdout]              at /rustc/dfb0accb7f508ae8be965d8629557221c889dd98/library/core/src/panic/unwind_safe.rs:275:9
[INFO] [stdout]   34: std::panicking::catch_unwind::do_call::<core::panic::unwind_safe::AssertUnwindSafe<test::run_test_in_process::{closure#0}>, core::result::Result<(), alloc::string::String>>
[INFO] [stdout]              at /rustc/dfb0accb7f508ae8be965d8629557221c889dd98/library/std/src/panicking.rs:576:43
[INFO] [stdout]   35: std::panicking::catch_unwind::<core::result::Result<(), alloc::string::String>, core::panic::unwind_safe::AssertUnwindSafe<test::run_test_in_process::{closure#0}>>
[INFO] [stdout]              at /rustc/dfb0accb7f508ae8be965d8629557221c889dd98/library/std/src/panicking.rs:544:19
[INFO] [stdout]   36: std::panic::catch_unwind::<core::panic::unwind_safe::AssertUnwindSafe<test::run_test_in_process::{closure#0}>, core::result::Result<(), alloc::string::String>>
[INFO] [stdout]              at /rustc/dfb0accb7f508ae8be965d8629557221c889dd98/library/std/src/panic.rs:359:14
[INFO] [stdout]   37: test::run_test_in_process
[INFO] [stdout]              at /rustc/dfb0accb7f508ae8be965d8629557221c889dd98/library/test/src/lib.rs:756:27
[INFO] [stdout]   38: test::run_test::{closure#0}
[INFO] [stdout]              at /rustc/dfb0accb7f508ae8be965d8629557221c889dd98/library/test/src/lib.rs:677:43
[INFO] [stdout]   39: test::run_test::{closure#1}
[INFO] [stdout]              at /rustc/dfb0accb7f508ae8be965d8629557221c889dd98/library/test/src/lib.rs:707:41
[INFO] [stdout]   40: std::sys::backtrace::__rust_begin_short_backtrace::<test::run_test::{closure#1}, ()>
[INFO] [stdout]              at /rustc/dfb0accb7f508ae8be965d8629557221c889dd98/library/std/src/sys/backtrace.rs:166:18
[INFO] [stdout]   41: std::thread::lifecycle::spawn_unchecked::<test::run_test::{closure#1}, ()>::{closure#1}::{closure#0}
[INFO] [stdout]              at /rustc/dfb0accb7f508ae8be965d8629557221c889dd98/library/std/src/thread/lifecycle.rs:70:13
[INFO] [stdout]   42: <core::panic::unwind_safe::AssertUnwindSafe<std::thread::lifecycle::spawn_unchecked<test::run_test::{closure#1}, ()>::{closure#1}::{closure#0}> as core::ops::function::FnOnce<()>>::call_once
[INFO] [stdout]              at /rustc/dfb0accb7f508ae8be965d8629557221c889dd98/library/core/src/panic/unwind_safe.rs:275:9
[INFO] [stdout]   43: std::panicking::catch_unwind::do_call::<core::panic::unwind_safe::AssertUnwindSafe<std::thread::lifecycle::spawn_unchecked<test::run_test::{closure#1}, ()>::{closure#1}::{closure#0}>, ()>
[INFO] [stdout]              at /rustc/dfb0accb7f508ae8be965d8629557221c889dd98/library/std/src/panicking.rs:576:43
[INFO] [stdout]   44: std::panicking::catch_unwind::<(), core::panic::unwind_safe::AssertUnwindSafe<std::thread::lifecycle::spawn_unchecked<test::run_test::{closure#1}, ()>::{closure#1}::{closure#0}>>
[INFO] [stdout]              at /rustc/dfb0accb7f508ae8be965d8629557221c889dd98/library/std/src/panicking.rs:544:19
[INFO] [stdout]   45: std::panic::catch_unwind::<core::panic::unwind_safe::AssertUnwindSafe<std::thread::lifecycle::spawn_unchecked<test::run_test::{closure#1}, ()>::{closure#1}::{closure#0}>, ()>
[INFO] [stdout]              at /rustc/dfb0accb7f508ae8be965d8629557221c889dd98/library/std/src/panic.rs:359:14
[INFO] [stdout]   46: std::thread::lifecycle::spawn_unchecked::<test::run_test::{closure#1}, ()>::{closure#1}
[INFO] [stdout]              at /rustc/dfb0accb7f508ae8be965d8629557221c889dd98/library/std/src/thread/lifecycle.rs:68:26
[INFO] [stdout]   47: <std::thread::lifecycle::spawn_unchecked<test::run_test::{closure#1}, ()>::{closure#1} as core::ops::function::FnOnce<()>>::call_once::{shim:vtable#0}
[INFO] [stdout]              at /rustc/dfb0accb7f508ae8be965d8629557221c889dd98/library/core/src/ops/function.rs:250:5
[INFO] [stdout]   48: <alloc::boxed::Box<dyn core::ops::function::FnOnce<(), Output = ()> + core::marker::Send> as core::ops::function::FnOnce<()>>::call_once
[INFO] [stdout]              at /rustc/dfb0accb7f508ae8be965d8629557221c889dd98/library/alloc/src/boxed.rs:2320:9
[INFO] [stdout]   49: <std::sys::thread::unix::Thread>::new::thread_start
[INFO] [stdout]              at /rustc/dfb0accb7f508ae8be965d8629557221c889dd98/library/std/src/sys/thread/unix.rs:123:17
[INFO] [stdout]   50: <unknown>
[INFO] [stdout]   51: clone
[INFO] [stdout] 
[INFO] [stdout] 
[INFO] [stdout] failures:
[INFO] [stdout]     test_data_channel
[INFO] [stdout]     test_data_channels
[INFO] [stdout]     test_multiple_concurrent_rooms
[INFO] [stdout] 
[INFO] [stdout] test result: FAILED. 0 passed; 3 failed; 0 ignored; 0 measured; 0 filtered out; finished in 0.34s
[INFO] [stdout] 
[INFO] [stderr] error: test failed, to rerun pass `--test data_channel_test`
[INFO] running `Command { std: "docker" "inspect" "396db96b52f9e3b3cbc5046ee482f81cee8b82b673da053b8e8d1b7f5c0927c3", kill_on_drop: false }`
[INFO] running `Command { std: "docker" "rm" "-f" "396db96b52f9e3b3cbc5046ee482f81cee8b82b673da053b8e8d1b7f5c0927c3", kill_on_drop: false }`
[INFO] [stdout] 396db96b52f9e3b3cbc5046ee482f81cee8b82b673da053b8e8d1b7f5c0927c3
