[INFO] fetching crate settings_loader 1.2.0...
[INFO] testing settings_loader-1.2.0 against 1.100.0-beta.1 for beta-1.100-2
[INFO] extracting crate settings_loader 1.2.0 into /workspace/builds/worker-3-tc2/source
[INFO] started tweaking crates.io crate settings_loader 1.2.0
[INFO] removed 0 missing examples
[INFO] removed 0 missing tests
[INFO] finished tweaking crates.io crate settings_loader 1.2.0
[INFO] tweaked toml for crates.io crate settings_loader 1.2.0 written to /workspace/builds/worker-3-tc2/source/Cargo.toml
[INFO] validating manifest of crates.io crate settings_loader 1.2.0 on toolchain 1.100.0-beta.1
[INFO] running `Command { std: CARGO_HOME="/workspace/cargo-home" RUSTUP_HOME="/workspace/rustup-home" "/workspace/cargo-home/bin/cargo" "+1.100.0-beta.1" "metadata" "--manifest-path" "Cargo.toml" "--no-deps", kill_on_drop: false }`
[INFO] crate crates.io crate settings_loader 1.2.0 already has a lockfile, it will not be regenerated
[INFO] running `Command { std: CARGO_HOME="/workspace/cargo-home" RUSTUP_HOME="/workspace/rustup-home" "/workspace/cargo-home/bin/cargo" "+1.100.0-beta.1" "fetch" "--manifest-path" "Cargo.toml", kill_on_drop: false }`
[INFO] [stderr] warning: `package.homepage` is redundant with `package.repository`
[INFO] [stderr]    --> Cargo.toml:170:12
[INFO] [stderr]     |
[INFO] [stderr] 170 | homepage = "https://github.com/dmrolfs/settings-loader-rs"
[INFO] [stderr]     |            ^^^^^^^^^^^^^^^^^^^^^^^^^^^^^^^^^^^^^^^^^^^^^^^
[INFO] [stderr] ...
[INFO] [stderr] 175 | repository = "https://github.com/dmrolfs/settings-loader-rs"
[INFO] [stderr]     |              -----------------------------------------------
[INFO] [stderr]     |
[INFO] [stderr]     = note: `cargo::redundant_homepage` is set to `warn` by default
[INFO] [stderr] help: consider removing `package.homepage`
[INFO] [stderr] warning: `settings_loader` (manifest) generated 1 warning
[INFO] running `Command { std: "docker" "create" "-v" "/var/lib/crater-agent-workspace/builds/worker-3-tc2/source:/opt/rustwide/workdir:ro,Z" "-v" "/var/lib/crater-agent-workspace/builds/worker-3-tc2/target:/opt/rustwide/target:rw,Z" "-v" "/var/lib/crater-agent-workspace/cargo-home:/opt/rustwide/cargo-home:ro,Z" "-v" "/var/lib/crater-agent-workspace/rustup-home:/opt/rustwide/rustup-home:ro,Z" "-m" "1610612736" "--network" "none" "ghcr.io/rust-lang/crates-build-env/linux@sha256:3111399a4047eeb3a02b7a90e478d715f38a8c6669b5c4b49d30a17385265909" "sleep" "infinity", kill_on_drop: false }`
[INFO] [stdout] 56a32c97dd0669dee2777c781980ea04a6e539dd1ce3fbbb7f29bb61862a2a7f
[INFO] running `Command { std: "docker" "start" "56a32c97dd0669dee2777c781980ea04a6e539dd1ce3fbbb7f29bb61862a2a7f", kill_on_drop: false }`
[INFO] running `Command { std: "docker" "inspect" "56a32c97dd0669dee2777c781980ea04a6e539dd1ce3fbbb7f29bb61862a2a7f", kill_on_drop: false }`
[INFO] running `Command { std: "docker" "exec" "-e" "SOURCE_DIR=/opt/rustwide/workdir" "-e" "CARGO_HOME=/opt/rustwide/cargo-home" "-e" "RUSTUP_HOME=/opt/rustwide/rustup-home" "-e" "CARGO_TARGET_DIR=/opt/rustwide/target" "-w" "/opt/rustwide/workdir" "--user" "0:0" "56a32c97dd0669dee2777c781980ea04a6e539dd1ce3fbbb7f29bb61862a2a7f" "/opt/rustwide/cargo-home/bin/cargo" "+1.100.0-beta.1" "metadata" "--no-deps" "--format-version=1", kill_on_drop: false }`
[INFO] running `Command { std: "docker" "inspect" "56a32c97dd0669dee2777c781980ea04a6e539dd1ce3fbbb7f29bb61862a2a7f", kill_on_drop: false }`
[INFO] running `Command { std: "docker" "exec" "-e" "SOURCE_DIR=/opt/rustwide/workdir" "-e" "CARGO_HOME=/opt/rustwide/cargo-home" "-e" "RUSTUP_HOME=/opt/rustwide/rustup-home" "-e" "CARGO_TARGET_DIR=/opt/rustwide/target" "-e" "CARGO_INCREMENTAL=0" "-e" "RUST_BACKTRACE=full" "-e" "RUSTFLAGS=--cap-lints=warn" "-e" "RUSTDOCFLAGS=--cap-lints=warn" "-w" "/opt/rustwide/workdir" "--user" "0:0" "56a32c97dd0669dee2777c781980ea04a6e539dd1ce3fbbb7f29bb61862a2a7f" "/opt/rustwide/cargo-home/bin/cargo" "+1.100.0-beta.1" "build" "--frozen" "--message-format=json", kill_on_drop: false }`
[INFO] [stderr] warning: `package.homepage` is redundant with `package.repository`
[INFO] [stderr]    --> Cargo.toml:170:12
[INFO] [stderr]     |
[INFO] [stderr] 170 | homepage = "https://github.com/dmrolfs/settings-loader-rs"
[INFO] [stderr]     |            ^^^^^^^^^^^^^^^^^^^^^^^^^^^^^^^^^^^^^^^^^^^^^^^
[INFO] [stderr] ...
[INFO] [stderr] 175 | repository = "https://github.com/dmrolfs/settings-loader-rs"
[INFO] [stderr]     |              -----------------------------------------------
[INFO] [stderr]     |
[INFO] [stderr]     = note: `cargo::redundant_homepage` is set to `warn` by default
[INFO] [stderr] help: consider removing `package.homepage`
[INFO] [stderr] warning: `settings_loader` (manifest) generated 1 warning
[INFO] [stderr]    Compiling unicode-ident v1.0.22
[INFO] [stderr]    Compiling libc v0.2.178
[INFO] [stderr]    Compiling regex-syntax v0.8.8
[INFO] [stderr]    Compiling typeid v1.0.3
[INFO] [stderr]    Compiling once_cell v1.21.3
[INFO] [stderr]    Compiling crossbeam-utils v0.8.21
[INFO] [stderr]    Compiling pest v2.8.4
[INFO] [stderr]    Compiling tracing-core v0.1.36
[INFO] [stderr]    Compiling serde_json v1.0.145
[INFO] [stderr]    Compiling strsim v0.11.1
[INFO] [stderr]    Compiling erased-serde v0.4.9
[INFO] [stderr]    Compiling zerocopy v0.8.31
[INFO] [stderr]    Compiling getrandom v0.3.4
[INFO] [stderr]    Compiling foldhash v0.1.5
[INFO] [stderr]    Compiling bitflags v2.10.0
[INFO] [stderr]    Compiling lazy_static v1.5.0
[INFO] [stderr]    Compiling proc-macro2 v1.0.103
[INFO] [stderr]    Compiling hashbrown v0.14.5
[INFO] [stderr]    Compiling deranged v0.5.5
[INFO] [stderr]    Compiling toml_parser v1.0.6+spec-1.1.0
[INFO] [stderr]    Compiling hashbrown v0.15.5
[INFO] [stderr]    Compiling sharded-slab v0.1.7
[INFO] [stderr]    Compiling toml_datetime v0.7.5+spec-1.1.0
[INFO] [stderr]    Compiling serde_spanned v1.0.4
[INFO] [stderr]    Compiling thread_local v1.1.9
[INFO] [stderr]    Compiling quote v1.0.42
[INFO] [stderr]    Compiling crossbeam-epoch v0.9.18
[INFO] [stderr]    Compiling encoding_rs v0.8.35
[INFO] [stderr]    Compiling tracing-log v0.2.0
[INFO] [stderr]    Compiling num-conv v0.1.0
[INFO] [stderr]    Compiling syn v2.0.111
[INFO] [stderr]    Compiling hashlink v0.10.0
[INFO] [stderr]    Compiling nu-ansi-term v0.50.3
[INFO] [stderr]    Compiling time-core v0.1.6
[INFO] [stderr]    Compiling arraydeque v0.5.1
[INFO] [stderr]    Compiling anyhow v1.0.100
[INFO] [stderr]    Compiling iana-time-zone v0.1.64
[INFO] [stderr]    Compiling convert_case v0.6.0
[INFO] [stderr]    Compiling crossbeam-deque v0.8.6
[INFO] [stderr]    Compiling serde-untagged v0.1.9
[INFO] [stderr]    Compiling getrandom v0.2.16
[INFO] [stderr]    Compiling tracing-log v0.1.4
[INFO] [stderr]    Compiling toml v0.9.10+spec-1.1.0
[INFO] [stderr]    Compiling const-random-macro v0.1.16
[INFO] [stderr]    Compiling pest_meta v2.8.4
[INFO] [stderr]    Compiling gethostname v0.2.3
[INFO] [stderr]    Compiling path-dedot v3.1.1
[INFO] [stderr]    Compiling pathdiff v0.2.3
[INFO] [stderr]    Compiling path-absolutize v3.1.1
[INFO] [stderr]    Compiling const-random v0.1.18
[INFO] [stderr]    Compiling dlv-list v0.5.2
[INFO] [stderr]    Compiling yaml-rust2 v0.10.4
[INFO] [stderr]    Compiling ordered-multimap v0.7.3
[INFO] [stderr]    Compiling time v0.3.44
[INFO] [stderr]    Compiling ahash v0.8.12
[INFO] [stderr]    Compiling rust-ini v0.21.3
[INFO] [stderr]    Compiling regex-automata v0.4.13
[INFO] [stderr]    Compiling globset v0.4.18
[INFO] [stderr]    Compiling matchers v0.2.0
[INFO] [stderr]    Compiling regex v1.12.2
[INFO] [stderr]    Compiling darling_core v0.21.3
[INFO] [stderr]    Compiling pest_generator v2.8.4
[INFO] [stderr]    Compiling ignore v0.4.25
[INFO] [stderr]    Compiling serde_derive v1.0.228
[INFO] [stderr]    Compiling tracing-attributes v0.1.31
[INFO] [stderr]    Compiling async-trait v0.1.89
[INFO] [stderr]    Compiling thiserror-impl v1.0.69
[INFO] [stderr]    Compiling pest_derive v2.8.4
[INFO] [stderr]    Compiling tracing v0.1.44
[INFO] [stderr]    Compiling globwalk v0.9.1
[INFO] [stderr]    Compiling tracing-subscriber v0.3.22
[INFO] [stderr]    Compiling thiserror v1.0.69
[INFO] [stderr]    Compiling darling_macro v0.21.3
[INFO] [stderr]    Compiling darling v0.21.3
[INFO] [stderr]    Compiling serde_with_macros v3.16.1
[INFO] [stderr]    Compiling serde v1.0.228
[INFO] [stderr]    Compiling ron v0.12.0
[INFO] [stderr]    Compiling chrono v0.4.42
[INFO] [stderr]    Compiling json5 v0.4.1
[INFO] [stderr]    Compiling tracing-bunyan-formatter v0.3.10
[INFO] [stderr]    Compiling config v0.15.19
[INFO] [stderr]    Compiling serde_with v3.16.1
[INFO] [stderr]    Compiling settings_loader v1.2.0 (/opt/rustwide/workdir)
[INFO] [stderr] warning: unused dependency `serde_with`
[INFO] [stderr]   --> Cargo.toml:42:15
[INFO] [stderr]    |
[INFO] [stderr] 42 | [dependencies.serde_with]
[INFO] [stderr]    |               ^^^^^^^^^^^
[INFO] [stderr]    |
[INFO] [stderr]    = note: `cargo::unused_dependencies` is set to `warn` by default
[INFO] [stderr] help: consider removing the dependency on `serde_with`
[INFO] [stderr] warning: unused dependency `tracing-bunyan-formatter`
[INFO] [stderr]   --> Cargo.toml:70:15
[INFO] [stderr]    |
[INFO] [stderr] 70 | [dependencies.tracing-bunyan-formatter]
[INFO] [stderr]    |               ^^^^^^^^^^^^^^^^^^^^^^^^^
[INFO] [stderr]    |
[INFO] [stderr] help: consider removing the dependency on `tracing-bunyan-formatter`
[INFO] [stderr] warning: `settings_loader` (manifest) generated 2 warnings
[INFO] [stderr]     Finished `dev` profile [unoptimized + debuginfo] target(s) in 39.11s
[INFO] running `Command { std: "docker" "inspect" "56a32c97dd0669dee2777c781980ea04a6e539dd1ce3fbbb7f29bb61862a2a7f", kill_on_drop: false }`
[INFO] running `Command { std: "docker" "exec" "-e" "SOURCE_DIR=/opt/rustwide/workdir" "-e" "CARGO_HOME=/opt/rustwide/cargo-home" "-e" "RUSTUP_HOME=/opt/rustwide/rustup-home" "-e" "CARGO_TARGET_DIR=/opt/rustwide/target" "-e" "CARGO_INCREMENTAL=0" "-e" "RUST_BACKTRACE=full" "-e" "RUSTFLAGS=--cap-lints=warn" "-e" "RUSTDOCFLAGS=--cap-lints=warn" "-w" "/opt/rustwide/workdir" "--user" "0:0" "56a32c97dd0669dee2777c781980ea04a6e539dd1ce3fbbb7f29bb61862a2a7f" "/opt/rustwide/cargo-home/bin/cargo" "+1.100.0-beta.1" "test" "--frozen" "--no-run" "--message-format=json", kill_on_drop: false }`
[INFO] [stderr] warning: `package.homepage` is redundant with `package.repository`
[INFO] [stderr]    --> Cargo.toml:170:12
[INFO] [stderr]     |
[INFO] [stderr] 170 | homepage = "https://github.com/dmrolfs/settings-loader-rs"
[INFO] [stderr]     |            ^^^^^^^^^^^^^^^^^^^^^^^^^^^^^^^^^^^^^^^^^^^^^^^
[INFO] [stderr] ...
[INFO] [stderr] 175 | repository = "https://github.com/dmrolfs/settings-loader-rs"
[INFO] [stderr]     |              -----------------------------------------------
[INFO] [stderr]     |
[INFO] [stderr]     = note: `cargo::redundant_homepage` is set to `warn` by default
[INFO] [stderr] help: consider removing `package.homepage`
[INFO] [stderr] warning: `settings_loader` (manifest) generated 1 warning
[INFO] [stderr]    Compiling getrandom v0.3.4
[INFO] [stderr]    Compiling bitflags v2.10.0
[INFO] [stderr]    Compiling ppv-lite86 v0.2.21
[INFO] [stderr]    Compiling darling_core v0.21.3
[INFO] [stderr]    Compiling rustix v1.1.2
[INFO] [stderr]    Compiling getrandom v0.2.16
[INFO] [stderr]    Compiling anstyle-parse v0.2.7
[INFO] [stderr]    Compiling futures-util v0.3.31
[INFO] [stderr]    Compiling chrono v0.4.42
[INFO] [stderr]    Compiling anstyle v1.0.13
[INFO] [stderr]    Compiling colorchoice v1.0.4
[INFO] [stderr]    Compiling wait-timeout v0.2.1
[INFO] [stderr]    Compiling clap_lex v0.7.6
[INFO] [stderr]    Compiling sdd v3.0.10
[INFO] [stderr]    Compiling clap_derive v4.5.49
[INFO] [stderr]    Compiling parking_lot v0.12.5
[INFO] [stderr]    Compiling serial_test_derive v3.2.0
[INFO] [stderr]    Compiling ron v0.12.0
[INFO] [stderr]    Compiling rand_core v0.9.3
[INFO] [stderr]    Compiling ahash v0.8.12
[INFO] [stderr]    Compiling rand_core v0.6.4
[INFO] [stderr]    Compiling anstream v0.6.21
[INFO] [stderr]    Compiling scc v2.4.0
[INFO] [stderr]    Compiling globwalk v0.9.1
[INFO] [stderr]    Compiling yansi v1.0.1
[INFO] [stderr]    Compiling deunicode v1.6.2
[INFO] [stderr]    Compiling diff v0.1.13
[INFO] [stderr]    Compiling rand v0.9.2
[INFO] [stderr]    Compiling rand_xorshift v0.4.0
[INFO] [stderr]    Compiling rand_chacha v0.3.1
[INFO] [stderr]    Compiling clap_builder v4.5.53
[INFO] [stderr]    Compiling rand_chacha v0.9.0
[INFO] [stderr]    Compiling tracing-bunyan-formatter v0.3.10
[INFO] [stderr]    Compiling pretty_assertions v1.4.1
[INFO] [stderr]    Compiling serde_yaml v0.9.34+deprecated
[INFO] [stderr]    Compiling assert_matches2 v0.1.2
[INFO] [stderr]    Compiling trim-margin v0.1.0
[INFO] [stderr]    Compiling rand v0.8.5
[INFO] [stderr]    Compiling config v0.15.19
[INFO] [stderr]    Compiling fake v2.10.0
[INFO] [stderr]    Compiling darling_macro v0.21.3
[INFO] [stderr]    Compiling tempfile v3.23.0
[INFO] [stderr]    Compiling darling v0.21.3
[INFO] [stderr]    Compiling serde_with_macros v3.16.1
[INFO] [stderr]    Compiling clap v4.5.53
[INFO] [stderr]    Compiling rusty-fork v0.3.1
[INFO] [stderr]    Compiling proptest v1.9.0
[INFO] [stderr]    Compiling serde_with v3.16.1
[INFO] [stderr]    Compiling futures-executor v0.3.31
[INFO] [stderr]    Compiling futures v0.3.31
[INFO] [stderr]    Compiling serial_test v3.2.0
[INFO] [stderr]    Compiling settings_loader v1.2.0 (/opt/rustwide/workdir)
[INFO] [stderr] warning: unused dependency `serde_with`
[INFO] [stderr]   --> Cargo.toml:42:15
[INFO] [stderr]    |
[INFO] [stderr] 42 | [dependencies.serde_with]
[INFO] [stderr]    |               ^^^^^^^^^^^
[INFO] [stderr]    |
[INFO] [stderr]    = note: `cargo::unused_dependencies` is set to `warn` by default
[INFO] [stderr] help: consider removing the dependency on `serde_with`
[INFO] [stderr] help: to still use for development builds, move to `dev-dependencies`
[INFO] [stderr] warning: unused dependency `tracing-bunyan-formatter`
[INFO] [stderr]   --> Cargo.toml:70:15
[INFO] [stderr]    |
[INFO] [stderr] 70 | [dependencies.tracing-bunyan-formatter]
[INFO] [stderr]    |               ^^^^^^^^^^^^^^^^^^^^^^^^^
[INFO] [stderr]    |
[INFO] [stderr] help: consider removing the dependency on `tracing-bunyan-formatter`
[INFO] [stderr] help: to still use for development builds, move to `dev-dependencies`
[INFO] [stderr] warning: `settings_loader` (manifest) generated 2 warnings
[INFO] [stderr]     Finished `test` profile [unoptimized + debuginfo] target(s) in 35.59s
[INFO] running `Command { std: "docker" "inspect" "56a32c97dd0669dee2777c781980ea04a6e539dd1ce3fbbb7f29bb61862a2a7f", kill_on_drop: false }`
[INFO] running `Command { std: "docker" "exec" "-e" "SOURCE_DIR=/opt/rustwide/workdir" "-e" "CARGO_HOME=/opt/rustwide/cargo-home" "-e" "RUSTUP_HOME=/opt/rustwide/rustup-home" "-e" "CARGO_TARGET_DIR=/opt/rustwide/target" "-e" "CARGO_INCREMENTAL=0" "-e" "RUST_BACKTRACE=full" "-e" "RUSTFLAGS=--cap-lints=warn" "-e" "RUSTDOCFLAGS=--cap-lints=warn" "-w" "/opt/rustwide/workdir" "--user" "0:0" "56a32c97dd0669dee2777c781980ea04a6e539dd1ce3fbbb7f29bb61862a2a7f" "/opt/rustwide/cargo-home/bin/cargo" "+1.100.0-beta.1" "test" "--frozen", kill_on_drop: false }`
[INFO] [stderr] warning: `package.homepage` is redundant with `package.repository`
[INFO] [stderr]    --> Cargo.toml:170:12
[INFO] [stderr]     |
[INFO] [stderr] 170 | homepage = "https://github.com/dmrolfs/settings-loader-rs"
[INFO] [stderr]     |            ^^^^^^^^^^^^^^^^^^^^^^^^^^^^^^^^^^^^^^^^^^^^^^^
[INFO] [stderr] ...
[INFO] [stderr] 175 | repository = "https://github.com/dmrolfs/settings-loader-rs"
[INFO] [stderr]     |              -----------------------------------------------
[INFO] [stderr]     |
[INFO] [stderr]     = note: `cargo::redundant_homepage` is set to `warn` by default
[INFO] [stderr] help: consider removing `package.homepage`
[INFO] [stderr] warning: `settings_loader` (manifest) generated 1 warning
[INFO] [stderr] warning: unused dependency `serde_with`
[INFO] [stderr]   --> Cargo.toml:42:15
[INFO] [stderr]    |
[INFO] [stderr] 42 | [dependencies.serde_with]
[INFO] [stderr]    |               ^^^^^^^^^^^
[INFO] [stderr]    |
[INFO] [stderr]    = note: `cargo::unused_dependencies` is set to `warn` by default
[INFO] [stderr] help: consider removing the dependency on `serde_with`
[INFO] [stderr] help: to still use for development builds, move to `dev-dependencies`
[INFO] [stderr] warning: unused dependency `tracing-bunyan-formatter`
[INFO] [stderr]   --> Cargo.toml:70:15
[INFO] [stderr]    |
[INFO] [stderr] 70 | [dependencies.tracing-bunyan-formatter]
[INFO] [stderr]    |               ^^^^^^^^^^^^^^^^^^^^^^^^^
[INFO] [stderr]    |
[INFO] [stderr] help: consider removing the dependency on `tracing-bunyan-formatter`
[INFO] [stderr] help: to still use for development builds, move to `dev-dependencies`
[INFO] [stderr] warning: `settings_loader` (manifest) generated 2 warnings
[INFO] [stderr]     Finished `test` profile [unoptimized + debuginfo] target(s) in 0.34s
[INFO] [stderr]      Running unittests src/lib.rs (/opt/rustwide/target/debug/build/settings_loader/b8e014e79017eda9/out/settings_loader-b8e014e79017eda9)
[INFO] [stdout] 
[INFO] [stdout] running 272 tests
[INFO] [stdout] test environment::tests::test_into_string ... ok
[INFO] [stdout] test environment_label::tests::from_string_and_from_str_agree_with_parse ... ok
[INFO] [stdout] test environment::tests::test_try_fromstr ... ok
[INFO] [stdout] test environment_label::tests::any_other_label_requires_production_strictness ... ok
[INFO] [stdout] test environment_label::tests::is_local_matches_any_casing ... ok
[INFO] [stdout] test environment_label::tests::preserves_the_declared_identity_verbatim_after_normalizing_case ... ok
[INFO] [stdout] test introspection::tests::test_all_methods_handle_empty_schema ... ok
[INFO] [stdout] test introspection::tests::test_default_value_no_default ... ok
[INFO] [stdout] test environment_label::tests::display_and_as_ref_agree ... ok
[INFO] [stdout] test environment::tests::test_to_string ... ok
[INFO] [stdout] test introspection::tests::test_config_schema_introspection ... ok
[INFO] [stdout] test introspection::tests::test_get_advanced_settings ... ok
[INFO] [stdout] test introspection::tests::test_constraint_statistics_distribution ... ok
[INFO] [stdout] test introspection::tests::test_get_hidden_settings ... ok
[INFO] [stdout] test introspection::tests::test_get_public_settings ... ok
[INFO] [stdout] test introspection::tests::test_get_schema_returns_full_schema ... ok
[INFO] [stdout] test introspection::tests::test_default_value_not_found ... ok
[INFO] [stdout] test introspection::tests::test_get_secret_settings ... ok
[INFO] [stdout] test introspection::tests::test_get_setting_by_key ... ok
[INFO] [stdout] test introspection::tests::test_get_settings_count ... ok
[INFO] [stdout] test introspection::tests::test_large_schema_visibility_coverage ... ok
[INFO] [stdout] test introspection::tests::test_nested_object_constraints ... ok
[INFO] [stdout] test introspection::tests::test_get_settings_with_defaults ... ok
[INFO] [stdout] test introspection::tests::test_search_settings ... ok
[INFO] [stdout] test introspection::tests::test_search_settings_by_description ... ok
[INFO] [stdout] test introspection::tests::test_get_settings_with_specific_constraint ... ok
[INFO] [stdout] test introspection::tests::test_get_unconstrained_settings ... ok
[INFO] [stdout] test introspection::tests::test_introspection_with_nested_objects_enhanced ... ok
[INFO] [stdout] test introspection::tests::test_large_schema_performance ... ok
[INFO] [stdout] test introspection::tests::test_public_settings_filtering ... ok
[INFO] [stdout] test introspection::tests::test_queries_on_empty_schema ... ok
[INFO] [stdout] test introspection::tests::test_multiple_introspection_implementations ... ok
[INFO] [stdout] test introspection::tests::test_search_settings_by_description_no_matches ... ok
[INFO] [stdout] test introspection::tests::test_search_settings_by_description_empty_query ... ok
[INFO] [stdout] test introspection::tests::test_groups_single_group ... ok
[INFO] [stdout] test introspection::tests::test_constraint_statistics_large_schema ... ok
[INFO] [stdout] test introspection::tests::test_empty_metadata_edge_case ... ok
[INFO] [stdout] test introspection::tests::test_search_settings_partial_key ... ok
[INFO] [stdout] test introspection::tests::test_settings_in_group_nonexistent ... ok
[INFO] [stdout] test introspection::tests::test_setting_metadata_with_dots_in_key ... ok
[INFO] [stdout] test introspection::tests::test_settings_in_group_with_multiple_groups ... ok
[INFO] [stdout] test introspection::tests::test_search_settings_case_insensitive ... ok
[INFO] [stdout] test introspection::tests::test_search_settings_empty_query ... ok
[INFO] [stdout] test introspection::tests::test_search_settings_label_match ... ok
[INFO] [stdout] test introspection::tests::test_settings_of_type_string_variant ... ok
[INFO] [stdout] test introspection::tests::test_trait_object_usage ... ok
[INFO] [stdout] test introspection::tests::test_search_with_dotted_keys ... ok
[INFO] [stdout] test introspection::tests::test_setting_metadata_consistency_across_calls ... ok
[INFO] [stdout] test introspection::tests::test_settings_with_constraint_multiple_matches ... ok
[INFO] [stdout] test introspection::tests::test_settings_in_group_exact_match ... ok
[INFO] [stdout] test introspection::tests::test_settings_with_multiple_constraints ... ok
[INFO] [stdout] test introspection::tests::test_type_distribution_all_types ... ok
[INFO] [stdout] test introspection::tests::test_validate_config_partial ... ok
[INFO] [stdout] test introspection::tests::test_validate_config_trait_object ... ok
[INFO] [stdout] test introspection::tests::test_schema_consistency_across_calls ... ok
[INFO] [stdout] test introspection::tests::test_validate_config_extra_fields ... ok
[INFO] [stdout] test introspection::tests::test_validate_setting_type_matches ... ok
[INFO] [stdout] test introspection::tests::test_validate_setting_type_mismatch ... ok
[INFO] [stdout] test introspection::tests::test_settings_without_defaults ... ok
[INFO] [stdout] test introspection::tests::test_validate_setting_type_not_found ... ok
[INFO] [stdout] test introspection::tests::test_default_value_exists ... ok
[INFO] [stdout] test introspection::tests::test_validate_setting_value_nested_object ... ok
[INFO] [stdout] test introspection::tests::test_validate_setting_value_trait_object ... ok
[INFO] [stdout] test introspection::tests::test_validate_setting_value_type_mismatch ... ok
[INFO] [stdout] test introspection::tests::test_validate_setting_value_valid ... ok
[INFO] [stdout] test introspection::tests::test_settings_with_special_characters_in_keys ... ok
[INFO] [stdout] test introspection::tests::test_validate_setting_value_nested_object_type_mismatch ... ok
[INFO] [stdout] test introspection::tests::test_validate_setting_value_secret_valid ... ok
[INFO] [stdout] test introspection::tests::test_get_groups ... ok
[INFO] [stdout] test introspection::tests::test_type_distribution_reporting ... ok
[INFO] [stdout] test introspection::tests::test_validate_config_valid ... ok
[INFO] [stdout] test introspection::tests::test_validate_config_multiple_errors ... ok
[INFO] [stdout] test introspection::tests::test_validate_setting_exists ... ok
[INFO] [stdout] test introspection::tests::test_get_groups_empty ... ok
[INFO] [stdout] test introspection::tests::test_validate_setting_not_exists ... ok
[INFO] [stdout] test introspection::tests::test_validate_config_nested_objects ... ok
[INFO] [stdout] test introspection::tests::test_validate_setting_value_array_type ... ok
[INFO] [stdout] test introspection::tests::test_visibility_distribution_large_schema ... ok
[INFO] [stdout] test loading_options::tests::test_environment_no_override_no_env_var ... ok
[INFO] [stdout] test loading_options::tests::test_multi_scope_config_default_scopes ... ok
[INFO] [stdout] test loading_options::tests::test_environment_with_env_var ... ok
[INFO] [stdout] test loading_options::tests::test_multi_scope_resolve_path_persistent_data_no_feature ... ok
[INFO] [stdout] test introspection::tests::test_validation_result_merging ... ok
[INFO] [stdout] test loading_options::tests::test_multi_scope_resolve_path_preferences_no_feature ... ok
[INFO] [stdout] test introspection::tests::test_validation_error_context_preservation ... ok
[INFO] [stdout] test introspection::tests::test_validate_setting_value_not_found ... ok
[INFO] [stdout] test introspection::tests::test_visibility_distribution_balance ... ok
[INFO] [stdout] test loading_options::tests::test_loading_options_default_impl ... ok
[INFO] [stdout] test loading_options::tests::test_environment_env_var_with_custom_name ... ok
[INFO] [stdout] test loading_options::tests::test_multi_scope_resolve_path_project_local ... ok
[INFO] [stdout] test loading_options::tests::test_multi_scope_resolve_path_runtime ... ok
[INFO] [stdout] test metadata::tests::config_schema_clone ... ok
[INFO] [stdout] test metadata::tests::config_schema_equality ... ok
[INFO] [stdout] test metadata::tests::config_schema_multiline_description ... ok
[INFO] [stdout] test loading_options::tests::test_multi_scope_resolve_path_user_global_no_feature ... ok
[INFO] [stdout] test metadata::tests::conditional_visibility_exact_pattern_matching ... ok
[INFO] [stdout] test metadata::tests::config_schema_multiple_sections ... ok
[INFO] [stdout] test metadata::tests::config_schema_single_setting ... ok
[INFO] [stdout] test metadata::tests::config_schema_required_settings ... ok
[INFO] [stdout] test metadata::tests::config_schema_to_example_toml ... ok
[INFO] [stdout] test loading_options::tests::test_environment_with_override ... ok
[INFO] [stdout] test loading_options::tests::test_no_options_impl ... ok
[INFO] [stdout] test metadata::tests::config_schema_to_html_general_group ... ok
[INFO] [stdout] test loading_options::tests::test_multi_scope_resolve_path_project_local_no_file ... ok
[INFO] [stdout] test metadata::tests::config_schema_to_html_with_groups ... ok
[INFO] [stdout] test metadata::tests::config_schema_to_html_structure ... ok
[INFO] [stdout] test loading_options::tests::test_multi_scope_resolve_path_local_data_no_feature ... ok
[INFO] [stdout] test introspection::tests::test_search_settings_by_description_case_insensitive ... ok
[INFO] [stdout] test metadata::tests::config_schema_to_toml_nested_sections ... ok
[INFO] [stdout] test metadata::tests::config_schema_to_json_schema_nested ... ok
[INFO] [stdout] test metadata::tests::config_schema_to_toml_mixed_sections ... ok
[INFO] [stdout] test metadata::tests::config_schema_to_html ... ok
[INFO] [stdout] test metadata::tests::config_schema_to_toml_flat_settings ... ok
[INFO] [stdout] test metadata::tests::config_schema_to_toml_header ... ok
[INFO] [stdout] test metadata::tests::conditional_visibility_wildcard_pattern_matching ... ok
[INFO] [stdout] test introspection::tests::test_validate_setting_value_required_constraint ... ok
[INFO] [stdout] test metadata::tests::config_schema_to_toml_type_specific_defaults ... ok
[INFO] [stdout] test metadata::tests::config_schema_to_html_with_settings ... ok
[INFO] [stdout] test metadata::tests::setting_group_basic ... ok
[INFO] [stdout] test metadata::tests::setting_group_clone ... ok
[INFO] [stdout] test metadata::tests::setting_group_empty ... ok
[INFO] [stdout] test metadata::tests::setting_metadata_equality ... ok
[INFO] [stdout] test metadata::tests::config_schema_to_toml_required_setting ... ok
[INFO] [stdout] test metadata::tests::constraint_all_variants_are_distinct ... ok
[INFO] [stdout] test metadata::tests::config_schema_empty ... ok
[INFO] [stdout] test metadata::tests::setting_metadata_is_required_true ... ok
[INFO] [stdout] test metadata::tests::config_schema_nested_three_levels ... ok
[INFO] [stdout] test metadata::tests::setting_metadata_is_required_with_multiple_constraints ... ok
[INFO] [stdout] test metadata::tests::constraint_range_variant ... ok
[INFO] [stdout] test metadata::tests::setting_metadata_inequality ... ok
[INFO] [stdout] test metadata::tests::setting_metadata_is_required_false ... ok
[INFO] [stdout] test metadata::tests::constraint_custom_variant ... ok
[INFO] [stdout] test metadata::tests::constraint_required_variant ... ok
[INFO] [stdout] test metadata::tests::setting_group_equality ... ok
[INFO] [stdout] test metadata::tests::setting_metadata_to_json_schema_constraints ... ok
[INFO] [stdout] test metadata::tests::constraint_length_variant ... ok
[INFO] [stdout] test metadata::tests::constraint_pattern_variant ... ok
[INFO] [stdout] test metadata::tests::setting_metadata_clone ... ok
[INFO] [stdout] test metadata::tests::setting_metadata_to_json_schema_full ... ok
[INFO] [stdout] test metadata::tests::setting_metadata_to_json_schema_length_constraint ... ok
[INFO] [stdout] test metadata::tests::setting_type_array_with_constraints ... ok
[INFO] [stdout] test metadata::tests::setting_metadata_to_json_schema_range_constraint ... ok
[INFO] [stdout] test metadata::tests::setting_type_duration_with_range ... ok
[INFO] [stdout] test metadata::tests::setting_type_boolean ... ok
[INFO] [stdout] test metadata::tests::setting_type_array_simple ... ok
[INFO] [stdout] test metadata::tests::setting_type_enum_multiple_variants ... ok
[INFO] [stdout] test metadata::tests::setting_type_float_range ... ok
[INFO] [stdout] test metadata::tests::setting_type_integer_no_constraints ... ok
[INFO] [stdout] test metadata::tests::setting_type_duration ... ok
[INFO] [stdout] test metadata::tests::setting_type_float_no_constraints ... ok
[INFO] [stdout] test metadata::tests::setting_type_integer_range ... ok
[INFO] [stdout] test metadata::tests::setting_metadata_with_conditional_visibility ... ok
[INFO] [stdout] test metadata::tests::setting_metadata_to_json_schema_minimal ... ok
[INFO] [stdout] test metadata::tests::setting_type_secret ... ok
[INFO] [stdout] test metadata::tests::setting_type_any ... ok
[INFO] [stdout] test metadata::tests::setting_type_string_all_constraints ... ok
[INFO] [stdout] test metadata::tests::setting_metadata_to_json_schema_one_of_constraint ... ok
[INFO] [stdout] test metadata::tests::setting_type_array_nested ... ok
[INFO] [stdout] test metadata::tests::setting_type_url_with_schemes ... ok
[INFO] [stdout] test metadata::tests::visibility_all_variants ... ok
[INFO] [stdout] test metadata::tests::setting_type_string_no_constraints ... ok
[INFO] [stdout] test metadata::tests::setting_type_object_required_field ... ok
[INFO] [stdout] test metadata::tests::setting_type_object_mixed_required ... ok
[INFO] [stdout] test metadata::tests::setting_type_enum_single_variant ... ok
[INFO] [stdout] test metadata::tests::setting_type_path_directory ... ok
[INFO] [stdout] test metadata::tests::setting_type_object_single_field ... ok
[INFO] [stdout] test metadata::tests::setting_type_path_basic ... ok
[INFO] [stdout] test metadata::tests::visibility_default_is_public ... ok
[INFO] [stdout] test metadata::tests::setting_type_object_empty ... ok
[INFO] [stdout] test metadata::tests::setting_type_string_pattern_only ... ok
[INFO] [stdout] test metadata::tests::setting_type_path_must_exist ... ok
[INFO] [stdout] test metadata::tests::setting_type_to_json_schema ... ok
[INFO] [stdout] test metadata::tests::setting_type_url_no_schemes ... ok
[INFO] [stdout] test metadata::tests::constraint_one_of_variant ... ok
[INFO] [stdout] test scope::tests::test_config_scope_in_collections ... ok
[INFO] [stdout] test scope::tests::test_config_scope_names ... ok
[INFO] [stdout] test scope::tests::test_find_config_in_prefers_yaml_over_json ... ok
[INFO] [stdout] test scope::tests::test_config_scope_equality ... ok
[INFO] [stdout] test metadata::tests::visibility_ordering ... ok
[INFO] [stdout] test scope::tests::test_find_config_in_empty_directory ... ok
[INFO] [stdout] test metadata::tests::visibility_is_copy ... ok
[INFO] [stdout] test scope::tests::test_find_config_in_all_extensions ... ok
[INFO] [stdout] test metadata::tests::visibility_hash ... ok
[INFO] [stdout] test scope::tests::test_find_config_in_nonexistent_directory ... ok
[INFO] [stdout] test scope::tests::test_find_config_in_yaml ... ok
[INFO] [stdout] test scope::tests::test_config_scope_is_file_based ... ok
[INFO] [stdout] test scope::tests::test_find_config_in_with_yml_short_form ... ok
[INFO] [stdout] test scope::tests::test_find_config_in_prefers_toml_over_yaml ... ok
[INFO] [stdout] test scope::tests::test_find_config_in_toml ... ok
[INFO] [stdout] test scope::tests::test_find_config_in_json ... ok
[INFO] [stdout] test validation::tests::test_constraint_one_of_valid ... ok
[INFO] [stdout] test validation::tests::test_constraint_pattern_invalid_regex ... ok
[INFO] [stdout] test validation::tests::test_constraint_pattern_valid ... ok
[INFO] [stdout] test validation::tests::test_constraint_range_out_of_bounds ... ok
[INFO] [stdout] test validation::tests::test_constraint_pattern_invalid ... ok
[INFO] [stdout] test validation::tests::test_constraint_required_valid ... ok
[INFO] [stdout] test validation::tests::test_constraint_range_valid ... ok
[INFO] [stdout] test validation::tests::test_constraint_required_null ... ok
[INFO] [stdout] test validation::tests::test_constraint_custom_passes_through ... ok
[INFO] [stdout] test validation::tests::test_constraint_one_of_invalid ... ok
[INFO] [stdout] test validation::tests::test_constraint_length_with_multibyte_chars ... ok
[INFO] [stdout] test validation::tests::test_constraint_pattern_unicode ... ok
[INFO] [stdout] test validation::tests::test_constraint_validate_length_invalid_type ... ok
[INFO] [stdout] test validation::tests::test_constraint_validate_length_array ... ok
[INFO] [stdout] test validation::tests::test_setting_type_any_accepts_anything ... ok
[INFO] [stdout] test validation::tests::test_setting_metadata_validate_value_with_constraint ... ok
[INFO] [stdout] test validation::tests::test_setting_type_array_invalid_element_type ... ok
[INFO] [stdout] test validation::tests::test_setting_type_float_from_integer ... ok
[INFO] [stdout] test validation::tests::test_setting_type_duration_valid ... ok
[INFO] [stdout] test validation::tests::test_setting_type_boolean_valid ... ok
[INFO] [stdout] test validation::tests::test_setting_type_enum_invalid ... ok
[INFO] [stdout] test validation::tests::test_setting_type_integer_accepts_large_values ... ok
[INFO] [stdout] test validation::tests::test_setting_type_enum_valid ... ok
[INFO] [stdout] test validation::tests::test_json_type_str_helper ... ok
[INFO] [stdout] test validation::tests::test_setting_type_array_valid ... ok
[INFO] [stdout] test validation::tests::test_setting_metadata_validate_returns_result ... ok
[INFO] [stdout] test validation::tests::test_setting_type_array_with_bounds ... ok
[INFO] [stdout] test validation::tests::test_setting_type_float_valid ... ok
[INFO] [stdout] test validation::tests::test_setting_type_boolean_rejects_other_types ... ok
[INFO] [stdout] test validation::tests::test_setting_type_float_with_bounds ... ok
[INFO] [stdout] test settings_loader::tests::test_settings_load_w_options ... ok
[INFO] [stdout] test settings_loader::tests::test_load_string_settings ... ok
[INFO] [stdout] test settings_loader::tests::test_settings_load_w_no_options ... ok
[INFO] [stdout] test validation::tests::test_setting_type_object_valid ... ok
[INFO] [stdout] test validation::tests::test_setting_type_integer_valid ... ok
[INFO] [stdout] test validation::tests::test_setting_type_secret_rejects_null ... ok
[INFO] [stdout] test validation::tests::test_setting_type_string_with_length_bounds ... ok
[INFO] [stdout] test validation::tests::test_setting_type_secret_valid ... ok
[INFO] [stdout] test validation::tests::test_setting_type_integer_with_bounds ... ok
[INFO] [stdout] test validation::tests::test_setting_type_path_rejects_non_string ... ok
[INFO] [stdout] test validation::tests::test_setting_type_string_length_with_unicode ... ok
[INFO] [stdout] test validation::tests::test_setting_type_string_valid ... ok
[INFO] [stdout] test validation::tests::test_setting_type_integer_rejects_string ... ok
[INFO] [stdout] test validation::tests::test_validation_error_display_constraint_violation ... ok
[INFO] [stdout] test validation::tests::test_setting_type_url_valid ... ok
[INFO] [stdout] test validation::tests::test_setting_type_object_rejects_non_object ... ok
[INFO] [stdout] test validation::tests::test_setting_type_url_missing_scheme ... ok
[INFO] [stdout] test validation::tests::test_setting_type_path_valid ... ok
[INFO] [stdout] test validation::tests::test_setting_type_url_with_scheme_restriction ... ok
[INFO] [stdout] test validation::tests::test_validation_error_display_too_short ... ok
[INFO] [stdout] test validation::tests::test_validation_error_display_type_mismatch ... ok
[INFO] [stdout] test validation::tests::test_validation_error_flatten_nested_multiple ... ok
[INFO] [stdout] test validation::tests::test_validation_error_redact_if_secret_hidden_visibility ... ok
[INFO] [stdout] test validation::tests::test_setting_type_string_with_pattern_invalid ... ok
[INFO] [stdout] test validation::tests::test_validation_error_display_multiple ... ok
[INFO] [stdout] test validation::tests::test_validation_error_display_custom_validation ... ok
[INFO] [stdout] test validation::tests::test_validation_error_display_redacted_out_of_range ... ok
[INFO] [stdout] test validation::tests::test_validation_error_display_too_long ... ok
[INFO] [stdout] test validation::tests::test_setting_type_string_with_pattern_valid ... ok
[INFO] [stdout] test validation::tests::test_validation_error_key_all_variants ... ok
[INFO] [stdout] test validation::tests::test_validation_result_display_with_warnings ... ok
[INFO] [stdout] test validation::tests::validation_error_missing_required_display ... ok
[INFO] [stdout] test validation::tests::validation_error_invalid_pattern_display ... ok
[INFO] [stdout] test validation::tests::test_validation_result_merge_with_warnings ... ok
[INFO] [stdout] test validation::tests::validation_error_key_extraction ... ok
[INFO] [stdout] test validation::tests::validation_error_multiple_flatten ... ok
[INFO] [stdout] test validation::tests::validation_result_add_error_marks_invalid ... ok
[INFO] [stdout] test validation::tests::validation_error_not_one_of_display ... ok
[INFO] [stdout] test validation::tests::validation_error_out_of_range_display ... ok
[INFO] [stdout] test validation::tests::test_validation_error_redact_if_secret_secret_visibility ... ok
[INFO] [stdout] test validation::tests::test_validation_result_into_result_single_error ... ok
[INFO] [stdout] test validation::tests::test_validation_error_redact_if_secret_public_visibility ... ok
[INFO] [stdout] test validation::tests::test_validation_error_redact_out_of_range ... ok
[INFO] [stdout] test validation::tests::test_validation_result_into_result_multiple_errors ... ok
[INFO] [stdout] test validation::tests::validation_result_display_valid ... ok
[INFO] [stdout] test validation::tests::validation_result_into_result_err ... ok
[INFO] [stdout] test validation::tests::validation_result_add_warning ... ok
[INFO] [stdout] test settings_loader::tests::test_settings_load_w_override ... ok
[INFO] [stdout] test validation::tests::validation_result_merge ... ok
[INFO] [stdout] test validation::tests::validation_result_into_result_ok ... ok
[INFO] [stdout] test validation::tests::validation_result_display_invalid ... ok
[INFO] [stdout] test validation::tests::validation_result_new_is_valid ... ok
[INFO] [stdout] 
[INFO] [stdout] test result: ok. 272 passed; 0 failed; 0 ignored; 0 measured; 0 filtered out; finished in 0.12s
[INFO] [stdout] 
[INFO] [stderr]      Running tests/conditional_visibility_tests.rs (/opt/rustwide/target/debug/build/settings_loader/a7d9e8dcd5d9f362/out/conditional_visibility_tests-a7d9e8dcd5d9f362)
[INFO] [stdout] 
[INFO] [stdout] running 22 tests
[INFO] [stdout] test conditional_visibility_tests::test_scenario_database_postgres_visibility ... ok
[INFO] [stdout] test conditional_visibility_tests::test_base_setting_without_conditional ... ok
[INFO] [stdout] test conditional_visibility_tests::test_deeply_nested_wildcard_pattern ... ok
[INFO] [stdout] test conditional_visibility_tests::test_exact_pattern_matching ... ok
[INFO] [stdout] test conditional_visibility_tests::test_conditional_setting_metadata_integration ... ok
[INFO] [stdout] test conditional_visibility_tests::test_scenario_future_spark_mcp_expansion ... ok
[INFO] [stdout] test conditional_visibility_tests::test_exact_pattern_rejects_nested ... ok
[INFO] [stdout] test conditional_visibility_tests::test_conditional_visibility_debug ... ok
[INFO] [stdout] test conditional_visibility_tests::test_conditional_visibility_string_representation ... ok
[INFO] [stdout] test conditional_visibility_tests::test_multiple_conditionals_for_same_base_setting ... ok
[INFO] [stdout] test conditional_visibility_tests::test_conditional_visibility_inequality ... ok
[INFO] [stdout] test conditional_visibility_tests::test_conditional_visibility_clone ... ok
[INFO] [stdout] test conditional_visibility_tests::test_scenario_ollama_provider_visibility ... ok
[INFO] [stdout] test conditional_visibility_tests::test_pattern_with_multiple_dots ... ok
[INFO] [stdout] test conditional_visibility_tests::test_single_level_key_pattern ... ok
[INFO] [stdout] test conditional_visibility_tests::test_wildcard_pattern_matching_basic ... ok
[INFO] [stdout] test conditional_visibility_tests::test_wildcard_pattern_rejects_different_provider ... ok
[INFO] [stdout] test conditional_visibility_tests::test_wildcard_pattern_prevents_false_matches ... ok
[INFO] [stdout] test conditional_visibility_tests::test_wildcard_pattern_requires_dot_separator ... ok
[INFO] [stdout] test conditional_visibility_tests::test_conditional_visibility_equality ... ok
[INFO] [stdout] test conditional_visibility_tests::test_empty_pattern_string ... ok
[INFO] [stdout] test conditional_visibility_tests::test_spark_mcp_conditional_pattern ... ok
[INFO] [stdout] 
[INFO] [stdout] test result: ok. 22 passed; 0 failed; 0 ignored; 0 measured; 0 filtered out; finished in 0.01s
[INFO] [stdout] 
[INFO] [stderr]      Running tests/config_editor_tests.rs (/opt/rustwide/target/debug/build/settings_loader/858d67da616632d0/out/config_editor_tests-858d67da616632d0)
[INFO] [stdout] 
[INFO] [stdout] running 1 test
[INFO] [stdout] test tests_without_feature::editor_feature_not_enabled ... ok
[INFO] [stdout] 
[INFO] [stdout] test result: ok. 1 passed; 0 failed; 0 ignored; 0 measured; 0 filtered out; finished in 0.00s
[INFO] [stdout] 
[INFO] [stderr]      Running tests/env_customization_tests.rs (/opt/rustwide/target/debug/build/settings_loader/8c8382611381f581/out/env_customization_tests-8c8382611381f581)
[INFO] [stdout] 
[INFO] [stdout] running 12 tests
[INFO] [stdout] test test_custom_env_separator ... ok
[INFO] [stdout] test test_default_env_prefix ... ok
[INFO] [stdout] test test_backward_compatibility_default_prefix ... ok
[INFO] [stdout] test test_backward_compatibility_default_separator ... ok
[INFO] [stdout] test test_multiple_custom_implementations ... ok
[INFO] [stdout] test test_turtle_style_naming_convention ... ok
[INFO] [stdout] test test_custom_env_prefix ... ok
[INFO] [stdout] test test_default_env_separator ... ok
[INFO] [stdout] test test_custom_prefix_and_separator ... ok
[INFO] [stdout] test test_env_var_loading_with_custom_convention ... ok
[INFO] [stdout] test test_env_vars_with_custom_separator ... ok
[INFO] [stdout] test test_env_vars_with_custom_prefix ... ok
[INFO] [stdout] 
[INFO] [stderr]      Running tests/introspection_tests.rs (/opt/rustwide/target/debug/build/settings_loader/81d5c791df6773d8/out/introspection_tests-81d5c791df6773d8)
[INFO] [stdout] test result: ok. 12 passed; 0 failed; 0 ignored; 0 measured; 0 filtered out; finished in 0.01s
[INFO] [stdout] 
[INFO] [stdout] 
[INFO] [stdout] running 32 tests
[INFO] [stdout] test introspection_trait_tests::test_error_handling_for_invalid_queries ... ok
[INFO] [stdout] test introspection_trait_tests::test_get_schema_with_empty_settings ... ok
[INFO] [stdout] test introspection_trait_tests::test_find_nonexistent_setting_returns_none ... ok
[INFO] [stdout] test introspection_trait_tests::test_boundary_conditions ... ok
[INFO] [stdout] test introspection_trait_tests::test_get_settings_by_type_boolean ... ok
[INFO] [stdout] test introspection_trait_tests::test_get_all_groups ... ok
[INFO] [stdout] test introspection_trait_tests::test_find_setting_by_key ... ok
[INFO] [stdout] test introspection_trait_tests::test_get_secret_settings ... ok
[INFO] [stdout] test introspection_trait_tests::test_get_hidden_settings ... ok
[INFO] [stdout] test introspection_trait_tests::test_get_settings_by_type_string ... ok
[INFO] [stdout] test introspection_trait_tests::test_get_settings_by_type_secret ... ok
[INFO] [stdout] test introspection_trait_tests::test_get_total_settings_count ... ok
[INFO] [stdout] test introspection_trait_tests::test_get_settings_by_nonexistent_group ... ok
[INFO] [stdout] test introspection_trait_tests::test_public_settings_excludes_secrets ... ok
[INFO] [stdout] test introspection_trait_tests::test_all_visibility_levels ... ok
[INFO] [stdout] test introspection_trait_tests::test_get_setting_basic_structure ... ok
[INFO] [stdout] test introspection_trait_tests::test_get_type_distribution ... ok
[INFO] [stdout] test introspection_trait_tests::test_deeply_nested_types ... ok
[INFO] [stdout] test introspection_trait_tests::test_get_settings_by_group ... ok
[INFO] [stdout] test introspection_trait_tests::test_performance_with_large_schema ... ok
[INFO] [stdout] test introspection_trait_tests::test_search_returns_empty_for_no_matches ... ok
[INFO] [stdout] test introspection_trait_tests::test_schema_consistency ... ok
[INFO] [stdout] test introspection_trait_tests::test_search_settings_by_key ... ok
[INFO] [stdout] test introspection_trait_tests::test_search_settings_by_description ... ok
[INFO] [stdout] test introspection_trait_tests::test_schema_contains_complete_metadata ... ok
[INFO] [stdout] test introspection_trait_tests::test_setting_lookup_case_sensitive ... ok
[INFO] [stdout] test introspection_trait_tests::test_get_public_settings ... ok
[INFO] [stdout] test introspection_trait_tests::test_get_schema_returns_full_schema ... ok
[INFO] [stdout] test introspection_trait_tests::test_groups_contain_setting_references ... ok
[INFO] [stdout] test introspection_trait_tests::test_nested_object_introspection ... ok
[INFO] [stderr]      Running tests/layer_builder_tests.rs (/opt/rustwide/target/debug/build/settings_loader/1d9eaa0e7f645b6f/out/layer_builder_tests-1d9eaa0e7f645b6f)
[INFO] [stdout] test introspection_trait_tests::test_visibility_filtering_with_mixed_settings ... ok
[INFO] [stdout] test introspection_trait_tests::test_visibility_distribution ... ok
[INFO] [stdout] 
[INFO] [stdout] test result: ok. 32 passed; 0 failed; 0 ignored; 0 measured; 0 filtered out; finished in 0.01s
[INFO] [stdout] 
[INFO] [stdout] 
[INFO] [stdout] running 36 tests
[INFO] [stdout] test test_layer_builder_with_env_search_missing ... ok
[INFO] [stdout] test test_env_var_layer_with_set_env ... ok
[INFO] [stdout] test test_layer_builder_with_path ... ok
[INFO] [stdout] test test_layer_builder_with_env_var ... ok
[INFO] [stdout] test test_layer_builder_with_secrets ... ok
[INFO] [stdout] test test_env_vars_layer_integration ... ok
[INFO] [stdout] test test_env_vars_only ... ok
[INFO] [stdout] test test_layer_query_methods ... ok
[INFO] [stdout] test test_empty_builder ... ok
[INFO] [stdout] test test_fluent_interface ... ok
[INFO] [stdout] test test_layer_builder_multiple_layers ... ok
[INFO] [stdout] test test_builder_order_matters ... ok
[INFO] [stdout] test test_multiple_file_formats_json ... ok
[INFO] [stdout] test test_secrets_layer_missing_file ... ok
[INFO] [stdout] test test_path_layer_missing_file ... ok
[INFO] [stdout] test test_layer_builder_with_env_vars ... ok
[INFO] [stdout] test test_comprehensive_real_world_scenario ... ok
[INFO] [stdout] test test_multiple_file_formats_yaml ... ok
[INFO] [stdout] test test_multiple_file_formats_toml ... ok
[INFO] [stdout] test test_layer_precedence_yaml_override ... ok
[INFO] [stdout] test test_with_path_in_dir_discovers_toml ... ok
[INFO] [stdout] test test_layer_builder_traits ... ok
[INFO] [stdout] test test_layer_builder_new ... ok
[INFO] [stdout] test test_secrets_layer_override ... ok
[INFO] [stdout] test test_layer_builder_with_env_search ... ok
[INFO] [stdout] test test_path_layer_extension_detection ... ok
[INFO] [stdout] test test_with_path_in_dir_discovers_json ... ok
[INFO] [stdout] test test_with_path_in_dir_relative_path ... ok
[INFO] [stdout] test test_with_path_in_dir_no_file_found ... ok
[INFO] [stdout] test test_with_path_in_dir_format_precedence ... ok
[INFO] [stdout] test test_with_path_in_dir_with_other_layers ... ok
[INFO] [stdout] test test_with_path_in_dir_discovers_yaml ... ok
[INFO] [stdout] test test_debug_env_vars_behavior ... ok
[INFO] [stdout] test test_env_var_layer_missing_env ... ok
[INFO] [stdout] test test_mixed_optional_layers ... ok
[INFO] [stdout] test test_turtle_scenario ... ok
[INFO] [stdout] 
[INFO] [stdout] test result: ok. 36 passed; 0 failed; 0 ignored; 0 measured; 0 filtered out; finished in 0.02s
[INFO] [stdout] 
[INFO] [stderr]      Running tests/metadata_core_types_tests.rs (/opt/rustwide/target/debug/build/settings_loader/73adfe82fd81af29/out/metadata_core_types_tests-73adfe82fd81af29)
[INFO] [stdout] 
[INFO] [stdout] running 45 tests
[INFO] [stdout] test core_metadata_tests::test_constraint_all_variants_distinct ... ok
[INFO] [stdout] test core_metadata_tests::test_config_schema_many_settings_and_groups ... ok
[INFO] [stdout] test core_metadata_tests::test_constraint_pattern_empty_string ... ok
[INFO] [stdout] test core_metadata_tests::test_constraint_length_zero_range ... ok
[INFO] [stdout] test core_metadata_tests::test_setting_type_array_variant ... ok
[INFO] [stdout] test core_metadata_tests::test_setting_type_duration_variant ... ok
[INFO] [stdout] test core_metadata_tests::test_setting_type_duration_zero_value ... ok
[INFO] [stdout] test core_metadata_tests::test_constraint_required_variant ... ok
[INFO] [stdout] test core_metadata_tests::test_constraint_range_equal_bounds ... ok
[INFO] [stdout] test core_metadata_tests::test_setting_type_boolean_variant ... ok
[INFO] [stdout] test core_metadata_tests::test_setting_type_all_variants_distinct ... ok
[INFO] [stdout] test core_metadata_tests::test_setting_type_enum_many_variants ... ok
[INFO] [stdout] test core_metadata_tests::test_constraint_pattern_variant ... ok
[INFO] [stdout] test core_metadata_tests::test_setting_type_integer_extreme_values ... ok
[INFO] [stdout] test core_metadata_tests::test_setting_type_integer_variant ... ok
[INFO] [stdout] test core_metadata_tests::test_setting_type_any_variant ... ok
[INFO] [stdout] test core_metadata_tests::test_setting_type_object_many_fields ... ok
[INFO] [stdout] test core_metadata_tests::test_setting_type_array_deeply_nested ... ok
[INFO] [stdout] test core_metadata_tests::test_constraint_length_variant ... ok
[INFO] [stdout] test core_metadata_tests::test_constraint_partial_eq ... ok
[INFO] [stdout] test core_metadata_tests::test_setting_metadata_all_none_optionals ... ok
[INFO] [stdout] test core_metadata_tests::test_setting_type_enum_variant ... ok
[INFO] [stdout] test core_metadata_tests::test_setting_type_string_no_constraints ... ok
[INFO] [stdout] test core_metadata_tests::test_setting_type_float_extreme_values ... ok
[INFO] [stdout] test core_metadata_tests::test_setting_type_float_variant ... ok
[INFO] [stdout] test core_metadata_tests::test_setting_metadata_complex_default ... ok
[INFO] [stdout] test core_metadata_tests::test_setting_type_url_variant ... ok
[INFO] [stdout] test core_metadata_tests::test_setting_type_string_variant ... ok
[INFO] [stdout] test core_metadata_tests::test_setting_type_path_variant ... ok
[INFO] [stdout] test core_metadata_tests::test_setting_type_secret_variant ... ok
[INFO] [stdout] test core_metadata_tests::test_visibility_all_variants_distinct ... ok
[INFO] [stdout] test core_metadata_tests::test_visibility_advanced_variant ... ok
[INFO] [stdout] test core_metadata_tests::test_visibility_public_variant ... ok
[INFO] [stdout] test core_metadata_tests::test_visibility_secret_variant ... ok
[INFO] [stdout] test core_metadata_tests::test_visibility_is_copy ... ok
[INFO] [stdout] test core_metadata_tests::test_visibility_default_is_public ... ok
[INFO] [stdout] test core_metadata_tests::test_visibility_hash ... ok
[INFO] [stdout] test core_metadata_tests::test_visibility_hidden_variant ... ok
[INFO] [stdout] test core_metadata_tests::test_constraint_custom_variant ... ok
[INFO] [stdout] test core_metadata_tests::test_constraint_one_of_variant ... ok
[INFO] [stdout] test core_metadata_tests::test_constraint_range_variant ... ok
[INFO] [stdout] test core_metadata_tests::test_setting_type_object_variant ... ok
[INFO] [stdout] test core_metadata_tests::test_setting_type_path_all_variants ... ok
[INFO] [stdout] test core_metadata_tests::test_setting_type_string_all_constraints ... ok
[INFO] [stdout] test core_metadata_tests::test_setting_type_url_many_schemes ... ok
[INFO] [stdout] 
[INFO] [stdout] test result: ok. 45 passed; 0 failed; 0 ignored; 0 measured; 0 filtered out; finished in 0.03s
[INFO] [stdout] 
[INFO] [stderr]      Running tests/metadata_integration_tests.rs (/opt/rustwide/target/debug/build/settings_loader/27c734198e448d90/out/metadata_integration_tests-27c734198e448d90)
[INFO] [stdout] 
[INFO] [stdout] running 14 tests
[INFO] [stdout] test metadata_integration_tests::test_backward_compatibility_no_introspection ... ok
[INFO] [stderr]      Running tests/multi_scope_config_tests.rs (/opt/rustwide/target/debug/build/settings_loader/8d583022384db5d2/out/multi_scope_config_tests-8d583022384db5d2)
[INFO] [stdout] test metadata_integration_tests::test_generate_cli_help_from_schema ... ok
[INFO] [stdout] test metadata_integration_tests::test_group_settings_for_display ... ok
[INFO] [stdout] test metadata_integration_tests::test_introspection_with_multi_scope ... ok
[INFO] [stdout] test metadata_integration_tests::test_api_server_multi_layer_configuration ... ok
[INFO] [stdout] test metadata_integration_tests::test_settings_discovery_and_search ... ok
[INFO] [stdout] test metadata_integration_tests::test_turtle_configuration_validation_workflow ... ok
[INFO] [stdout] test metadata_integration_tests::test_validate_all_settings_batch ... ok
[INFO] [stdout] test metadata_integration_tests::test_manual_introspection_implementation ... ok
[INFO] [stdout] test metadata_integration_tests::test_metadata_with_explicit_layering ... ok
[INFO] [stdout] test metadata_integration_tests::test_filter_secrets_from_ui ... ok
[INFO] [stdout] test metadata_integration_tests::test_constraint_analysis_through_introspection ... ok
[INFO] [stdout] test metadata_integration_tests::test_validation_before_editor_save ... ok
[INFO] [stdout] test metadata_integration_tests::test_generate_tui_form_from_metadata ... ok
[INFO] [stdout] 
[INFO] [stdout] test result: ok. 14 passed; 0 failed; 0 ignored; 0 measured; 0 filtered out; finished in 0.01s
[INFO] [stdout] 
[INFO] [stdout] 
[INFO] [stdout] running 2 tests
[INFO] [stdout] test test_backward_compat_with_earlier_features ... ok
[INFO] [stderr]      Running tests/provenance_tests.rs (/opt/rustwide/target/debug/build/settings_loader/6a37fe26e0f23771/out/provenance_tests-6a37fe26e0f23771)
[INFO] [stdout] test test_scope_equality_and_hashing ... ok
[INFO] [stdout] 
[INFO] [stdout] test result: ok. 2 passed; 0 failed; 0 ignored; 0 measured; 0 filtered out; finished in 0.00s
[INFO] [stdout] 
[INFO] [stdout] 
[INFO] [stdout] running 5 tests
[INFO] [stdout] test test_provenance_env_vars ... ok
[INFO] [stdout] test test_provenance_scoped_path_compilation ... ok
[INFO] [stdout] test test_provenance_tracking_single_file ... ok
[INFO] [stdout] test test_audit_report_generation ... ok
[INFO] [stdout] test test_provenance_tracking_overrides ... ok
[INFO] [stdout] 
[INFO] [stdout] test result: ok. 5 passed; 0 failed; 0 ignored; 0 measured; 0 filtered out; finished in 0.01s
[INFO] [stdout] 
[INFO] [stderr]      Running tests/registry_tests.rs (/opt/rustwide/target/debug/build/settings_loader/495ffc4c5becd21d/out/registry_tests-495ffc4c5becd21d)
[INFO] [stdout] 
[INFO] [stdout] running 3 tests
[INFO] [stdout] test test_global_registry ... ok
[INFO] [stdout] test test_registry_registration ... ok
[INFO] [stdout] test test_registry_introspection ... ok
[INFO] [stdout] 
[INFO] [stdout] test result: ok. 3 passed; 0 failed; 0 ignored; 0 measured; 0 filtered out; finished in 0.00s
[INFO] [stdout] 
[INFO] [stderr]      Running tests/schema_export_tests.rs (/opt/rustwide/target/debug/build/settings_loader/05abe207dc15611f/out/schema_export_tests-05abe207dc15611f)
[INFO] [stdout] 
[INFO] [stdout] running 4 tests
[INFO] [stdout] test test_html_generation ... ok
[INFO] [stdout] test test_toml_example_generation ... ok
[INFO] [stdout] test test_json_schema_generation ... ok
[INFO] [stdout] test test_export_methods ... ok
[INFO] [stdout] 
[INFO] [stdout] test result: ok. 4 passed; 0 failed; 0 ignored; 0 measured; 0 filtered out; finished in 0.00s
[INFO] [stdout] 
[INFO] [stderr]      Running tests/validation_property_tests.rs (/opt/rustwide/target/debug/build/settings_loader/972fd087e17f5abc/out/validation_property_tests-972fd087e17f5abc)
[INFO] [stdout] 
[INFO] [stdout] running 40 tests
[INFO] [stdout] test validation_property_tests::prop_null_value_required_constraint ... ok
[INFO] [stdout] test validation_property_tests::prop_empty_string_length_constraint ... ok
[INFO] [stdout] test validation_property_tests::prop_integer_type_bounds ... ok
[INFO] [stdout] test validation_property_tests::prop_float_type_boundary ... ok
[INFO] [stdout] test validation_property_tests::prop_oneof_valid_value ... ok
[INFO] [stdout] test validation_property_tests::prop_length_at_boundaries ... ok
[INFO] [stdout] test validation_property_tests::prop_range_above_max_rejects ... ok
[INFO] [stdout] test validation_property_tests::prop_length_error_shows_actual_length ... ok
[INFO] [stdout] test validation_property_tests::prop_range_below_min_rejects ... ok
[INFO] [stdout] test validation_property_tests::prop_range_exact_boundaries ... ok
[INFO] [stdout] test validation_property_tests::prop_range_float_above_max ... ok
[INFO] [stdout] test validation_property_tests::prop_range_error_shows_bounds ... ok
[INFO] [stdout] test validation_property_tests::prop_range_float_precision ... ok
[INFO] [stdout] test validation_property_tests::prop_length_valid_range ... ok
[INFO] [stdout] test validation_property_tests::prop_range_within_bounds_accepts ... ok
[INFO] [stdout] test validation_property_tests::prop_oneof_case_sensitive ... ok
[INFO] [stdout] test validation_property_tests::prop_oneof_rejects_outside_set ... ok
[INFO] [stdout] test validation_property_tests::prop_validation_performance_oneof ... ok
[INFO] [stdout] test validation_property_tests::prop_range_zero_within_bounds ... ok
[INFO] [stdout] test validation_property_tests::prop_validation_performance_length ... ok
[INFO] [stdout] test validation_property_tests::prop_validation_performance_range ... ok
[INFO] [stdout] test validation_property_tests::prop_string_type_length_bounds ... ok
[INFO] [stdout] test validation_property_tests::test_constraint_hints_actionable ... ok
[INFO] [stdout] test validation_property_tests::test_oneof_error_includes_hint ... ok
[INFO] [stdout] test validation_property_tests::test_pattern_error_includes_hint ... ok
[INFO] [stdout] test validation_property_tests::test_range_error_includes_hint ... ok
[INFO] [stdout] test validation_property_tests::prop_length_too_long ... ok
[INFO] [stdout] test validation_property_tests::prop_zero_value_range_constraint ... ok
[INFO] [stdout] test validation_property_tests::prop_secret_visibility_validation ... ok
[INFO] [stdout] test validation_property_tests::prop_pattern_empty_string ... ok
[INFO] [stdout] test validation_property_tests::prop_pattern_error_contains_key ... ok
[INFO] [stdout] test validation_property_tests::prop_length_unicode_strings ... ok
[INFO] [stdout] test validation_property_tests::prop_metadata_multiple_constraints ... ok
[INFO] [stdout] test validation_property_tests::prop_oneof_error_shows_key ... ok
[INFO] [stdout] test validation_property_tests::prop_oneof_with_many_options ... ok
[INFO] [stdout] test validation_property_tests::prop_pattern_hex_validation ... ok
[INFO] [stdout] test validation_property_tests::prop_pattern_lowercase_letters_valid ... ok
[INFO] [stdout] test validation_property_tests::prop_pattern_digits_reject_letters ... ok
[INFO] [stdout] test validation_property_tests::prop_validation_performance_pattern ... FAILED
[INFO] [stdout] test validation_property_tests::prop_pattern_email_like ... ok
[INFO] [stdout] 
[INFO] [stdout] failures:
[INFO] [stdout] 
[INFO] [stdout] ---- validation_property_tests::prop_validation_performance_pattern stdout ----
[INFO] [stdout] 
[INFO] [stdout] thread 'validation_property_tests::prop_validation_performance_pattern' (2882) panicked at tests/validation_property_tests.rs:340:9:
[INFO] [stdout] Pattern validation too slow: 1020ms for 1000 ops (avg 1ms each)
[INFO] [stdout] stack backtrace:
[INFO] [stdout]    0:     0x644412367bc1 - std[617be2ca0a6fd877]::backtrace_rs::backtrace::libunwind::trace
[INFO] [stdout]                                at /rustc/e3feeb59cd1bdd011a2bfcc0747b55125d9b8527/library/std/src/../../backtrace/src/backtrace/libunwind.rs:117:9
[INFO] [stdout]    1:     0x644412367bc1 - std[617be2ca0a6fd877]::backtrace_rs::backtrace::trace_unsynchronized::<std[617be2ca0a6fd877]::sys::backtrace::_print_fmt::{closure#1}>
[INFO] [stdout]                                at /rustc/e3feeb59cd1bdd011a2bfcc0747b55125d9b8527/library/std/src/../../backtrace/src/backtrace/mod.rs:66:14
[INFO] [stdout]    2:     0x644412367bc1 - std[617be2ca0a6fd877]::sys::backtrace::_print_fmt
[INFO] [stdout]                                at /rustc/e3feeb59cd1bdd011a2bfcc0747b55125d9b8527/library/std/src/sys/backtrace.rs:74:9
[INFO] [stdout]    3:     0x644412367bc1 - <<std[617be2ca0a6fd877]::sys::backtrace::BacktraceLock>::print::DisplayBacktrace as core[a373ad73a504971]::fmt::Display>::fmt
[INFO] [stdout]                                at /rustc/e3feeb59cd1bdd011a2bfcc0747b55125d9b8527/library/std/src/sys/backtrace.rs:44:26
[INFO] [stdout]    4:     0x64441237e82a - <core[a373ad73a504971]::fmt::rt::Argument>::fmt
[INFO] [stdout]                                at /rustc/e3feeb59cd1bdd011a2bfcc0747b55125d9b8527/library/core/src/fmt/rt.rs:152:76
[INFO] [stdout]    5:     0x64441237e82a - core[a373ad73a504971]::fmt::write
[INFO] [stdout]    6:     0x64441236c23c - core[a373ad73a504971]::io::write::default_write_fmt::<alloc[2e1b2a31b91974c5]::vec::Vec<u8>>
[INFO] [stdout]                                at /rustc/e3feeb59cd1bdd011a2bfcc0747b55125d9b8527/library/core/src/io/write.rs:402:11
[INFO] [stdout]    7:     0x64441236c23c - <alloc[2e1b2a31b91974c5]::vec::Vec<u8> as core[a373ad73a504971]::io::write::Write>::write_fmt
[INFO] [stdout]                                at /rustc/e3feeb59cd1bdd011a2bfcc0747b55125d9b8527/library/core/src/io/write.rs:335:13
[INFO] [stdout]    8:     0x644412342af6 - <std[617be2ca0a6fd877]::sys::backtrace::BacktraceLock>::print
[INFO] [stdout]                                at /rustc/e3feeb59cd1bdd011a2bfcc0747b55125d9b8527/library/std/src/sys/backtrace.rs:47:9
[INFO] [stdout]    9:     0x644412342af6 - std[617be2ca0a6fd877]::panicking::default_hook::{closure#0}
[INFO] [stdout]                                at /rustc/e3feeb59cd1bdd011a2bfcc0747b55125d9b8527/library/std/src/panicking.rs:289:27
[INFO] [stdout]   10:     0x6444123600a9 - std[617be2ca0a6fd877]::panicking::default_hook
[INFO] [stdout]                                at /rustc/e3feeb59cd1bdd011a2bfcc0747b55125d9b8527/library/std/src/panicking.rs:313:9
[INFO] [stdout]   11:     0x644411f8d5b0 - <alloc[2e1b2a31b91974c5]::boxed::Box<dyn for<'a, 'b> core[a373ad73a504971]::ops::function::Fn<(&'a std[617be2ca0a6fd877]::panic::PanicHookInfo<'b>,), Output = ()> + core[a373ad73a504971]::marker::Sync + core[a373ad73a504971]::marker::Send> as core[a373ad73a504971]::ops::function::Fn<(&std[617be2ca0a6fd877]::panic::PanicHookInfo,)>>::call
[INFO] [stdout]                                at /rustc/e3feeb59cd1bdd011a2bfcc0747b55125d9b8527/library/alloc/src/boxed.rs:2328:9
[INFO] [stdout]   12:     0x644411f8d5b0 - test[aada8e7e76ba119b]::test_main_inner::{closure#0}
[INFO] [stdout]                                at /rustc/e3feeb59cd1bdd011a2bfcc0747b55125d9b8527/library/test/src/lib.rs:137:21
[INFO] [stdout]   13:     0x644412360262 - <alloc[2e1b2a31b91974c5]::boxed::Box<dyn for<'a, 'b> core[a373ad73a504971]::ops::function::Fn<(&'a std[617be2ca0a6fd877]::panic::PanicHookInfo<'b>,), Output = ()> + core[a373ad73a504971]::marker::Sync + core[a373ad73a504971]::marker::Send> as core[a373ad73a504971]::ops::function::Fn<(&std[617be2ca0a6fd877]::panic::PanicHookInfo,)>>::call
[INFO] [stdout]                                at /rustc/e3feeb59cd1bdd011a2bfcc0747b55125d9b8527/library/alloc/src/boxed.rs:2328:9
[INFO] [stdout]   14:     0x644412360262 - std[617be2ca0a6fd877]::panicking::panic_with_hook
[INFO] [stdout]                                at /rustc/e3feeb59cd1bdd011a2bfcc0747b55125d9b8527/library/std/src/panicking.rs:819:13
[INFO] [stdout]   15:     0x644412342ba2 - std[617be2ca0a6fd877]::panicking::panic_handler::{closure#0}
[INFO] [stdout]                                at /rustc/e3feeb59cd1bdd011a2bfcc0747b55125d9b8527/library/std/src/panicking.rs:685:13
[INFO] [stdout]   16:     0x64441233b769 - std[617be2ca0a6fd877]::sys::backtrace::__rust_end_short_backtrace::<std[617be2ca0a6fd877]::panicking::panic_handler::{closure#0}, !>
[INFO] [stdout]                                at /rustc/e3feeb59cd1bdd011a2bfcc0747b55125d9b8527/library/std/src/sys/backtrace.rs:182:18
[INFO] [stdout]   17:     0x6444123437ad - __rustc[ea4f61d10b84890b]::rust_begin_unwind
[INFO] [stdout]                                at /rustc/e3feeb59cd1bdd011a2bfcc0747b55125d9b8527/library/std/src/panicking.rs:676:5
[INFO] [stdout]   18:     0x64441237f0cc - core[a373ad73a504971]::panicking::panic_fmt
[INFO] [stdout]                                at /rustc/e3feeb59cd1bdd011a2bfcc0747b55125d9b8527/library/core/src/panicking.rs:80:14
[INFO] [stdout]   19:     0x644411f4a459 - validation_property_tests[9ab4b7fe51965368]::validation_property_tests::prop_validation_performance_pattern
[INFO] [stdout]                                at /opt/rustwide/workdir/tests/validation_property_tests.rs:340:9
[INFO] [stdout]   20:     0x644411f32637 - validation_property_tests[9ab4b7fe51965368]::validation_property_tests::prop_validation_performance_pattern::{closure#0}
[INFO] [stdout]                                at /opt/rustwide/workdir/tests/validation_property_tests.rs:329:45
[INFO] [stdout]   21:     0x644411f577b6 - <validation_property_tests[9ab4b7fe51965368]::validation_property_tests::prop_validation_performance_pattern::{closure#0} as core[a373ad73a504971]::ops::function::FnOnce<()>>::call_once
[INFO] [stdout]                                at /rustc/e3feeb59cd1bdd011a2bfcc0747b55125d9b8527/library/core/src/ops/function.rs:250:5
[INFO] [stdout]   22:     0x644411f809fb - <fn() -> core[a373ad73a504971]::result::Result<(), alloc[2e1b2a31b91974c5]::string::String> as core[a373ad73a504971]::ops::function::FnOnce<()>>::call_once
[INFO] [stdout]                                at /rustc/e3feeb59cd1bdd011a2bfcc0747b55125d9b8527/library/core/src/ops/function.rs:250:5
[INFO] [stdout]   23:     0x644411f809fb - test[aada8e7e76ba119b]::__rust_begin_short_backtrace::<core[a373ad73a504971]::result::Result<(), alloc[2e1b2a31b91974c5]::string::String>, fn() -> core[a373ad73a504971]::result::Result<(), alloc[2e1b2a31b91974c5]::string::String>>
[INFO] [stdout]                                at /rustc/e3feeb59cd1bdd011a2bfcc0747b55125d9b8527/library/test/src/lib.rs:701:18
[INFO] [stdout]   24:     0x644411f8dbd5 - test[aada8e7e76ba119b]::run_test_in_process::{closure#0}
[INFO] [stdout]                                at /rustc/e3feeb59cd1bdd011a2bfcc0747b55125d9b8527/library/test/src/lib.rs:724:74
[INFO] [stdout]   25:     0x644411f8dbd5 - <core[a373ad73a504971]::panic::unwind_safe::AssertUnwindSafe<test[aada8e7e76ba119b]::run_test_in_process::{closure#0}> as core[a373ad73a504971]::ops::function::FnOnce<()>>::call_once
[INFO] [stdout]                                at /rustc/e3feeb59cd1bdd011a2bfcc0747b55125d9b8527/library/core/src/panic/unwind_safe.rs:275:9
[INFO] [stdout]   26:     0x644411f8dbd5 - std[617be2ca0a6fd877]::panicking::catch_unwind::do_call::<core[a373ad73a504971]::panic::unwind_safe::AssertUnwindSafe<test[aada8e7e76ba119b]::run_test_in_process::{closure#0}>, core[a373ad73a504971]::result::Result<(), alloc[2e1b2a31b91974c5]::string::String>>
[INFO] [stdout]                                at /rustc/e3feeb59cd1bdd011a2bfcc0747b55125d9b8527/library/std/src/panicking.rs:573:43
[INFO] [stdout]   27:     0x644411f8dbd5 - std[617be2ca0a6fd877]::panicking::catch_unwind::<core[a373ad73a504971]::result::Result<(), alloc[2e1b2a31b91974c5]::string::String>, core[a373ad73a504971]::panic::unwind_safe::AssertUnwindSafe<test[aada8e7e76ba119b]::run_test_in_process::{closure#0}>>
[INFO] [stdout]                                at /rustc/e3feeb59cd1bdd011a2bfcc0747b55125d9b8527/library/std/src/panicking.rs:541:19
[INFO] [stdout]   28:     0x644411f8dbd5 - std[617be2ca0a6fd877]::panic::catch_unwind::<core[a373ad73a504971]::panic::unwind_safe::AssertUnwindSafe<test[aada8e7e76ba119b]::run_test_in_process::{closure#0}>, core[a373ad73a504971]::result::Result<(), alloc[2e1b2a31b91974c5]::string::String>>
[INFO] [stdout]                                at /rustc/e3feeb59cd1bdd011a2bfcc0747b55125d9b8527/library/std/src/panic.rs:359:14
[INFO] [stdout]   29:     0x644411f8dbd5 - test[aada8e7e76ba119b]::run_test_in_process
[INFO] [stdout]                                at /rustc/e3feeb59cd1bdd011a2bfcc0747b55125d9b8527/library/test/src/lib.rs:724:27
[INFO] [stdout]   30:     0x644411f8dbd5 - test[aada8e7e76ba119b]::run_test::{closure#0}
[INFO] [stdout]                                at /rustc/e3feeb59cd1bdd011a2bfcc0747b55125d9b8527/library/test/src/lib.rs:645:43
[INFO] [stdout]   31:     0x644411f874c4 - test[aada8e7e76ba119b]::run_test::{closure#1}
[INFO] [stdout]                                at /rustc/e3feeb59cd1bdd011a2bfcc0747b55125d9b8527/library/test/src/lib.rs:675:41
[INFO] [stdout]   32:     0x644411f874c4 - std[617be2ca0a6fd877]::sys::backtrace::__rust_begin_short_backtrace::<test[aada8e7e76ba119b]::run_test::{closure#1}, ()>
[INFO] [stdout]                                at /rustc/e3feeb59cd1bdd011a2bfcc0747b55125d9b8527/library/std/src/sys/backtrace.rs:166:18
[INFO] [stdout]   33:     0x644411f90c62 - std[617be2ca0a6fd877]::thread::lifecycle::spawn_unchecked::<test[aada8e7e76ba119b]::run_test::{closure#1}, ()>::{closure#1}::{closure#0}
[INFO] [stdout]                                at /rustc/e3feeb59cd1bdd011a2bfcc0747b55125d9b8527/library/std/src/thread/lifecycle.rs:70:13
[INFO] [stdout]   34:     0x644411f90c62 - <core[a373ad73a504971]::panic::unwind_safe::AssertUnwindSafe<std[617be2ca0a6fd877]::thread::lifecycle::spawn_unchecked<test[aada8e7e76ba119b]::run_test::{closure#1}, ()>::{closure#1}::{closure#0}> as core[a373ad73a504971]::ops::function::FnOnce<()>>::call_once
[INFO] [stdout]                                at /rustc/e3feeb59cd1bdd011a2bfcc0747b55125d9b8527/library/core/src/panic/unwind_safe.rs:275:9
[INFO] [stdout]   35:     0x644411f90c62 - std[617be2ca0a6fd877]::panicking::catch_unwind::do_call::<core[a373ad73a504971]::panic::unwind_safe::AssertUnwindSafe<std[617be2ca0a6fd877]::thread::lifecycle::spawn_unchecked<test[aada8e7e76ba119b]::run_test::{closure#1}, ()>::{closure#1}::{closure#0}>, ()>
[INFO] [stdout]                                at /rustc/e3feeb59cd1bdd011a2bfcc0747b55125d9b8527/library/std/src/panicking.rs:573:43
[INFO] [stdout]   36:     0x644411f90c62 - std[617be2ca0a6fd877]::panicking::catch_unwind::<(), core[a373ad73a504971]::panic::unwind_safe::AssertUnwindSafe<std[617be2ca0a6fd877]::thread::lifecycle::spawn_unchecked<test[aada8e7e76ba119b]::run_test::{closure#1}, ()>::{closure#1}::{closure#0}>>
[INFO] [stdout]                                at /rustc/e3feeb59cd1bdd011a2bfcc0747b55125d9b8527/library/std/src/panicking.rs:541:19
[INFO] [stdout]   37:     0x644411f90c62 - std[617be2ca0a6fd877]::panic::catch_unwind::<core[a373ad73a504971]::panic::unwind_safe::AssertUnwindSafe<std[617be2ca0a6fd877]::thread::lifecycle::spawn_unchecked<test[aada8e7e76ba119b]::run_test::{closure#1}, ()>::{closure#1}::{closure#0}>, ()>
[INFO] [stdout]                                at /rustc/e3feeb59cd1bdd011a2bfcc0747b55125d9b8527/library/std/src/panic.rs:359:14
[INFO] [stdout]   38:     0x644411f90c62 - std[617be2ca0a6fd877]::thread::lifecycle::spawn_unchecked::<test[aada8e7e76ba119b]::run_test::{closure#1}, ()>::{closure#1}
[INFO] [stdout]                                at /rustc/e3feeb59cd1bdd011a2bfcc0747b55125d9b8527/library/std/src/thread/lifecycle.rs:68:26
[INFO] [stdout]   39:     0x644411f90c62 - <std[617be2ca0a6fd877]::thread::lifecycle::spawn_unchecked<test[aada8e7e76ba119b]::run_test::{closure#1}, ()>::{closure#1} as core[a373ad73a504971]::ops::function::FnOnce<()>>::call_once::{shim:vtable#0}
[INFO] [stdout]                                at /rustc/e3feeb59cd1bdd011a2bfcc0747b55125d9b8527/library/core/src/ops/function.rs:250:5
[INFO] [stdout]   40:     0x64441236741f - <alloc[2e1b2a31b91974c5]::boxed::Box<dyn core[a373ad73a504971]::ops::function::FnOnce<(), Output = ()> + core[a373ad73a504971]::marker::Send> as core[a373ad73a504971]::ops::function::FnOnce<()>>::call_once
[INFO] [stdout]                                at /rustc/e3feeb59cd1bdd011a2bfcc0747b55125d9b8527/library/alloc/src/boxed.rs:2314:9
[INFO] [stdout]   41:     0x64441236741f - <std[617be2ca0a6fd877]::sys::thread::unix::Thread>::new::thread_start
[INFO] [stdout]                                at /rustc/e3feeb59cd1bdd011a2bfcc0747b55125d9b8527/library/std/src/sys/thread/unix.rs:127:17
[INFO] [stdout]   42:     0x7185f53a2dfa - <unknown>
[INFO] [stdout]   43:     0x7185f54363d4 - clone
[INFO] [stdout]   44:                0x0 - <unknown>
[INFO] [stdout] 
[INFO] [stdout] 
[INFO] [stdout] failures:
[INFO] [stdout]     validation_property_tests::prop_validation_performance_pattern
[INFO] [stdout] 
[INFO] [stdout] test result: FAILED. 39 passed; 1 failed; 0 ignored; 0 measured; 0 filtered out; finished in 1.35s
[INFO] [stdout] 
[INFO] [stderr] error: test failed, to rerun pass `--test validation_property_tests`
[INFO] running `Command { std: "docker" "inspect" "56a32c97dd0669dee2777c781980ea04a6e539dd1ce3fbbb7f29bb61862a2a7f", kill_on_drop: false }`
[INFO] running `Command { std: "docker" "rm" "-f" "56a32c97dd0669dee2777c781980ea04a6e539dd1ce3fbbb7f29bb61862a2a7f", kill_on_drop: false }`
[INFO] [stdout] 56a32c97dd0669dee2777c781980ea04a6e539dd1ce3fbbb7f29bb61862a2a7f
