[INFO] fetching crate set26 0.2.2...
[INFO] testing set26-0.2.2 against 1.99.0-beta.8 for beta-1.100-2
[INFO] extracting crate set26 0.2.2 into /workspace/builds/worker-3-tc1/source
[INFO] started tweaking crates.io crate set26 0.2.2
[INFO] finished tweaking crates.io crate set26 0.2.2
[INFO] tweaked toml for crates.io crate set26 0.2.2 written to /workspace/builds/worker-3-tc1/source/Cargo.toml
[INFO] validating manifest of crates.io crate set26 0.2.2 on toolchain 1.99.0-beta.8
[INFO] running `Command { std: CARGO_HOME="/workspace/cargo-home" RUSTUP_HOME="/workspace/rustup-home" "/workspace/cargo-home/bin/cargo" "+1.99.0-beta.8" "metadata" "--manifest-path" "Cargo.toml" "--no-deps", kill_on_drop: false }`
[INFO] crate crates.io crate set26 0.2.2 already has a lockfile, it will not be regenerated
[INFO] running `Command { std: CARGO_HOME="/workspace/cargo-home" RUSTUP_HOME="/workspace/rustup-home" "/workspace/cargo-home/bin/cargo" "+1.99.0-beta.8" "fetch" "--manifest-path" "Cargo.toml", kill_on_drop: false }`
[INFO] running `Command { std: "docker" "create" "-v" "/var/lib/crater-agent-workspace/builds/worker-3-tc1/source:/opt/rustwide/workdir:ro,Z" "-v" "/var/lib/crater-agent-workspace/builds/worker-3-tc1/target:/opt/rustwide/target:rw,Z" "-v" "/var/lib/crater-agent-workspace/cargo-home:/opt/rustwide/cargo-home:ro,Z" "-v" "/var/lib/crater-agent-workspace/rustup-home:/opt/rustwide/rustup-home:ro,Z" "-m" "1610612736" "--network" "none" "ghcr.io/rust-lang/crates-build-env/linux@sha256:3111399a4047eeb3a02b7a90e478d715f38a8c6669b5c4b49d30a17385265909" "sleep" "infinity", kill_on_drop: false }`
[INFO] [stdout] 915ded0a04d7bda7e74c54f01c58d81498032e30a2fa8546101b487b1ad705f5
[INFO] running `Command { std: "docker" "start" "915ded0a04d7bda7e74c54f01c58d81498032e30a2fa8546101b487b1ad705f5", kill_on_drop: false }`
[INFO] running `Command { std: "docker" "inspect" "915ded0a04d7bda7e74c54f01c58d81498032e30a2fa8546101b487b1ad705f5", kill_on_drop: false }`
[INFO] running `Command { std: "docker" "exec" "-e" "SOURCE_DIR=/opt/rustwide/workdir" "-e" "CARGO_HOME=/opt/rustwide/cargo-home" "-e" "RUSTUP_HOME=/opt/rustwide/rustup-home" "-e" "CARGO_TARGET_DIR=/opt/rustwide/target" "-w" "/opt/rustwide/workdir" "--user" "0:0" "915ded0a04d7bda7e74c54f01c58d81498032e30a2fa8546101b487b1ad705f5" "/opt/rustwide/cargo-home/bin/cargo" "+1.99.0-beta.8" "metadata" "--no-deps" "--format-version=1", kill_on_drop: false }`
[INFO] running `Command { std: "docker" "inspect" "915ded0a04d7bda7e74c54f01c58d81498032e30a2fa8546101b487b1ad705f5", kill_on_drop: false }`
[INFO] running `Command { std: "docker" "exec" "-e" "SOURCE_DIR=/opt/rustwide/workdir" "-e" "CARGO_HOME=/opt/rustwide/cargo-home" "-e" "RUSTUP_HOME=/opt/rustwide/rustup-home" "-e" "CARGO_TARGET_DIR=/opt/rustwide/target" "-e" "CARGO_INCREMENTAL=0" "-e" "RUST_BACKTRACE=full" "-e" "RUSTFLAGS=--cap-lints=warn" "-e" "RUSTDOCFLAGS=--cap-lints=warn" "-w" "/opt/rustwide/workdir" "--user" "0:0" "915ded0a04d7bda7e74c54f01c58d81498032e30a2fa8546101b487b1ad705f5" "/opt/rustwide/cargo-home/bin/cargo" "+1.99.0-beta.8" "build" "--frozen" "--message-format=json", kill_on_drop: false }`
[INFO] [stderr]    Compiling set26 v0.2.2 (/opt/rustwide/workdir)
[INFO] [stderr]     Finished `dev` profile [unoptimized + debuginfo] target(s) in 0.16s
[INFO] running `Command { std: "docker" "inspect" "915ded0a04d7bda7e74c54f01c58d81498032e30a2fa8546101b487b1ad705f5", kill_on_drop: false }`
[INFO] running `Command { std: "docker" "exec" "-e" "SOURCE_DIR=/opt/rustwide/workdir" "-e" "CARGO_HOME=/opt/rustwide/cargo-home" "-e" "RUSTUP_HOME=/opt/rustwide/rustup-home" "-e" "CARGO_TARGET_DIR=/opt/rustwide/target" "-e" "CARGO_INCREMENTAL=0" "-e" "RUST_BACKTRACE=full" "-e" "RUSTFLAGS=--cap-lints=warn" "-e" "RUSTDOCFLAGS=--cap-lints=warn" "-w" "/opt/rustwide/workdir" "--user" "0:0" "915ded0a04d7bda7e74c54f01c58d81498032e30a2fa8546101b487b1ad705f5" "/opt/rustwide/cargo-home/bin/cargo" "+1.99.0-beta.8" "test" "--frozen" "--no-run" "--message-format=json", kill_on_drop: false }`
[INFO] [stderr]    Compiling set26 v0.2.2 (/opt/rustwide/workdir)
[INFO] [stderr]     Finished `test` profile [unoptimized + debuginfo] target(s) in 0.31s
[INFO] running `Command { std: "docker" "inspect" "915ded0a04d7bda7e74c54f01c58d81498032e30a2fa8546101b487b1ad705f5", kill_on_drop: false }`
[INFO] running `Command { std: "docker" "exec" "-e" "SOURCE_DIR=/opt/rustwide/workdir" "-e" "CARGO_HOME=/opt/rustwide/cargo-home" "-e" "RUSTUP_HOME=/opt/rustwide/rustup-home" "-e" "CARGO_TARGET_DIR=/opt/rustwide/target" "-e" "CARGO_INCREMENTAL=0" "-e" "RUST_BACKTRACE=full" "-e" "RUSTFLAGS=--cap-lints=warn" "-e" "RUSTDOCFLAGS=--cap-lints=warn" "-w" "/opt/rustwide/workdir" "--user" "0:0" "915ded0a04d7bda7e74c54f01c58d81498032e30a2fa8546101b487b1ad705f5" "/opt/rustwide/cargo-home/bin/cargo" "+1.99.0-beta.8" "test" "--frozen", kill_on_drop: false }`
[INFO] [stderr]     Finished `test` profile [unoptimized + debuginfo] target(s) in 0.01s
[INFO] [stderr]      Running unittests src/lib.rs (/opt/rustwide/target/debug/deps/set26-23218abcbea43d09)
[INFO] [stdout] 
[INFO] [stdout] running 6 tests
[INFO] [stdout] test tests::creates_sequence ... ok
[INFO] [stdout] test tests::empty_sequence ... ok
[INFO] [stdout] test tests::macro_creates_sequence ... ok
[INFO] [stdout] test tests::test_parse_fixedf64 ... ok
[INFO] [stdout] test tests::sequence_is_copy ... ok
[INFO] [stdout] test tests::test_parse_fixedf32 ... ok
[INFO] [stdout] 
[INFO] [stdout] test result: ok. 6 passed; 0 failed; 0 ignored; 0 measured; 0 filtered out; finished in 0.00s
[INFO] [stdout] 
[INFO] [stderr]    Doc-tests set26
[INFO] [stdout] 
[INFO] [stdout] running 8 tests
[INFO] [stdout] test src/float32.rs - float32 (line 18) ... ignored
[INFO] [stdout] test src/float64.rs - float64 (line 18) ... ignored
[INFO] [stdout] test src/macros.rs - macros::f32 (line 32) ... ignored
[INFO] [stdout] test src/macros.rs - macros::f64 (line 80) ... ignored
[INFO] [stdout] test src/sequence.rs - sequence::Seq<T,N>::new (line 38) ... FAILED
[INFO] [stdout] test src/sequence.rs - sequence::Seq<T,N>::is_empty (line 67) ... FAILED
[INFO] [stdout] test src/sequence.rs - sequence::Seq<T,N>::len (line 53) ... FAILED
[INFO] [stdout] test src/macros.rs - macros::seq (line 11) ... ok
[INFO] [stdout] 
[INFO] [stdout] failures:
[INFO] [stdout] 
[INFO] [stdout] ---- src/sequence.rs - sequence::Seq<T,N>::new (line 38) stdout ----
[INFO] [stdout] error[E0603]: module `sequence` is private
[INFO] [stdout]   --> src/sequence.rs:40:12
[INFO] [stdout]    |
[INFO] [stdout] 40 | use set26::sequence::Seq;
[INFO] [stdout]    |            ^^^^^^^^  --- struct `Seq` is not publicly re-exported
[INFO] [stdout]    |            |
[INFO] [stdout]    |            private module
[INFO] [stdout]    |
[INFO] [stdout] note: the module `sequence` is defined here
[INFO] [stdout]   --> src/lib.rs:7:1
[INFO] [stdout]    |
[INFO] [stdout]  7 | mod sequence;
[INFO] [stdout]    | ^^^^^^^^^^^^
[INFO] [stdout] 
[INFO] [stdout] error: aborting due to 1 previous error
[INFO] [stdout] 
[INFO] [stdout] For more information about this error, try `rustc --explain E0603`.
[INFO] [stdout] Couldn't compile the test.
[INFO] [stdout] ---- src/sequence.rs - sequence::Seq<T,N>::is_empty (line 67) stdout ----
[INFO] [stdout] error[E0603]: module `sequence` is private
[INFO] [stdout]   --> src/sequence.rs:69:12
[INFO] [stdout]    |
[INFO] [stdout] 69 | use set26::sequence::Seq;
[INFO] [stdout]    |            ^^^^^^^^  --- struct `Seq` is not publicly re-exported
[INFO] [stdout]    |            |
[INFO] [stdout]    |            private module
[INFO] [stdout]    |
[INFO] [stdout] note: the module `sequence` is defined here
[INFO] [stdout]   --> src/lib.rs:7:1
[INFO] [stdout]    |
[INFO] [stdout]  7 | mod sequence;
[INFO] [stdout]    | ^^^^^^^^^^^^
[INFO] [stdout] 
[INFO] [stdout] error: aborting due to 1 previous error
[INFO] [stdout] 
[INFO] [stdout] For more information about this error, try `rustc --explain E0603`.
[INFO] [stdout] Couldn't compile the test.
[INFO] [stdout] ---- src/sequence.rs - sequence::Seq<T,N>::len (line 53) stdout ----
[INFO] [stdout] error[E0603]: module `sequence` is private
[INFO] [stdout]   --> src/sequence.rs:55:12
[INFO] [stdout]    |
[INFO] [stdout] 55 | use set26::sequence::Seq;
[INFO] [stdout]    |            ^^^^^^^^  --- struct `Seq` is not publicly re-exported
[INFO] [stdout]    |            |
[INFO] [stdout]    |            private module
[INFO] [stdout]    |
[INFO] [stdout] note: the module `sequence` is defined here
[INFO] [stdout]   --> src/lib.rs:7:1
[INFO] [stdout]    |
[INFO] [stdout]  7 | mod sequence;
[INFO] [stdout]    | ^^^^^^^^^^^^
[INFO] [stdout] 
[INFO] [stdout] error: aborting due to 1 previous error
[INFO] [stdout] 
[INFO] [stdout] For more information about this error, try `rustc --explain E0603`.
[INFO] [stdout] Couldn't compile the test.
[INFO] [stdout] 
[INFO] [stdout] failures:
[INFO] [stdout]     src/sequence.rs - sequence::Seq<T,N>::is_empty (line 67)
[INFO] [stdout]     src/sequence.rs - sequence::Seq<T,N>::len (line 53)
[INFO] [stdout]     src/sequence.rs - sequence::Seq<T,N>::new (line 38)
[INFO] [stdout] 
[INFO] [stdout] test result: FAILED. 1 passed; 3 failed; 4 ignored; 0 measured; 0 filtered out; finished in 0.15s
[INFO] [stdout] 
[INFO] [stdout] all doctests ran in 0.21s; merged doctests compilation took 0.06s
[INFO] [stderr] error: doctest failed, to rerun pass `--doc`
[INFO] running `Command { std: "docker" "inspect" "915ded0a04d7bda7e74c54f01c58d81498032e30a2fa8546101b487b1ad705f5", kill_on_drop: false }`
[INFO] running `Command { std: "docker" "rm" "-f" "915ded0a04d7bda7e74c54f01c58d81498032e30a2fa8546101b487b1ad705f5", kill_on_drop: false }`
[INFO] [stdout] 915ded0a04d7bda7e74c54f01c58d81498032e30a2fa8546101b487b1ad705f5
