[INFO] fetching crate sertyp_macros 0.1.5...
[INFO] testing sertyp_macros-0.1.5 against 1.100.0-beta.1 for beta-1.100-2
[INFO] extracting crate sertyp_macros 0.1.5 into /workspace/builds/worker-1-tc2/source
[INFO] started tweaking crates.io crate sertyp_macros 0.1.5
[INFO] finished tweaking crates.io crate sertyp_macros 0.1.5
[INFO] tweaked toml for crates.io crate sertyp_macros 0.1.5 written to /workspace/builds/worker-1-tc2/source/Cargo.toml
[INFO] validating manifest of crates.io crate sertyp_macros 0.1.5 on toolchain 1.100.0-beta.1
[INFO] running `Command { std: CARGO_HOME="/workspace/cargo-home" RUSTUP_HOME="/workspace/rustup-home" "/workspace/cargo-home/bin/cargo" "+1.100.0-beta.1" "metadata" "--manifest-path" "Cargo.toml" "--no-deps", kill_on_drop: false }`
[INFO] crate crates.io crate sertyp_macros 0.1.5 already has a lockfile, it will not be regenerated
[INFO] running `Command { std: CARGO_HOME="/workspace/cargo-home" RUSTUP_HOME="/workspace/rustup-home" "/workspace/cargo-home/bin/cargo" "+1.100.0-beta.1" "fetch" "--manifest-path" "Cargo.toml", kill_on_drop: false }`
[INFO] [stderr]     Blocking waiting for file lock on package cache
[INFO] running `Command { std: "docker" "create" "-v" "/var/lib/crater-agent-workspace/builds/worker-1-tc2/source:/opt/rustwide/workdir:ro,Z" "-v" "/var/lib/crater-agent-workspace/builds/worker-1-tc2/target:/opt/rustwide/target:rw,Z" "-v" "/var/lib/crater-agent-workspace/cargo-home:/opt/rustwide/cargo-home:ro,Z" "-v" "/var/lib/crater-agent-workspace/rustup-home:/opt/rustwide/rustup-home:ro,Z" "-m" "1610612736" "--network" "none" "ghcr.io/rust-lang/crates-build-env/linux@sha256:3111399a4047eeb3a02b7a90e478d715f38a8c6669b5c4b49d30a17385265909" "sleep" "infinity", kill_on_drop: false }`
[INFO] [stdout] 601ff850be14098c0f331dcfe5090863b80f34e21137bb5826823ce1041aabd9
[INFO] running `Command { std: "docker" "start" "601ff850be14098c0f331dcfe5090863b80f34e21137bb5826823ce1041aabd9", kill_on_drop: false }`
[INFO] running `Command { std: "docker" "inspect" "601ff850be14098c0f331dcfe5090863b80f34e21137bb5826823ce1041aabd9", kill_on_drop: false }`
[INFO] running `Command { std: "docker" "exec" "-e" "SOURCE_DIR=/opt/rustwide/workdir" "-e" "CARGO_HOME=/opt/rustwide/cargo-home" "-e" "RUSTUP_HOME=/opt/rustwide/rustup-home" "-e" "CARGO_TARGET_DIR=/opt/rustwide/target" "-w" "/opt/rustwide/workdir" "--user" "0:0" "601ff850be14098c0f331dcfe5090863b80f34e21137bb5826823ce1041aabd9" "/opt/rustwide/cargo-home/bin/cargo" "+1.100.0-beta.1" "metadata" "--no-deps" "--format-version=1", kill_on_drop: false }`
[INFO] running `Command { std: "docker" "inspect" "601ff850be14098c0f331dcfe5090863b80f34e21137bb5826823ce1041aabd9", kill_on_drop: false }`
[INFO] running `Command { std: "docker" "exec" "-e" "SOURCE_DIR=/opt/rustwide/workdir" "-e" "CARGO_HOME=/opt/rustwide/cargo-home" "-e" "RUSTUP_HOME=/opt/rustwide/rustup-home" "-e" "CARGO_TARGET_DIR=/opt/rustwide/target" "-e" "CARGO_INCREMENTAL=0" "-e" "RUST_BACKTRACE=full" "-e" "RUSTFLAGS=--cap-lints=warn" "-e" "RUSTDOCFLAGS=--cap-lints=warn" "-w" "/opt/rustwide/workdir" "--user" "0:0" "601ff850be14098c0f331dcfe5090863b80f34e21137bb5826823ce1041aabd9" "/opt/rustwide/cargo-home/bin/cargo" "+1.100.0-beta.1" "build" "--frozen" "--message-format=json", kill_on_drop: false }`
[INFO] [stderr]    Compiling proc-macro2 v1.0.106
[INFO] [stderr]    Compiling unicode-ident v1.0.22
[INFO] [stderr]    Compiling quote v1.0.44
[INFO] [stderr]    Compiling syn v2.0.114
[INFO] [stderr]    Compiling sertyp_macros v0.1.5 (/opt/rustwide/workdir)
[INFO] [stderr]     Finished `dev` profile [unoptimized + debuginfo] target(s) in 5.62s
[INFO] running `Command { std: "docker" "inspect" "601ff850be14098c0f331dcfe5090863b80f34e21137bb5826823ce1041aabd9", kill_on_drop: false }`
[INFO] running `Command { std: "docker" "exec" "-e" "SOURCE_DIR=/opt/rustwide/workdir" "-e" "CARGO_HOME=/opt/rustwide/cargo-home" "-e" "RUSTUP_HOME=/opt/rustwide/rustup-home" "-e" "CARGO_TARGET_DIR=/opt/rustwide/target" "-e" "CARGO_INCREMENTAL=0" "-e" "RUST_BACKTRACE=full" "-e" "RUSTFLAGS=--cap-lints=warn" "-e" "RUSTDOCFLAGS=--cap-lints=warn" "-w" "/opt/rustwide/workdir" "--user" "0:0" "601ff850be14098c0f331dcfe5090863b80f34e21137bb5826823ce1041aabd9" "/opt/rustwide/cargo-home/bin/cargo" "+1.100.0-beta.1" "test" "--frozen" "--no-run" "--message-format=json", kill_on_drop: false }`
[INFO] [stderr]    Compiling sertyp_macros v0.1.5 (/opt/rustwide/workdir)
[INFO] [stderr]     Finished `test` profile [unoptimized + debuginfo] target(s) in 0.74s
[INFO] running `Command { std: "docker" "inspect" "601ff850be14098c0f331dcfe5090863b80f34e21137bb5826823ce1041aabd9", kill_on_drop: false }`
[INFO] running `Command { std: "docker" "exec" "-e" "SOURCE_DIR=/opt/rustwide/workdir" "-e" "CARGO_HOME=/opt/rustwide/cargo-home" "-e" "RUSTUP_HOME=/opt/rustwide/rustup-home" "-e" "CARGO_TARGET_DIR=/opt/rustwide/target" "-e" "CARGO_INCREMENTAL=0" "-e" "RUST_BACKTRACE=full" "-e" "RUSTFLAGS=--cap-lints=warn" "-e" "RUSTDOCFLAGS=--cap-lints=warn" "-w" "/opt/rustwide/workdir" "--user" "0:0" "601ff850be14098c0f331dcfe5090863b80f34e21137bb5826823ce1041aabd9" "/opt/rustwide/cargo-home/bin/cargo" "+1.100.0-beta.1" "test" "--frozen", kill_on_drop: false }`
[INFO] [stderr]     Finished `test` profile [unoptimized + debuginfo] target(s) in 0.03s
[INFO] [stderr]      Running unittests src/lib.rs (/opt/rustwide/target/debug/build/sertyp_macros/41abfdc765c92312/out/sertyp_macros-41abfdc765c92312)
[INFO] [stdout] 
[INFO] [stderr]    Doc-tests sertyp_macros
[INFO] [stdout] running 0 tests
[INFO] [stdout] 
[INFO] [stdout] test result: ok. 0 passed; 0 failed; 0 ignored; 0 measured; 0 filtered out; finished in 0.00s
[INFO] [stdout] 
[INFO] [stdout] 
[INFO] [stdout] running 2 tests
[INFO] [stdout] test src/lib.rs - typst_func (line 35) ... FAILED
[INFO] [stdout] test src/lib.rs - typst_func (line 17) ... FAILED
[INFO] [stdout] 
[INFO] [stdout] failures:
[INFO] [stdout] 
[INFO] [stdout] ---- src/lib.rs - typst_func (line 35) stdout ----
[INFO] [stdout] error[E0432]: unresolved import `sertyp`
[INFO] [stdout]   --> src/lib.rs:36:5
[INFO] [stdout]    |
[INFO] [stdout] 36 | use sertyp::typst_func;
[INFO] [stdout]    |     ^^^^^^ use of unresolved module or unlinked crate `sertyp`
[INFO] [stdout]    |
[INFO] [stdout]    = help: if you wanted to use a crate named `sertyp`, use `cargo add sertyp` to add it to your `Cargo.toml`
[INFO] [stdout] 
[INFO] [stdout] error[E0433]: cannot find module or crate `sertyp` in this scope
[INFO] [stdout]   --> src/lib.rs:39:30
[INFO] [stdout]    |
[INFO] [stdout] 39 | pub fn not_owning<'a>(n: &'a sertyp::Integer) -> Result<&'a sertyp::Integer, sertyp::String<'a>> {
[INFO] [stdout]    |                              ^^^^^^ use of unresolved module or unlinked crate `sertyp`
[INFO] [stdout]    |
[INFO] [stdout]    = help: if you wanted to use a crate named `sertyp`, use `cargo add sertyp` to add it to your `Cargo.toml`
[INFO] [stdout] 
[INFO] [stdout] error[E0433]: cannot find module or crate `sertyp` in this scope
[INFO] [stdout]   --> src/lib.rs:39:61
[INFO] [stdout]    |
[INFO] [stdout] 39 | pub fn not_owning<'a>(n: &'a sertyp::Integer) -> Result<&'a sertyp::Integer, sertyp::String<'a>> {
[INFO] [stdout]    |                                                             ^^^^^^ use of unresolved module or unlinked crate `sertyp`
[INFO] [stdout]    |
[INFO] [stdout]    = help: if you wanted to use a crate named `sertyp`, use `cargo add sertyp` to add it to your `Cargo.toml`
[INFO] [stdout] 
[INFO] [stdout] error[E0433]: cannot find module or crate `sertyp` in this scope
[INFO] [stdout]   --> src/lib.rs:39:78
[INFO] [stdout]    |
[INFO] [stdout] 39 | pub fn not_owning<'a>(n: &'a sertyp::Integer) -> Result<&'a sertyp::Integer, sertyp::String<'a>> {
[INFO] [stdout]    |                                                                              ^^^^^^ use of unresolved module or unlinked crate `sertyp`
[INFO] [stdout]    |
[INFO] [stdout]    = help: if you wanted to use a crate named `sertyp`, use `cargo add sertyp` to add it to your `Cargo.toml`
[INFO] [stdout] 
[INFO] [stdout] error: aborting due to 4 previous errors
[INFO] [stdout] 
[INFO] [stdout] Some errors have detailed explanations: E0432, E0433.
[INFO] [stdout] For more information about an error, try `rustc --explain E0432`.
[INFO] [stdout] Couldn't compile the test.
[INFO] [stdout] ---- src/lib.rs - typst_func (line 17) stdout ----
[INFO] [stdout] error[E0432]: unresolved import `sertyp`
[INFO] [stdout]   --> src/lib.rs:18:5
[INFO] [stdout]    |
[INFO] [stdout] 18 | use sertyp::typst_func;
[INFO] [stdout]    |     ^^^^^^ use of unresolved module or unlinked crate `sertyp`
[INFO] [stdout]    |
[INFO] [stdout]    = help: if you wanted to use a crate named `sertyp`, use `cargo add sertyp` to add it to your `Cargo.toml`
[INFO] [stdout] 
[INFO] [stdout] error[E0433]: cannot find module or crate `sertyp` in this scope
[INFO] [stdout]   --> src/lib.rs:21:25
[INFO] [stdout]    |
[INFO] [stdout] 21 | pub fn fibonacci<'a>(n: sertyp::Integer) -> Result<sertyp::Integer, sertyp::String<'a>> {
[INFO] [stdout]    |                         ^^^^^^ use of unresolved module or unlinked crate `sertyp`
[INFO] [stdout]    |
[INFO] [stdout]    = help: if you wanted to use a crate named `sertyp`, use `cargo add sertyp` to add it to your `Cargo.toml`
[INFO] [stdout] 
[INFO] [stdout] error[E0433]: cannot find module or crate `sertyp` in this scope
[INFO] [stdout]   --> src/lib.rs:21:52
[INFO] [stdout]    |
[INFO] [stdout] 21 | pub fn fibonacci<'a>(n: sertyp::Integer) -> Result<sertyp::Integer, sertyp::String<'a>> {
[INFO] [stdout]    |                                                    ^^^^^^ use of unresolved module or unlinked crate `sertyp`
[INFO] [stdout]    |
[INFO] [stdout]    = help: if you wanted to use a crate named `sertyp`, use `cargo add sertyp` to add it to your `Cargo.toml`
[INFO] [stdout] 
[INFO] [stdout] error[E0433]: cannot find module or crate `sertyp` in this scope
[INFO] [stdout]   --> src/lib.rs:21:69
[INFO] [stdout]    |
[INFO] [stdout] 21 | pub fn fibonacci<'a>(n: sertyp::Integer) -> Result<sertyp::Integer, sertyp::String<'a>> {
[INFO] [stdout]    |                                                                     ^^^^^^ use of unresolved module or unlinked crate `sertyp`
[INFO] [stdout]    |
[INFO] [stdout]    = help: if you wanted to use a crate named `sertyp`, use `cargo add sertyp` to add it to your `Cargo.toml`
[INFO] [stdout] 
[INFO] [stdout] error: aborting due to 4 previous errors
[INFO] [stdout] 
[INFO] [stdout] Some errors have detailed explanations: E0432, E0433.
[INFO] [stdout] For more information about an error, try `rustc --explain E0432`.
[INFO] [stdout] Couldn't compile the test.
[INFO] [stdout] 
[INFO] [stdout] failures:
[INFO] [stdout]     src/lib.rs - typst_func (line 17)
[INFO] [stdout]     src/lib.rs - typst_func (line 35)
[INFO] [stdout] 
[INFO] [stdout] test result: FAILED. 0 passed; 2 failed; 0 ignored; 0 measured; 0 filtered out; finished in 0.14s
[INFO] [stdout] 
[INFO] [stdout] all doctests ran in 0.28s; merged doctests compilation took 0.14s
[INFO] [stderr] error: doctest failed, to rerun pass `--doc`
[INFO] running `Command { std: "docker" "inspect" "601ff850be14098c0f331dcfe5090863b80f34e21137bb5826823ce1041aabd9", kill_on_drop: false }`
[INFO] running `Command { std: "docker" "rm" "-f" "601ff850be14098c0f331dcfe5090863b80f34e21137bb5826823ce1041aabd9", kill_on_drop: false }`
[INFO] [stdout] 601ff850be14098c0f331dcfe5090863b80f34e21137bb5826823ce1041aabd9
