[INFO] fetching crate serpcheap 0.2.0...
[INFO] testing serpcheap-0.2.0 against 1.100.0-beta.1 for beta-1.100-2
[INFO] extracting crate serpcheap 0.2.0 into /workspace/builds/worker-0-tc2/source
[INFO] started tweaking crates.io crate serpcheap 0.2.0
[INFO] removed 0 missing tests
[INFO] finished tweaking crates.io crate serpcheap 0.2.0
[INFO] tweaked toml for crates.io crate serpcheap 0.2.0 written to /workspace/builds/worker-0-tc2/source/Cargo.toml
[INFO] validating manifest of crates.io crate serpcheap 0.2.0 on toolchain 1.100.0-beta.1
[INFO] running `Command { std: CARGO_HOME="/workspace/cargo-home" RUSTUP_HOME="/workspace/rustup-home" "/workspace/cargo-home/bin/cargo" "+1.100.0-beta.1" "metadata" "--manifest-path" "Cargo.toml" "--no-deps", kill_on_drop: false }`
[INFO] crate crates.io crate serpcheap 0.2.0 already has a lockfile, it will not be regenerated
[INFO] running `Command { std: CARGO_HOME="/workspace/cargo-home" RUSTUP_HOME="/workspace/rustup-home" "/workspace/cargo-home/bin/cargo" "+1.100.0-beta.1" "fetch" "--manifest-path" "Cargo.toml", kill_on_drop: false }`
[INFO] running `Command { std: "docker" "create" "-v" "/var/lib/crater-agent-workspace/builds/worker-0-tc2/source:/opt/rustwide/workdir:ro,Z" "-v" "/var/lib/crater-agent-workspace/builds/worker-0-tc2/target:/opt/rustwide/target:rw,Z" "-v" "/var/lib/crater-agent-workspace/cargo-home:/opt/rustwide/cargo-home:ro,Z" "-v" "/var/lib/crater-agent-workspace/rustup-home:/opt/rustwide/rustup-home:ro,Z" "-m" "1610612736" "--network" "none" "ghcr.io/rust-lang/crates-build-env/linux@sha256:3111399a4047eeb3a02b7a90e478d715f38a8c6669b5c4b49d30a17385265909" "sleep" "infinity", kill_on_drop: false }`
[INFO] [stdout] f7648a187356f4f4e6e515ecd14f6873675a4ef8923d77eeb58ab565da460fd4
[INFO] running `Command { std: "docker" "start" "f7648a187356f4f4e6e515ecd14f6873675a4ef8923d77eeb58ab565da460fd4", kill_on_drop: false }`
[INFO] running `Command { std: "docker" "inspect" "f7648a187356f4f4e6e515ecd14f6873675a4ef8923d77eeb58ab565da460fd4", kill_on_drop: false }`
[INFO] running `Command { std: "docker" "exec" "-e" "SOURCE_DIR=/opt/rustwide/workdir" "-e" "CARGO_HOME=/opt/rustwide/cargo-home" "-e" "RUSTUP_HOME=/opt/rustwide/rustup-home" "-e" "CARGO_TARGET_DIR=/opt/rustwide/target" "-w" "/opt/rustwide/workdir" "--user" "0:0" "f7648a187356f4f4e6e515ecd14f6873675a4ef8923d77eeb58ab565da460fd4" "/opt/rustwide/cargo-home/bin/cargo" "+1.100.0-beta.1" "metadata" "--no-deps" "--format-version=1", kill_on_drop: false }`
[INFO] running `Command { std: "docker" "inspect" "f7648a187356f4f4e6e515ecd14f6873675a4ef8923d77eeb58ab565da460fd4", kill_on_drop: false }`
[INFO] running `Command { std: "docker" "exec" "-e" "SOURCE_DIR=/opt/rustwide/workdir" "-e" "CARGO_HOME=/opt/rustwide/cargo-home" "-e" "RUSTUP_HOME=/opt/rustwide/rustup-home" "-e" "CARGO_TARGET_DIR=/opt/rustwide/target" "-e" "CARGO_INCREMENTAL=0" "-e" "RUST_BACKTRACE=full" "-e" "RUSTFLAGS=--cap-lints=warn" "-e" "RUSTDOCFLAGS=--cap-lints=warn" "-w" "/opt/rustwide/workdir" "--user" "0:0" "f7648a187356f4f4e6e515ecd14f6873675a4ef8923d77eeb58ab565da460fd4" "/opt/rustwide/cargo-home/bin/cargo" "+1.100.0-beta.1" "build" "--frozen" "--message-format=json", kill_on_drop: false }`
[INFO] [stderr]    Compiling stable_deref_trait v1.2.1
[INFO] [stderr]    Compiling shlex v2.0.1
[INFO] [stderr]    Compiling smallvec v1.15.2
[INFO] [stderr]    Compiling syn v2.0.117
[INFO] [stderr]    Compiling socket2 v0.6.4
[INFO] [stderr]    Compiling mio v1.2.1
[INFO] [stderr]    Compiling futures-sink v0.3.32
[INFO] [stderr]    Compiling http v1.4.2
[INFO] [stderr]    Compiling memchr v2.8.2
[INFO] [stderr]    Compiling zeroize v1.9.0
[INFO] [stderr]    Compiling cc v1.2.64
[INFO] [stderr]    Compiling rustls-pki-types v1.14.1
[INFO] [stderr]    Compiling getrandom v0.2.17
[INFO] [stderr]    Compiling serde_core v1.0.228
[INFO] [stderr]    Compiling tokio v1.52.3
[INFO] [stderr]    Compiling untrusted v0.9.0
[INFO] [stderr]    Compiling slab v0.4.12
[INFO] [stderr]    Compiling rustls v0.23.40
[INFO] [stderr]    Compiling futures-util v0.3.32
[INFO] [stderr]    Compiling futures-channel v0.3.32
[INFO] [stderr]    Compiling http-body v1.0.1
[INFO] [stderr]    Compiling tracing-core v0.1.36
[INFO] [stderr]    Compiling subtle v2.6.1
[INFO] [stderr]    Compiling serde_json v1.0.150
[INFO] [stderr]    Compiling webpki-roots v1.0.7
[INFO] [stderr]    Compiling tracing v0.1.44
[INFO] [stderr]    Compiling bitflags v2.13.0
[INFO] [stderr]    Compiling http-body-util v0.1.3
[INFO] [stderr]    Compiling log v0.4.32
[INFO] [stderr]    Compiling ring v0.17.14
[INFO] [stderr]    Compiling synstructure v0.13.2
[INFO] [stderr]    Compiling zerofrom-derive v0.1.7
[INFO] [stderr]    Compiling yoke-derive v0.8.2
[INFO] [stderr]    Compiling zerovec-derive v0.11.3
[INFO] [stderr]    Compiling displaydoc v0.2.6
[INFO] [stderr]    Compiling serde_derive v1.0.228
[INFO] [stderr]    Compiling zerofrom v0.1.8
[INFO] [stderr]    Compiling yoke v0.8.3
[INFO] [stderr]    Compiling zerotrie v0.2.4
[INFO] [stderr]    Compiling zerovec v0.11.6
[INFO] [stderr]    Compiling tinystr v0.8.3
[INFO] [stderr]    Compiling potential_utf v0.1.5
[INFO] [stderr]    Compiling hyper v1.10.1
[INFO] [stderr]    Compiling tower v0.5.3
[INFO] [stderr]    Compiling icu_collections v2.2.0
[INFO] [stderr]    Compiling icu_locale_core v2.2.0
[INFO] [stderr]    Compiling icu_provider v2.2.0
[INFO] [stderr]    Compiling hyper-util v0.1.20
[INFO] [stderr]    Compiling icu_properties v2.2.0
[INFO] [stderr]    Compiling icu_normalizer v2.2.0
[INFO] [stderr]    Compiling serde v1.0.228
[INFO] [stderr]    Compiling rustls-webpki v0.103.13
[INFO] [stderr]    Compiling serde_urlencoded v0.7.1
[INFO] [stderr]    Compiling idna_adapter v1.2.2
[INFO] [stderr]    Compiling idna v1.1.0
[INFO] [stderr]    Compiling url v2.5.8
[INFO] [stderr]    Compiling tower-http v0.6.11
[INFO] [stderr]    Compiling tokio-rustls v0.26.4
[INFO] [stderr]    Compiling hyper-rustls v0.27.9
[INFO] [stderr]    Compiling reqwest v0.12.28
[INFO] [stderr]    Compiling serpcheap v0.2.0 (/opt/rustwide/workdir)
[INFO] [stderr]     Finished `dev` profile [unoptimized + debuginfo] target(s) in 1m 04s
[INFO] running `Command { std: "docker" "inspect" "f7648a187356f4f4e6e515ecd14f6873675a4ef8923d77eeb58ab565da460fd4", kill_on_drop: false }`
[INFO] running `Command { std: "docker" "exec" "-e" "SOURCE_DIR=/opt/rustwide/workdir" "-e" "CARGO_HOME=/opt/rustwide/cargo-home" "-e" "RUSTUP_HOME=/opt/rustwide/rustup-home" "-e" "CARGO_TARGET_DIR=/opt/rustwide/target" "-e" "CARGO_INCREMENTAL=0" "-e" "RUST_BACKTRACE=full" "-e" "RUSTFLAGS=--cap-lints=warn" "-e" "RUSTDOCFLAGS=--cap-lints=warn" "-w" "/opt/rustwide/workdir" "--user" "0:0" "f7648a187356f4f4e6e515ecd14f6873675a4ef8923d77eeb58ab565da460fd4" "/opt/rustwide/cargo-home/bin/cargo" "+1.100.0-beta.1" "test" "--frozen" "--no-run" "--message-format=json", kill_on_drop: false }`
[INFO] [stderr]    Compiling serpcheap v0.2.0 (/opt/rustwide/workdir)
[INFO] [stderr]     Finished `test` profile [unoptimized + debuginfo] target(s) in 4.51s
[INFO] running `Command { std: "docker" "inspect" "f7648a187356f4f4e6e515ecd14f6873675a4ef8923d77eeb58ab565da460fd4", kill_on_drop: false }`
[INFO] running `Command { std: "docker" "exec" "-e" "SOURCE_DIR=/opt/rustwide/workdir" "-e" "CARGO_HOME=/opt/rustwide/cargo-home" "-e" "RUSTUP_HOME=/opt/rustwide/rustup-home" "-e" "CARGO_TARGET_DIR=/opt/rustwide/target" "-e" "CARGO_INCREMENTAL=0" "-e" "RUST_BACKTRACE=full" "-e" "RUSTFLAGS=--cap-lints=warn" "-e" "RUSTDOCFLAGS=--cap-lints=warn" "-w" "/opt/rustwide/workdir" "--user" "0:0" "f7648a187356f4f4e6e515ecd14f6873675a4ef8923d77eeb58ab565da460fd4" "/opt/rustwide/cargo-home/bin/cargo" "+1.100.0-beta.1" "test" "--frozen", kill_on_drop: false }`
[INFO] [stderr]     Finished `test` profile [unoptimized + debuginfo] target(s) in 0.14s
[INFO] [stderr]      Running unittests src/lib.rs (/opt/rustwide/target/debug/build/serpcheap/f2eac6fdaf045fbf/out/serpcheap-f2eac6fdaf045fbf)
[INFO] [stdout] 
[INFO] [stdout] running 59 tests
[INFO] [stdout] test error::tests::error_code_as_str_round_trip ... ok
[INFO] [stdout] test error::tests::fallback_403_to_account_blocked ... ok
[INFO] [stdout] test error::tests::error_display_format ... ok
[INFO] [stdout] test error::tests::fallback_401_to_unknown_api_key ... ok
[INFO] [stdout] test error::tests::fallback_internal_keeps_custom_message ... ok
[INFO] [stdout] test error::tests::fmt_num_integral_and_fractional ... ok
[INFO] [stdout] test error::tests::error_builders_set_fields ... ok
[INFO] [stdout] test error::tests::fallback_5xx_to_service_unavailable ... ok
[INFO] [stdout] test error::tests::fallback_400_to_internal ... ok
[INFO] [stdout] test error::tests::is_retryable_matrix ... ok
[INFO] [stdout] test error::tests::map_account_blocked ... ok
[INFO] [stdout] test error::tests::map_account_blocked_custom_message ... ok
[INFO] [stdout] test error::tests::map_inactive_api_key ... ok
[INFO] [stdout] test error::tests::map_insufficient_credits_partial_fields ... ok
[INFO] [stdout] test error::tests::fallback_418_to_internal ... ok
[INFO] [stdout] test error::tests::fallback_429_to_rate_limited ... ok
[INFO] [stdout] test error::tests::fallback_401_keeps_custom_message ... ok
[INFO] [stdout] test error::tests::map_rate_limited_without_retry_after ... ok
[INFO] [stdout] test error::tests::map_request_in_progress ... ok
[INFO] [stdout] test error::tests::map_insufficient_credits_with_required_and_balance ... ok
[INFO] [stdout] test error::tests::map_missing_api_key ... ok
[INFO] [stdout] test error::tests::map_missing_api_key_custom_message ... ok
[INFO] [stdout] test error::tests::map_invalid_request_keeps_message_and_details ... ok
[INFO] [stdout] test error::tests::map_service_temporarily_unavailable ... ok
[INFO] [stdout] test error::tests::map_result_timeout_custom_message ... ok
[INFO] [stdout] test error::tests::map_unknown_api_key ... ok
[INFO] [stdout] test error::tests::map_too_many_concurrent_requests ... ok
[INFO] [stdout] test error::tests::map_too_many_concurrent_requests_custom_message ... ok
[INFO] [stdout] test types::tests::body_default_gl_and_page_present ... ok
[INFO] [stdout] test error::tests::map_insufficient_credits_without_fields ... ok
[INFO] [stdout] test error::tests::map_invalid_request_default_message ... ok
[INFO] [stdout] test error::tests::map_rate_limited_with_retry_after ... ok
[INFO] [stdout] test error::tests::map_result_timeout ... ok
[INFO] [stdout] test types::tests::body_full_includes_optionals ... ok
[INFO] [stdout] test error::tests::retryable_set_is_exactly_the_six ... ok
[INFO] [stdout] test error::tests::unknown_api_code_falls_through_to_status ... ok
[INFO] [stdout] test types::tests::ad_camelcase_rename ... ok
[INFO] [stdout] test types::tests::parse_golden_maps_every_field ... ok
[INFO] [stdout] test types::tests::parse_minimal_empty_organic ... ok
[INFO] [stdout] test types::tests::params_defaults ... ok
[INFO] [stdout] test types::tests::body_minimal_skips_none_fields ... ok
[INFO] [stdout] test types::tests::organic_scrape_error_deserialize ... ok
[INFO] [stdout] test types::tests::organic_scrape_fields_absent_default_none ... ok
[INFO] [stdout] test types::tests::params_builder_overrides ... ok
[INFO] [stdout] test types::tests::parse_missing_optional_fields_default ... ok
[INFO] [stdout] test types::tests::knowledge_graph_camelcase_rename ... ok
[INFO] [stdout] test types::tests::organic_scrape_fields_deserialize ... ok
[INFO] [stdout] test types::tests::scrape_params_builder_full ... ok
[INFO] [stdout] test types::tests::scrape_params_defaults_skip_none ... ok
[INFO] [stdout] test types::tests::rank_params_builder_full ... ok
[INFO] [stdout] test types::tests::rank_params_defaults_skip_none ... ok
[INFO] [stdout] test types::tests::scrape_response_deserializes ... ok
[INFO] [stdout] test types::tests::parse_organic_default_when_field_absent ... ok
[INFO] [stdout] test types::tests::rank_response_deserializes_with_organic ... ok
[INFO] [stdout] test types::tests::scrape_response_minimal_url_only ... ok
[INFO] [stdout] test types::tests::scrape_serializes_into_body_when_set ... ok
[INFO] [stdout] test types::tests::scrape_skips_none_inner_fields ... ok
[INFO] [stdout] test types::tests::rank_response_not_found_null_rank ... ok
[INFO] [stdout] test types::tests::scrape_absent_by_default ... ok
[INFO] [stdout] 
[INFO] [stdout] test result: ok. 59 passed; 0 failed; 0 ignored; 0 measured; 0 filtered out; finished in 0.22s
[INFO] [stdout] 
[INFO] [stderr]      Running tests/integration.rs (/opt/rustwide/target/debug/build/serpcheap/67e511e0543b1b7e/out/integration-67e511e0543b1b7e)
[INFO] [stdout] 
[INFO] [stdout] running 29 tests
[INFO] [stdout] test builder_rejects_empty_key ... ok
[INFO] [stdout] test constructor_rejects_empty_key ... ok
[INFO] [stdout] test defaults_are_correct ... ok
[INFO] [stdout] test closed_port_maps_to_network_error_and_redacts_key ... ok
[INFO] [stdout] test json_200_without_organic_maps_to_invalid_response ... ok
[INFO] [stdout] test non_json_error_body_maps_by_status ... ok
[INFO] [stdout] test rank_client_error_not_retried ... ok
[INFO] [stdout] test rank_minimal_body_skips_none ... ok
[INFO] [stdout] test rank_response_parsed_including_organic ... ok
[INFO] [stdout] test rank_request_shape_and_body ... ok
[INFO] [stdout] test max_retries_zero_means_one_hit ... ok
[INFO] [stdout] test non_json_200_maps_to_invalid_response ... ok
[INFO] [stdout] test response_exposes_scraped_organic_fields ... ok
[INFO] [stdout] test client_errors_are_not_retried ... ok
[INFO] [stdout] test request_has_method_path_headers_and_body ... ok
[INFO] [stdout] test scrape_absent_from_body_by_default ... ok
[INFO] [stdout] test scrape_json_200_without_url_maps_to_invalid_response ... ok
[INFO] [stdout] test rate_limited_retry_after_is_honored ... ok
[INFO] [stdout] test scrape_minimal_body_skips_none ... ok
[INFO] [stdout] test request_includes_optional_fields_when_set ... ok
[INFO] [stdout] test scrape_response_parsed_including_screenshot ... ok
[INFO] [stdout] test scrape_forwarded_in_body_when_set ... ok
[INFO] [stdout] test success_returns_parsed_response ... ok
[INFO] [stdout] test scrape_request_shape_and_body ... ok
[INFO] [stdout] test trailing_slash_base_url_normalized ... ok
[INFO] [stdout] test timeout_maps_to_client_timeout ... ok
[INFO] [stdout] test retry_then_ok ... ok
[INFO] [stdout] test scrape_retries_transient_then_ok ... ok
[INFO] [stdout] test retry_exhausts_and_returns_last_error ... ok
[INFO] [stdout] 
[INFO] [stdout] test result: ok. 29 passed; 0 failed; 0 ignored; 0 measured; 0 filtered out; finished in 0.66s
[INFO] [stdout] 
[INFO] [stderr]      Running tests/parity.rs (/opt/rustwide/target/debug/build/serpcheap/6b040f80491f9144/out/parity-6b040f80491f9144)
[INFO] [stdout] 
[INFO] [stdout] running 1 test
[INFO] [stderr] node:internal/modules/cjs/loader:1386
[INFO] [stderr]   throw err;
[INFO] [stderr]   ^
[INFO] [stderr] 
[INFO] [stderr] Error: Cannot find module '/opt/contract/mockserver/server.mjs'
[INFO] [stderr]     at Module._resolveFilename (node:internal/modules/cjs/loader:1383:15)
[INFO] [stderr]     at defaultResolveImpl (node:internal/modules/cjs/loader:1025:19)
[INFO] [stderr]     at resolveForCJSWithHooks (node:internal/modules/cjs/loader:1030:22)
[INFO] [stderr]     at Module._load (node:internal/modules/cjs/loader:1192:37)
[INFO] [stderr]     at TracingChannel.traceSync (node:diagnostics_channel:328:14)
[INFO] [stderr]     at wrapModuleLoad (node:internal/modules/cjs/loader:237:24)
[INFO] [stderr]     at Function.executeUserEntryPoint [as runMain] (node:internal/modules/run_main:171:5)
[INFO] [stderr]     at node:internal/main/run_main_module:36:49 {
[INFO] [stderr]   code: 'MODULE_NOT_FOUND',
[INFO] [stderr]   requireStack: []
[INFO] [stderr] }
[INFO] [stderr] 
[INFO] [stderr] Node.js v22.22.1
[INFO] [stdout] test parity ... FAILED
[INFO] [stdout] 
[INFO] [stdout] failures:
[INFO] [stdout] 
[INFO] [stdout] ---- parity stdout ----
[INFO] [stdout] 
[INFO] [stdout] thread 'parity' (1169) panicked at tests/parity.rs:39:5:
[INFO] [stdout] mock server did not become healthy
[INFO] [stdout] stack backtrace:
[INFO] [stdout]    0:     0x620022033c91 - std[617be2ca0a6fd877]::backtrace_rs::backtrace::libunwind::trace
[INFO] [stdout]                                at /rustc/e3feeb59cd1bdd011a2bfcc0747b55125d9b8527/library/std/src/../../backtrace/src/backtrace/libunwind.rs:117:9
[INFO] [stdout]    1:     0x620022033c91 - std[617be2ca0a6fd877]::backtrace_rs::backtrace::trace_unsynchronized::<std[617be2ca0a6fd877]::sys::backtrace::_print_fmt::{closure#1}>
[INFO] [stdout]                                at /rustc/e3feeb59cd1bdd011a2bfcc0747b55125d9b8527/library/std/src/../../backtrace/src/backtrace/mod.rs:66:14
[INFO] [stdout]    2:     0x620022033c91 - std[617be2ca0a6fd877]::sys::backtrace::_print_fmt
[INFO] [stdout]                                at /rustc/e3feeb59cd1bdd011a2bfcc0747b55125d9b8527/library/std/src/sys/backtrace.rs:74:9
[INFO] [stdout]    3:     0x620022033c91 - <<std[617be2ca0a6fd877]::sys::backtrace::BacktraceLock>::print::DisplayBacktrace as core[a373ad73a504971]::fmt::Display>::fmt
[INFO] [stdout]                                at /rustc/e3feeb59cd1bdd011a2bfcc0747b55125d9b8527/library/std/src/sys/backtrace.rs:44:26
[INFO] [stdout]    4:     0x62002204a11a - <core[a373ad73a504971]::fmt::rt::Argument>::fmt
[INFO] [stdout]                                at /rustc/e3feeb59cd1bdd011a2bfcc0747b55125d9b8527/library/core/src/fmt/rt.rs:152:76
[INFO] [stdout]    5:     0x62002204a11a - core[a373ad73a504971]::fmt::write
[INFO] [stdout]    6:     0x62002203854c - core[a373ad73a504971]::io::write::default_write_fmt::<alloc[2e1b2a31b91974c5]::vec::Vec<u8>>
[INFO] [stdout]                                at /rustc/e3feeb59cd1bdd011a2bfcc0747b55125d9b8527/library/core/src/io/write.rs:402:11
[INFO] [stdout]    7:     0x62002203854c - <alloc[2e1b2a31b91974c5]::vec::Vec<u8> as core[a373ad73a504971]::io::write::Write>::write_fmt
[INFO] [stdout]                                at /rustc/e3feeb59cd1bdd011a2bfcc0747b55125d9b8527/library/core/src/io/write.rs:335:13
[INFO] [stdout]    8:     0x62002200e596 - <std[617be2ca0a6fd877]::sys::backtrace::BacktraceLock>::print
[INFO] [stdout]                                at /rustc/e3feeb59cd1bdd011a2bfcc0747b55125d9b8527/library/std/src/sys/backtrace.rs:47:9
[INFO] [stdout]    9:     0x62002200e596 - std[617be2ca0a6fd877]::panicking::default_hook::{closure#0}
[INFO] [stdout]                                at /rustc/e3feeb59cd1bdd011a2bfcc0747b55125d9b8527/library/std/src/panicking.rs:289:27
[INFO] [stdout]   10:     0x62002202b609 - std[617be2ca0a6fd877]::panicking::default_hook
[INFO] [stdout]                                at /rustc/e3feeb59cd1bdd011a2bfcc0747b55125d9b8527/library/std/src/panicking.rs:313:9
[INFO] [stdout]   11:     0x620021af89a0 - <alloc[2e1b2a31b91974c5]::boxed::Box<dyn for<'a, 'b> core[a373ad73a504971]::ops::function::Fn<(&'a std[617be2ca0a6fd877]::panic::PanicHookInfo<'b>,), Output = ()> + core[a373ad73a504971]::marker::Sync + core[a373ad73a504971]::marker::Send> as core[a373ad73a504971]::ops::function::Fn<(&std[617be2ca0a6fd877]::panic::PanicHookInfo,)>>::call
[INFO] [stdout]                                at /rustc/e3feeb59cd1bdd011a2bfcc0747b55125d9b8527/library/alloc/src/boxed.rs:2328:9
[INFO] [stdout]   12:     0x620021af89a0 - test[aada8e7e76ba119b]::test_main_inner::{closure#0}
[INFO] [stdout]                                at /rustc/e3feeb59cd1bdd011a2bfcc0747b55125d9b8527/library/test/src/lib.rs:137:21
[INFO] [stdout]   13:     0x62002202b932 - <alloc[2e1b2a31b91974c5]::boxed::Box<dyn for<'a, 'b> core[a373ad73a504971]::ops::function::Fn<(&'a std[617be2ca0a6fd877]::panic::PanicHookInfo<'b>,), Output = ()> + core[a373ad73a504971]::marker::Sync + core[a373ad73a504971]::marker::Send> as core[a373ad73a504971]::ops::function::Fn<(&std[617be2ca0a6fd877]::panic::PanicHookInfo,)>>::call
[INFO] [stdout]                                at /rustc/e3feeb59cd1bdd011a2bfcc0747b55125d9b8527/library/alloc/src/boxed.rs:2328:9
[INFO] [stdout]   14:     0x62002202b932 - std[617be2ca0a6fd877]::panicking::panic_with_hook
[INFO] [stdout]                                at /rustc/e3feeb59cd1bdd011a2bfcc0747b55125d9b8527/library/std/src/panicking.rs:819:13
[INFO] [stdout]   15:     0x62002200e674 - std[617be2ca0a6fd877]::panicking::panic_handler::{closure#0}
[INFO] [stdout]                                at /rustc/e3feeb59cd1bdd011a2bfcc0747b55125d9b8527/library/std/src/panicking.rs:678:13
[INFO] [stdout]   16:     0x6200220070e9 - std[617be2ca0a6fd877]::sys::backtrace::__rust_end_short_backtrace::<std[617be2ca0a6fd877]::panicking::panic_handler::{closure#0}, !>
[INFO] [stdout]                                at /rustc/e3feeb59cd1bdd011a2bfcc0747b55125d9b8527/library/std/src/sys/backtrace.rs:182:18
[INFO] [stdout]   17:     0x62002200f43d - __rustc[ea4f61d10b84890b]::rust_begin_unwind
[INFO] [stdout]                                at /rustc/e3feeb59cd1bdd011a2bfcc0747b55125d9b8527/library/std/src/panicking.rs:676:5
[INFO] [stdout]   18:     0x62002204a93c - core[a373ad73a504971]::panicking::panic_fmt
[INFO] [stdout]                                at /rustc/e3feeb59cd1bdd011a2bfcc0747b55125d9b8527/library/core/src/panicking.rs:80:14
[INFO] [stdout]   19:     0x620021ae8443 - parity[97dd8f5bb340acec]::start_mock
[INFO] [stdout]                                at /opt/rustwide/workdir/tests/parity.rs:39:5
[INFO] [stdout]   20:     0x620021ae8784 - parity[97dd8f5bb340acec]::parity
[INFO] [stdout]                                at /opt/rustwide/workdir/tests/parity.rs:44:17
[INFO] [stdout]   21:     0x620021ae7f87 - parity[97dd8f5bb340acec]::parity::{closure#0}
[INFO] [stdout]                                at /opt/rustwide/workdir/tests/parity.rs:43:12
[INFO] [stdout]   22:     0x620021aebd56 - <parity[97dd8f5bb340acec]::parity::{closure#0} as core[a373ad73a504971]::ops::function::FnOnce<()>>::call_once
[INFO] [stdout]                                at /rustc/e3feeb59cd1bdd011a2bfcc0747b55125d9b8527/library/core/src/ops/function.rs:250:5
[INFO] [stdout]   23:     0x620021aebdeb - <fn() -> core[a373ad73a504971]::result::Result<(), alloc[2e1b2a31b91974c5]::string::String> as core[a373ad73a504971]::ops::function::FnOnce<()>>::call_once
[INFO] [stdout]                                at /rustc/e3feeb59cd1bdd011a2bfcc0747b55125d9b8527/library/core/src/ops/function.rs:250:5
[INFO] [stdout]   24:     0x620021aebdeb - test[aada8e7e76ba119b]::__rust_begin_short_backtrace::<core[a373ad73a504971]::result::Result<(), alloc[2e1b2a31b91974c5]::string::String>, fn() -> core[a373ad73a504971]::result::Result<(), alloc[2e1b2a31b91974c5]::string::String>>
[INFO] [stdout]                                at /rustc/e3feeb59cd1bdd011a2bfcc0747b55125d9b8527/library/test/src/lib.rs:701:18
[INFO] [stdout]   25:     0x620021af8fc5 - test[aada8e7e76ba119b]::run_test_in_process::{closure#0}
[INFO] [stdout]                                at /rustc/e3feeb59cd1bdd011a2bfcc0747b55125d9b8527/library/test/src/lib.rs:724:74
[INFO] [stdout]   26:     0x620021af8fc5 - <core[a373ad73a504971]::panic::unwind_safe::AssertUnwindSafe<test[aada8e7e76ba119b]::run_test_in_process::{closure#0}> as core[a373ad73a504971]::ops::function::FnOnce<()>>::call_once
[INFO] [stdout]                                at /rustc/e3feeb59cd1bdd011a2bfcc0747b55125d9b8527/library/core/src/panic/unwind_safe.rs:275:9
[INFO] [stdout]   27:     0x620021af8fc5 - std[617be2ca0a6fd877]::panicking::catch_unwind::do_call::<core[a373ad73a504971]::panic::unwind_safe::AssertUnwindSafe<test[aada8e7e76ba119b]::run_test_in_process::{closure#0}>, core[a373ad73a504971]::result::Result<(), alloc[2e1b2a31b91974c5]::string::String>>
[INFO] [stdout]                                at /rustc/e3feeb59cd1bdd011a2bfcc0747b55125d9b8527/library/std/src/panicking.rs:573:43
[INFO] [stdout]   28:     0x620021af8fc5 - std[617be2ca0a6fd877]::panicking::catch_unwind::<core[a373ad73a504971]::result::Result<(), alloc[2e1b2a31b91974c5]::string::String>, core[a373ad73a504971]::panic::unwind_safe::AssertUnwindSafe<test[aada8e7e76ba119b]::run_test_in_process::{closure#0}>>
[INFO] [stdout]                                at /rustc/e3feeb59cd1bdd011a2bfcc0747b55125d9b8527/library/std/src/panicking.rs:541:19
[INFO] [stdout]   29:     0x620021af8fc5 - std[617be2ca0a6fd877]::panic::catch_unwind::<core[a373ad73a504971]::panic::unwind_safe::AssertUnwindSafe<test[aada8e7e76ba119b]::run_test_in_process::{closure#0}>, core[a373ad73a504971]::result::Result<(), alloc[2e1b2a31b91974c5]::string::String>>
[INFO] [stdout]                                at /rustc/e3feeb59cd1bdd011a2bfcc0747b55125d9b8527/library/std/src/panic.rs:359:14
[INFO] [stdout]   30:     0x620021af8fc5 - test[aada8e7e76ba119b]::run_test_in_process
[INFO] [stdout]                                at /rustc/e3feeb59cd1bdd011a2bfcc0747b55125d9b8527/library/test/src/lib.rs:724:27
[INFO] [stdout]   31:     0x620021af8fc5 - test[aada8e7e76ba119b]::run_test::{closure#0}
[INFO] [stdout]                                at /rustc/e3feeb59cd1bdd011a2bfcc0747b55125d9b8527/library/test/src/lib.rs:645:43
[INFO] [stdout]   32:     0x620021af28b4 - test[aada8e7e76ba119b]::run_test::{closure#1}
[INFO] [stdout]                                at /rustc/e3feeb59cd1bdd011a2bfcc0747b55125d9b8527/library/test/src/lib.rs:675:41
[INFO] [stdout]   33:     0x620021af28b4 - std[617be2ca0a6fd877]::sys::backtrace::__rust_begin_short_backtrace::<test[aada8e7e76ba119b]::run_test::{closure#1}, ()>
[INFO] [stdout]                                at /rustc/e3feeb59cd1bdd011a2bfcc0747b55125d9b8527/library/std/src/sys/backtrace.rs:166:18
[INFO] [stdout]   34:     0x620021afc052 - std[617be2ca0a6fd877]::thread::lifecycle::spawn_unchecked::<test[aada8e7e76ba119b]::run_test::{closure#1}, ()>::{closure#1}::{closure#0}
[INFO] [stdout]                                at /rustc/e3feeb59cd1bdd011a2bfcc0747b55125d9b8527/library/std/src/thread/lifecycle.rs:70:13
[INFO] [stdout]   35:     0x620021afc052 - <core[a373ad73a504971]::panic::unwind_safe::AssertUnwindSafe<std[617be2ca0a6fd877]::thread::lifecycle::spawn_unchecked<test[aada8e7e76ba119b]::run_test::{closure#1}, ()>::{closure#1}::{closure#0}> as core[a373ad73a504971]::ops::function::FnOnce<()>>::call_once
[INFO] [stdout]                                at /rustc/e3feeb59cd1bdd011a2bfcc0747b55125d9b8527/library/core/src/panic/unwind_safe.rs:275:9
[INFO] [stdout]   36:     0x620021afc052 - std[617be2ca0a6fd877]::panicking::catch_unwind::do_call::<core[a373ad73a504971]::panic::unwind_safe::AssertUnwindSafe<std[617be2ca0a6fd877]::thread::lifecycle::spawn_unchecked<test[aada8e7e76ba119b]::run_test::{closure#1}, ()>::{closure#1}::{closure#0}>, ()>
[INFO] [stdout]                                at /rustc/e3feeb59cd1bdd011a2bfcc0747b55125d9b8527/library/std/src/panicking.rs:573:43
[INFO] [stdout]   37:     0x620021afc052 - std[617be2ca0a6fd877]::panicking::catch_unwind::<(), core[a373ad73a504971]::panic::unwind_safe::AssertUnwindSafe<std[617be2ca0a6fd877]::thread::lifecycle::spawn_unchecked<test[aada8e7e76ba119b]::run_test::{closure#1}, ()>::{closure#1}::{closure#0}>>
[INFO] [stdout]                                at /rustc/e3feeb59cd1bdd011a2bfcc0747b55125d9b8527/library/std/src/panicking.rs:541:19
[INFO] [stdout]   38:     0x620021afc052 - std[617be2ca0a6fd877]::panic::catch_unwind::<core[a373ad73a504971]::panic::unwind_safe::AssertUnwindSafe<std[617be2ca0a6fd877]::thread::lifecycle::spawn_unchecked<test[aada8e7e76ba119b]::run_test::{closure#1}, ()>::{closure#1}::{closure#0}>, ()>
[INFO] [stdout]                                at /rustc/e3feeb59cd1bdd011a2bfcc0747b55125d9b8527/library/std/src/panic.rs:359:14
[INFO] [stdout]   39:     0x620021afc052 - std[617be2ca0a6fd877]::thread::lifecycle::spawn_unchecked::<test[aada8e7e76ba119b]::run_test::{closure#1}, ()>::{closure#1}
[INFO] [stdout]                                at /rustc/e3feeb59cd1bdd011a2bfcc0747b55125d9b8527/library/std/src/thread/lifecycle.rs:68:26
[INFO] [stdout]   40:     0x620021afc052 - <std[617be2ca0a6fd877]::thread::lifecycle::spawn_unchecked<test[aada8e7e76ba119b]::run_test::{closure#1}, ()>::{closure#1} as core[a373ad73a504971]::ops::function::FnOnce<()>>::call_once::{shim:vtable#0}
[INFO] [stdout]                                at /rustc/e3feeb59cd1bdd011a2bfcc0747b55125d9b8527/library/core/src/ops/function.rs:250:5
[INFO] [stdout]   41:     0x620022032ddf - <alloc[2e1b2a31b91974c5]::boxed::Box<dyn core[a373ad73a504971]::ops::function::FnOnce<(), Output = ()> + core[a373ad73a504971]::marker::Send> as core[a373ad73a504971]::ops::function::FnOnce<()>>::call_once
[INFO] [stdout]                                at /rustc/e3feeb59cd1bdd011a2bfcc0747b55125d9b8527/library/alloc/src/boxed.rs:2314:9
[INFO] [stdout]   42:     0x620022032ddf - <std[617be2ca0a6fd877]::sys::thread::unix::Thread>::new::thread_start
[INFO] [stdout]                                at /rustc/e3feeb59cd1bdd011a2bfcc0747b55125d9b8527/library/std/src/sys/thread/unix.rs:127:17
[INFO] [stdout]   43:     0x7f2c00a57dfa - <unknown>
[INFO] [stdout]   44:     0x7f2c00aeb3d4 - clone
[INFO] [stdout]   45:                0x0 - <unknown>
[INFO] [stdout] 
[INFO] [stdout] 
[INFO] [stdout] failures:
[INFO] [stdout]     parity
[INFO] [stdout] 
[INFO] [stdout] test result: FAILED. 0 passed; 1 failed; 0 ignored; 0 measured; 0 filtered out; finished in 5.14s
[INFO] [stdout] 
[INFO] [stderr] error: test failed, to rerun pass `--test parity`
[INFO] running `Command { std: "docker" "inspect" "f7648a187356f4f4e6e515ecd14f6873675a4ef8923d77eeb58ab565da460fd4", kill_on_drop: false }`
[INFO] running `Command { std: "docker" "rm" "-f" "f7648a187356f4f4e6e515ecd14f6873675a4ef8923d77eeb58ab565da460fd4", kill_on_drop: false }`
[INFO] [stdout] f7648a187356f4f4e6e515ecd14f6873675a4ef8923d77eeb58ab565da460fd4
