[INFO] fetching crate serde-sarif 0.8.0...
[INFO] testing serde-sarif-0.8.0 against 1.99.0-beta.8 for beta-1.100-2
[INFO] extracting crate serde-sarif 0.8.0 into /workspace/builds/worker-5-tc1/source
[INFO] started tweaking crates.io crate serde-sarif 0.8.0
[INFO] removed 0 missing tests
[INFO] finished tweaking crates.io crate serde-sarif 0.8.0
[INFO] tweaked toml for crates.io crate serde-sarif 0.8.0 written to /workspace/builds/worker-5-tc1/source/Cargo.toml
[INFO] validating manifest of crates.io crate serde-sarif 0.8.0 on toolchain 1.99.0-beta.8
[INFO] running `Command { std: CARGO_HOME="/workspace/cargo-home" RUSTUP_HOME="/workspace/rustup-home" "/workspace/cargo-home/bin/cargo" "+1.99.0-beta.8" "metadata" "--manifest-path" "Cargo.toml" "--no-deps", kill_on_drop: false }`
[INFO] crate crates.io crate serde-sarif 0.8.0 already has a lockfile, it will not be regenerated
[INFO] running `Command { std: CARGO_HOME="/workspace/cargo-home" RUSTUP_HOME="/workspace/rustup-home" "/workspace/cargo-home/bin/cargo" "+1.99.0-beta.8" "fetch" "--manifest-path" "Cargo.toml", kill_on_drop: false }`
[INFO] [stderr]  Downloading crates ...
[INFO] [stderr]   Downloaded version-sync v0.9.5
[INFO] [stderr]   Downloaded tinyvec v1.8.0
[INFO] [stderr]   Downloaded toml v0.7.8
[INFO] [stderr]   Downloaded serde_spanned v0.6.7
[INFO] [stderr]   Downloaded cargo-platform v0.1.8
[INFO] [stderr]   Downloaded strum v0.27.1
[INFO] [stderr]   Downloaded url v2.5.2
[INFO] [stderr]   Downloaded typed-builder v0.21.0
[INFO] [stderr]   Downloaded typed-builder-macro v0.21.0
[INFO] [stderr]   Downloaded semver v1.0.23
[INFO] [stderr]   Downloaded unicase v2.7.0
[INFO] [stderr]   Downloaded strum_macros v0.27.1
[INFO] [stderr]   Downloaded camino v1.1.7
[INFO] [stderr]   Downloaded prettyplease v0.2.32
[INFO] [stderr]   Downloaded pulldown-cmark v0.9.6
[INFO] [stderr]   Downloaded unicode-normalization v0.1.23
[INFO] [stderr]   Downloaded regex-automata v0.4.8
[INFO] running `Command { std: "docker" "create" "-v" "/var/lib/crater-agent-workspace/builds/worker-5-tc1/source:/opt/rustwide/workdir:ro,Z" "-v" "/var/lib/crater-agent-workspace/builds/worker-5-tc1/target:/opt/rustwide/target:rw,Z" "-v" "/var/lib/crater-agent-workspace/cargo-home:/opt/rustwide/cargo-home:ro,Z" "-v" "/var/lib/crater-agent-workspace/rustup-home:/opt/rustwide/rustup-home:ro,Z" "-m" "1610612736" "--network" "none" "ghcr.io/rust-lang/crates-build-env/linux@sha256:3111399a4047eeb3a02b7a90e478d715f38a8c6669b5c4b49d30a17385265909" "sleep" "infinity", kill_on_drop: false }`
[INFO] [stdout] 04dd81b23b0f202be110c4fc86bb44b5205c35ce3b5e5a84fdc953a1d98b94f1
[INFO] running `Command { std: "docker" "start" "04dd81b23b0f202be110c4fc86bb44b5205c35ce3b5e5a84fdc953a1d98b94f1", kill_on_drop: false }`
[INFO] running `Command { std: "docker" "inspect" "04dd81b23b0f202be110c4fc86bb44b5205c35ce3b5e5a84fdc953a1d98b94f1", kill_on_drop: false }`
[INFO] running `Command { std: "docker" "exec" "-e" "SOURCE_DIR=/opt/rustwide/workdir" "-e" "CARGO_HOME=/opt/rustwide/cargo-home" "-e" "RUSTUP_HOME=/opt/rustwide/rustup-home" "-e" "CARGO_TARGET_DIR=/opt/rustwide/target" "-w" "/opt/rustwide/workdir" "--user" "0:0" "04dd81b23b0f202be110c4fc86bb44b5205c35ce3b5e5a84fdc953a1d98b94f1" "/opt/rustwide/cargo-home/bin/cargo" "+1.99.0-beta.8" "metadata" "--no-deps" "--format-version=1", kill_on_drop: false }`
[INFO] running `Command { std: "docker" "inspect" "04dd81b23b0f202be110c4fc86bb44b5205c35ce3b5e5a84fdc953a1d98b94f1", kill_on_drop: false }`
[INFO] running `Command { std: "docker" "exec" "-e" "SOURCE_DIR=/opt/rustwide/workdir" "-e" "CARGO_HOME=/opt/rustwide/cargo-home" "-e" "RUSTUP_HOME=/opt/rustwide/rustup-home" "-e" "CARGO_TARGET_DIR=/opt/rustwide/target" "-e" "CARGO_INCREMENTAL=0" "-e" "RUST_BACKTRACE=full" "-e" "RUSTFLAGS=--cap-lints=warn" "-e" "RUSTDOCFLAGS=--cap-lints=warn" "-w" "/opt/rustwide/workdir" "--user" "0:0" "04dd81b23b0f202be110c4fc86bb44b5205c35ce3b5e5a84fdc953a1d98b94f1" "/opt/rustwide/cargo-home/bin/cargo" "+1.99.0-beta.8" "build" "--frozen" "--message-format=json", kill_on_drop: false }`
[INFO] [stderr]    Compiling proc-macro2 v1.0.95
[INFO] [stderr]    Compiling unicode-ident v1.0.12
[INFO] [stderr]    Compiling regex-syntax v0.8.5
[INFO] [stderr]    Compiling lazy_static v1.5.0
[INFO] [stderr]    Compiling ryu v1.0.18
[INFO] [stderr]    Compiling syn v1.0.109
[INFO] [stderr]    Compiling itoa v1.0.11
[INFO] [stderr]    Compiling prettyplease v0.2.32
[INFO] [stderr]    Compiling rustversion v1.0.17
[INFO] [stderr]    Compiling thiserror v2.0.12
[INFO] [stderr]    Compiling aho-corasick v1.1.3
[INFO] [stderr]    Compiling strum v0.27.1
[INFO] [stderr]    Compiling uriparse v0.6.4
[INFO] [stderr]    Compiling quote v1.0.40
[INFO] [stderr]    Compiling syn v2.0.101
[INFO] [stderr]    Compiling regex-automata v0.4.8
[INFO] [stderr]    Compiling regex v1.11.1
[INFO] [stderr]    Compiling Inflector v0.11.4
[INFO] [stderr]    Compiling serde_derive v1.0.219
[INFO] [stderr]    Compiling typed-builder-macro v0.21.0
[INFO] [stderr]    Compiling thiserror-impl v2.0.12
[INFO] [stderr]    Compiling strum_macros v0.27.1
[INFO] [stderr]    Compiling typed-builder v0.21.0
[INFO] [stderr]    Compiling serde v1.0.219
[INFO] [stderr]    Compiling serde_json v1.0.140
[INFO] [stderr]    Compiling schemafy_core v0.6.0
[INFO] [stderr]    Compiling schemafy_lib v0.6.0
[INFO] [stderr]    Compiling serde-sarif v0.8.0 (/opt/rustwide/workdir)
[INFO] [stderr]     Finished `dev` profile [unoptimized + debuginfo] target(s) in 25.44s
[INFO] running `Command { std: "docker" "inspect" "04dd81b23b0f202be110c4fc86bb44b5205c35ce3b5e5a84fdc953a1d98b94f1", kill_on_drop: false }`
[INFO] running `Command { std: "docker" "exec" "-e" "SOURCE_DIR=/opt/rustwide/workdir" "-e" "CARGO_HOME=/opt/rustwide/cargo-home" "-e" "RUSTUP_HOME=/opt/rustwide/rustup-home" "-e" "CARGO_TARGET_DIR=/opt/rustwide/target" "-e" "CARGO_INCREMENTAL=0" "-e" "RUST_BACKTRACE=full" "-e" "RUSTFLAGS=--cap-lints=warn" "-e" "RUSTDOCFLAGS=--cap-lints=warn" "-w" "/opt/rustwide/workdir" "--user" "0:0" "04dd81b23b0f202be110c4fc86bb44b5205c35ce3b5e5a84fdc953a1d98b94f1" "/opt/rustwide/cargo-home/bin/cargo" "+1.99.0-beta.8" "test" "--frozen" "--no-run" "--message-format=json", kill_on_drop: false }`
[INFO] [stderr]    Compiling proc-macro2 v1.0.95
[INFO] [stderr]    Compiling unicode-ident v1.0.12
[INFO] [stderr]    Compiling aho-corasick v1.1.3
[INFO] [stderr]    Compiling tinyvec v1.8.0
[INFO] [stderr]    Compiling unicase v2.7.0
[INFO] [stderr]    Compiling equivalent v1.0.1
[INFO] [stderr]    Compiling semver v1.0.23
[INFO] [stderr]    Compiling unicode-bidi v0.3.15
[INFO] [stderr]    Compiling pulldown-cmark v0.9.6
[INFO] [stderr]    Compiling winnow v0.5.40
[INFO] [stderr]    Compiling bitflags v2.6.0
[INFO] [stderr]    Compiling indexmap v2.2.6
[INFO] [stderr]    Compiling unicode-normalization v0.1.23
[INFO] [stderr]    Compiling quote v1.0.40
[INFO] [stderr]    Compiling regex-automata v0.4.8
[INFO] [stderr]    Compiling syn v2.0.101
[INFO] [stderr]    Compiling syn v1.0.109
[INFO] [stderr]    Compiling idna v0.5.0
[INFO] [stderr]    Compiling url v2.5.2
[INFO] [stderr]    Compiling regex v1.11.1
[INFO] [stderr]    Compiling Inflector v0.11.4
[INFO] [stderr]    Compiling prettyplease v0.2.32
[INFO] [stderr]    Compiling serde_derive v1.0.219
[INFO] [stderr]    Compiling thiserror-impl v2.0.12
[INFO] [stderr]    Compiling typed-builder-macro v0.21.0
[INFO] [stderr]    Compiling strum_macros v0.27.1
[INFO] [stderr]    Compiling typed-builder v0.21.0
[INFO] [stderr]    Compiling thiserror v2.0.12
[INFO] [stderr]    Compiling serde v1.0.219
[INFO] [stderr]    Compiling serde_json v1.0.140
[INFO] [stderr]    Compiling toml_datetime v0.6.8
[INFO] [stderr]    Compiling serde_spanned v0.6.7
[INFO] [stderr]    Compiling toml_edit v0.19.15
[INFO] [stderr]    Compiling schemafy_core v0.6.0
[INFO] [stderr]    Compiling schemafy_lib v0.6.0
[INFO] [stderr]    Compiling serde-sarif v0.8.0 (/opt/rustwide/workdir)
[INFO] [stderr]    Compiling toml v0.7.8
[INFO] [stderr]    Compiling version-sync v0.9.5
[INFO] [stderr]     Finished `test` profile [unoptimized + debuginfo] target(s) in 31.17s
[INFO] running `Command { std: "docker" "inspect" "04dd81b23b0f202be110c4fc86bb44b5205c35ce3b5e5a84fdc953a1d98b94f1", kill_on_drop: false }`
[INFO] running `Command { std: "docker" "exec" "-e" "SOURCE_DIR=/opt/rustwide/workdir" "-e" "CARGO_HOME=/opt/rustwide/cargo-home" "-e" "RUSTUP_HOME=/opt/rustwide/rustup-home" "-e" "CARGO_TARGET_DIR=/opt/rustwide/target" "-e" "CARGO_INCREMENTAL=0" "-e" "RUST_BACKTRACE=full" "-e" "RUSTFLAGS=--cap-lints=warn" "-e" "RUSTDOCFLAGS=--cap-lints=warn" "-w" "/opt/rustwide/workdir" "--user" "0:0" "04dd81b23b0f202be110c4fc86bb44b5205c35ce3b5e5a84fdc953a1d98b94f1" "/opt/rustwide/cargo-home/bin/cargo" "+1.99.0-beta.8" "test" "--frozen", kill_on_drop: false }`
[INFO] [stderr]     Finished `test` profile [unoptimized + debuginfo] target(s) in 0.07s
[INFO] [stderr]      Running unittests src/lib.rs (/opt/rustwide/target/debug/deps/serde_sarif-57f8ffd2ef972ef5)
[INFO] [stdout] 
[INFO] [stdout] running 6 tests
[INFO] [stdout] test sarif::tests::test_serialize_property_bag_additional_properties ... ok
[INFO] [stdout] test sarif::tests::test_deserialize_property_bag_empty ... ok
[INFO] [stdout] test sarif::tests::test_parse_utf16codeunits ... ok
[INFO] [stderr]      Running tests/version-numbers.rs (/opt/rustwide/target/debug/deps/version_numbers-7b3709f2e840cce8)
[INFO] [stdout] test sarif::tests::test_serialize_property_bag_empty ... ok
[INFO] [stdout] test sarif::tests::test_serialize_resultkind ... ok
[INFO] [stdout] test sarif::tests::test_deserialize_property_bag_additional_properties ... ok
[INFO] [stdout] 
[INFO] [stdout] test result: ok. 6 passed; 0 failed; 0 ignored; 0 measured; 0 filtered out; finished in 0.00s
[INFO] [stdout] 
[INFO] [stdout] 
[INFO] [stdout] running 2 tests
[INFO] [stdout] test test_readme_deps ... ok
[INFO] [stdout] test test_html_root_url ... ok
[INFO] [stdout] 
[INFO] [stdout] test result: ok. 2 passed; 0 failed; 0 ignored; 0 measured; 0 filtered out; finished in 0.00s
[INFO] [stdout] 
[INFO] [stderr]    Doc-tests serde_sarif
[INFO] [stdout] 
[INFO] [stdout] running 2 tests
[INFO] [stdout] test src/lib.rs - (line 42) ... FAILED
[INFO] [stdout] test src/lib.rs - (line 23) ... ok
[INFO] [stdout] 
[INFO] [stdout] failures:
[INFO] [stdout] 
[INFO] [stdout] ---- src/lib.rs - (line 42) stdout ----
[INFO] [stdout] error[E0599]: no method named `id` found for struct `Message` in the current scope
[INFO] [stdout]   --> src/lib.rs:47:4
[INFO] [stdout]    |
[INFO] [stdout] 46 |   let message = Message::default()
[INFO] [stdout]    |  _______________-
[INFO] [stdout] 47 | |   .id("id")
[INFO] [stdout]    | |   -^^------ help: remove the arguments
[INFO] [stdout]    | |   ||
[INFO] [stdout]    | |___|field, not a method
[INFO] [stdout]    |
[INFO] [stdout] 
[INFO] [stdout] error: aborting due to 1 previous error
[INFO] [stdout] 
[INFO] [stdout] For more information about this error, try `rustc --explain E0599`.
[INFO] [stdout] Couldn't compile the test.
[INFO] [stdout] 
[INFO] [stdout] failures:
[INFO] [stdout]     src/lib.rs - (line 42)
[INFO] [stdout] 
[INFO] [stdout] test result: FAILED. 1 passed; 1 failed; 0 ignored; 0 measured; 0 filtered out; finished in 1.77s
[INFO] [stdout] 
[INFO] [stderr] error: doctest failed, to rerun pass `--doc`
[INFO] running `Command { std: "docker" "inspect" "04dd81b23b0f202be110c4fc86bb44b5205c35ce3b5e5a84fdc953a1d98b94f1", kill_on_drop: false }`
[INFO] running `Command { std: "docker" "rm" "-f" "04dd81b23b0f202be110c4fc86bb44b5205c35ce3b5e5a84fdc953a1d98b94f1", kill_on_drop: false }`
[INFO] [stdout] 04dd81b23b0f202be110c4fc86bb44b5205c35ce3b5e5a84fdc953a1d98b94f1
