[INFO] fetching crate semasia 0.1.18...
[INFO] testing semasia-0.1.18 against 1.100.0-beta.1 for beta-1.100-2
[INFO] extracting crate semasia 0.1.18 into /workspace/builds/worker-7-tc2/source
[INFO] started tweaking crates.io crate semasia 0.1.18
[INFO] removed 0 missing examples
[INFO] finished tweaking crates.io crate semasia 0.1.18
[INFO] tweaked toml for crates.io crate semasia 0.1.18 written to /workspace/builds/worker-7-tc2/source/Cargo.toml
[INFO] validating manifest of crates.io crate semasia 0.1.18 on toolchain 1.100.0-beta.1
[INFO] running `Command { std: CARGO_HOME="/workspace/cargo-home" RUSTUP_HOME="/workspace/rustup-home" "/workspace/cargo-home/bin/cargo" "+1.100.0-beta.1" "metadata" "--manifest-path" "Cargo.toml" "--no-deps", kill_on_drop: false }`
[INFO] crate crates.io crate semasia 0.1.18 already has a lockfile, it will not be regenerated
[INFO] running `Command { std: CARGO_HOME="/workspace/cargo-home" RUSTUP_HOME="/workspace/rustup-home" "/workspace/cargo-home/bin/cargo" "+1.100.0-beta.1" "fetch" "--manifest-path" "Cargo.toml", kill_on_drop: false }`
[INFO] running `Command { std: "docker" "create" "-v" "/var/lib/crater-agent-workspace/builds/worker-7-tc2/source:/opt/rustwide/workdir:ro,Z" "-v" "/var/lib/crater-agent-workspace/builds/worker-7-tc2/target:/opt/rustwide/target:rw,Z" "-v" "/var/lib/crater-agent-workspace/cargo-home:/opt/rustwide/cargo-home:ro,Z" "-v" "/var/lib/crater-agent-workspace/rustup-home:/opt/rustwide/rustup-home:ro,Z" "-m" "1610612736" "--network" "none" "ghcr.io/rust-lang/crates-build-env/linux@sha256:3111399a4047eeb3a02b7a90e478d715f38a8c6669b5c4b49d30a17385265909" "sleep" "infinity", kill_on_drop: false }`
[INFO] [stdout] 31aa126d345c3e95b212940028c887685d77025205d291d5308024f435306d51
[INFO] running `Command { std: "docker" "start" "31aa126d345c3e95b212940028c887685d77025205d291d5308024f435306d51", kill_on_drop: false }`
[INFO] running `Command { std: "docker" "inspect" "31aa126d345c3e95b212940028c887685d77025205d291d5308024f435306d51", kill_on_drop: false }`
[INFO] running `Command { std: "docker" "exec" "-e" "SOURCE_DIR=/opt/rustwide/workdir" "-e" "CARGO_HOME=/opt/rustwide/cargo-home" "-e" "RUSTUP_HOME=/opt/rustwide/rustup-home" "-e" "CARGO_TARGET_DIR=/opt/rustwide/target" "-w" "/opt/rustwide/workdir" "--user" "0:0" "31aa126d345c3e95b212940028c887685d77025205d291d5308024f435306d51" "/opt/rustwide/cargo-home/bin/cargo" "+1.100.0-beta.1" "metadata" "--no-deps" "--format-version=1", kill_on_drop: false }`
[INFO] running `Command { std: "docker" "inspect" "31aa126d345c3e95b212940028c887685d77025205d291d5308024f435306d51", kill_on_drop: false }`
[INFO] running `Command { std: "docker" "exec" "-e" "SOURCE_DIR=/opt/rustwide/workdir" "-e" "CARGO_HOME=/opt/rustwide/cargo-home" "-e" "RUSTUP_HOME=/opt/rustwide/rustup-home" "-e" "CARGO_TARGET_DIR=/opt/rustwide/target" "-e" "CARGO_INCREMENTAL=0" "-e" "RUST_BACKTRACE=full" "-e" "RUSTFLAGS=--cap-lints=warn" "-e" "RUSTDOCFLAGS=--cap-lints=warn" "-w" "/opt/rustwide/workdir" "--user" "0:0" "31aa126d345c3e95b212940028c887685d77025205d291d5308024f435306d51" "/opt/rustwide/cargo-home/bin/cargo" "+1.100.0-beta.1" "build" "--frozen" "--message-format=json", kill_on_drop: false }`
[INFO] [stderr]    Compiling unicode-ident v1.0.22
[INFO] [stderr]    Compiling quote v1.0.45
[INFO] [stderr]    Compiling syn v1.0.109
[INFO] [stderr]    Compiling memchr v2.7.6
[INFO] [stderr]    Compiling regex-syntax v0.8.8
[INFO] [stderr]    Compiling fnv v1.0.7
[INFO] [stderr]    Compiling proc-macro-error-attr v1.0.4
[INFO] [stderr]    Compiling proc-macro-error v1.0.4
[INFO] [stderr]    Compiling itertools v0.14.0
[INFO] [stderr]    Compiling beef v0.5.2
[INFO] [stderr]    Compiling proc-macro2 v1.0.106
[INFO] [stderr]    Compiling colored v3.1.1
[INFO] [stderr]    Compiling semasia-from-inherited v0.1.1
[INFO] [stderr]    Compiling semasia-production v0.1.0
[INFO] [stderr]    Compiling aho-corasick v1.1.4
[INFO] [stderr]    Compiling syn v2.0.117
[INFO] [stderr]    Compiling regex-automata v0.4.13
[INFO] [stderr]    Compiling semasia-dyn-grammar v0.1.1
[INFO] [stderr]    Compiling logos-codegen v0.16.0
[INFO] [stderr]    Compiling semasia-auto-productions-parser v0.1.2
[INFO] [stderr]    Compiling semasia-ebnf-parser v0.1.0
[INFO] [stderr]    Compiling semasia-ebnf-proc-macro v0.1.0
[INFO] [stderr]    Compiling semasia-auto-productions v0.1.2
[INFO] [stderr]    Compiling semasia-grammar v0.1.9
[INFO] [stderr]    Compiling logos-derive v0.16.0
[INFO] [stderr]    Compiling logos v0.16.0
[INFO] [stderr]    Compiling semasia-parser v0.1.1
[INFO] [stderr]    Compiling semasia v0.1.18 (/opt/rustwide/workdir)
[INFO] [stderr]     Finished `dev` profile [unoptimized + debuginfo] target(s) in 16.94s
[INFO] running `Command { std: "docker" "inspect" "31aa126d345c3e95b212940028c887685d77025205d291d5308024f435306d51", kill_on_drop: false }`
[INFO] running `Command { std: "docker" "exec" "-e" "SOURCE_DIR=/opt/rustwide/workdir" "-e" "CARGO_HOME=/opt/rustwide/cargo-home" "-e" "RUSTUP_HOME=/opt/rustwide/rustup-home" "-e" "CARGO_TARGET_DIR=/opt/rustwide/target" "-e" "CARGO_INCREMENTAL=0" "-e" "RUST_BACKTRACE=full" "-e" "RUSTFLAGS=--cap-lints=warn" "-e" "RUSTDOCFLAGS=--cap-lints=warn" "-w" "/opt/rustwide/workdir" "--user" "0:0" "31aa126d345c3e95b212940028c887685d77025205d291d5308024f435306d51" "/opt/rustwide/cargo-home/bin/cargo" "+1.100.0-beta.1" "test" "--frozen" "--no-run" "--message-format=json", kill_on_drop: false }`
[INFO] [stderr]    Compiling memchr v2.7.6
[INFO] [stderr]    Compiling once_cell v1.21.4
[INFO] [stderr]    Compiling serde_core v1.0.228
[INFO] [stderr]    Compiling libc v0.2.186
[INFO] [stderr]    Compiling zerocopy v0.8.48
[INFO] [stderr]    Compiling crunchy v0.2.4
[INFO] [stderr]    Compiling syn v2.0.117
[INFO] [stderr]    Compiling ahash v0.8.12
[INFO] [stderr]    Compiling tiny-keccak v2.0.2
[INFO] [stderr]    Compiling hashbrown v0.17.0
[INFO] [stderr]    Compiling num-traits v0.2.19
[INFO] [stderr]    Compiling toml_write v0.1.2
[INFO] [stderr]    Compiling serde_json v1.0.149
[INFO] [stderr]    Compiling pest v2.8.6
[INFO] [stderr]    Compiling aho-corasick v1.1.4
[INFO] [stderr]    Compiling indexmap v2.14.0
[INFO] [stderr]    Compiling getrandom v0.2.17
[INFO] [stderr]    Compiling encoding_rs v0.8.35
[INFO] [stderr]    Compiling const-random-macro v0.1.16
[INFO] [stderr]    Compiling const-random v0.1.18
[INFO] [stderr]    Compiling regex-automata v0.4.13
[INFO] [stderr]    Compiling pest_meta v2.8.6
[INFO] [stderr]    Compiling dlv-list v0.5.2
[INFO] [stderr]    Compiling unicode-segmentation v1.13.2
[INFO] [stderr]    Compiling option-ext v0.2.0
[INFO] [stderr]    Compiling minimal-lexical v0.2.1
[INFO] [stderr]    Compiling bitflags v2.11.1
[INFO] [stderr]    Compiling base64 v0.21.7
[INFO] [stderr]    Compiling arraydeque v0.5.1
[INFO] [stderr]    Compiling convert_case v0.6.0
[INFO] [stderr]    Compiling nom v7.1.3
[INFO] [stderr]    Compiling dirs-sys v0.4.1
[INFO] [stderr]    Compiling ordered-float v2.10.1
[INFO] [stderr]    Compiling lazy_static v0.2.11
[INFO] [stderr]    Compiling fixedbitset v0.4.2
[INFO] [stderr]    Compiling pathdiff v0.2.3
[INFO] [stderr]    Compiling tint v1.0.1
[INFO] [stderr]    Compiling petgraph v0.6.5
[INFO] [stderr]    Compiling directories v5.0.1
[INFO] [stderr]    Compiling anstyle v1.0.14
[INFO] [stderr]    Compiling semasia-dyn-grammar v0.1.1
[INFO] [stderr]    Compiling pest_generator v2.8.6
[INFO] [stderr]    Compiling semasia-ebnf-parser v0.1.0
[INFO] [stderr]    Compiling semasia-auto-productions-parser v0.1.2
[INFO] [stderr]    Compiling hashbrown v0.14.5
[INFO] [stderr]    Compiling logos-codegen v0.16.0
[INFO] [stderr]    Compiling serde_derive v1.0.228
[INFO] [stderr]    Compiling pest_derive v2.8.6
[INFO] [stderr]    Compiling async-trait v0.1.89
[INFO] [stderr]    Compiling semasia-auto-productions v0.1.2
[INFO] [stderr]    Compiling semasia-grammar v0.1.9
[INFO] [stderr]    Compiling semasia-ebnf-proc-macro v0.1.0
[INFO] [stderr]    Compiling hashlink v0.8.4
[INFO] [stderr]    Compiling ordered-multimap v0.7.3
[INFO] [stderr]    Compiling yaml-rust2 v0.8.1
[INFO] [stderr]    Compiling rust-ini v0.20.0
[INFO] [stderr]    Compiling logos-derive v0.16.0
[INFO] [stderr]    Compiling logos v0.16.0
[INFO] [stderr]    Compiling semasia-parser v0.1.1
[INFO] [stderr]    Compiling semasia v0.1.18 (/opt/rustwide/workdir)
[INFO] [stderr]    Compiling serde v1.0.228
[INFO] [stderr]    Compiling toml_datetime v0.6.11
[INFO] [stderr]    Compiling serde_spanned v0.6.9
[INFO] [stderr]    Compiling json5 v0.4.1
[INFO] [stderr]    Compiling ron v0.8.1
[INFO] [stderr]    Compiling serde-value v0.7.0
[INFO] [stderr]    Compiling toml_edit v0.22.27
[INFO] [stderr]    Compiling toml v0.8.23
[INFO] [stderr]    Compiling config v0.14.1
[INFO] [stderr]    Compiling ptree v0.5.2
[INFO] [stdout] warning: field `0` is never read
[INFO] [stdout]   --> examples/inheritance/three-address-code/main.rs:11:14
[INFO] [stdout]    |
[INFO] [stdout] 11 |         GoTo(String),
[INFO] [stdout]    |         ---- ^^^^^^
[INFO] [stdout]    |         |
[INFO] [stdout]    |         field in this variant
[INFO] [stdout]    |
[INFO] [stdout]    = note: `Statement` has a derived impl for the trait `Debug`, but this is intentionally ignored during dead code analysis
[INFO] [stdout]    = note: `#[warn(dead_code)]` (part of `#[warn(unused)]`) on by default
[INFO] [stdout] help: consider changing the field to be of unit type to suppress this warning while preserving the field numbering, or remove the field
[INFO] [stdout]    |
[INFO] [stdout] 11 -         GoTo(String),
[INFO] [stdout] 11 +         GoTo(()),
[INFO] [stdout]    |
[INFO] [stdout] 
[INFO] [stdout] 
[INFO] [stdout] warning: variants `Label`, `BinOp`, and `UnOp` are never constructed
[INFO] [stdout]   --> examples/inheritance/three-address-code/main.rs:10:9
[INFO] [stdout]    |
[INFO] [stdout]  9 |     pub enum Statement {
[INFO] [stdout]    |              --------- variants in this enum
[INFO] [stdout] 10 |         Label(String),
[INFO] [stdout]    |         ^^^^^
[INFO] [stdout] 11 |         GoTo(String),
[INFO] [stdout] 12 |         BinOp(String, String, String, String),
[INFO] [stdout]    |         ^^^^^
[INFO] [stdout] 13 |         UnOp(String, String, String),
[INFO] [stdout]    |         ^^^^
[INFO] [stdout]    |
[INFO] [stdout]    = note: `Statement` has a derived impl for the trait `Debug`, but this is intentionally ignored during dead code analysis
[INFO] [stdout] 
[INFO] [stdout] 
[INFO] [stdout] warning: field `0` is never read
[INFO] [stdout]  --> examples/basic/boolean/main.rs:9:14
[INFO] [stdout]   |
[INFO] [stdout] 9 |         Atom(String),
[INFO] [stdout]   |         ---- ^^^^^^
[INFO] [stdout]   |         |
[INFO] [stdout]   |         field in this variant
[INFO] [stdout]   |
[INFO] [stdout]   = note: `Formula` has a derived impl for the trait `Debug`, but this is intentionally ignored during dead code analysis
[INFO] [stdout]   = note: `#[warn(dead_code)]` (part of `#[warn(unused)]`) on by default
[INFO] [stdout] help: consider changing the field to be of unit type to suppress this warning while preserving the field numbering, or remove the field
[INFO] [stdout]   |
[INFO] [stdout] 9 -         Atom(String),
[INFO] [stdout] 9 +         Atom(()),
[INFO] [stdout]   |
[INFO] [stdout] 
[INFO] [stdout] 
[INFO] [stdout] warning: field `0` is never read
[INFO] [stdout]   --> examples/basic/boolean/main.rs:10:18
[INFO] [stdout]    |
[INFO] [stdout] 10 |         Negation(Box<Formula>),
[INFO] [stdout]    |         -------- ^^^^^^^^^^^^
[INFO] [stdout]    |         |
[INFO] [stdout]    |         field in this variant
[INFO] [stdout]    |
[INFO] [stdout]    = note: `Formula` has a derived impl for the trait `Debug`, but this is intentionally ignored during dead code analysis
[INFO] [stdout] help: consider changing the field to be of unit type to suppress this warning while preserving the field numbering, or remove the field
[INFO] [stdout]    |
[INFO] [stdout] 10 -         Negation(Box<Formula>),
[INFO] [stdout] 10 +         Negation(()),
[INFO] [stdout]    |
[INFO] [stdout] 
[INFO] [stdout] 
[INFO] [stdout] warning: fields `0` and `1` are never read
[INFO] [stdout]   --> examples/basic/boolean/main.rs:11:21
[INFO] [stdout]    |
[INFO] [stdout] 11 |         Conjunction(Box<Formula>, Box<Formula>),
[INFO] [stdout]    |         ----------- ^^^^^^^^^^^^  ^^^^^^^^^^^^
[INFO] [stdout]    |         |
[INFO] [stdout]    |         fields in this variant
[INFO] [stdout]    |
[INFO] [stdout]    = note: `Formula` has a derived impl for the trait `Debug`, but this is intentionally ignored during dead code analysis
[INFO] [stdout] help: consider changing the fields to be of unit type to suppress this warning while preserving the field numbering, or remove the fields
[INFO] [stdout]    |
[INFO] [stdout] 11 -         Conjunction(Box<Formula>, Box<Formula>),
[INFO] [stdout] 11 +         Conjunction((), ()),
[INFO] [stdout]    |
[INFO] [stdout] 
[INFO] [stdout] 
[INFO] [stdout] warning: fields `0` and `1` are never read
[INFO] [stdout]   --> examples/basic/boolean/main.rs:12:21
[INFO] [stdout]    |
[INFO] [stdout] 12 |         Disjunction(Box<Formula>, Box<Formula>),
[INFO] [stdout]    |         ----------- ^^^^^^^^^^^^  ^^^^^^^^^^^^
[INFO] [stdout]    |         |
[INFO] [stdout]    |         fields in this variant
[INFO] [stdout]    |
[INFO] [stdout]    = note: `Formula` has a derived impl for the trait `Debug`, but this is intentionally ignored during dead code analysis
[INFO] [stdout] help: consider changing the fields to be of unit type to suppress this warning while preserving the field numbering, or remove the fields
[INFO] [stdout]    |
[INFO] [stdout] 12 -         Disjunction(Box<Formula>, Box<Formula>),
[INFO] [stdout] 12 +         Disjunction((), ()),
[INFO] [stdout]    |
[INFO] [stdout] 
[INFO] [stdout] 
[INFO] [stdout] warning: fields `0` and `1` are never read
[INFO] [stdout]   --> examples/basic/boolean/main.rs:13:17
[INFO] [stdout]    |
[INFO] [stdout] 13 |         Implies(Box<Formula>, Box<Formula>),
[INFO] [stdout]    |         ------- ^^^^^^^^^^^^  ^^^^^^^^^^^^
[INFO] [stdout]    |         |
[INFO] [stdout]    |         fields in this variant
[INFO] [stdout]    |
[INFO] [stdout]    = note: `Formula` has a derived impl for the trait `Debug`, but this is intentionally ignored during dead code analysis
[INFO] [stdout] help: consider changing the fields to be of unit type to suppress this warning while preserving the field numbering, or remove the fields
[INFO] [stdout]    |
[INFO] [stdout] 13 -         Implies(Box<Formula>, Box<Formula>),
[INFO] [stdout] 13 +         Implies((), ()),
[INFO] [stdout]    |
[INFO] [stdout] 
[INFO] [stdout] 
[INFO] [stdout] warning: fields `0` and `1` are never read
[INFO] [stdout]   --> examples/basic/boolean/main.rs:14:21
[INFO] [stdout]    |
[INFO] [stdout] 14 |         Equivalence(Box<Formula>, Box<Formula>),
[INFO] [stdout]    |         ----------- ^^^^^^^^^^^^  ^^^^^^^^^^^^
[INFO] [stdout]    |         |
[INFO] [stdout]    |         fields in this variant
[INFO] [stdout]    |
[INFO] [stdout]    = note: `Formula` has a derived impl for the trait `Debug`, but this is intentionally ignored during dead code analysis
[INFO] [stdout] help: consider changing the fields to be of unit type to suppress this warning while preserving the field numbering, or remove the fields
[INFO] [stdout]    |
[INFO] [stdout] 14 -         Equivalence(Box<Formula>, Box<Formula>),
[INFO] [stdout] 14 +         Equivalence((), ()),
[INFO] [stdout]    |
[INFO] [stdout] 
[INFO] [stdout] 
[INFO] [stdout] warning: fields `0` and `1` are never read
[INFO] [stdout]   --> examples/basic/boolean/main.rs:15:19
[INFO] [stdout]    |
[INFO] [stdout] 15 |         ImpliedBy(Box<Formula>, Box<Formula>),
[INFO] [stdout]    |         --------- ^^^^^^^^^^^^  ^^^^^^^^^^^^
[INFO] [stdout]    |         |
[INFO] [stdout]    |         fields in this variant
[INFO] [stdout]    |
[INFO] [stdout]    = note: `Formula` has a derived impl for the trait `Debug`, but this is intentionally ignored during dead code analysis
[INFO] [stdout] help: consider changing the fields to be of unit type to suppress this warning while preserving the field numbering, or remove the fields
[INFO] [stdout]    |
[INFO] [stdout] 15 -         ImpliedBy(Box<Formula>, Box<Formula>),
[INFO] [stdout] 15 +         ImpliedBy((), ()),
[INFO] [stdout]    |
[INFO] [stdout] 
[INFO] [stdout] 
[INFO] [stdout] warning: field `0` is never read
[INFO] [stdout]  --> examples/inheritance/array-typing/main.rs:9:18
[INFO] [stdout]   |
[INFO] [stdout] 9 |         BaseType(String),
[INFO] [stdout]   |         -------- ^^^^^^
[INFO] [stdout]   |         |
[INFO] [stdout]   |         field in this variant
[INFO] [stdout]   |
[INFO] [stdout]   = note: `ComputedType` has a derived impl for the trait `Debug`, but this is intentionally ignored during dead code analysis
[INFO] [stdout]   = note: `#[warn(dead_code)]` (part of `#[warn(unused)]`) on by default
[INFO] [stdout] help: consider changing the field to be of unit type to suppress this warning while preserving the field numbering, or remove the field
[INFO] [stdout]   |
[INFO] [stdout] 9 -         BaseType(String),
[INFO] [stdout] 9 +         BaseType(()),
[INFO] [stdout]   |
[INFO] [stdout] 
[INFO] [stdout] 
[INFO] [stdout] warning: fields `0` and `1` are never read
[INFO] [stdout]   --> examples/inheritance/array-typing/main.rs:10:15
[INFO] [stdout]    |
[INFO] [stdout] 10 |         Array(usize, Box<ComputedType>),
[INFO] [stdout]    |         ----- ^^^^^  ^^^^^^^^^^^^^^^^^
[INFO] [stdout]    |         |
[INFO] [stdout]    |         fields in this variant
[INFO] [stdout]    |
[INFO] [stdout]    = note: `ComputedType` has a derived impl for the trait `Debug`, but this is intentionally ignored during dead code analysis
[INFO] [stdout] help: consider changing the fields to be of unit type to suppress this warning while preserving the field numbering, or remove the fields
[INFO] [stdout]    |
[INFO] [stdout] 10 -         Array(usize, Box<ComputedType>),
[INFO] [stdout] 10 +         Array((), ()),
[INFO] [stdout]    |
[INFO] [stdout] 
[INFO] [stdout] 
[INFO] [stdout] warning: fields `0` and `1` are never read
[INFO] [stdout]   --> examples/ebnf/abcs/main.rs:10:18
[INFO] [stdout]    |
[INFO] [stdout] 10 |     pub struct S(Vec<A>, Option<B>, C);
[INFO] [stdout]    |                - ^^^^^^  ^^^^^^^^^
[INFO] [stdout]    |                |
[INFO] [stdout]    |                fields in this struct
[INFO] [stdout]    |
[INFO] [stdout]    = note: `S` has a derived impl for the trait `Debug`, but this is intentionally ignored during dead code analysis
[INFO] [stdout]    = note: `#[warn(dead_code)]` (part of `#[warn(unused)]`) on by default
[INFO] [stdout] help: consider changing the fields to be of unit type to suppress this warning while preserving the field numbering, or remove the fields
[INFO] [stdout]    |
[INFO] [stdout] 10 -     pub struct S(Vec<A>, Option<B>, C);
[INFO] [stdout] 10 +     pub struct S((), (), C);
[INFO] [stdout]    |
[INFO] [stdout] 
[INFO] [stdout] 
[INFO] [stdout] warning: field `0` is never read
[INFO] [stdout]   --> examples/ebnf/laugh/main.rs:10:22
[INFO] [stdout]    |
[INFO] [stdout] 10 |     pub struct Laugh(Vec<A>);
[INFO] [stdout]    |                ----- ^^^^^^
[INFO] [stdout]    |                |
[INFO] [stdout]    |                field in this struct
[INFO] [stdout]    |
[INFO] [stdout]    = help: consider removing this field
[INFO] [stdout]    = note: `Laugh` has a derived impl for the trait `Debug`, but this is intentionally ignored during dead code analysis
[INFO] [stdout]    = note: `#[warn(dead_code)]` (part of `#[warn(unused)]`) on by default
[INFO] [stdout] 
[INFO] [stdout] 
[INFO] [stdout] warning: field `0` is never read
[INFO] [stdout]   --> examples/advanced/calculus/functions.rs:12:18
[INFO] [stdout]    |
[INFO] [stdout] 12 |         Constant(Constant),
[INFO] [stdout]    |         -------- ^^^^^^^^
[INFO] [stdout]    |         |
[INFO] [stdout]    |         field in this variant
[INFO] [stdout]    |
[INFO] [stdout]    = note: `Function` has a derived impl for the trait `Debug`, but this is intentionally ignored during dead code analysis
[INFO] [stdout]    = note: `#[warn(dead_code)]` (part of `#[warn(unused)]`) on by default
[INFO] [stdout] help: consider changing the field to be of unit type to suppress this warning while preserving the field numbering, or remove the field
[INFO] [stdout]    |
[INFO] [stdout] 12 -         Constant(Constant),
[INFO] [stdout] 12 +         Constant(()),
[INFO] [stdout]    |
[INFO] [stdout] 
[INFO] [stdout] 
[INFO] [stdout] warning: field `0` is never read
[INFO] [stdout]   --> examples/advanced/calculus/functions.rs:13:18
[INFO] [stdout]    |
[INFO] [stdout] 13 |         Variable(Variable),
[INFO] [stdout]    |         -------- ^^^^^^^^
[INFO] [stdout]    |         |
[INFO] [stdout]    |         field in this variant
[INFO] [stdout]    |
[INFO] [stdout]    = note: `Function` has a derived impl for the trait `Debug`, but this is intentionally ignored during dead code analysis
[INFO] [stdout] help: consider changing the field to be of unit type to suppress this warning while preserving the field numbering, or remove the field
[INFO] [stdout]    |
[INFO] [stdout] 13 -         Variable(Variable),
[INFO] [stdout] 13 +         Variable(()),
[INFO] [stdout]    |
[INFO] [stdout] 
[INFO] [stdout] 
[INFO] [stdout] warning: fields `0` and `1` are never read
[INFO] [stdout]   --> examples/advanced/calculus/functions.rs:14:13
[INFO] [stdout]    |
[INFO] [stdout] 14 |         Sum(Box<Function>, Box<Function>),
[INFO] [stdout]    |         --- ^^^^^^^^^^^^^  ^^^^^^^^^^^^^
[INFO] [stdout]    |         |
[INFO] [stdout]    |         fields in this variant
[INFO] [stdout]    |
[INFO] [stdout]    = note: `Function` has a derived impl for the trait `Debug`, but this is intentionally ignored during dead code analysis
[INFO] [stdout] help: consider changing the fields to be of unit type to suppress this warning while preserving the field numbering, or remove the fields
[INFO] [stdout]    |
[INFO] [stdout] 14 -         Sum(Box<Function>, Box<Function>),
[INFO] [stdout] 14 +         Sum((), ()),
[INFO] [stdout]    |
[INFO] [stdout] 
[INFO] [stdout] 
[INFO] [stdout] warning: fields `0` and `1` are never read
[INFO] [stdout]   --> examples/advanced/calculus/functions.rs:15:17
[INFO] [stdout]    |
[INFO] [stdout] 15 |         Product(Box<Function>, Box<Function>),
[INFO] [stdout]    |         ------- ^^^^^^^^^^^^^  ^^^^^^^^^^^^^
[INFO] [stdout]    |         |
[INFO] [stdout]    |         fields in this variant
[INFO] [stdout]    |
[INFO] [stdout]    = note: `Function` has a derived impl for the trait `Debug`, but this is intentionally ignored during dead code analysis
[INFO] [stdout] help: consider changing the fields to be of unit type to suppress this warning while preserving the field numbering, or remove the fields
[INFO] [stdout]    |
[INFO] [stdout] 15 -         Product(Box<Function>, Box<Function>),
[INFO] [stdout] 15 +         Product((), ()),
[INFO] [stdout]    |
[INFO] [stdout] 
[INFO] [stdout] 
[INFO] [stdout] warning: variants `Negation`, `Power`, and `Logarithm` are never constructed
[INFO] [stdout]   --> examples/advanced/calculus/functions.rs:16:9
[INFO] [stdout]    |
[INFO] [stdout] 11 |     pub enum Function {
[INFO] [stdout]    |              -------- variants in this enum
[INFO] [stdout] ...
[INFO] [stdout] 16 |         Negation(Box<Function>),
[INFO] [stdout]    |         ^^^^^^^^
[INFO] [stdout] 17 |         Power(Box<Function>, Box<Function>),
[INFO] [stdout]    |         ^^^^^
[INFO] [stdout] 18 |         Logarithm(Box<Function>, Box<Function>),
[INFO] [stdout]    |         ^^^^^^^^^
[INFO] [stdout]    |
[INFO] [stdout]    = note: `Function` has a derived impl for the trait `Debug`, but this is intentionally ignored during dead code analysis
[INFO] [stdout] 
[INFO] [stdout] 
[INFO] [stdout] warning: method `get_type` is never used
[INFO] [stdout]   --> examples/advanced/c-parser/grammar/ctx.rs:23:12
[INFO] [stdout]    |
[INFO] [stdout] 12 | impl CompilationContext {
[INFO] [stdout]    | ----------------------- method in this implementation
[INFO] [stdout] ...
[INFO] [stdout] 23 |     pub fn get_type(&self, ident: &Ident) -> Option<&Type> {
[INFO] [stdout]    |            ^^^^^^^^
[INFO] [stdout]    |
[INFO] [stdout]    = note: `#[warn(dead_code)]` (part of `#[warn(unused)]`) on by default
[INFO] [stdout] 
[INFO] [stdout] 
[INFO] [stdout] warning: method `get_type` is never used
[INFO] [stdout]   --> examples/advanced/c-parser/grammar/expressions.rs:12:12
[INFO] [stdout]    |
[INFO] [stdout] 11 | impl Lit {
[INFO] [stdout]    | -------- method in this implementation
[INFO] [stdout] 12 |     pub fn get_type(&self) -> Type {
[INFO] [stdout]    |            ^^^^^^^^
[INFO] [stdout] 
[INFO] [stdout] 
[INFO] [stdout] warning: method `get_type` is never used
[INFO] [stdout]   --> examples/advanced/c-parser/grammar/expressions.rs:60:12
[INFO] [stdout]    |
[INFO] [stdout] 59 | impl Expression {
[INFO] [stdout]    | --------------- method in this implementation
[INFO] [stdout] 60 |     pub fn get_type(&self, ctx: &CompilationContext) -> Type {
[INFO] [stdout]    |            ^^^^^^^^
[INFO] [stdout] 
[INFO] [stdout] 
[INFO] [stdout] warning: method `get_type` is never used
[INFO] [stdout]   --> examples/advanced/c-parser/grammar/expressions.rs:85:12
[INFO] [stdout]    |
[INFO] [stdout] 84 | impl BinaryOperation {
[INFO] [stdout]    | -------------------- method in this implementation
[INFO] [stdout] 85 |     pub fn get_type(&self, ctx: &CompilationContext) -> Type {
[INFO] [stdout]    |            ^^^^^^^^
[INFO] [stdout] 
[INFO] [stdout] 
[INFO] [stdout] warning: variant `Struct` is never constructed
[INFO] [stdout]   --> examples/advanced/c-parser/grammar/types.rs:22:5
[INFO] [stdout]    |
[INFO] [stdout] 18 | pub enum Type {
[INFO] [stdout]    |          ---- variant in this enum
[INFO] [stdout] ...
[INFO] [stdout] 22 |     Struct(StructType),
[INFO] [stdout]    |     ^^^^^^
[INFO] [stdout]    |
[INFO] [stdout]    = note: `Type` has derived impls for the traits `Clone` and `Debug`, but these are intentionally ignored during dead code analysis
[INFO] [stdout] 
[INFO] [stdout] 
[INFO] [stdout] warning: methods `deref` and `compatible_with` are never used
[INFO] [stdout]   --> examples/advanced/c-parser/grammar/types.rs:48:12
[INFO] [stdout]    |
[INFO] [stdout] 47 | impl Type {
[INFO] [stdout]    | --------- methods in this implementation
[INFO] [stdout] 48 |     pub fn deref(self) -> Self {
[INFO] [stdout]    |            ^^^^^
[INFO] [stdout] ...
[INFO] [stdout] 55 |     pub fn compatible_with(&self, other: &Self) -> bool {
[INFO] [stdout]    |            ^^^^^^^^^^^^^^^
[INFO] [stdout] 
[INFO] [stdout] 
[INFO] [stdout] warning: method `compatible_with` is never used
[INFO] [stdout]   --> examples/advanced/c-parser/grammar/types.rs:68:12
[INFO] [stdout]    |
[INFO] [stdout] 67 | impl BaseType {
[INFO] [stdout]    | ------------- method in this implementation
[INFO] [stdout] 68 |     pub fn compatible_with(&self, other: &Self) -> bool {
[INFO] [stdout]    |            ^^^^^^^^^^^^^^^
[INFO] [stdout] 
[INFO] [stdout] 
[INFO] [stderr]     Finished `test` profile [unoptimized + debuginfo] target(s) in 56.44s
[INFO] running `Command { std: "docker" "inspect" "31aa126d345c3e95b212940028c887685d77025205d291d5308024f435306d51", kill_on_drop: false }`
[INFO] running `Command { std: "docker" "exec" "-e" "SOURCE_DIR=/opt/rustwide/workdir" "-e" "CARGO_HOME=/opt/rustwide/cargo-home" "-e" "RUSTUP_HOME=/opt/rustwide/rustup-home" "-e" "CARGO_TARGET_DIR=/opt/rustwide/target" "-e" "CARGO_INCREMENTAL=0" "-e" "RUST_BACKTRACE=full" "-e" "RUSTFLAGS=--cap-lints=warn" "-e" "RUSTDOCFLAGS=--cap-lints=warn" "-w" "/opt/rustwide/workdir" "--user" "0:0" "31aa126d345c3e95b212940028c887685d77025205d291d5308024f435306d51" "/opt/rustwide/cargo-home/bin/cargo" "+1.100.0-beta.1" "test" "--frozen", kill_on_drop: false }`
[INFO] [stderr] warning: fields `0` and `1` are never read
[INFO] [stderr]   --> examples/ebnf/abcs/main.rs:10:18
[INFO] [stderr]    |
[INFO] [stderr] 10 |     pub struct S(Vec<A>, Option<B>, C);
[INFO] [stderr]    |                - ^^^^^^  ^^^^^^^^^
[INFO] [stderr]    |                |
[INFO] [stderr]    |                fields in this struct
[INFO] [stderr]    |
[INFO] [stderr]    = note: `S` has a derived impl for the trait `Debug`, but this is intentionally ignored during dead code analysis
[INFO] [stderr]    = note: `#[warn(dead_code)]` (part of `#[warn(unused)]`) on by default
[INFO] [stderr] help: consider changing the fields to be of unit type to suppress this warning while preserving the field numbering, or remove the fields
[INFO] [stderr]    |
[INFO] [stderr] 10 -     pub struct S(Vec<A>, Option<B>, C);
[INFO] [stderr] 10 +     pub struct S((), (), C);
[INFO] [stderr]    |
[INFO] [stderr] 
[INFO] [stderr] warning: field `0` is never read
[INFO] [stderr]   --> examples/ebnf/laugh/main.rs:10:22
[INFO] [stderr]    |
[INFO] [stderr] 10 |     pub struct Laugh(Vec<A>);
[INFO] [stderr]    |                ----- ^^^^^^
[INFO] [stderr]    |                |
[INFO] [stderr]    |                field in this struct
[INFO] [stderr]    |
[INFO] [stderr]    = help: consider removing this field
[INFO] [stderr]    = note: `Laugh` has a derived impl for the trait `Debug`, but this is intentionally ignored during dead code analysis
[INFO] [stderr]    = note: `#[warn(dead_code)]` (part of `#[warn(unused)]`) on by default
[INFO] [stderr] 
[INFO] [stderr] warning: method `get_type` is never used
[INFO] [stderr]   --> examples/advanced/c-parser/grammar/ctx.rs:23:12
[INFO] [stderr]    |
[INFO] [stderr] 12 | impl CompilationContext {
[INFO] [stderr]    | ----------------------- method in this implementation
[INFO] [stderr] ...
[INFO] [stderr] 23 |     pub fn get_type(&self, ident: &Ident) -> Option<&Type> {
[INFO] [stderr]    |            ^^^^^^^^
[INFO] [stderr]    |
[INFO] [stderr]    = note: `#[warn(dead_code)]` (part of `#[warn(unused)]`) on by default
[INFO] [stderr] 
[INFO] [stderr] warning: method `get_type` is never used
[INFO] [stderr]   --> examples/advanced/c-parser/grammar/expressions.rs:12:12
[INFO] [stderr]    |
[INFO] [stderr] 11 | impl Lit {
[INFO] [stderr]    | -------- method in this implementation
[INFO] [stderr] 12 |     pub fn get_type(&self) -> Type {
[INFO] [stderr]    |            ^^^^^^^^
[INFO] [stderr] 
[INFO] [stderr] warning: method `get_type` is never used
[INFO] [stderr]   --> examples/advanced/c-parser/grammar/expressions.rs:60:12
[INFO] [stderr]    |
[INFO] [stderr] 59 | impl Expression {
[INFO] [stderr]    | --------------- method in this implementation
[INFO] [stderr] 60 |     pub fn get_type(&self, ctx: &CompilationContext) -> Type {
[INFO] [stderr]    |            ^^^^^^^^
[INFO] [stderr] 
[INFO] [stderr] warning: method `get_type` is never used
[INFO] [stderr]   --> examples/advanced/c-parser/grammar/expressions.rs:85:12
[INFO] [stderr]    |
[INFO] [stderr] 84 | impl BinaryOperation {
[INFO] [stderr]    | -------------------- method in this implementation
[INFO] [stderr] 85 |     pub fn get_type(&self, ctx: &CompilationContext) -> Type {
[INFO] [stderr]    |            ^^^^^^^^
[INFO] [stderr] 
[INFO] [stderr] warning: variant `Struct` is never constructed
[INFO] [stderr]   --> examples/advanced/c-parser/grammar/types.rs:22:5
[INFO] [stderr]    |
[INFO] [stderr] 18 | pub enum Type {
[INFO] [stderr]    |          ---- variant in this enum
[INFO] [stderr] ...
[INFO] [stderr] 22 |     Struct(StructType),
[INFO] [stderr]    |     ^^^^^^
[INFO] [stderr]    |
[INFO] [stderr]    = note: `Type` has derived impls for the traits `Clone` and `Debug`, but these are intentionally ignored during dead code analysis
[INFO] [stderr] 
[INFO] [stderr] warning: methods `deref` and `compatible_with` are never used
[INFO] [stderr]   --> examples/advanced/c-parser/grammar/types.rs:48:12
[INFO] [stderr]    |
[INFO] [stderr] 47 | impl Type {
[INFO] [stderr]    | --------- methods in this implementation
[INFO] [stderr] 48 |     pub fn deref(self) -> Self {
[INFO] [stderr]    |            ^^^^^
[INFO] [stderr] ...
[INFO] [stderr] 55 |     pub fn compatible_with(&self, other: &Self) -> bool {
[INFO] [stderr]    |            ^^^^^^^^^^^^^^^
[INFO] [stderr] 
[INFO] [stderr] warning: method `compatible_with` is never used
[INFO] [stderr]   --> examples/advanced/c-parser/grammar/types.rs:68:12
[INFO] [stderr]    |
[INFO] [stderr] 67 | impl BaseType {
[INFO] [stderr]    | ------------- method in this implementation
[INFO] [stderr] 68 |     pub fn compatible_with(&self, other: &Self) -> bool {
[INFO] [stderr]    |            ^^^^^^^^^^^^^^^
[INFO] [stderr] 
[INFO] [stderr] warning: field `0` is never read
[INFO] [stderr]  --> examples/basic/boolean/main.rs:9:14
[INFO] [stderr]   |
[INFO] [stderr] 9 |         Atom(String),
[INFO] [stderr]   |         ---- ^^^^^^
[INFO] [stderr]   |         |
[INFO] [stderr]   |         field in this variant
[INFO] [stderr]   |
[INFO] [stderr]   = note: `Formula` has a derived impl for the trait `Debug`, but this is intentionally ignored during dead code analysis
[INFO] [stderr]   = note: `#[warn(dead_code)]` (part of `#[warn(unused)]`) on by default
[INFO] [stderr] help: consider changing the field to be of unit type to suppress this warning while preserving the field numbering, or remove the field
[INFO] [stderr]   |
[INFO] [stderr] 9 -         Atom(String),
[INFO] [stderr] 9 +         Atom(()),
[INFO] [stderr]   |
[INFO] [stderr] 
[INFO] [stderr] warning: field `0` is never read
[INFO] [stderr]   --> examples/basic/boolean/main.rs:10:18
[INFO] [stderr]    |
[INFO] [stderr] 10 |         Negation(Box<Formula>),
[INFO] [stderr]    |         -------- ^^^^^^^^^^^^
[INFO] [stderr]    |         |
[INFO] [stderr]    |         field in this variant
[INFO] [stderr]    |
[INFO] [stderr]    = note: `Formula` has a derived impl for the trait `Debug`, but this is intentionally ignored during dead code analysis
[INFO] [stderr] help: consider changing the field to be of unit type to suppress this warning while preserving the field numbering, or remove the field
[INFO] [stderr]    |
[INFO] [stderr] 10 -         Negation(Box<Formula>),
[INFO] [stderr] 10 +         Negation(()),
[INFO] [stderr]    |
[INFO] [stderr] 
[INFO] [stderr] warning: fields `0` and `1` are never read
[INFO] [stderr]   --> examples/basic/boolean/main.rs:11:21
[INFO] [stderr]    |
[INFO] [stderr] 11 |         Conjunction(Box<Formula>, Box<Formula>),
[INFO] [stderr]    |         ----------- ^^^^^^^^^^^^  ^^^^^^^^^^^^
[INFO] [stderr]    |         |
[INFO] [stderr]    |         fields in this variant
[INFO] [stderr]    |
[INFO] [stderr]    = note: `Formula` has a derived impl for the trait `Debug`, but this is intentionally ignored during dead code analysis
[INFO] [stderr] help: consider changing the fields to be of unit type to suppress this warning while preserving the field numbering, or remove the fields
[INFO] [stderr]    |
[INFO] [stderr] 11 -         Conjunction(Box<Formula>, Box<Formula>),
[INFO] [stderr] 11 +         Conjunction((), ()),
[INFO] [stderr]    |
[INFO] [stderr] 
[INFO] [stderr] warning: fields `0` and `1` are never read
[INFO] [stderr]   --> examples/basic/boolean/main.rs:12:21
[INFO] [stderr]    |
[INFO] [stderr] 12 |         Disjunction(Box<Formula>, Box<Formula>),
[INFO] [stderr]    |         ----------- ^^^^^^^^^^^^  ^^^^^^^^^^^^
[INFO] [stderr]    |         |
[INFO] [stderr]    |         fields in this variant
[INFO] [stderr]    |
[INFO] [stderr]    = note: `Formula` has a derived impl for the trait `Debug`, but this is intentionally ignored during dead code analysis
[INFO] [stderr] help: consider changing the fields to be of unit type to suppress this warning while preserving the field numbering, or remove the fields
[INFO] [stderr]    |
[INFO] [stderr] 12 -         Disjunction(Box<Formula>, Box<Formula>),
[INFO] [stderr] 12 +         Disjunction((), ()),
[INFO] [stderr]    |
[INFO] [stderr] 
[INFO] [stderr] warning: fields `0` and `1` are never read
[INFO] [stderr]   --> examples/basic/boolean/main.rs:13:17
[INFO] [stderr]    |
[INFO] [stderr] 13 |         Implies(Box<Formula>, Box<Formula>),
[INFO] [stderr]    |         ------- ^^^^^^^^^^^^  ^^^^^^^^^^^^
[INFO] [stderr]    |         |
[INFO] [stderr]    |         fields in this variant
[INFO] [stderr]    |
[INFO] [stderr]    = note: `Formula` has a derived impl for the trait `Debug`, but this is intentionally ignored during dead code analysis
[INFO] [stderr] help: consider changing the fields to be of unit type to suppress this warning while preserving the field numbering, or remove the fields
[INFO] [stderr]    |
[INFO] [stderr] 13 -         Implies(Box<Formula>, Box<Formula>),
[INFO] [stderr] 13 +         Implies((), ()),
[INFO] [stderr]    |
[INFO] [stderr] 
[INFO] [stderr] warning: fields `0` and `1` are never read
[INFO] [stderr]   --> examples/basic/boolean/main.rs:14:21
[INFO] [stderr]    |
[INFO] [stderr] 14 |         Equivalence(Box<Formula>, Box<Formula>),
[INFO] [stderr]    |         ----------- ^^^^^^^^^^^^  ^^^^^^^^^^^^
[INFO] [stderr]    |         |
[INFO] [stderr]    |         fields in this variant
[INFO] [stderr]    |
[INFO] [stderr]    = note: `Formula` has a derived impl for the trait `Debug`, but this is intentionally ignored during dead code analysis
[INFO] [stderr] help: consider changing the fields to be of unit type to suppress this warning while preserving the field numbering, or remove the fields
[INFO] [stderr]    |
[INFO] [stderr] 14 -         Equivalence(Box<Formula>, Box<Formula>),
[INFO] [stderr] 14 +         Equivalence((), ()),
[INFO] [stderr]    |
[INFO] [stderr] 
[INFO] [stderr] warning: fields `0` and `1` are never read
[INFO] [stderr]   --> examples/basic/boolean/main.rs:15:19
[INFO] [stderr]    |
[INFO] [stderr] 15 |         ImpliedBy(Box<Formula>, Box<Formula>),
[INFO] [stderr]    |         --------- ^^^^^^^^^^^^  ^^^^^^^^^^^^
[INFO] [stderr]    |         |
[INFO] [stderr]    |         fields in this variant
[INFO] [stderr]    |
[INFO] [stderr]    = note: `Formula` has a derived impl for the trait `Debug`, but this is intentionally ignored during dead code analysis
[INFO] [stderr] help: consider changing the fields to be of unit type to suppress this warning while preserving the field numbering, or remove the fields
[INFO] [stderr]    |
[INFO] [stderr] 15 -         ImpliedBy(Box<Formula>, Box<Formula>),
[INFO] [stderr] 15 +         ImpliedBy((), ()),
[INFO] [stderr]    |
[INFO] [stderr] 
[INFO] [stderr] warning: `semasia` (example "abcs") generated 1 warning
[INFO] [stderr] warning: `semasia` (example "laugh") generated 1 warning
[INFO] [stderr] warning: `semasia` (example "c-parser") generated 7 warnings
[INFO] [stderr] warning: `semasia` (example "boolean") generated 7 warnings
[INFO] [stderr] warning: field `0` is never read
[INFO] [stderr]   --> examples/inheritance/three-address-code/main.rs:11:14
[INFO] [stderr]    |
[INFO] [stderr] 11 |         GoTo(String),
[INFO] [stderr]    |         ---- ^^^^^^
[INFO] [stderr]    |         |
[INFO] [stderr]    |         field in this variant
[INFO] [stderr]    |
[INFO] [stderr]    = note: `Statement` has a derived impl for the trait `Debug`, but this is intentionally ignored during dead code analysis
[INFO] [stderr]    = note: `#[warn(dead_code)]` (part of `#[warn(unused)]`) on by default
[INFO] [stderr] help: consider changing the field to be of unit type to suppress this warning while preserving the field numbering, or remove the field
[INFO] [stderr]    |
[INFO] [stderr] 11 -         GoTo(String),
[INFO] [stderr] 11 +         GoTo(()),
[INFO] [stderr]    |
[INFO] [stderr] 
[INFO] [stderr] warning: variants `Label`, `BinOp`, and `UnOp` are never constructed
[INFO] [stderr]   --> examples/inheritance/three-address-code/main.rs:10:9
[INFO] [stderr]    |
[INFO] [stderr]  9 |     pub enum Statement {
[INFO] [stderr]    |              --------- variants in this enum
[INFO] [stderr] 10 |         Label(String),
[INFO] [stderr]    |         ^^^^^
[INFO] [stderr] 11 |         GoTo(String),
[INFO] [stderr] 12 |         BinOp(String, String, String, String),
[INFO] [stderr]    |         ^^^^^
[INFO] [stderr] 13 |         UnOp(String, String, String),
[INFO] [stderr]    |         ^^^^
[INFO] [stderr]    |
[INFO] [stderr]    = note: `Statement` has a derived impl for the trait `Debug`, but this is intentionally ignored during dead code analysis
[INFO] [stderr] 
[INFO] [stderr] warning: field `0` is never read
[INFO] [stderr]   --> examples/advanced/calculus/functions.rs:12:18
[INFO] [stderr]    |
[INFO] [stderr] 12 |         Constant(Constant),
[INFO] [stderr]    |         -------- ^^^^^^^^
[INFO] [stderr]    |         |
[INFO] [stderr]    |         field in this variant
[INFO] [stderr]    |
[INFO] [stderr]    = note: `Function` has a derived impl for the trait `Debug`, but this is intentionally ignored during dead code analysis
[INFO] [stderr]    = note: `#[warn(dead_code)]` (part of `#[warn(unused)]`) on by default
[INFO] [stderr] help: consider changing the field to be of unit type to suppress this warning while preserving the field numbering, or remove the field
[INFO] [stderr]    |
[INFO] [stderr] 12 -         Constant(Constant),
[INFO] [stderr] 12 +         Constant(()),
[INFO] [stderr]    |
[INFO] [stderr] 
[INFO] [stderr] warning: field `0` is never read
[INFO] [stderr]   --> examples/advanced/calculus/functions.rs:13:18
[INFO] [stderr]    |
[INFO] [stderr] 13 |         Variable(Variable),
[INFO] [stderr]    |         -------- ^^^^^^^^
[INFO] [stderr]    |         |
[INFO] [stderr]    |         field in this variant
[INFO] [stderr]    |
[INFO] [stderr]    = note: `Function` has a derived impl for the trait `Debug`, but this is intentionally ignored during dead code analysis
[INFO] [stderr] help: consider changing the field to be of unit type to suppress this warning while preserving the field numbering, or remove the field
[INFO] [stderr]    |
[INFO] [stderr] 13 -         Variable(Variable),
[INFO] [stderr] 13 +         Variable(()),
[INFO] [stderr]    |
[INFO] [stderr] 
[INFO] [stderr] warning: fields `0` and `1` are never read
[INFO] [stderr]   --> examples/advanced/calculus/functions.rs:14:13
[INFO] [stderr]    |
[INFO] [stderr] 14 |         Sum(Box<Function>, Box<Function>),
[INFO] [stderr]    |         --- ^^^^^^^^^^^^^  ^^^^^^^^^^^^^
[INFO] [stderr]    |         |
[INFO] [stderr]    |         fields in this variant
[INFO] [stderr]    |
[INFO] [stderr]    = note: `Function` has a derived impl for the trait `Debug`, but this is intentionally ignored during dead code analysis
[INFO] [stderr] help: consider changing the fields to be of unit type to suppress this warning while preserving the field numbering, or remove the fields
[INFO] [stderr]    |
[INFO] [stderr] 14 -         Sum(Box<Function>, Box<Function>),
[INFO] [stderr] 14 +         Sum((), ()),
[INFO] [stderr]    |
[INFO] [stderr] 
[INFO] [stderr] warning: fields `0` and `1` are never read
[INFO] [stderr]   --> examples/advanced/calculus/functions.rs:15:17
[INFO] [stderr]    |
[INFO] [stderr] 15 |         Product(Box<Function>, Box<Function>),
[INFO] [stderr]    |         ------- ^^^^^^^^^^^^^  ^^^^^^^^^^^^^
[INFO] [stderr]    |         |
[INFO] [stderr]    |         fields in this variant
[INFO] [stderr]    |
[INFO] [stderr]    = note: `Function` has a derived impl for the trait `Debug`, but this is intentionally ignored during dead code analysis
[INFO] [stderr] help: consider changing the fields to be of unit type to suppress this warning while preserving the field numbering, or remove the fields
[INFO] [stderr]    |
[INFO] [stderr] 15 -         Product(Box<Function>, Box<Function>),
[INFO] [stderr] 15 +         Product((), ()),
[INFO] [stderr]    |
[INFO] [stderr] 
[INFO] [stderr] warning: variants `Negation`, `Power`, and `Logarithm` are never constructed
[INFO] [stderr]   --> examples/advanced/calculus/functions.rs:16:9
[INFO] [stderr]    |
[INFO] [stderr] 11 |     pub enum Function {
[INFO] [stderr]    |              -------- variants in this enum
[INFO] [stderr] ...
[INFO] [stderr] 16 |         Negation(Box<Function>),
[INFO] [stderr]    |         ^^^^^^^^
[INFO] [stderr] 17 |         Power(Box<Function>, Box<Function>),
[INFO] [stderr]    |         ^^^^^
[INFO] [stderr] 18 |         Logarithm(Box<Function>, Box<Function>),
[INFO] [stderr]    |         ^^^^^^^^^
[INFO] [stderr]    |
[INFO] [stderr]    = note: `Function` has a derived impl for the trait `Debug`, but this is intentionally ignored during dead code analysis
[INFO] [stderr] 
[INFO] [stderr] warning: `semasia` (example "three-address-code") generated 2 warnings
[INFO] [stderr] warning: `semasia` (example "calculus") generated 5 warnings
[INFO] [stderr] warning: field `0` is never read
[INFO] [stderr]  --> examples/inheritance/array-typing/main.rs:9:18
[INFO] [stderr]   |
[INFO] [stderr] 9 |         BaseType(String),
[INFO] [stderr]   |         -------- ^^^^^^
[INFO] [stderr]   |         |
[INFO] [stderr]   |         field in this variant
[INFO] [stderr]   |
[INFO] [stderr]   = note: `ComputedType` has a derived impl for the trait `Debug`, but this is intentionally ignored during dead code analysis
[INFO] [stderr]   = note: `#[warn(dead_code)]` (part of `#[warn(unused)]`) on by default
[INFO] [stderr] help: consider changing the field to be of unit type to suppress this warning while preserving the field numbering, or remove the field
[INFO] [stderr]   |
[INFO] [stderr] 9 -         BaseType(String),
[INFO] [stderr] 9 +         BaseType(()),
[INFO] [stderr]   |
[INFO] [stderr] 
[INFO] [stderr] warning: fields `0` and `1` are never read
[INFO] [stderr]   --> examples/inheritance/array-typing/main.rs:10:15
[INFO] [stderr]    |
[INFO] [stderr] 10 |         Array(usize, Box<ComputedType>),
[INFO] [stderr]    |         ----- ^^^^^  ^^^^^^^^^^^^^^^^^
[INFO] [stderr]    |         |
[INFO] [stderr]    |         fields in this variant
[INFO] [stderr]    |
[INFO] [stderr]    = note: `ComputedType` has a derived impl for the trait `Debug`, but this is intentionally ignored during dead code analysis
[INFO] [stderr] help: consider changing the fields to be of unit type to suppress this warning while preserving the field numbering, or remove the fields
[INFO] [stderr]    |
[INFO] [stderr] 10 -         Array(usize, Box<ComputedType>),
[INFO] [stderr] 10 +         Array((), ()),
[INFO] [stderr]    |
[INFO] [stderr] 
[INFO] [stderr] warning: `semasia` (example "array-typing") generated 2 warnings
[INFO] [stderr]     Finished `test` profile [unoptimized + debuginfo] target(s) in 0.16s
[INFO] [stderr]      Running unittests src/lib.rs (/opt/rustwide/target/debug/build/semasia/0211a4b0e213b75a/out/semasia-0211a4b0e213b75a)
[INFO] [stdout] 
[INFO] [stderr]    Doc-tests semasia
[INFO] [stdout] running 0 tests
[INFO] [stdout] 
[INFO] [stdout] test result: ok. 0 passed; 0 failed; 0 ignored; 0 measured; 0 filtered out; finished in 0.00s
[INFO] [stdout] 
[INFO] [stdout] 
[INFO] [stdout] running 7 tests
[INFO] [stdout] test src/../README.md - (line 162) ... FAILED
[INFO] [stdout] test src/../README.md - (line 249) ... FAILED
[INFO] [stdout] test src/../README.md - (line 82) ... FAILED
[INFO] [stdout] test src/../README.md - (line 212) ... FAILED
[INFO] [stdout] test src/../README.md - (line 188) ... FAILED
[INFO] [stdout] test src/../README.md - (line 17) ... FAILED
[INFO] [stdout] test src/../README.md - (line 111) ... FAILED
[INFO] [stdout] 
[INFO] [stdout] failures:
[INFO] [stdout] 
[INFO] [stdout] ---- src/../README.md - (line 162) stdout ----
[INFO] [stdout] error[E0433]: cannot find module or crate `arithmetic` in this scope
[INFO] [stdout]    --> src/../README.md:164:11
[INFO] [stdout]     |
[INFO] [stdout] 164 | let res = arithmetic::parse("1*5+*3");
[INFO] [stdout]     |           ^^^^^^^^^^ use of unresolved module or unlinked crate `arithmetic`
[INFO] [stdout]     |
[INFO] [stdout]     = help: if you wanted to use a crate named `arithmetic`, use `cargo add arithmetic` to add it to your `Cargo.toml`
[INFO] [stdout] 
[INFO] [stdout] error: aborting due to 1 previous error
[INFO] [stdout] 
[INFO] [stdout] For more information about this error, try `rustc --explain E0433`.
[INFO] [stdout] Couldn't compile the test.
[INFO] [stdout] ---- src/../README.md - (line 249) stdout ----
[INFO] [stdout] error: every grammar has to have some non-terminals and productions.
[INFO] [stdout]        
[INFO] [stdout]          = note: Found non-terminals: [E], tokens: [Num, Plus], productions: []
[INFO] [stdout]        
[INFO] [stdout]        
[INFO] [stdout]    --> src/../README.md:253:1
[INFO] [stdout]     |
[INFO] [stdout] 253 | #[grammar]
[INFO] [stdout]     | ^^^^^^^^^^
[INFO] [stdout]     |
[INFO] [stdout]     = note: this error originates in the attribute macro `grammar` (in Nightly builds, run with -Z macro-backtrace for more info)
[INFO] [stdout] 
[INFO] [stdout] error[E0107]: type alias takes 0 generic arguments but 1 generic argument was supplied
[INFO] [stdout]    --> src/../README.md:273:25
[INFO] [stdout]     |
[INFO] [stdout] 273 |     let res = addition::Parser::<usize>::lex_parse("10+3+9");
[INFO] [stdout]     |                         ^^^^^^--------- help: remove the unnecessary generics
[INFO] [stdout]     |                         |
[INFO] [stdout]     |                         expected 0 generic arguments
[INFO] [stdout]     |
[INFO] [stdout] note: type alias defined here, with 0 generic parameters
[INFO] [stdout]    --> src/../README.md:253:1
[INFO] [stdout]     |
[INFO] [stdout] 253 | #[grammar]
[INFO] [stdout]     | ^^^^^^^^^^
[INFO] [stdout]     = note: this error originates in the attribute macro `grammar` (in Nightly builds, run with -Z macro-backtrace for more info)
[INFO] [stdout] 
[INFO] [stdout] error[E0369]: binary operation `==` cannot be applied to type `Result<DummyStartSymbol, LexParseError<LexError<'_, _, _>, _>>`
[INFO] [stdout]    --> src/../README.md:274:5
[INFO] [stdout]     |
[INFO] [stdout] 274 |     assert_eq!(res, Ok(22));
[INFO] [stdout]     |     ^^^^^^^^^^^^^^^^^^^^^^^
[INFO] [stdout]     |     |
[INFO] [stdout]     |     Result<DummyStartSymbol, LexParseError<LexError<'_, _, _>, _>>
[INFO] [stdout]     |     Result<{integer}, _>
[INFO] [stdout]     |
[INFO] [stdout] note: `Result<DummyStartSymbol, LexParseError<semasia::semasia_parser::results::LexError<'_, semasia::semasia_parser::Parser<DummyNonTerminal, DummyToken, DummyStartSymbol, DummyProductions, DummyTable, ()>, DummyToken>, semasia::semasia_parser::results::ParseError<semasia::semasia_parser::Parser<DummyNonTerminal, DummyToken, DummyStartSymbol, DummyProductions, DummyTable, ()>, DummyNonTerminal, DummyToken, std::ops::Range<usize>, &str>>>` does not implement `PartialEq<Result<{integer}, _>>`
[INFO] [stdout]    --> /rustc/e3feeb59cd1bdd011a2bfcc0747b55125d9b8527/library/core/src/result.rs:558:0
[INFO] [stdout]     |
[INFO] [stdout]     = note: `Result<DummyStartSymbol, LexParseError<semasia::semasia_parser::results::LexError<'_, semasia::semasia_parser::Parser<DummyNonTerminal, DummyToken, DummyStartSymbol, DummyProductions, DummyTable, ()>, DummyToken>, semasia::semasia_parser::results::ParseError<semasia::semasia_parser::Parser<DummyNonTerminal, DummyToken, DummyStartSymbol, DummyProductions, DummyTable, ()>, DummyNonTerminal, DummyToken, std::ops::Range<usize>, &str>>>` is defined in another crate
[INFO] [stdout]     = note: the full name for the type has been written to '/tmp/rustdoctestJtYjpz/rust_out.long-type-5718643614777023206.txt'
[INFO] [stdout]     = note: consider using `--verbose` to print the full type name to the console
[INFO] [stdout] 
[INFO] [stdout] error[E0107]: type alias takes 0 generic arguments but 1 generic argument was supplied
[INFO] [stdout]    --> src/../README.md:276:25
[INFO] [stdout]     |
[INFO] [stdout] 276 |     let res = addition::Parser::<f32>::lex_parse("1.3+5.2");
[INFO] [stdout]     |                         ^^^^^^------- help: remove the unnecessary generics
[INFO] [stdout]     |                         |
[INFO] [stdout]     |                         expected 0 generic arguments
[INFO] [stdout]     |
[INFO] [stdout] note: type alias defined here, with 0 generic parameters
[INFO] [stdout]    --> src/../README.md:253:1
[INFO] [stdout]     |
[INFO] [stdout] 253 | #[grammar]
[INFO] [stdout]     | ^^^^^^^^^^
[INFO] [stdout]     = note: this error originates in the attribute macro `grammar` (in Nightly builds, run with -Z macro-backtrace for more info)
[INFO] [stdout] 
[INFO] [stdout] error[E0369]: binary operation `==` cannot be applied to type `Result<DummyStartSymbol, LexParseError<LexError<'_, _, _>, _>>`
[INFO] [stdout]    --> src/../README.md:277:5
[INFO] [stdout]     |
[INFO] [stdout] 277 |     assert_eq!(res, Ok(6.5))
[INFO] [stdout]     |     ^^^^^^^^^^^^^^^^^^^^^^^^
[INFO] [stdout]     |     |
[INFO] [stdout]     |     Result<DummyStartSymbol, LexParseError<LexError<'_, _, _>, _>>
[INFO] [stdout]     |     Result<{float}, _>
[INFO] [stdout]     |
[INFO] [stdout] note: `Result<DummyStartSymbol, LexParseError<semasia::semasia_parser::results::LexError<'_, semasia::semasia_parser::Parser<DummyNonTerminal, DummyToken, DummyStartSymbol, DummyProductions, DummyTable, ()>, DummyToken>, semasia::semasia_parser::results::ParseError<semasia::semasia_parser::Parser<DummyNonTerminal, DummyToken, DummyStartSymbol, DummyProductions, DummyTable, ()>, DummyNonTerminal, DummyToken, std::ops::Range<usize>, &str>>>` does not implement `PartialEq<Result<{float}, _>>`
[INFO] [stdout]    --> /rustc/e3feeb59cd1bdd011a2bfcc0747b55125d9b8527/library/core/src/result.rs:558:0
[INFO] [stdout]     |
[INFO] [stdout]     = note: `Result<DummyStartSymbol, LexParseError<semasia::semasia_parser::results::LexError<'_, semasia::semasia_parser::Parser<DummyNonTerminal, DummyToken, DummyStartSymbol, DummyProductions, DummyTable, ()>, DummyToken>, semasia::semasia_parser::results::ParseError<semasia::semasia_parser::Parser<DummyNonTerminal, DummyToken, DummyStartSymbol, DummyProductions, DummyTable, ()>, DummyNonTerminal, DummyToken, std::ops::Range<usize>, &str>>>` is defined in another crate
[INFO] [stdout]     = note: the full name for the type has been written to '/tmp/rustdoctestJtYjpz/rust_out.long-type-9626979926170418886.txt'
[INFO] [stdout]     = note: consider using `--verbose` to print the full type name to the console
[INFO] [stdout] 
[INFO] [stdout] error: aborting due to 5 previous errors
[INFO] [stdout] 
[INFO] [stdout] Some errors have detailed explanations: E0107, E0369.
[INFO] [stdout] For more information about an error, try `rustc --explain E0107`.
[INFO] [stdout] Couldn't compile the test.
[INFO] [stdout] ---- src/../README.md - (line 82) stdout ----
[INFO] [stdout] error: every grammar has to have some non-terminals and productions.
[INFO] [stdout]        
[INFO] [stdout]          = note: Found non-terminals: [StartSymbol], tokens: [], productions: []
[INFO] [stdout]        
[INFO] [stdout]        
[INFO] [stdout]   --> src/../README.md:86:1
[INFO] [stdout]    |
[INFO] [stdout] 86 | #[grammar]
[INFO] [stdout]    | ^^^^^^^^^^
[INFO] [stdout]    |
[INFO] [stdout]    = note: this error originates in the attribute macro `grammar` (in Nightly builds, run with -Z macro-backtrace for more info)
[INFO] [stdout] 
[INFO] [stdout] error: aborting due to 1 previous error
[INFO] [stdout] 
[INFO] [stdout] Couldn't compile the test.
[INFO] [stdout] ---- src/../README.md - (line 212) stdout ----
[INFO] [stdout] error: cannot find attribute `grammar` in this scope
[INFO] [stdout]    --> src/../README.md:213:3
[INFO] [stdout]     |
[INFO] [stdout] 213 | #[grammar]
[INFO] [stdout]     |   ^^^^^^^
[INFO] [stdout] 
[INFO] [stdout] error: cannot find attribute `grammar` in this scope
[INFO] [stdout]    --> src/../README.md:215:7
[INFO] [stdout]     |
[INFO] [stdout] 215 |     #[grammar]
[INFO] [stdout]     |       ^^^^^^^
[INFO] [stdout] 
[INFO] [stdout] error: cannot find attribute `start_symbol` in this scope
[INFO] [stdout]    --> src/../README.md:217:11
[INFO] [stdout]     |
[INFO] [stdout] 217 |         #[start_symbol]
[INFO] [stdout]     |           ^^^^^^^^^^^^
[INFO] [stdout] 
[INFO] [stdout] error: cannot find attribute `non_terminal` in this scope
[INFO] [stdout]    --> src/../README.md:218:11
[INFO] [stdout]     |
[INFO] [stdout] 218 |         #[non_terminal]
[INFO] [stdout]     |           ^^^^^^^^^^^^
[INFO] [stdout] 
[INFO] [stdout] error: cannot find attribute `grammar` in this scope
[INFO] [stdout]    --> src/../README.md:222:7
[INFO] [stdout]     |
[INFO] [stdout] 222 |     #[grammar]
[INFO] [stdout]     |       ^^^^^^^
[INFO] [stdout] 
[INFO] [stdout] error: cannot find attribute `context` in this scope
[INFO] [stdout]    --> src/../README.md:224:11
[INFO] [stdout]     |
[INFO] [stdout] 224 |         #[context]
[INFO] [stdout]     |           ^^^^^^^
[INFO] [stdout] 
[INFO] [stdout] error: cannot find attribute `start_symbol` in this scope
[INFO] [stdout]    --> src/../README.md:229:11
[INFO] [stdout]     |
[INFO] [stdout] 229 |         #[start_symbol]
[INFO] [stdout]     |           ^^^^^^^^^^^^
[INFO] [stdout] 
[INFO] [stdout] error: cannot find attribute `non_terminal` in this scope
[INFO] [stdout]    --> src/../README.md:230:11
[INFO] [stdout]     |
[INFO] [stdout] 230 |         #[non_terminal]
[INFO] [stdout]     |           ^^^^^^^^^^^^
[INFO] [stdout] 
[INFO] [stdout] error: cannot find attribute `start_symbol` in this scope
[INFO] [stdout]    --> src/../README.md:234:7
[INFO] [stdout]     |
[INFO] [stdout] 234 |     #[start_symbol]
[INFO] [stdout]     |       ^^^^^^^^^^^^
[INFO] [stdout] 
[INFO] [stdout] error: cannot find attribute `non_terminal` in this scope
[INFO] [stdout]    --> src/../README.md:235:7
[INFO] [stdout]     |
[INFO] [stdout] 235 |     #[non_terminal]
[INFO] [stdout]     |       ^^^^^^^^^^^^
[INFO] [stdout] 
[INFO] [stdout] error: cannot find macro `production` in this scope
[INFO] [stdout]    --> src/../README.md:238:5
[INFO] [stdout]     |
[INFO] [stdout] 238 |     production!(P0, Statement -> ArithmeticStatement);
[INFO] [stdout]     |     ^^^^^^^^^^
[INFO] [stdout] 
[INFO] [stdout] error: cannot find macro `production` in this scope
[INFO] [stdout]    --> src/../README.md:239:5
[INFO] [stdout]     |
[INFO] [stdout] 239 |     production!(P1, Statement -> FlowControlStatement);
[INFO] [stdout]     |     ^^^^^^^^^^
[INFO] [stdout] 
[INFO] [stdout] error: aborting due to 12 previous errors
[INFO] [stdout] 
[INFO] [stdout] Couldn't compile the test.
[INFO] [stdout] ---- src/../README.md - (line 188) stdout ----
[INFO] [stdout] error: cannot find macro `ebnf` in this scope
[INFO] [stdout]    --> src/../README.md:189:1
[INFO] [stdout]     |
[INFO] [stdout] 189 | ebnf!(Prods, A -> (AOrB { A, B }, C*, D?), |(a_or_b: AOrB, c: Vec<C>, d: Option<D>)| todo!());
[INFO] [stdout]     | ^^^^
[INFO] [stdout] 
[INFO] [stdout] error: aborting due to 1 previous error
[INFO] [stdout] 
[INFO] [stdout] Couldn't compile the test.
[INFO] [stdout] ---- src/../README.md - (line 17) stdout ----
[INFO] [stdout] error: every grammar has to have some non-terminals and productions.
[INFO] [stdout]        
[INFO] [stdout]          = note: Found non-terminals: [Expr], tokens: [Number, Plus], productions: []
[INFO] [stdout]        
[INFO] [stdout]        
[INFO] [stdout]   --> src/../README.md:21:1
[INFO] [stdout]    |
[INFO] [stdout] 21 | #[grammar]
[INFO] [stdout]    | ^^^^^^^^^^
[INFO] [stdout]    |
[INFO] [stdout]    = note: this error originates in the attribute macro `grammar` (in Nightly builds, run with -Z macro-backtrace for more info)
[INFO] [stdout] 
[INFO] [stdout] error[E0369]: binary operation `==` cannot be applied to type `Result<DummyStartSymbol, LexParseError<LexError<'_, _, _>, _>>`
[INFO] [stdout]   --> src/../README.md:42:5
[INFO] [stdout]    |
[INFO] [stdout] 42 |     assert_eq!(res, Ok(22));
[INFO] [stdout]    |     ^^^^^^^^^^^^^^^^^^^^^^^
[INFO] [stdout]    |     |
[INFO] [stdout]    |     Result<DummyStartSymbol, LexParseError<LexError<'_, _, _>, _>>
[INFO] [stdout]    |     Result<{integer}, _>
[INFO] [stdout]    |
[INFO] [stdout] note: `Result<DummyStartSymbol, LexParseError<semasia::semasia_parser::results::LexError<'_, semasia::semasia_parser::Parser<DummyNonTerminal, DummyToken, DummyStartSymbol, DummyProductions, DummyTable, ()>, DummyToken>, semasia::semasia_parser::results::ParseError<semasia::semasia_parser::Parser<DummyNonTerminal, DummyToken, DummyStartSymbol, DummyProductions, DummyTable, ()>, DummyNonTerminal, DummyToken, std::ops::Range<usize>, &str>>>` does not implement `PartialEq<Result<{integer}, _>>`
[INFO] [stdout]   --> /rustc/e3feeb59cd1bdd011a2bfcc0747b55125d9b8527/library/core/src/result.rs:558:0
[INFO] [stdout]    |
[INFO] [stdout]    = note: `Result<DummyStartSymbol, LexParseError<semasia::semasia_parser::results::LexError<'_, semasia::semasia_parser::Parser<DummyNonTerminal, DummyToken, DummyStartSymbol, DummyProductions, DummyTable, ()>, DummyToken>, semasia::semasia_parser::results::ParseError<semasia::semasia_parser::Parser<DummyNonTerminal, DummyToken, DummyStartSymbol, DummyProductions, DummyTable, ()>, DummyNonTerminal, DummyToken, std::ops::Range<usize>, &str>>>` is defined in another crate
[INFO] [stdout]    = note: the full name for the type has been written to '/tmp/rustdoctestqU1oc5/rust_out.long-type-10167963772665340558.txt'
[INFO] [stdout]    = note: consider using `--verbose` to print the full type name to the console
[INFO] [stdout] 
[INFO] [stdout] error: aborting due to 2 previous errors
[INFO] [stdout] 
[INFO] [stdout] For more information about this error, try `rustc --explain E0369`.
[INFO] [stdout] Couldn't compile the test.
[INFO] [stdout] ---- src/../README.md - (line 111) stdout ----
[INFO] [stdout] error: cannot find attribute `grammar` in this scope
[INFO] [stdout]    --> src/../README.md:112:3
[INFO] [stdout]     |
[INFO] [stdout] 112 | #[grammar]
[INFO] [stdout]     |   ^^^^^^^
[INFO] [stdout] 
[INFO] [stdout] error: cannot find attribute `non_terminal` in this scope
[INFO] [stdout]    --> src/../README.md:119:7
[INFO] [stdout]     |
[INFO] [stdout] 119 |     #[non_terminal]
[INFO] [stdout]     |       ^^^^^^^^^^^^
[INFO] [stdout] 
[INFO] [stdout] error: cannot find attribute `start_symbol` in this scope
[INFO] [stdout]    --> src/../README.md:120:7
[INFO] [stdout]     |
[INFO] [stdout] 120 |     #[start_symbol]
[INFO] [stdout]     |       ^^^^^^^^^^^^
[INFO] [stdout] 
[INFO] [stdout] error: cannot find attribute `non_terminal` in this scope
[INFO] [stdout]    --> src/../README.md:123:7
[INFO] [stdout]     |
[INFO] [stdout] 123 |     #[non_terminal]
[INFO] [stdout]     |       ^^^^^^^^^^^^
[INFO] [stdout] 
[INFO] [stdout] error: cannot find attribute `token` in this scope
[INFO] [stdout]    --> src/../README.md:127:7
[INFO] [stdout]     |
[INFO] [stdout] 127 |     #[token = "int|float"]
[INFO] [stdout]     |       ^^^^^
[INFO] [stdout] 
[INFO] [stdout] error: cannot find attribute `token` in this scope
[INFO] [stdout]    --> src/../README.md:130:7
[INFO] [stdout]     |
[INFO] [stdout] 130 |     #[token = "["]
[INFO] [stdout]     |       ^^^^^
[INFO] [stdout] 
[INFO] [stdout] error: cannot find attribute `token` in this scope
[INFO] [stdout]    --> src/../README.md:133:7
[INFO] [stdout]     |
[INFO] [stdout] 133 |     #[token = "]"]
[INFO] [stdout]     |       ^^^^^
[INFO] [stdout] 
[INFO] [stdout] error: cannot find attribute `token` in this scope
[INFO] [stdout]    --> src/../README.md:136:7
[INFO] [stdout]     |
[INFO] [stdout] 136 |     #[token = r"\d+"]
[INFO] [stdout]     |       ^^^^^
[INFO] [stdout] 
[INFO] [stdout] error: cannot find macro `production` in this scope
[INFO] [stdout]    --> src/../README.md:139:5
[INFO] [stdout]     |
[INFO] [stdout] 139 |     production!(P1, T -> (Base, Computed), |(b, c)| c.resolve(b));
[INFO] [stdout]     |     ^^^^^^^^^^
[INFO] [stdout] 
[INFO] [stdout] error: cannot find macro `production` in this scope
[INFO] [stdout]    --> src/../README.md:143:5
[INFO] [stdout]     |
[INFO] [stdout] 143 |     production!(P2, Computed -> (LeftSquarePar, Size, RightSquarePar, Computed), |(_, size, _, c)|
[INFO] [stdout]     |     ^^^^^^^^^^
[INFO] [stdout] 
[INFO] [stdout] error: cannot find macro `production` in this scope
[INFO] [stdout]    --> src/../README.md:148:5
[INFO] [stdout]     |
[INFO] [stdout] 148 |     production!(P3, Computed -> (), |_| FromInherited::new(ComputedType::BaseType));
[INFO] [stdout]     |     ^^^^^^^^^^
[INFO] [stdout] 
[INFO] [stdout] error[E0425]: cannot find type `FromInherited` in this scope
[INFO] [stdout]    --> src/../README.md:124:25
[INFO] [stdout]     |
[INFO] [stdout] 124 |     pub type Computed = FromInherited<String, ComputedType>;
[INFO] [stdout]     |                         ^^^^^^^^^^^^^ not found in this scope
[INFO] [stdout] 
[INFO] [stdout] error: aborting due to 12 previous errors
[INFO] [stdout] 
[INFO] [stdout] For more information about this error, try `rustc --explain E0425`.
[INFO] [stdout] Couldn't compile the test.
[INFO] [stdout] 
[INFO] [stdout] failures:
[INFO] [stdout]     src/../README.md - (line 111)
[INFO] [stdout]     src/../README.md - (line 162)
[INFO] [stdout]     src/../README.md - (line 17)
[INFO] [stdout]     src/../README.md - (line 188)
[INFO] [stdout]     src/../README.md - (line 212)
[INFO] [stdout]     src/../README.md - (line 249)
[INFO] [stdout]     src/../README.md - (line 82)
[INFO] [stdout] 
[INFO] [stdout] test result: FAILED. 0 passed; 7 failed; 0 ignored; 0 measured; 0 filtered out; finished in 0.35s
[INFO] [stdout] 
[INFO] [stdout] all doctests ran in 0.62s; merged doctests compilation took 0.27s
[INFO] [stderr] error: doctest failed, to rerun pass `--doc`
[INFO] running `Command { std: "docker" "inspect" "31aa126d345c3e95b212940028c887685d77025205d291d5308024f435306d51", kill_on_drop: false }`
[INFO] running `Command { std: "docker" "rm" "-f" "31aa126d345c3e95b212940028c887685d77025205d291d5308024f435306d51", kill_on_drop: false }`
[INFO] [stdout] 31aa126d345c3e95b212940028c887685d77025205d291d5308024f435306d51
