[INFO] fetching crate seiro-mcp 0.5.1...
[INFO] testing seiro-mcp-0.5.1 against 1.100.0-beta.1 for beta-1.100-2
[INFO] extracting crate seiro-mcp 0.5.1 into /workspace/builds/worker-7-tc2/source
[INFO] removed /workspace/builds/worker-7-tc2/source/rust-toolchain.toml
[INFO] started tweaking crates.io crate seiro-mcp 0.5.1
[INFO] removed 0 missing tests
[INFO] finished tweaking crates.io crate seiro-mcp 0.5.1
[INFO] tweaked toml for crates.io crate seiro-mcp 0.5.1 written to /workspace/builds/worker-7-tc2/source/Cargo.toml
[INFO] validating manifest of crates.io crate seiro-mcp 0.5.1 on toolchain 1.100.0-beta.1
[INFO] running `Command { std: CARGO_HOME="/workspace/cargo-home" RUSTUP_HOME="/workspace/rustup-home" "/workspace/cargo-home/bin/cargo" "+1.100.0-beta.1" "metadata" "--manifest-path" "Cargo.toml" "--no-deps", kill_on_drop: false }`
[INFO] crate crates.io crate seiro-mcp 0.5.1 already has a lockfile, it will not be regenerated
[INFO] running `Command { std: CARGO_HOME="/workspace/cargo-home" RUSTUP_HOME="/workspace/rustup-home" "/workspace/cargo-home/bin/cargo" "+1.100.0-beta.1" "fetch" "--manifest-path" "Cargo.toml", kill_on_drop: false }`
[INFO] [stderr] warning: `package.homepage` is redundant with `package.repository`
[INFO] [stderr]   --> Cargo.toml:89:12
[INFO] [stderr]    |
[INFO] [stderr] 89 | homepage = "https://github.com/karad/seiro-mcp"
[INFO] [stderr]    |            ^^^^^^^^^^^^^^^^^^^^^^^^^^^^^^^^^^^^
[INFO] [stderr] ...
[INFO] [stderr] 94 | repository = "https://github.com/karad/seiro-mcp"
[INFO] [stderr]    |              ------------------------------------
[INFO] [stderr]    |
[INFO] [stderr]    = note: `cargo::redundant_homepage` is set to `warn` by default
[INFO] [stderr] help: consider removing `package.homepage`
[INFO] [stderr] warning: `seiro-mcp` (manifest) generated 1 warning
[INFO] running `Command { std: "docker" "create" "-v" "/var/lib/crater-agent-workspace/builds/worker-7-tc2/source:/opt/rustwide/workdir:ro,Z" "-v" "/var/lib/crater-agent-workspace/builds/worker-7-tc2/target:/opt/rustwide/target:rw,Z" "-v" "/var/lib/crater-agent-workspace/cargo-home:/opt/rustwide/cargo-home:ro,Z" "-v" "/var/lib/crater-agent-workspace/rustup-home:/opt/rustwide/rustup-home:ro,Z" "-m" "1610612736" "--network" "none" "ghcr.io/rust-lang/crates-build-env/linux@sha256:3111399a4047eeb3a02b7a90e478d715f38a8c6669b5c4b49d30a17385265909" "sleep" "infinity", kill_on_drop: false }`
[INFO] [stdout] 6f96fdfb6cf3027017d922488e3636f110bfc0d614705b8652124144ab82e71a
[INFO] running `Command { std: "docker" "start" "6f96fdfb6cf3027017d922488e3636f110bfc0d614705b8652124144ab82e71a", kill_on_drop: false }`
[INFO] running `Command { std: "docker" "inspect" "6f96fdfb6cf3027017d922488e3636f110bfc0d614705b8652124144ab82e71a", kill_on_drop: false }`
[INFO] running `Command { std: "docker" "exec" "-e" "SOURCE_DIR=/opt/rustwide/workdir" "-e" "CARGO_HOME=/opt/rustwide/cargo-home" "-e" "RUSTUP_HOME=/opt/rustwide/rustup-home" "-e" "CARGO_TARGET_DIR=/opt/rustwide/target" "-w" "/opt/rustwide/workdir" "--user" "0:0" "6f96fdfb6cf3027017d922488e3636f110bfc0d614705b8652124144ab82e71a" "/opt/rustwide/cargo-home/bin/cargo" "+1.100.0-beta.1" "metadata" "--no-deps" "--format-version=1", kill_on_drop: false }`
[INFO] running `Command { std: "docker" "inspect" "6f96fdfb6cf3027017d922488e3636f110bfc0d614705b8652124144ab82e71a", kill_on_drop: false }`
[INFO] running `Command { std: "docker" "exec" "-e" "SOURCE_DIR=/opt/rustwide/workdir" "-e" "CARGO_HOME=/opt/rustwide/cargo-home" "-e" "RUSTUP_HOME=/opt/rustwide/rustup-home" "-e" "CARGO_TARGET_DIR=/opt/rustwide/target" "-e" "CARGO_INCREMENTAL=0" "-e" "RUST_BACKTRACE=full" "-e" "RUSTFLAGS=--cap-lints=warn" "-e" "RUSTDOCFLAGS=--cap-lints=warn" "-w" "/opt/rustwide/workdir" "--user" "0:0" "6f96fdfb6cf3027017d922488e3636f110bfc0d614705b8652124144ab82e71a" "/opt/rustwide/cargo-home/bin/cargo" "+1.100.0-beta.1" "build" "--frozen" "--message-format=json", kill_on_drop: false }`
[INFO] [stderr] warning: `package.homepage` is redundant with `package.repository`
[INFO] [stderr]   --> Cargo.toml:89:12
[INFO] [stderr]    |
[INFO] [stderr] 89 | homepage = "https://github.com/karad/seiro-mcp"
[INFO] [stderr]    |            ^^^^^^^^^^^^^^^^^^^^^^^^^^^^^^^^^^^^
[INFO] [stderr] ...
[INFO] [stderr] 94 | repository = "https://github.com/karad/seiro-mcp"
[INFO] [stderr]    |              ------------------------------------
[INFO] [stderr]    |
[INFO] [stderr]    = note: `cargo::redundant_homepage` is set to `warn` by default
[INFO] [stderr] help: consider removing `package.homepage`
[INFO] [stderr] warning: `seiro-mcp` (manifest) generated 1 warning
[INFO] [stderr]    Compiling proc-macro2 v1.0.103
[INFO] [stderr]    Compiling unicode-ident v1.0.22
[INFO] [stderr]    Compiling quote v1.0.42
[INFO] [stderr]    Compiling serde_core v1.0.228
[INFO] [stderr]    Compiling memchr v2.7.6
[INFO] [stderr]    Compiling libc v0.2.177
[INFO] [stderr]    Compiling serde v1.0.228
[INFO] [stderr]    Compiling zerocopy v0.8.27
[INFO] [stderr]    Compiling crunchy v0.2.4
[INFO] [stderr]    Compiling pin-project-lite v0.2.16
[INFO] [stderr]    Compiling tiny-keccak v2.0.2
[INFO] [stderr]    Compiling futures-core v0.3.31
[INFO] [stderr]    Compiling ahash v0.8.12
[INFO] [stderr]    Compiling generic-array v0.14.9
[INFO] [stderr]    Compiling ucd-trie v0.1.7
[INFO] [stderr]    Compiling futures-sink v0.3.31
[INFO] [stderr]    Compiling autocfg v1.5.0
[INFO] [stderr]    Compiling ryu v1.0.20
[INFO] [stderr]    Compiling itoa v1.0.15
[INFO] [stderr]    Compiling once_cell v1.21.3
[INFO] [stderr]    Compiling ident_case v1.0.1
[INFO] [stderr]    Compiling serde_json v1.0.145
[INFO] [stderr]    Compiling futures-channel v0.3.31
[INFO] [stderr]    Compiling tracing-core v0.1.34
[INFO] [stderr]    Compiling futures-task v0.3.31
[INFO] [stderr]    Compiling ref-cast v1.0.25
[INFO] [stderr]    Compiling pin-utils v0.1.0
[INFO] [stderr]    Compiling bytes v1.10.1
[INFO] [stderr]    Compiling futures-io v0.3.31
[INFO] [stderr]    Compiling hashbrown v0.16.0
[INFO] [stderr]    Compiling pest v2.8.3
[INFO] [stderr]    Compiling getrandom v0.3.4
[INFO] [stderr]    Compiling slab v0.4.11
[INFO] [stderr]    Compiling crc32fast v1.5.0
[INFO] [stderr]    Compiling winnow v0.7.13
[INFO] [stderr]    Compiling num-traits v0.2.19
[INFO] [stderr]    Compiling adler2 v2.0.1
[INFO] [stderr]    Compiling simd-adler32 v0.3.7
[INFO] [stderr]    Compiling regex-syntax v0.8.8
[INFO] [stderr]    Compiling thiserror v2.0.17
[INFO] [stderr]    Compiling indexmap v2.12.0
[INFO] [stderr]    Compiling syn v2.0.110
[INFO] [stderr]    Compiling iana-time-zone v0.1.64
[INFO] [stderr]    Compiling toml_write v0.1.2
[INFO] [stderr]    Compiling rustix v1.1.2
[INFO] [stderr]    Compiling miniz_oxide v0.8.9
[INFO] [stderr]    Compiling anstream v0.6.21
[INFO] [stderr]    Compiling getrandom v0.2.16
[INFO] [stderr]    Compiling block-buffer v0.10.4
[INFO] [stderr]    Compiling crypto-common v0.1.6
[INFO] [stderr]    Compiling socket2 v0.6.1
[INFO] [stderr]    Compiling mio v1.1.0
[INFO] [stderr]    Compiling signal-hook-registry v1.4.6
[INFO] [stderr]    Compiling const-random-macro v0.1.16
[INFO] [stderr]    Compiling regex-automata v0.4.13
[INFO] [stderr]    Compiling encoding_rs v0.8.35
[INFO] [stderr]    Compiling const-random v0.1.18
[INFO] [stderr]    Compiling dlv-list v0.5.2
[INFO] [stderr]    Compiling arraydeque v0.5.1
[INFO] [stderr]    Compiling clap_lex v0.7.6
[INFO] [stderr]    Compiling linux-raw-sys v0.11.0
[INFO] [stderr]    Compiling minimal-lexical v0.2.1
[INFO] [stderr]    Compiling log v0.4.28
[INFO] [stderr]    Compiling anyhow v1.0.100
[INFO] [stderr]    Compiling base64 v0.21.7
[INFO] [stderr]    Compiling dyn-clone v1.0.20
[INFO] [stderr]    Compiling clap_builder v4.5.52
[INFO] [stderr]    Compiling tracing-log v0.2.0
[INFO] [stderr]    Compiling nom v7.1.3
[INFO] [stderr]    Compiling convert_case v0.6.0
[INFO] [stderr]    Compiling sharded-slab v0.1.7
[INFO] [stderr]    Compiling flate2 v1.1.5
[INFO] [stderr]    Compiling pest_meta v2.8.3
[INFO] [stderr]    Compiling digest v0.10.7
[INFO] [stderr]    Compiling hashbrown v0.14.5
[INFO] [stderr]    Compiling thread_local v1.1.9
[INFO] [stderr]    Compiling nu-ansi-term v0.50.3
[INFO] [stderr]    Compiling pathdiff v0.2.3
[INFO] [stderr]    Compiling fastrand v2.3.0
[INFO] [stderr]    Compiling sha2 v0.10.9
[INFO] [stderr]    Compiling zip v0.6.6
[INFO] [stderr]    Compiling uuid v1.18.1
[INFO] [stderr]    Compiling hashlink v0.8.4
[INFO] [stderr]    Compiling ordered-multimap v0.7.3
[INFO] [stderr]    Compiling yaml-rust2 v0.8.1
[INFO] [stderr]    Compiling rust-ini v0.20.0
[INFO] [stderr]    Compiling matchers v0.2.0
[INFO] [stderr]    Compiling bitflags v2.10.0
[INFO] [stderr]    Compiling darling_core v0.21.3
[INFO] [stderr]    Compiling serde_derive_internals v0.29.1
[INFO] [stderr]    Compiling pest_generator v2.8.3
[INFO] [stderr]    Compiling serde_derive v1.0.228
[INFO] [stderr]    Compiling futures-macro v0.3.31
[INFO] [stderr]    Compiling tokio-macros v2.6.0
[INFO] [stderr]    Compiling ref-cast-impl v1.0.25
[INFO] [stderr]    Compiling tracing-attributes v0.1.30
[INFO] [stderr]    Compiling pest_derive v2.8.3
[INFO] [stderr]    Compiling schemars_derive v1.1.0
[INFO] [stderr]    Compiling thiserror-impl v2.0.17
[INFO] [stderr]    Compiling thiserror-impl v1.0.69
[INFO] [stderr]    Compiling clap_derive v4.5.49
[INFO] [stderr]    Compiling async-trait v0.1.89
[INFO] [stderr]    Compiling tokio v1.48.0
[INFO] [stderr]    Compiling futures-util v0.3.31
[INFO] [stderr]    Compiling tracing v0.1.41
[INFO] [stderr]    Compiling thiserror v1.0.69
[INFO] [stderr]    Compiling tracing-subscriber v0.3.20
[INFO] [stderr]    Compiling tempfile v3.23.0
[INFO] [stderr]    Compiling clap v4.5.52
[INFO] [stderr]    Compiling darling_macro v0.21.3
[INFO] [stderr]    Compiling darling v0.21.3
[INFO] [stderr]    Compiling rmcp-macros v0.8.5
[INFO] [stderr]    Compiling serde_spanned v0.6.9
[INFO] [stderr]    Compiling toml_datetime v0.6.11
[INFO] [stderr]    Compiling chrono v0.4.42
[INFO] [stderr]    Compiling json5 v0.4.1
[INFO] [stderr]    Compiling ron v0.8.1
[INFO] [stderr]    Compiling toml_edit v0.22.27
[INFO] [stderr]    Compiling schemars v1.1.0
[INFO] [stderr]    Compiling futures-executor v0.3.31
[INFO] [stderr]    Compiling futures v0.3.31
[INFO] [stderr]    Compiling tokio-stream v0.1.17
[INFO] [stderr]    Compiling tokio-util v0.7.17
[INFO] [stderr]    Compiling toml v0.8.23
[INFO] [stderr]    Compiling rmcp v0.8.5
[INFO] [stderr]    Compiling config v0.14.1
[INFO] [stderr]    Compiling seiro-mcp v0.5.1 (/opt/rustwide/workdir)
[INFO] [stderr] warning: unused dependency `tempfile`
[INFO] [stderr]   --> Cargo.toml:41:15
[INFO] [stderr]    |
[INFO] [stderr] 41 | [dependencies.tempfile]
[INFO] [stderr]    |               ^^^^^^^^^
[INFO] [stderr]    |
[INFO] [stderr]    = note: `cargo::unused_dependencies` is set to `warn` by default
[INFO] [stderr] help: consider removing the dependency on `tempfile`
[INFO] [stderr] warning: `seiro-mcp` (manifest) generated 1 warning
[INFO] [stderr]     Finished `dev` profile [unoptimized + debuginfo] target(s) in 1m 00s
[INFO] running `Command { std: "docker" "inspect" "6f96fdfb6cf3027017d922488e3636f110bfc0d614705b8652124144ab82e71a", kill_on_drop: false }`
[INFO] running `Command { std: "docker" "exec" "-e" "SOURCE_DIR=/opt/rustwide/workdir" "-e" "CARGO_HOME=/opt/rustwide/cargo-home" "-e" "RUSTUP_HOME=/opt/rustwide/rustup-home" "-e" "CARGO_TARGET_DIR=/opt/rustwide/target" "-e" "CARGO_INCREMENTAL=0" "-e" "RUST_BACKTRACE=full" "-e" "RUSTFLAGS=--cap-lints=warn" "-e" "RUSTDOCFLAGS=--cap-lints=warn" "-w" "/opt/rustwide/workdir" "--user" "0:0" "6f96fdfb6cf3027017d922488e3636f110bfc0d614705b8652124144ab82e71a" "/opt/rustwide/cargo-home/bin/cargo" "+1.100.0-beta.1" "test" "--frozen" "--no-run" "--message-format=json", kill_on_drop: false }`
[INFO] [stderr] warning: `package.homepage` is redundant with `package.repository`
[INFO] [stderr]   --> Cargo.toml:89:12
[INFO] [stderr]    |
[INFO] [stderr] 89 | homepage = "https://github.com/karad/seiro-mcp"
[INFO] [stderr]    |            ^^^^^^^^^^^^^^^^^^^^^^^^^^^^^^^^^^^^
[INFO] [stderr] ...
[INFO] [stderr] 94 | repository = "https://github.com/karad/seiro-mcp"
[INFO] [stderr]    |              ------------------------------------
[INFO] [stderr]    |
[INFO] [stderr]    = note: `cargo::redundant_homepage` is set to `warn` by default
[INFO] [stderr] help: consider removing `package.homepage`
[INFO] [stderr] warning: `seiro-mcp` (manifest) generated 1 warning
[INFO] [stderr]    Compiling seiro-mcp v0.5.1 (/opt/rustwide/workdir)
[INFO] [stderr] warning: unused dependency `tempfile`
[INFO] [stderr]   --> Cargo.toml:41:15
[INFO] [stderr]    |
[INFO] [stderr] 41 | [dependencies.tempfile]
[INFO] [stderr]    |               ^^^^^^^^^
[INFO] [stderr]    |
[INFO] [stderr]    = note: `cargo::unused_dependencies` is set to `warn` by default
[INFO] [stderr] help: consider removing the dependency on `tempfile`
[INFO] [stderr] help: to still use for development builds, move to `dev-dependencies`
[INFO] [stderr] warning: `seiro-mcp` (manifest) generated 1 warning
[INFO] [stderr]     Finished `test` profile [unoptimized + debuginfo] target(s) in 12.96s
[INFO] running `Command { std: "docker" "inspect" "6f96fdfb6cf3027017d922488e3636f110bfc0d614705b8652124144ab82e71a", kill_on_drop: false }`
[INFO] running `Command { std: "docker" "exec" "-e" "SOURCE_DIR=/opt/rustwide/workdir" "-e" "CARGO_HOME=/opt/rustwide/cargo-home" "-e" "RUSTUP_HOME=/opt/rustwide/rustup-home" "-e" "CARGO_TARGET_DIR=/opt/rustwide/target" "-e" "CARGO_INCREMENTAL=0" "-e" "RUST_BACKTRACE=full" "-e" "RUSTFLAGS=--cap-lints=warn" "-e" "RUSTDOCFLAGS=--cap-lints=warn" "-w" "/opt/rustwide/workdir" "--user" "0:0" "6f96fdfb6cf3027017d922488e3636f110bfc0d614705b8652124144ab82e71a" "/opt/rustwide/cargo-home/bin/cargo" "+1.100.0-beta.1" "test" "--frozen", kill_on_drop: false }`
[INFO] [stderr] warning: `package.homepage` is redundant with `package.repository`
[INFO] [stderr]   --> Cargo.toml:89:12
[INFO] [stderr]    |
[INFO] [stderr] 89 | homepage = "https://github.com/karad/seiro-mcp"
[INFO] [stderr]    |            ^^^^^^^^^^^^^^^^^^^^^^^^^^^^^^^^^^^^
[INFO] [stderr] ...
[INFO] [stderr] 94 | repository = "https://github.com/karad/seiro-mcp"
[INFO] [stderr]    |              ------------------------------------
[INFO] [stderr]    |
[INFO] [stderr]    = note: `cargo::redundant_homepage` is set to `warn` by default
[INFO] [stderr] help: consider removing `package.homepage`
[INFO] [stderr] warning: `seiro-mcp` (manifest) generated 1 warning
[INFO] [stderr] warning: unused dependency `tempfile`
[INFO] [stderr]   --> Cargo.toml:41:15
[INFO] [stderr]    |
[INFO] [stderr] 41 | [dependencies.tempfile]
[INFO] [stderr]    |               ^^^^^^^^^
[INFO] [stderr]    |
[INFO] [stderr]    = note: `cargo::unused_dependencies` is set to `warn` by default
[INFO] [stderr] help: consider removing the dependency on `tempfile`
[INFO] [stderr] help: to still use for development builds, move to `dev-dependencies`
[INFO] [stderr] warning: `seiro-mcp` (manifest) generated 1 warning
[INFO] [stderr]     Finished `test` profile [unoptimized + debuginfo] target(s) in 0.64s
[INFO] [stderr]      Running unittests src/lib.rs (/opt/rustwide/target/debug/build/seiro-mcp/5ea0f90cbdac3f68/out/seiro_mcp-5ea0f90cbdac3f68)
[INFO] [stdout] 
[INFO] [stdout] running 88 tests
[INFO] [stdout] test cli::tests::resolve_install_skill_name_defaults_to_bundled_visionos_skill ... ok
[INFO] [stdout] test cli::tests::skill_remove_returns_not_found_without_error ... ok
[INFO] [stdout] test cli::tests::render_mcp_config_snippet_contains_only_codex_mcp_toml ... ok
[INFO] [stdout] test cli::profile::tests::relative_default_config_resolves_to_seiro_mcp_toml_in_cwd ... ok
[INFO] [stdout] test cli::tests::skill_install_dry_run_does_not_create_files ... ok
[INFO] [stdout] test cli::profile::tests::explicit_config_path_still_wins ... ok
[INFO] [stdout] test lib_mod::errors::tests::builder_fails_when_remediation_blank ... ok
[INFO] [stdout] test cli::tests::write_project_config_creates_minimal_file ... ok
[INFO] [stdout] test cli::tests::skill_remove_only_targets_named_directory ... ok
[INFO] [stdout] test lib_mod::errors::tests::builder_fails_when_sandbox_state_missing ... ok
[INFO] [stdout] test lib_mod::fs::tests::resolve_codex_skills_root_falls_back_to_home ... ok
[INFO] [stdout] test lib_mod::fs::tests::install_skill_files_dry_run_is_non_mutating ... ok
[INFO] [stdout] test lib_mod::xcodebuild::tests::env_overrides_cannot_replace_configured_developer_dir ... ok
[INFO] [stdout] test lib_mod::errors::tests::builder_produces_error_data_with_required_fields ... ok
[INFO] [stdout] test lib_mod::fs::tests::resolve_codex_skills_root_prefers_codex_home ... ok
[INFO] [stdout] test lib_mod::visionos::tests::allowed_path_accepts_child_after_canonicalization ... ok
[INFO] [stdout] test server::auth::tests::build_auth_exit_preserves_exit_code ... ok
[INFO] [stdout] test cli::tests::write_project_config_preserves_existing_without_force ... ok
[INFO] [stdout] test server::config::tests::empty_allowed_schemes_is_accepted ... ok
[INFO] [stdout] test lib_mod::fs::tests::compute_sha256_returns_expected_digest ... ok
[INFO] [stdout] test server::config::tests::empty_allowed_paths_is_accepted ... ok
[INFO] [stdout] test lib_mod::visionos::tests::allowed_path_rejects_symlink_escape_after_canonicalization ... ok
[INFO] [stdout] test lib_mod::fs::tests::cleanup_expired_entries_removes_old_jobs ... ok
[INFO] [stdout] test cli::tests::write_project_config_overwrites_with_force ... ok
[INFO] [stdout] test server::config::tests::missing_token_is_allowed ... ok
[INFO] [stdout] test lib_mod::fs::tests::ensure_job_dir_creates_nested_directory ... ok
[INFO] [stdout] test server::config::tests::missing_visionos_section_returns_error ... ok
[INFO] [stdout] test server::config::tests::missing_allowed_paths_returns_error ... ok
[INFO] [stdout] test server::config::tests::visionos_allowed_paths_must_be_absolute ... ok
[INFO] [stdout] test server::config::tests::missing_allowed_schemes_returns_error ... ok
[INFO] [stdout] test lib_mod::fs::tests::zip_directory_packs_all_files ... ok
[INFO] [stdout] test server::config::tests::invalid_port_returns_error ... ok
[INFO] [stdout] test server::config::tests::load_valid_config ... ok
[INFO] [stdout] test tests::cli_layout_requires_split_modules ... ok
[INFO] [stdout] test tests::visionos_build_layout_requires_split_modules ... ok
[INFO] [stdout] test lib_mod::visionos::tests::allowed_path_rejects_parent_traversal_escape_after_canonicalization ... ok
[INFO] [stdout] test tests::config_layout_requires_split_modules ... ok
[INFO] [stdout] test tests::runtime_layout_requires_split_modules ... ok
[INFO] [stdout] test tools::visionos::artifacts::store::tests::resolve_prefers_target_when_writable ... ok
[INFO] [stdout] test tools::visionos::artifacts::store::tests::resolve_uses_fallback_when_target_is_not_writable ... ok
[INFO] [stdout] test tools::visionos::build::executor::tests::runtime_build_failed_maps_to_retryable_error ... ok
[INFO] [stdout] test server::config::tests::load_config_from_env_override ... ok
[INFO] [stdout] test tools::visionos::artifacts::tests::fetch_returns_artifact_metadata ... ok
[INFO] [stdout] test tools::visionos::build::executor::tests::runtime_sandbox_violation_maps_to_blocked_non_retryable_error ... ok
[INFO] [stdout] test tools::visionos::build::executor::tests::validation_error_maps_to_structured_error_fields ... ok
[INFO] [stdout] test server::config::tests::relative_default_project_path_returns_error ... ok
[INFO] [stdout] test tools::visionos::build::request::tests::build_configuration_accepts_lowercase_values ... ok
[INFO] [stdout] test tools::visionos::build::request::tests::developer_dir_env_override_is_rejected ... ok
[INFO] [stdout] test tools::visionos::build::request::tests::extra_args_outside_allowlist_are_rejected ... ok
[INFO] [stdout] test tools::visionos::build::request::tests::allowlist_checks_are_skipped_when_policy_lists_are_empty ... ok
[INFO] [stdout] test tools::visionos::build::request::tests::destination_longer_than_limit_is_rejected ... ok
[INFO] [stdout] test tools::visionos::build::executor::tests::runtime_timeout_maps_to_retryable_error_with_job_id ... ok
[INFO] [stdout] test tools::visionos::artifacts::tests::fetch_errors_when_ttl_expired ... ok
[INFO] [stdout] test tools::visionos::build::executor::tests::validation_invalid_request_maps_to_no_violation_non_retryable_error ... ok
[INFO] [stdout] test tools::visionos::build::request::tests::scheme_not_in_allowlist_is_rejected ... ok
[INFO] [stdout] test tools::visionos::build::request::tests::build_configuration_accepts_xcode_style_values ... ok
[INFO] [stdout] test server::runtime::tool_registry::tests::failure_context_uses_configured_xcode_path ... ok
[INFO] [stdout] test tools::visionos::diagnostics::parser::tests::parse_primary_error_falls_back_to_non_location_error ... ok
[INFO] [stdout] test tools::visionos::diagnostics::parser::tests::parse_primary_error_reads_swift_location ... ok
[INFO] [stdout] test tools::visionos::diagnostics::tests::build_log_headline_uses_first_non_empty_line ... ok
[INFO] [stdout] test tools::visionos::sandbox::tests::sandbox_error_data_includes_structured_fields_for_devtools_disabled ... ok
[INFO] [stdout] test tools::visionos::sandbox::tests::sandbox_error_data_includes_structured_fields_for_path_not_allowed ... ok
[INFO] [stdout] test tools::visionos::diagnostics::tests::inspect_returns_unavailable_error_when_failure_context_missing ... ok
[INFO] [stdout] test tools::visionos::sandbox::tests::sandbox_error_data_includes_structured_fields_for_disk_insufficient ... ok
[INFO] [stdout] test tools::visionos::sandbox::probe::tests::parse_sdk_from_showsdks_line_extracts_sdk_from_two_token_form ... ok
[INFO] [stdout] test tools::visionos::sandbox::tests::inspect_xcode_sdks_reports_device_sdk_missing_when_only_simulator_exists ... ok
[INFO] [stdout] test tools::visionos::build::request::tests::workspace_parent_traversal_escape_is_rejected ... ok
[INFO] [stdout] test tools::visionos::artifacts::tests::fetch_errors_when_job_failed ... ok
[INFO] [stdout] test tools::visionos::build::request::tests::missing_project_path_is_rejected ... ok
[INFO] [stdout] test tools::visionos::build::executor::tests::runtime_ambiguous_destination_maps_to_structured_error ... ok
[INFO] [stdout] test tools::visionos::build::request::tests::build_configuration_serializes_to_lowercase ... ok
[INFO] [stdout] test tools::visionos::sandbox::tests::sandbox_policy_does_not_satisfy_device_sdk_with_simulator_sdk ... ok
[INFO] [stdout] test tools::visionos::sandbox::tests::sandbox_error_data_includes_structured_fields_for_internal_error ... ok
[INFO] [stdout] test tools::visionos::sandbox::tests::sandbox_error_data_includes_structured_fields_for_missing_sdk ... ok
[INFO] [stdout] test tools::visionos::sandbox::tests::sandbox_error_data_includes_structured_fields_for_xcode_unlicensed ... ok
[INFO] [stdout] test tools::visionos::sandbox::tests::sandbox_policy_accepts_prefix_sdk_match ... ok
[INFO] [stdout] test tools::visionos::sandbox::tests::sandbox_policy_rejects_parent_traversal_escape ... ok
[INFO] [stdout] test server::config::tests::load_minimal_seiro_mcp_config_without_auth_or_server ... ok
[INFO] [stdout] test tools::visionos::sandbox::tests::sdk_identifier_prefix_match_preserves_versioned_identifiers ... ok
[INFO] [stdout] test tools::visionos::sandbox::probe::tests::parse_showsdks_output_collects_multiple_sdks ... ok
[INFO] [stdout] test tools::visionos::sandbox::tests::sandbox_policy_rejects_path_outside_allowlist ... ok
[INFO] [stdout] test tools::visionos::sandbox::tests::sandbox_policy_skips_allowlist_when_allowed_paths_empty ... ok
[INFO] [stdout] test tools::visionos::schemes::tests::resolve_path_uses_cwd_xcodeproj_when_request_absent ... ok
[INFO] [stdout] test tools::visionos::sandbox::tests::sandbox_policy_reports_missing_sdk ... ok
[INFO] [stdout] test tools::visionos::build::request::tests::project_path_parent_traversal_escape_is_rejected ... ok
[INFO] [stdout] test tools::visionos::schemes::tests::resolve_path_falls_back_to_config_default_when_cwd_has_no_xcodeproj ... ok
[INFO] [stdout] test tools::visionos::schemes::tests::resolve_path_prefers_request_over_cwd_and_config ... ok
[INFO] [stdout] test tools::visionos::artifacts::store::tests::resolve_uses_fallback_when_target_directory_is_read_only ... FAILED
[INFO] [stdout] 
[INFO] [stdout] failures:
[INFO] [stdout] 
[INFO] [stdout] ---- tools::visionos::artifacts::store::tests::resolve_uses_fallback_when_target_directory_is_read_only stdout ----
[INFO] [stdout] 
[INFO] [stdout] thread 'tools::visionos::artifacts::store::tests::resolve_uses_fallback_when_target_directory_is_read_only' (2484) panicked at src/tools/visionos/artifacts/store.rs:312:9:
[INFO] [stdout] assertion `left == right` failed
[INFO] [stdout]   left: "/tmp/.tmpbcp2Ov/target/visionos-builds"
[INFO] [stdout]  right: "/tmp/.tmpbcp2Ov/tmp-fallback"
[INFO] [stdout] stack backtrace:
[INFO] [stdout]    0:     0x57b7fe4c5a41 - std[617be2ca0a6fd877]::backtrace_rs::backtrace::libunwind::trace
[INFO] [stdout]                                at /rustc/e3feeb59cd1bdd011a2bfcc0747b55125d9b8527/library/std/src/../../backtrace/src/backtrace/libunwind.rs:117:9
[INFO] [stdout]    1:     0x57b7fe4c5a41 - std[617be2ca0a6fd877]::backtrace_rs::backtrace::trace_unsynchronized::<std[617be2ca0a6fd877]::sys::backtrace::_print_fmt::{closure#1}>
[INFO] [stdout]                                at /rustc/e3feeb59cd1bdd011a2bfcc0747b55125d9b8527/library/std/src/../../backtrace/src/backtrace/mod.rs:66:14
[INFO] [stdout]    2:     0x57b7fe4c5a41 - std[617be2ca0a6fd877]::sys::backtrace::_print_fmt
[INFO] [stdout]                                at /rustc/e3feeb59cd1bdd011a2bfcc0747b55125d9b8527/library/std/src/sys/backtrace.rs:74:9
[INFO] [stdout]    3:     0x57b7fe4c5a41 - <<std[617be2ca0a6fd877]::sys::backtrace::BacktraceLock>::print::DisplayBacktrace as core[a373ad73a504971]::fmt::Display>::fmt
[INFO] [stdout]                                at /rustc/e3feeb59cd1bdd011a2bfcc0747b55125d9b8527/library/std/src/sys/backtrace.rs:44:26
[INFO] [stdout]    4:     0x57b7fe4dd4ea - <core[a373ad73a504971]::fmt::rt::Argument>::fmt
[INFO] [stdout]                                at /rustc/e3feeb59cd1bdd011a2bfcc0747b55125d9b8527/library/core/src/fmt/rt.rs:152:76
[INFO] [stdout]    5:     0x57b7fe4dd4ea - core[a373ad73a504971]::fmt::write
[INFO] [stdout]    6:     0x57b7fe4ca9cc - core[a373ad73a504971]::io::write::default_write_fmt::<alloc[2e1b2a31b91974c5]::vec::Vec<u8>>
[INFO] [stdout]                                at /rustc/e3feeb59cd1bdd011a2bfcc0747b55125d9b8527/library/core/src/io/write.rs:402:11
[INFO] [stdout]    7:     0x57b7fe4ca9cc - <alloc[2e1b2a31b91974c5]::vec::Vec<u8> as core[a373ad73a504971]::io::write::Write>::write_fmt
[INFO] [stdout]                                at /rustc/e3feeb59cd1bdd011a2bfcc0747b55125d9b8527/library/core/src/io/write.rs:335:13
[INFO] [stdout]    8:     0x57b7fe49dcc6 - <std[617be2ca0a6fd877]::sys::backtrace::BacktraceLock>::print
[INFO] [stdout]                                at /rustc/e3feeb59cd1bdd011a2bfcc0747b55125d9b8527/library/std/src/sys/backtrace.rs:47:9
[INFO] [stdout]    9:     0x57b7fe49dcc6 - std[617be2ca0a6fd877]::panicking::default_hook::{closure#0}
[INFO] [stdout]                                at /rustc/e3feeb59cd1bdd011a2bfcc0747b55125d9b8527/library/std/src/panicking.rs:289:27
[INFO] [stdout]   10:     0x57b7fe4bc9a9 - std[617be2ca0a6fd877]::panicking::default_hook
[INFO] [stdout]                                at /rustc/e3feeb59cd1bdd011a2bfcc0747b55125d9b8527/library/std/src/panicking.rs:313:9
[INFO] [stdout]   11:     0x57b7fe0ce8b0 - <alloc[2e1b2a31b91974c5]::boxed::Box<dyn for<'a, 'b> core[a373ad73a504971]::ops::function::Fn<(&'a std[617be2ca0a6fd877]::panic::PanicHookInfo<'b>,), Output = ()> + core[a373ad73a504971]::marker::Sync + core[a373ad73a504971]::marker::Send> as core[a373ad73a504971]::ops::function::Fn<(&std[617be2ca0a6fd877]::panic::PanicHookInfo,)>>::call
[INFO] [stdout]                                at /rustc/e3feeb59cd1bdd011a2bfcc0747b55125d9b8527/library/alloc/src/boxed.rs:2328:9
[INFO] [stdout]   12:     0x57b7fe0ce8b0 - test[aada8e7e76ba119b]::test_main_inner::{closure#0}
[INFO] [stdout]                                at /rustc/e3feeb59cd1bdd011a2bfcc0747b55125d9b8527/library/test/src/lib.rs:137:21
[INFO] [stdout]   13:     0x57b7fe4bccd2 - <alloc[2e1b2a31b91974c5]::boxed::Box<dyn for<'a, 'b> core[a373ad73a504971]::ops::function::Fn<(&'a std[617be2ca0a6fd877]::panic::PanicHookInfo<'b>,), Output = ()> + core[a373ad73a504971]::marker::Sync + core[a373ad73a504971]::marker::Send> as core[a373ad73a504971]::ops::function::Fn<(&std[617be2ca0a6fd877]::panic::PanicHookInfo,)>>::call
[INFO] [stdout]                                at /rustc/e3feeb59cd1bdd011a2bfcc0747b55125d9b8527/library/alloc/src/boxed.rs:2328:9
[INFO] [stdout]   14:     0x57b7fe4bccd2 - std[617be2ca0a6fd877]::panicking::panic_with_hook
[INFO] [stdout]                                at /rustc/e3feeb59cd1bdd011a2bfcc0747b55125d9b8527/library/std/src/panicking.rs:819:13
[INFO] [stdout]   15:     0x57b7fe49dd72 - std[617be2ca0a6fd877]::panicking::panic_handler::{closure#0}
[INFO] [stdout]                                at /rustc/e3feeb59cd1bdd011a2bfcc0747b55125d9b8527/library/std/src/panicking.rs:685:13
[INFO] [stdout]   16:     0x57b7fe495fb9 - std[617be2ca0a6fd877]::sys::backtrace::__rust_end_short_backtrace::<std[617be2ca0a6fd877]::panicking::panic_handler::{closure#0}, !>
[INFO] [stdout]                                at /rustc/e3feeb59cd1bdd011a2bfcc0747b55125d9b8527/library/std/src/sys/backtrace.rs:182:18
[INFO] [stdout]   17:     0x57b7fe49ee5d - __rustc[ea4f61d10b84890b]::rust_begin_unwind
[INFO] [stdout]                                at /rustc/e3feeb59cd1bdd011a2bfcc0747b55125d9b8527/library/std/src/panicking.rs:676:5
[INFO] [stdout]   18:     0x57b7fe4ddd0c - core[a373ad73a504971]::panicking::panic_fmt
[INFO] [stdout]                                at /rustc/e3feeb59cd1bdd011a2bfcc0747b55125d9b8527/library/core/src/panicking.rs:80:14
[INFO] [stdout]   19:     0x57b7fe4ddba3 - core[a373ad73a504971]::panicking::assert_failed_inner
[INFO] [stdout]                                at /rustc/e3feeb59cd1bdd011a2bfcc0747b55125d9b8527/library/core/src/panicking.rs:452:17
[INFO] [stdout]   20:     0x57b7fe0095ae - core[a373ad73a504971]::panicking::assert_failed::<std[617be2ca0a6fd877]::path::PathBuf, std[617be2ca0a6fd877]::path::PathBuf>
[INFO] [stdout]                                at /rustc/e3feeb59cd1bdd011a2bfcc0747b55125d9b8527/library/core/src/panicking.rs:407:5
[INFO] [stdout]   21:     0x57b7fe09b849 - seiro_mcp[4fe22ea634cb434]::tools::visionos::artifacts::store::tests::resolve_uses_fallback_when_target_directory_is_read_only
[INFO] [stdout]                                at /opt/rustwide/workdir/src/tools/visionos/artifacts/store.rs:312:9
[INFO] [stdout]   22:     0x57b7fe0990e7 - seiro_mcp[4fe22ea634cb434]::tools::visionos::artifacts::store::tests::resolve_uses_fallback_when_target_directory_is_read_only::{closure#0}
[INFO] [stdout]                                at /opt/rustwide/workdir/src/tools/visionos/artifacts/store.rs:299:66
[INFO] [stdout]   23:     0x57b7fe00e636 - <seiro_mcp[4fe22ea634cb434]::tools::visionos::artifacts::store::tests::resolve_uses_fallback_when_target_directory_is_read_only::{closure#0} as core[a373ad73a504971]::ops::function::FnOnce<()>>::call_once
[INFO] [stdout]                                at /rustc/e3feeb59cd1bdd011a2bfcc0747b55125d9b8527/library/core/src/ops/function.rs:250:5
[INFO] [stdout]   24:     0x57b7fe0c1cfb - <fn() -> core[a373ad73a504971]::result::Result<(), alloc[2e1b2a31b91974c5]::string::String> as core[a373ad73a504971]::ops::function::FnOnce<()>>::call_once
[INFO] [stdout]                                at /rustc/e3feeb59cd1bdd011a2bfcc0747b55125d9b8527/library/core/src/ops/function.rs:250:5
[INFO] [stdout]   25:     0x57b7fe0c1cfb - test[aada8e7e76ba119b]::__rust_begin_short_backtrace::<core[a373ad73a504971]::result::Result<(), alloc[2e1b2a31b91974c5]::string::String>, fn() -> core[a373ad73a504971]::result::Result<(), alloc[2e1b2a31b91974c5]::string::String>>
[INFO] [stdout]                                at /rustc/e3feeb59cd1bdd011a2bfcc0747b55125d9b8527/library/test/src/lib.rs:701:18
[INFO] [stdout]   26:     0x57b7fe0ceed5 - test[aada8e7e76ba119b]::run_test_in_process::{closure#0}
[INFO] [stdout]                                at /rustc/e3feeb59cd1bdd011a2bfcc0747b55125d9b8527/library/test/src/lib.rs:724:74
[INFO] [stdout]   27:     0x57b7fe0ceed5 - <core[a373ad73a504971]::panic::unwind_safe::AssertUnwindSafe<test[aada8e7e76ba119b]::run_test_in_process::{closure#0}> as core[a373ad73a504971]::ops::function::FnOnce<()>>::call_once
[INFO] [stdout]                                at /rustc/e3feeb59cd1bdd011a2bfcc0747b55125d9b8527/library/core/src/panic/unwind_safe.rs:275:9
[INFO] [stdout]   28:     0x57b7fe0ceed5 - std[617be2ca0a6fd877]::panicking::catch_unwind::do_call::<core[a373ad73a504971]::panic::unwind_safe::AssertUnwindSafe<test[aada8e7e76ba119b]::run_test_in_process::{closure#0}>, core[a373ad73a504971]::result::Result<(), alloc[2e1b2a31b91974c5]::string::String>>
[INFO] [stdout]                                at /rustc/e3feeb59cd1bdd011a2bfcc0747b55125d9b8527/library/std/src/panicking.rs:573:43
[INFO] [stdout]   29:     0x57b7fe0ceed5 - std[617be2ca0a6fd877]::panicking::catch_unwind::<core[a373ad73a504971]::result::Result<(), alloc[2e1b2a31b91974c5]::string::String>, core[a373ad73a504971]::panic::unwind_safe::AssertUnwindSafe<test[aada8e7e76ba119b]::run_test_in_process::{closure#0}>>
[INFO] [stdout]                                at /rustc/e3feeb59cd1bdd011a2bfcc0747b55125d9b8527/library/std/src/panicking.rs:541:19
[INFO] [stdout]   30:     0x57b7fe0ceed5 - std[617be2ca0a6fd877]::panic::catch_unwind::<core[a373ad73a504971]::panic::unwind_safe::AssertUnwindSafe<test[aada8e7e76ba119b]::run_test_in_process::{closure#0}>, core[a373ad73a504971]::result::Result<(), alloc[2e1b2a31b91974c5]::string::String>>
[INFO] [stdout]                                at /rustc/e3feeb59cd1bdd011a2bfcc0747b55125d9b8527/library/std/src/panic.rs:359:14
[INFO] [stdout]   31:     0x57b7fe0ceed5 - test[aada8e7e76ba119b]::run_test_in_process
[INFO] [stdout]                                at /rustc/e3feeb59cd1bdd011a2bfcc0747b55125d9b8527/library/test/src/lib.rs:724:27
[INFO] [stdout]   32:     0x57b7fe0ceed5 - test[aada8e7e76ba119b]::run_test::{closure#0}
[INFO] [stdout]                                at /rustc/e3feeb59cd1bdd011a2bfcc0747b55125d9b8527/library/test/src/lib.rs:645:43
[INFO] [stdout]   33:     0x57b7fe0c87c4 - test[aada8e7e76ba119b]::run_test::{closure#1}
[INFO] [stdout]                                at /rustc/e3feeb59cd1bdd011a2bfcc0747b55125d9b8527/library/test/src/lib.rs:675:41
[INFO] [stdout]   34:     0x57b7fe0c87c4 - std[617be2ca0a6fd877]::sys::backtrace::__rust_begin_short_backtrace::<test[aada8e7e76ba119b]::run_test::{closure#1}, ()>
[INFO] [stdout]                                at /rustc/e3feeb59cd1bdd011a2bfcc0747b55125d9b8527/library/std/src/sys/backtrace.rs:166:18
[INFO] [stdout]   35:     0x57b7fe0d1f62 - std[617be2ca0a6fd877]::thread::lifecycle::spawn_unchecked::<test[aada8e7e76ba119b]::run_test::{closure#1}, ()>::{closure#1}::{closure#0}
[INFO] [stdout]                                at /rustc/e3feeb59cd1bdd011a2bfcc0747b55125d9b8527/library/std/src/thread/lifecycle.rs:70:13
[INFO] [stdout]   36:     0x57b7fe0d1f62 - <core[a373ad73a504971]::panic::unwind_safe::AssertUnwindSafe<std[617be2ca0a6fd877]::thread::lifecycle::spawn_unchecked<test[aada8e7e76ba119b]::run_test::{closure#1}, ()>::{closure#1}::{closure#0}> as core[a373ad73a504971]::ops::function::FnOnce<()>>::call_once
[INFO] [stdout]                                at /rustc/e3feeb59cd1bdd011a2bfcc0747b55125d9b8527/library/core/src/panic/unwind_safe.rs:275:9
[INFO] [stdout]   37:     0x57b7fe0d1f62 - std[617be2ca0a6fd877]::panicking::catch_unwind::do_call::<core[a373ad73a504971]::panic::unwind_safe::AssertUnwindSafe<std[617be2ca0a6fd877]::thread::lifecycle::spawn_unchecked<test[aada8e7e76ba119b]::run_test::{closure#1}, ()>::{closure#1}::{closure#0}>, ()>
[INFO] [stdout]                                at /rustc/e3feeb59cd1bdd011a2bfcc0747b55125d9b8527/library/std/src/panicking.rs:573:43
[INFO] [stdout]   38:     0x57b7fe0d1f62 - std[617be2ca0a6fd877]::panicking::catch_unwind::<(), core[a373ad73a504971]::panic::unwind_safe::AssertUnwindSafe<std[617be2ca0a6fd877]::thread::lifecycle::spawn_unchecked<test[aada8e7e76ba119b]::run_test::{closure#1}, ()>::{closure#1}::{closure#0}>>
[INFO] [stdout]                                at /rustc/e3feeb59cd1bdd011a2bfcc0747b55125d9b8527/library/std/src/panicking.rs:541:19
[INFO] [stdout]   39:     0x57b7fe0d1f62 - std[617be2ca0a6fd877]::panic::catch_unwind::<core[a373ad73a504971]::panic::unwind_safe::AssertUnwindSafe<std[617be2ca0a6fd877]::thread::lifecycle::spawn_unchecked<test[aada8e7e76ba119b]::run_test::{closure#1}, ()>::{closure#1}::{closure#0}>, ()>
[INFO] [stdout]                                at /rustc/e3feeb59cd1bdd011a2bfcc0747b55125d9b8527/library/std/src/panic.rs:359:14
[INFO] [stdout]   40:     0x57b7fe0d1f62 - std[617be2ca0a6fd877]::thread::lifecycle::spawn_unchecked::<test[aada8e7e76ba119b]::run_test::{closure#1}, ()>::{closure#1}
[INFO] [stdout]                                at /rustc/e3feeb59cd1bdd011a2bfcc0747b55125d9b8527/library/std/src/thread/lifecycle.rs:68:26
[INFO] [stdout]   41:     0x57b7fe0d1f62 - <std[617be2ca0a6fd877]::thread::lifecycle::spawn_unchecked<test[aada8e7e76ba119b]::run_test::{closure#1}, ()>::{closure#1} as core[a373ad73a504971]::ops::function::FnOnce<()>>::call_once::{shim:vtable#0}
[INFO] [stdout]                                at /rustc/e3feeb59cd1bdd011a2bfcc0747b55125d9b8527/library/core/src/ops/function.rs:250:5
[INFO] [stdout]   42:     0x57b7fe4c4d1f - <alloc[2e1b2a31b91974c5]::boxed::Box<dyn core[a373ad73a504971]::ops::function::FnOnce<(), Output = ()> + core[a373ad73a504971]::marker::Send> as core[a373ad73a504971]::ops::function::FnOnce<()>>::call_once
[INFO] [stdout]                                at /rustc/e3feeb59cd1bdd011a2bfcc0747b55125d9b8527/library/alloc/src/boxed.rs:2314:9
[INFO] [stdout]   43:     0x57b7fe4c4d1f - <std[617be2ca0a6fd877]::sys::thread::unix::Thread>::new::thread_start
[INFO] [stdout]                                at /rustc/e3feeb59cd1bdd011a2bfcc0747b55125d9b8527/library/std/src/sys/thread/unix.rs:127:17
[INFO] [stdout]   44:     0x7861f4289dfa - <unknown>
[INFO] [stdout]   45:     0x7861f431d3d4 - clone
[INFO] [stdout]   46:                0x0 - <unknown>
[INFO] [stdout] 
[INFO] [stdout] 
[INFO] [stdout] failures:
[INFO] [stdout]     tools::visionos::artifacts::store::tests::resolve_uses_fallback_when_target_directory_is_read_only
[INFO] [stdout] 
[INFO] [stdout] test result: FAILED. 87 passed; 1 failed; 0 ignored; 0 measured; 0 filtered out; finished in 0.11s
[INFO] [stdout] 
[INFO] [stderr] error: test failed, to rerun pass `--lib`
[INFO] running `Command { std: "docker" "inspect" "6f96fdfb6cf3027017d922488e3636f110bfc0d614705b8652124144ab82e71a", kill_on_drop: false }`
[INFO] running `Command { std: "docker" "rm" "-f" "6f96fdfb6cf3027017d922488e3636f110bfc0d614705b8652124144ab82e71a", kill_on_drop: false }`
[INFO] [stdout] 6f96fdfb6cf3027017d922488e3636f110bfc0d614705b8652124144ab82e71a
