[INFO] fetching crate segul 0.23.2...
[INFO] testing segul-0.23.2 against 1.99.0-beta.8 for beta-1.100-2
[INFO] extracting crate segul 0.23.2 into /workspace/builds/worker-4-tc1/source
[INFO] started tweaking crates.io crate segul 0.23.2
[INFO] removed 0 missing tests
[INFO] finished tweaking crates.io crate segul 0.23.2
[INFO] tweaked toml for crates.io crate segul 0.23.2 written to /workspace/builds/worker-4-tc1/source/Cargo.toml
[INFO] validating manifest of crates.io crate segul 0.23.2 on toolchain 1.99.0-beta.8
[INFO] running `Command { std: CARGO_HOME="/workspace/cargo-home" RUSTUP_HOME="/workspace/rustup-home" "/workspace/cargo-home/bin/cargo" "+1.99.0-beta.8" "metadata" "--manifest-path" "Cargo.toml" "--no-deps", kill_on_drop: false }`
[INFO] crate crates.io crate segul 0.23.2 already has a lockfile, it will not be regenerated
[INFO] running `Command { std: CARGO_HOME="/workspace/cargo-home" RUSTUP_HOME="/workspace/rustup-home" "/workspace/cargo-home/bin/cargo" "+1.99.0-beta.8" "fetch" "--manifest-path" "Cargo.toml", kill_on_drop: false }`
[INFO] [stderr]     Updating crates.io index
[INFO] [stderr]  Downloading crates ...
[INFO] [stderr]   Downloaded zstd v0.11.2+zstd.1.5.2
[INFO] [stderr]   Downloaded cc v1.2.55
[INFO] [stderr]   Downloaded zstd-safe v5.0.2+zstd.1.5.2
[INFO] [stderr]   Downloaded zip v0.6.6
[INFO] [stderr]   Downloaded constant_time_eq v0.1.5
[INFO] [stderr]   Downloaded num-conv v0.2.0
[INFO] [stderr]   Downloaded noodles-fastq v0.19.0
[INFO] [stderr]   Downloaded noodles-core v0.17.0
[INFO] [stderr]   Downloaded unsafe-any-ors v1.0.0
[INFO] [stderr]   Downloaded mock_instant v0.6.0
[INFO] [stderr]   Downloaded shell-words v1.1.1
[INFO] [stderr]   Downloaded thread-id v5.1.0
[INFO] [stderr]   Downloaded log-mdc v0.1.0
[INFO] [stderr]   Downloaded float-cmp v0.9.0
[INFO] [stderr]   Downloaded predicates-tree v1.0.12
[INFO] [stderr]   Downloaded tempdir v0.3.7
[INFO] [stderr]   Downloaded ordered-float v2.10.1
[INFO] [stderr]   Downloaded assert_approx_eq v1.1.0
[INFO] [stderr]   Downloaded destructure_traitobject v0.2.0
[INFO] [stderr]   Downloaded serde-value v0.7.0
[INFO] [stderr]   Downloaded alphanumeric-sort v1.5.5
[INFO] [stderr]   Downloaded predicates-core v1.0.9
[INFO] [stderr]   Downloaded predicates v2.1.5
[INFO] [stderr]   Downloaded noodles-bed v0.26.0
[INFO] [stderr]   Downloaded noodles-tabix v0.55.0
[INFO] [stderr]   Downloaded dialoguer v0.12.0
[INFO] [stderr]   Downloaded clap_lex v0.7.7
[INFO] [stderr]   Downloaded password-hash v0.4.2
[INFO] [stderr]   Downloaded zmij v1.0.17
[INFO] [stderr]   Downloaded noodles v0.99.0
[INFO] [stderr]   Downloaded lexical-core v1.0.6
[INFO] [stderr]   Downloaded lexical-parse-integer v1.0.6
[INFO] [stderr]   Downloaded typemap-ors v1.0.0
[INFO] [stderr]   Downloaded humantime v2.3.0
[INFO] [stderr]   Downloaded assert_cmd v2.1.2
[INFO] [stderr]   Downloaded predicates v3.1.3
[INFO] [stderr]   Downloaded bzip2 v0.4.4
[INFO] [stderr]   Downloaded colored v3.1.1
[INFO] [stderr]   Downloaded bytecount v0.6.9
[INFO] [stderr]   Downloaded noodles-fasta v0.54.0
[INFO] [stderr]   Downloaded noodles-csi v0.49.0
[INFO] [stderr]   Downloaded noodles-bgzf v0.41.0
[INFO] [stderr]   Downloaded ryu v1.0.22
[INFO] [stderr]   Downloaded console v0.16.2
[INFO] [stderr]   Downloaded num-format v0.4.4
[INFO] [stderr]   Downloaded lexical-write-integer v1.0.6
[INFO] [stderr]   Downloaded arc-swap v1.8.0
[INFO] [stderr]   Downloaded clap v4.5.56
[INFO] [stderr]   Downloaded flate2 v1.1.8
[INFO] [stderr]   Downloaded log4rs v1.4.0
[INFO] [stderr]   Downloaded indicatif v0.18.3
[INFO] [stderr]   Downloaded time v0.3.46
[INFO] [stderr]   Downloaded lexical-util v1.0.7
[INFO] [stderr]   Downloaded lexical-write-float v1.0.6
[INFO] [stderr]   Downloaded zerocopy-derive v0.8.37
[INFO] [stderr]   Downloaded clap_builder v4.5.56
[INFO] [stderr]   Downloaded portable-atomic v1.13.0
[INFO] [stderr]   Downloaded zlib-rs v0.5.5
[INFO] [stderr]   Downloaded lexical-parse-float v1.0.6
[INFO] [stderr]   Downloaded chrono v0.4.43
[INFO] [stderr]   Downloaded zerocopy v0.8.37
[INFO] [stderr]   Downloaded bzip2-sys v0.1.13+1.0.8
[INFO] running `Command { std: "docker" "create" "-v" "/var/lib/crater-agent-workspace/builds/worker-4-tc1/source:/opt/rustwide/workdir:ro,Z" "-v" "/var/lib/crater-agent-workspace/builds/worker-4-tc1/target:/opt/rustwide/target:rw,Z" "-v" "/var/lib/crater-agent-workspace/cargo-home:/opt/rustwide/cargo-home:ro,Z" "-v" "/var/lib/crater-agent-workspace/rustup-home:/opt/rustwide/rustup-home:ro,Z" "-m" "1610612736" "--network" "none" "ghcr.io/rust-lang/crates-build-env/linux@sha256:3111399a4047eeb3a02b7a90e478d715f38a8c6669b5c4b49d30a17385265909" "sleep" "infinity", kill_on_drop: false }`
[INFO] [stdout] 0eee71458ac731350ab2e27263dd215ab48376a7dc82ccfd5dd33abcc8cbb7f4
[INFO] running `Command { std: "docker" "start" "0eee71458ac731350ab2e27263dd215ab48376a7dc82ccfd5dd33abcc8cbb7f4", kill_on_drop: false }`
[INFO] running `Command { std: "docker" "inspect" "0eee71458ac731350ab2e27263dd215ab48376a7dc82ccfd5dd33abcc8cbb7f4", kill_on_drop: false }`
[INFO] running `Command { std: "docker" "exec" "-e" "SOURCE_DIR=/opt/rustwide/workdir" "-e" "CARGO_HOME=/opt/rustwide/cargo-home" "-e" "RUSTUP_HOME=/opt/rustwide/rustup-home" "-e" "CARGO_TARGET_DIR=/opt/rustwide/target" "-w" "/opt/rustwide/workdir" "--user" "0:0" "0eee71458ac731350ab2e27263dd215ab48376a7dc82ccfd5dd33abcc8cbb7f4" "/opt/rustwide/cargo-home/bin/cargo" "+1.99.0-beta.8" "metadata" "--no-deps" "--format-version=1", kill_on_drop: false }`
[INFO] running `Command { std: "docker" "inspect" "0eee71458ac731350ab2e27263dd215ab48376a7dc82ccfd5dd33abcc8cbb7f4", kill_on_drop: false }`
[INFO] running `Command { std: "docker" "exec" "-e" "SOURCE_DIR=/opt/rustwide/workdir" "-e" "CARGO_HOME=/opt/rustwide/cargo-home" "-e" "RUSTUP_HOME=/opt/rustwide/rustup-home" "-e" "CARGO_TARGET_DIR=/opt/rustwide/target" "-e" "CARGO_INCREMENTAL=0" "-e" "RUST_BACKTRACE=full" "-e" "RUSTFLAGS=--cap-lints=warn" "-e" "RUSTDOCFLAGS=--cap-lints=warn" "-w" "/opt/rustwide/workdir" "--user" "0:0" "0eee71458ac731350ab2e27263dd215ab48376a7dc82ccfd5dd33abcc8cbb7f4" "/opt/rustwide/cargo-home/bin/cargo" "+1.99.0-beta.8" "build" "--frozen" "--message-format=json", kill_on_drop: false }`
[INFO] [stderr]    Compiling libc v0.2.180
[INFO] [stderr]    Compiling cfg-if v1.0.4
[INFO] [stderr]    Compiling memchr v2.7.6
[INFO] [stderr]    Compiling proc-macro2 v1.0.106
[INFO] [stderr]    Compiling quote v1.0.44
[INFO] [stderr]    Compiling unicode-ident v1.0.22
[INFO] [stderr]    Compiling typenum v1.19.0
[INFO] [stderr]    Compiling crossbeam-utils v0.8.21
[INFO] [stderr]    Compiling find-msvc-tools v0.1.9
[INFO] [stderr]    Compiling shlex v1.3.0
[INFO] [stderr]    Compiling pkg-config v0.3.32
[INFO] [stderr]    Compiling crc32fast v1.5.0
[INFO] [stderr]    Compiling simd-adler32 v0.3.8
[INFO] [stderr]    Compiling adler2 v2.0.1
[INFO] [stderr]    Compiling getrandom v0.3.4
[INFO] [stderr]    Compiling serde_core v1.0.228
[INFO] [stderr]    Compiling zlib-rs v0.5.5
[INFO] [stderr]    Compiling lexical-util v1.0.7
[INFO] [stderr]    Compiling byteorder v1.5.0
[INFO] [stderr]    Compiling miniz_oxide v0.8.9
[INFO] [stderr]    Compiling zerocopy v0.8.37
[INFO] [stderr]    Compiling autocfg v1.5.0
[INFO] [stderr]    Compiling hashbrown v0.16.1
[INFO] [stderr]    Compiling bytes v1.11.0
[INFO] [stderr]    Compiling serde v1.0.228
[INFO] [stderr]    Compiling once_cell v1.21.3
[INFO] [stderr]    Compiling bstr v1.12.1
[INFO] [stderr]    Compiling itoa v1.0.17
[INFO] [stderr]    Compiling lexical-write-integer v1.0.6
[INFO] [stderr]    Compiling lexical-parse-integer v1.0.6
[INFO] [stderr]    Compiling num-traits v0.2.19
[INFO] [stderr]    Compiling zmij v1.0.17
[INFO] [stderr]    Compiling rustix v1.1.3
[INFO] [stderr]    Compiling bit-vec v0.8.0
[INFO] [stderr]    Compiling crossbeam-channel v0.5.15
[INFO] [stderr]    Compiling zstd-safe v5.0.2+zstd.1.5.2
[INFO] [stderr]    Compiling rustversion v1.0.22
[INFO] [stderr]    Compiling crossbeam-epoch v0.9.18
[INFO] [stderr]    Compiling generic-array v0.14.7
[INFO] [stderr]    Compiling lexical-write-float v1.0.6
[INFO] [stderr]    Compiling lexical-parse-float v1.0.6
[INFO] [stderr]    Compiling smallvec v1.15.1
[INFO] [stderr]    Compiling noodles-core v0.17.0
[INFO] [stderr]    Compiling syn v2.0.114
[INFO] [stderr]    Compiling indexmap v2.13.0
[INFO] [stderr]    Compiling bitflags v2.10.0
[INFO] [stderr]    Compiling unicode-xid v0.2.6
[INFO] [stderr]    Compiling thiserror v2.0.18
[INFO] [stderr]    Compiling ryu v1.0.22
[INFO] [stderr]    Compiling destructure_traitobject v0.2.0
[INFO] [stderr]    Compiling serde_json v1.0.149
[INFO] [stderr]    Compiling rayon-core v1.13.0
[INFO] [stderr]    Compiling linux-raw-sys v0.11.0
[INFO] [stderr]    Compiling anstyle-query v1.1.5
[INFO] [stderr]    Compiling anstyle v1.0.13
[INFO] [stderr]    Compiling anyhow v1.0.100
[INFO] [stderr]    Compiling is_terminal_polyfill v1.70.2
[INFO] [stderr]    Compiling rand_core v0.6.4
[INFO] [stderr]    Compiling unicode-width v0.2.2
[INFO] [stderr]    Compiling portable-atomic v1.13.0
[INFO] [stderr]    Compiling powerfmt v0.2.0
[INFO] [stderr]    Compiling base64ct v1.8.3
[INFO] [stderr]    Compiling ordered-float v2.10.1
[INFO] [stderr]    Compiling anstream v0.6.21
[INFO] [stderr]    Compiling unsafe-any-ors v1.0.0
[INFO] [stderr]    Compiling lexical-core v1.0.6
[INFO] [stderr]    Compiling deranged v0.5.5
[INFO] [stderr]    Compiling crossbeam-deque v0.8.6
[INFO] [stderr]    Compiling jobserver v0.1.34
[INFO] [stderr]    Compiling console v0.16.2
[INFO] [stderr]    Compiling password-hash v0.4.2
[INFO] [stderr]    Compiling crypto-common v0.1.7
[INFO] [stderr]    Compiling block-buffer v0.10.4
[INFO] [stderr]    Compiling inout v0.1.4
[INFO] [stderr]    Compiling parking_lot_core v0.9.12
[INFO] [stderr]    Compiling rand_core v0.9.5
[INFO] [stderr]    Compiling digest v0.10.7
[INFO] [stderr]    Compiling cc v1.2.55
[INFO] [stderr]    Compiling cipher v0.4.4
[INFO] [stderr]    Compiling aho-corasick v1.1.4
[INFO] [stderr]    Compiling ahash v0.8.12
[INFO] [stderr]    Compiling num-conv v0.2.0
[INFO] [stderr]    Compiling hmac v0.12.1
[INFO] [stderr]    Compiling sha2 v0.10.9
[INFO] [stderr]    Compiling unsafe-libyaml v0.2.11
[INFO] [stderr]    Compiling time-core v0.1.8
[INFO] [stderr]    Compiling iana-time-zone v0.1.65
[INFO] [stderr]    Compiling fastrand v2.3.0
[INFO] [stderr]    Compiling clap_lex v0.7.7
[INFO] [stderr]    Compiling regex-syntax v0.8.8
[INFO] [stderr]    Compiling chrono v0.4.43
[INFO] [stderr]    Compiling arc-swap v1.8.0
[INFO] [stderr]    Compiling clap_builder v4.5.56
[INFO] [stderr]    Compiling time v0.3.46
[INFO] [stderr]    Compiling sha1 v0.10.6
[INFO] [stderr]    Compiling aes v0.8.4
[INFO] [stderr]    Compiling parking_lot v0.12.5
[INFO] [stderr]    Compiling pbkdf2 v0.11.0
[INFO] [stderr]    Compiling log v0.4.29
[INFO] [stderr]    Compiling thread-id v5.1.0
[INFO] [stderr]    Compiling typemap-ors v1.0.0
[INFO] [stderr]    Compiling noodles-fastq v0.19.0
[INFO] [stderr]    Compiling csv-core v0.1.13
[INFO] [stderr]    Compiling shell-words v1.1.1
[INFO] [stderr]    Compiling constant_time_eq v0.1.5
[INFO] [stderr]    Compiling unicode-segmentation v1.12.0
[INFO] [stderr]    Compiling tempfile v3.24.0
[INFO] [stderr]    Compiling mock_instant v0.6.0
[INFO] [stderr]    Compiling log-mdc v0.1.0
[INFO] [stderr]    Compiling humantime v2.3.0
[INFO] [stderr]    Compiling either v1.15.0
[INFO] [stderr]    Compiling fnv v1.0.7
[INFO] [stderr]    Compiling arrayvec v0.7.6
[INFO] [stderr]    Compiling zeroize v1.8.2
[INFO] [stderr]    Compiling minimal-lexical v0.2.1
[INFO] [stderr]    Compiling unit-prefix v0.5.2
[INFO] [stderr]    Compiling regex-automata v0.4.13
[INFO] [stderr]    Compiling same-file v1.0.6
[INFO] [stderr]    Compiling num-format v0.4.4
[INFO] [stderr]    Compiling indicatif v0.18.3
[INFO] [stderr]    Compiling walkdir v2.5.0
[INFO] [stderr]    Compiling dialoguer v0.12.0
[INFO] [stderr]    Compiling nom v7.1.3
[INFO] [stderr]    Compiling rayon v1.11.0
[INFO] [stderr]    Compiling zstd-sys v2.0.16+zstd.1.5.7
[INFO] [stderr]    Compiling flate2 v1.1.8
[INFO] [stderr]    Compiling bzip2-sys v0.1.13+1.0.8
[INFO] [stderr]    Compiling csv v1.4.0
[INFO] [stderr]    Compiling noodles-bgzf v0.41.0
[INFO] [stderr]    Compiling bzip2 v0.4.4
[INFO] [stderr]    Compiling colored v3.1.1
[INFO] [stderr]    Compiling assert_approx_eq v1.1.0
[INFO] [stderr]    Compiling glob v0.3.3
[INFO] [stderr]    Compiling noodles-csi v0.49.0
[INFO] [stderr]    Compiling noodles-fasta v0.54.0
[INFO] [stderr]    Compiling bytecount v0.6.9
[INFO] [stderr]    Compiling ppv-lite86 v0.2.21
[INFO] [stderr]    Compiling alphanumeric-sort v1.5.5
[INFO] [stderr]    Compiling noodles-tabix v0.55.0
[INFO] [stderr]    Compiling lazy_static v1.5.0
[INFO] [stderr]    Compiling noodles-bed v0.26.0
[INFO] [stderr]    Compiling rand_chacha v0.9.0
[INFO] [stderr]    Compiling noodles v0.99.0
[INFO] [stderr]    Compiling rand v0.9.2
[INFO] [stderr]    Compiling serde_derive v1.0.228
[INFO] [stderr]    Compiling derive_more-impl v2.1.1
[INFO] [stderr]    Compiling thiserror-impl v2.0.18
[INFO] [stderr]    Compiling clap_derive v4.5.55
[INFO] [stderr]    Compiling regex v1.12.2
[INFO] [stderr]    Compiling derive_more v2.1.1
[INFO] [stderr]    Compiling clap v4.5.56
[INFO] [stderr]    Compiling serde-value v0.7.0
[INFO] [stderr]    Compiling serde_yaml v0.9.34+deprecated
[INFO] [stderr]    Compiling zstd v0.11.2+zstd.1.5.2
[INFO] [stderr]    Compiling zip v0.6.6
[INFO] [stderr]    Compiling log4rs v1.4.0
[INFO] [stderr]    Compiling segul v0.23.2 (/opt/rustwide/workdir)
[INFO] [stderr]     Finished `dev` profile [unoptimized + debuginfo] target(s) in 1m 01s
[INFO] running `Command { std: "docker" "inspect" "0eee71458ac731350ab2e27263dd215ab48376a7dc82ccfd5dd33abcc8cbb7f4", kill_on_drop: false }`
[INFO] running `Command { std: "docker" "exec" "-e" "SOURCE_DIR=/opt/rustwide/workdir" "-e" "CARGO_HOME=/opt/rustwide/cargo-home" "-e" "RUSTUP_HOME=/opt/rustwide/rustup-home" "-e" "CARGO_TARGET_DIR=/opt/rustwide/target" "-e" "CARGO_INCREMENTAL=0" "-e" "RUST_BACKTRACE=full" "-e" "RUSTFLAGS=--cap-lints=warn" "-e" "RUSTDOCFLAGS=--cap-lints=warn" "-w" "/opt/rustwide/workdir" "--user" "0:0" "0eee71458ac731350ab2e27263dd215ab48376a7dc82ccfd5dd33abcc8cbb7f4" "/opt/rustwide/cargo-home/bin/cargo" "+1.99.0-beta.8" "test" "--frozen" "--no-run" "--message-format=json", kill_on_drop: false }`
[INFO] [stderr]    Compiling regex-automata v0.4.13
[INFO] [stderr]    Compiling either v1.15.0
[INFO] [stderr]    Compiling predicates-core v1.0.9
[INFO] [stderr]    Compiling difflib v0.4.0
[INFO] [stderr]    Compiling termtree v0.5.1
[INFO] [stderr]    Compiling assert_cmd v2.1.2
[INFO] [stderr]    Compiling float-cmp v0.9.0
[INFO] [stderr]    Compiling wait-timeout v0.2.1
[INFO] [stderr]    Compiling rand v0.4.6
[INFO] [stderr]    Compiling remove_dir_all v0.5.3
[INFO] [stderr]    Compiling normalize-line-endings v0.3.0
[INFO] [stderr]    Compiling predicates-tree v1.0.12
[INFO] [stderr]    Compiling rayon v1.11.0
[INFO] [stderr]    Compiling itertools v0.10.5
[INFO] [stderr]    Compiling predicates v3.1.3
[INFO] [stderr]    Compiling tempdir v0.3.7
[INFO] [stderr]    Compiling bstr v1.12.1
[INFO] [stderr]    Compiling regex v1.12.2
[INFO] [stderr]    Compiling predicates v2.1.5
[INFO] [stderr]    Compiling noodles-core v0.17.0
[INFO] [stderr]    Compiling noodles-fastq v0.19.0
[INFO] [stderr]    Compiling noodles-csi v0.49.0
[INFO] [stderr]    Compiling noodles-fasta v0.54.0
[INFO] [stderr]    Compiling noodles-tabix v0.55.0
[INFO] [stderr]    Compiling noodles-bed v0.26.0
[INFO] [stderr]    Compiling noodles v0.99.0
[INFO] [stderr]    Compiling segul v0.23.2 (/opt/rustwide/workdir)
[INFO] [stderr]     Finished `test` profile [unoptimized + debuginfo] target(s) in 33.07s
[INFO] running `Command { std: "docker" "inspect" "0eee71458ac731350ab2e27263dd215ab48376a7dc82ccfd5dd33abcc8cbb7f4", kill_on_drop: false }`
[INFO] running `Command { std: "docker" "exec" "-e" "SOURCE_DIR=/opt/rustwide/workdir" "-e" "CARGO_HOME=/opt/rustwide/cargo-home" "-e" "RUSTUP_HOME=/opt/rustwide/rustup-home" "-e" "CARGO_TARGET_DIR=/opt/rustwide/target" "-e" "CARGO_INCREMENTAL=0" "-e" "RUST_BACKTRACE=full" "-e" "RUSTFLAGS=--cap-lints=warn" "-e" "RUSTDOCFLAGS=--cap-lints=warn" "-w" "/opt/rustwide/workdir" "--user" "0:0" "0eee71458ac731350ab2e27263dd215ab48376a7dc82ccfd5dd33abcc8cbb7f4" "/opt/rustwide/cargo-home/bin/cargo" "+1.99.0-beta.8" "test" "--frozen", kill_on_drop: false }`
[INFO] [stderr]     Finished `test` profile [unoptimized + debuginfo] target(s) in 0.37s
[INFO] [stderr]      Running unittests src/lib.rs (/opt/rustwide/target/debug/deps/segul-a8887dd0b2527597)
[INFO] [stdout] 
[INFO] [stdout] running 170 tests
[INFO] [stdout] test core::maf::convert::tests::test_generate_output_path ... ok
[INFO] [stdout] test core::align::split::test::test_sequence_slicing ... ok
[INFO] [stdout] test cli::align::filter::test::test_min_taxa ... ok
[INFO] [stdout] test core::align::unalign::tests::test_unalign ... ok
[INFO] [stdout] test core::maf::convert::tests::test_format_bed_name ... ok
[INFO] [stdout] test core::align::split::test::test_parse_filename ... ok
[INFO] [stdout] test core::align::filter::test::test_all_id ... ok
[INFO] [stdout] test core::sequence::addition::tests::test_stat_counter ... ok
[INFO] [stdout] test core::maf::convert::tests::test_convert_to_seqmatrix ... ok
[INFO] [stdout] test core::sequence::addition::tests::test_finding_skipped_files ... ok
[INFO] [stdout] test cli::align::filter::test::test_min_taxa_output_dir ... ok
[INFO] [stdout] test core::align::trim::tests::test_trim_missing_data ... ok
[INFO] [stdout] test core::read::summarize::test::test_summarize ... ok
[INFO] [stdout] test core::align::trim::tests::test_trimming_results ... ok
[INFO] [stdout] test core::align::filter::test::test_min_pinf ... ok
[INFO] [stdout] test core::sequence::filter::tests::test_floor_calculation ... ok
[INFO] [stdout] test core::read::summarize::test::test_read_count_only ... ok
[INFO] [stdout] test core::sequence::rename::test::test_rename_rm_str ... ok
[INFO] [stdout] test core::sequence::rename::test::test_rename_id ... ok
[INFO] [stdout] test core::sequence::translate::tests::test_alt_flatworm_mtdna_simple ... ok
[INFO] [stdout] test core::sequence::translate::tests::test_chlorophycean_mtdna_simple ... ok
[INFO] [stdout] test core::sequence::translate::tests::test_invert_mtdna_real_sequence ... ok
[INFO] [stdout] test core::sequence::translate::tests::test_translate_frame_2 ... ok
[INFO] [stdout] test core::sequence::translate::tests::test_scenedesmus_mtdna_simple ... ok
[INFO] [stdout] test core::sequence::filter::tests::test_threshold_calculation ... ok
[INFO] [stdout] test core::sequence::translate::tests::test_translating_bacteria_simple ... ok
[INFO] [stdout] test core::sequence::translate::tests::test_translating_altyeast_nu_simple ... ok
[INFO] [stdout] test core::sequence::extract::tests::test_match_id ... ok
[INFO] [stdout] test core::sequence::translate::tests::test_translating_ascidian_mtdna_simple ... ok
[INFO] [stdout] test core::sequence::translate::tests::test_translating_candid_sr1_gracil ... ok
[INFO] [stdout] test core::sequence::rename::test::test_rename_rm_re ... ok
[INFO] [stdout] test core::sequence::translate::tests::test_translating_echiflatworms_simple ... ok
[INFO] [stdout] test core::sequence::translate::tests::test_translating_lowercase ... ok
[INFO] [stdout] test core::sequence::translate::tests::test_translating_mold_etal_simple ... ok
[INFO] [stdout] test core::sequence::translate::tests::test_translating_pachy_simple ... ok
[INFO] [stdout] test core::sequence::translate::tests::test_translating_peritrich_simple ... ok
[INFO] [stdout] test core::sequence::translate::tests::test_translating_rhadop_mtdna_simple ... ok
[INFO] [stdout] test core::sequence::translate::tests::test_translating_cepha_simple ... ok
[INFO] [stdout] test core::sequence::translate::tests::test_translating_stdcode ... ok
[INFO] [stdout] test core::sequence::translate::tests::test_translating_thrasutochytrium_mtdna_simple ... ok
[INFO] [stdout] test core::sequence::translate::tests::test_translating_cildashex_simple ... ok
[INFO] [stdout] test core::sequence::translate::tests::test_translation_invertmtdna_simple ... ok
[INFO] [stdout] test core::sequence::translate::tests::test_translation_simple ... ok
[INFO] [stdout] test core::sequence::translate::tests::test_translating_with_missing ... ok
[INFO] [stdout] test core::sequence::translate::tests::test_translation_vertmtdna_simple ... ok
[INFO] [stdout] test core::sequence::translate::tests::test_translating_euplotid_simple ... ok
[INFO] [stdout] test core::sequence::translate::tests::test_translating_with_gaps ... ok
[INFO] [stdout] test core::sequence::translate::tests::test_translation_yestmtdna ... ok
[INFO] [stdout] test core::sequence::translate::tests::test_trematode_mtdna_simple ... ok
[INFO] [stdout] test core::sequence::translate::tests::test_translation_yestmtdna_simple ... ok
[INFO] [stdout] test helper::alphabet::test::test_check_valid_dna ... ok
[INFO] [stdout] test helper::alphabet::test::test_check_invalid_dna ... ok
[INFO] [stdout] test core::sequence::translate::tests::test_translating_mesodinium_simple ... ok
[INFO] [stdout] test core::align::filter::test::test_missing_data ... ok
[INFO] [stdout] test helper::concat::test::test_get_gaps ... ok
[INFO] [stdout] test core::sequence::extract::tests::test_get_matrix_id ... ok
[INFO] [stdout] test helper::concat::test::test_header_datatype ... ok
[INFO] [stdout] test core::sequence::filter::tests::test_gap_calculation ... ok
[INFO] [stdout] test core::sequence::filter::tests::test_filter_sequences_by_gaps ... ok
[INFO] [stdout] test core::align::split::test::test_generate_new_matrix ... ok
[INFO] [stdout] test core::sequence::addition::tests::test_adding_single_file ... ok
[INFO] [stdout] test helper::concat::test::test_concat_partition ... ok
[INFO] [stdout] test helper::concat::test::test_concat_check_result ... ok
[INFO] [stdout] test core::sequence::remove::test::test_remove_regex ... ok
[INFO] [stdout] test core::sequence::filter::tests::test_filter_sequences_by_length ... ok
[INFO] [stdout] test helper::concat::test::test_concat_nexus ... ok
[INFO] [stdout] test helper::files::tests::test_create_output_fname ... ok
[INFO] [stdout] test helper::finder::test::test_files ... ok
[INFO] [stdout] test helper::finder::test::test_contig_file_pattern ... ok
[INFO] [stdout] test core::sequence::addition::tests::test_sequence_addition ... ok
[INFO] [stdout] test helper::finder::test::test_files_recursive ... ok
[INFO] [stdout] test helper::finder::test::match_sequence_fmt ... ok
[INFO] [stdout] test helper::utils::test::test_num_fmt ... ok
[INFO] [stdout] test parser::bed::tests::test_bed_parser ... ok
[INFO] [stdout] test helper::finder::test::test_raw_pattern ... ok
[INFO] [stdout] test parser::bed::tests::test_bed_with_header ... ok
[INFO] [stdout] test parser::delimited::test::test_parse_tsv ... ok
[INFO] [stdout] test parser::fasta::test::check_isnot_alignment_test ... ok
[INFO] [stdout] test parser::fasta::test::interleaved_fas_test ... ok
[INFO] [stdout] test parser::delimited::test::test_parse_csv ... ok
[INFO] [stdout] test helper::sequence::test::test_alignment_simple ... ok
[INFO] [stdout] test helper::types::test::test_parsing_input_fmt ... ok
[INFO] [stdout] test parser::fasta::test::simple_aa_fas_test ... ok
[INFO] [stdout] test parser::fasta::test::simple_trailing_space_fas_test ... ok
[INFO] [stdout] test helper::utils::test::time_parsing_test ... ok
[INFO] [stdout] test parser::maf::tests::parse_name ... ok
[INFO] [stdout] test parser::maf::tests::parse_visibility ... ok
[INFO] [stdout] test parser::maf::tests::parse_frames ... ok
[INFO] [stdout] test parser::maf::tests::parse_maf_dot ... ok
[INFO] [stdout] test parser::maf::tests::test_capture_tags ... ok
[INFO] [stdout] test parser::maf::tests::test_parse_maf_file ... ok
[INFO] [stdout] test helper::finder::test::match_fasta ... ok
[INFO] [stdout] test parser::maf::tests::test_score_int ... ok
[INFO] [stdout] test parser::maf::tests::test_score ... ok
[INFO] [stdout] test helper::finder::test::match_fastq ... ok
[INFO] [stdout] test parser::nexus::test::test_check_match_ntax ... ok
[INFO] [stdout] test parser::maf::tests::test_parse_track_line ... ok
[INFO] [stdout] test parser::nexus::test::test_nexus_parse_interleave ... ok
[INFO] [stdout] test parser::nexus::test::test_nexus_parse_interleave_res ... ok
[INFO] [stdout] test parser::nexus::test::test_nexus_parse_ntax ... ok
[INFO] [stdout] test parser::nexus::test::test_nexus_parsing_object ... ok
[INFO] [stdout] test parser::maf::tests::test_parse_header ... ok
[INFO] [stdout] test parser::nexus::test::test_nexus_reading_complete ... ok
[INFO] [stdout] test parser::nexus::test::test_nexus_reading_simple ... ok
[INFO] [stdout] test parser::nexus::test::test_nexus_reading_tabulated ... ok
[INFO] [stdout] test core::sequence::extract::tests::test_get_matrix_re ... ok
[INFO] [stdout] test helper::finder::test::test_id ... ok
[INFO] [stdout] test parser::nexus::test::test_nexus_sequence ... ok
[INFO] [stdout] test parser::nexus::test::test_nexus_simple_aa ... ok
[INFO] [stdout] test parser::nexus::test::test_regex_command ... ok
[INFO] [stdout] test parser::partition::test::test_parse_partition_nexus ... ok
[INFO] [stdout] test parser::partition::test::test_parse_partition_raxml ... ok
[INFO] [stdout] test parser::partition::test::test_parse_partition_raxml_codon ... ok
[INFO] [stdout] test core::sequence::remove::test::test_remove_seq ... ok
[INFO] [stdout] test helper::finder::test::test_pattern ... ok
[INFO] [stdout] test parser::fasta::test::check_is_alignment_test ... ok
[INFO] [stdout] test parser::fasta::test::read_fasta_simple_test ... ok
[INFO] [stdout] test parser::maf::tests::parse_description ... ok
[INFO] [stdout] test parser::maf::tests::parse_species_order ... ok
[INFO] [stdout] test parser::partition::test::test_parse_partition_raxml_with_whitespaces ... ok
[INFO] [stdout] test parser::partition::test::test_partition_nexus_with_whitespaces ... ok
[INFO] [stdout] test parser::partition::test::test_partition_raxml_no_datatype ... ok
[INFO] [stdout] test parser::phylip::test::test_read_int_phylip_whitespaces ... ok
[INFO] [stdout] test parser::partition::test::test_subset_regex_match ... ok
[INFO] [stdout] test parser::phylip::test::test_read_interleave_phylip_id ... ok
[INFO] [stdout] test parser::phylip::test::test_read_interleave_phylip ... ok
[INFO] [stdout] test parser::phylip::test::test_parse_phylip_header ... ok
[INFO] [stdout] test parser::phylip::test::test_read_phylip_whitespace ... ok
[INFO] [stdout] test parser::phylip::test::test_read_phylip_simple ... ok
[INFO] [stdout] test parser::phylip::test::test_parse_matrix_interleave_phylip ... ok
[INFO] [stdout] test parser::phylip::test::test_phylip_simple_aa ... ok
[INFO] [stdout] test parser::qscores::test::test_iter_empty ... ok
[INFO] [stdout] test parser::qscores::test::test_qscore_parser ... ok
[INFO] [stdout] test stats::common::test::csum_test ... ok
[INFO] [stdout] test stats::common::test::median_test ... ok
[INFO] [stdout] test stats::common::test::sorted_vec_desc_test ... ok
[INFO] [stdout] test stats::common::test::n50_stats_test ... ok
[INFO] [stdout] test stats::common::test::stdev_test ... ok
[INFO] [stdout] test stats::common::test::var_test ... ok
[INFO] [stdout] test stats::contigs::test::test_parse_fasta ... ok
[INFO] [stdout] test stats::qscores::test::test_multi_read_qscore_count ... ok
[INFO] [stdout] test stats::qscores::test::test_qscore_counts ... ok
[INFO] [stdout] test stats::fastq::test::test_read_count ... ok
[INFO] [stdout] test stats::read::test::test_base_counts ... ok
[INFO] [stdout] test stats::read::test::test_multi_read_stats ... ok
[INFO] [stdout] test stats::sequence::test::char_count_test ... ok
[INFO] [stdout] test stats::sequence::test::count_parsimony_gap_test ... ok
[INFO] [stdout] test stats::sequence::test::count_parsimony_test ... ok
[INFO] [stdout] test stats::sequence::test::filter_min_tax_test ... ok
[INFO] [stdout] test stats::sequence::test::get_site_stats_test ... ok
[INFO] [stdout] test stats::sequence::test::pattern_count_test ... ok
[INFO] [stdout] test stats::sequence::test::test_site_indexing ... ok
[INFO] [stdout] test stats::sequence::test::test_site_missing_data ... ok
[INFO] [stdout] test writer::sequences::test::test_insert_whitespaces ... ok
[INFO] [stdout] test writer::sequences::test::test_matrix_int ... ok
[INFO] [stdout] test stats::sequence::test::count_variable_sites_test ... ok
[INFO] [stdout] test writer::sequences::test::test_chunk_seq ... ok
[INFO] [stdout] test helper::alphabet::test::test_check_invalid_dna_panic - should panic ... ok
[INFO] [stdout] test helper::concat::test::test_get_alignment_panic - should panic ... ok
[INFO] [stdout] test helper::finder::test::test_check_empty_files - should panic ... ok
[INFO] [stdout] test parser::nexus::test::test_check_invalid_nexus - should panic ... ok
[INFO] [stdout] test parser::nexus::test::test_check_match_ntax_panic - should panic ... ok
[INFO] [stdout] test parser::nexus::test::test_nexus_duplicate_panic - should panic ... ok
[INFO] [stdout] test parser::nexus::test::test_nexus_space_panic - should panic ... ok
[INFO] [stdout] test parser::partition::test::test_parse_partition_raxml_inv_start - should panic ... ok
[INFO] [stdout] test parser::partition::test::test_parse_partition_raxml_inv - should panic ... ok
[INFO] [stdout] test parser::partition::test::test_parse_partition_raxml_with_invalid_format - should panic ... ok
[INFO] [stdout] test parser::phylip::test::test_read_interleave_phylip_panic - should panic ... ok
[INFO] [stdout] test parser::phylip::test::test_read_phylip_invalid - should panic ... ok
[INFO] [stdout] test parser::qscores::test::test_qscore_parser_panic - should panic ... ok
[INFO] [stdout] 
[INFO] [stdout] test result: ok. 170 passed; 0 failed; 0 ignored; 0 measured; 0 filtered out; finished in 0.46s
[INFO] [stdout] 
[INFO] [stderr]      Running unittests src/main.rs (/opt/rustwide/target/debug/deps/segul-166b7eafda2f1318)
[INFO] [stdout] 
[INFO] [stderr]      Running tests/cli.rs (/opt/rustwide/target/debug/deps/cli-a2ce9ca76f0550f9)
[INFO] [stdout] running 0 tests
[INFO] [stdout] 
[INFO] [stdout] test result: ok. 0 passed; 0 failed; 0 ignored; 0 measured; 0 filtered out; finished in 0.00s
[INFO] [stdout] 
[INFO] [stdout] 
[INFO] [stdout] running 1 test
[INFO] [stdout] test test_version ... ok
[INFO] [stdout] 
[INFO] [stdout] test result: ok. 1 passed; 0 failed; 0 ignored; 0 measured; 0 filtered out; finished in 0.06s
[INFO] [stdout] 
[INFO] [stderr]      Running tests/concat.rs (/opt/rustwide/target/debug/deps/concat-cbe4e1b8d3468d94)
[INFO] [stdout] 
[INFO] [stdout] running 2 tests
[INFO] [stdout] test test_concat_nexus_part ... ok
[INFO] [stderr]      Running tests/convert.rs (/opt/rustwide/target/debug/deps/convert-537afc0e79db0ef2)
[INFO] [stdout] test test_concat ... ok
[INFO] [stdout] 
[INFO] [stdout] test result: ok. 2 passed; 0 failed; 0 ignored; 0 measured; 0 filtered out; finished in 0.09s
[INFO] [stdout] 
[INFO] [stdout] 
[INFO] [stdout] running 1 test
[INFO] [stdout] test test_convert ... ok
[INFO] [stderr]      Running tests/extract.rs (/opt/rustwide/target/debug/deps/extract-0124c06ed83e2ec0)
[INFO] [stdout] 
[INFO] [stdout] test result: ok. 1 passed; 0 failed; 0 ignored; 0 measured; 0 filtered out; finished in 0.09s
[INFO] [stdout] 
[INFO] [stdout] 
[INFO] [stdout] running 4 tests
[INFO] [stdout] test test_extract ... ok
[INFO] [stdout] test test_extract_re ... ok
[INFO] [stdout] test test_no_extract_cmd - should panic ... ok
[INFO] [stdout] test test_conflicting_extract_cmd - should panic ... ok
[INFO] [stdout] 
[INFO] [stdout] test result: ok. 4 passed; 0 failed; 0 ignored; 0 measured; 0 filtered out; finished in 0.30s
[INFO] [stdout] 
[INFO] [stderr]      Running tests/filter.rs (/opt/rustwide/target/debug/deps/filter-0de59c4bbcabc921)
[INFO] [stdout] 
[INFO] [stdout] running 8 tests
[INFO] [stdout] test test_percent_percent_inf ... ok
[INFO] [stdout] test test_max_pinf ... ok
[INFO] [stdout] test test_max_len ... ok
[INFO] [stdout] test test_filter_percent ... ok
[INFO] [stdout] test test_min_len ... ok
[INFO] [stdout] test test_min_pinf ... ok
[INFO] [stdout] test test_filter_missing_data ... ok
[INFO] [stdout] test test_filter_panic - should panic ... ok
[INFO] [stdout] 
[INFO] [stdout] test result: ok. 8 passed; 0 failed; 0 ignored; 0 measured; 0 filtered out; finished in 0.45s
[INFO] [stdout] 
[INFO] [stderr]      Running tests/id.rs (/opt/rustwide/target/debug/deps/id-8aa72f88fdbb4693)
[INFO] [stdout] 
[INFO] [stdout] running 1 test
[INFO] [stderr]      Running tests/partition.rs (/opt/rustwide/target/debug/deps/partition-1ee9a7933865fd1f)
[INFO] [stdout] test test_id_success ... ok
[INFO] [stdout] 
[INFO] [stdout] test result: ok. 1 passed; 0 failed; 0 ignored; 0 measured; 0 filtered out; finished in 0.10s
[INFO] [stdout] 
[INFO] [stdout] 
[INFO] [stdout] running 2 tests
[INFO] [stdout] test test_partition ... ok
[INFO] [stdout] test test_partition_codon ... ok
[INFO] [stderr]      Running tests/read.rs (/opt/rustwide/target/debug/deps/read-915fc886e3de561d)
[INFO] [stdout] 
[INFO] [stdout] test result: ok. 2 passed; 0 failed; 0 ignored; 0 measured; 0 filtered out; finished in 0.07s
[INFO] [stdout] 
[INFO] [stdout] 
[INFO] [stdout] running 1 test
[INFO] [stderr]      Running tests/remove.rs (/opt/rustwide/target/debug/deps/remove-c7345162e1ed05a2)
[INFO] [stdout] test test_read_cmd ... ok
[INFO] [stdout] 
[INFO] [stdout] test result: ok. 1 passed; 0 failed; 0 ignored; 0 measured; 0 filtered out; finished in 0.02s
[INFO] [stdout] 
[INFO] [stdout] 
[INFO] [stdout] running 2 tests
[INFO] [stdout] test test_remove_id ... ok
[INFO] [stdout] test test_remove_re ... ok
[INFO] [stderr]      Running tests/rename.rs (/opt/rustwide/target/debug/deps/rename-18ec28e9cc7a5875)
[INFO] [stdout] 
[INFO] [stdout] test result: ok. 2 passed; 0 failed; 0 ignored; 0 measured; 0 filtered out; finished in 0.13s
[INFO] [stdout] 
[INFO] [stdout] 
[INFO] [stdout] running 1 test
[INFO] [stderr]      Running tests/seq_filter.rs (/opt/rustwide/target/debug/deps/seq_filter-e69e9a2cc21818c8)
[INFO] [stdout] test test_rename ... ok
[INFO] [stdout] 
[INFO] [stdout] test result: ok. 1 passed; 0 failed; 0 ignored; 0 measured; 0 filtered out; finished in 0.06s
[INFO] [stdout] 
[INFO] [stdout] 
[INFO] [stdout] running 2 tests
[INFO] [stdout] test test_sequence_filter_length ... ok
[INFO] [stderr]      Running tests/split.rs (/opt/rustwide/target/debug/deps/split-632df9f9004cbd22)
[INFO] [stdout] test test_sequence_filter_gaps ... ok
[INFO] [stdout] 
[INFO] [stdout] test result: ok. 2 passed; 0 failed; 0 ignored; 0 measured; 0 filtered out; finished in 0.04s
[INFO] [stdout] 
[INFO] [stdout] 
[INFO] [stdout] running 1 test
[INFO] [stdout] test test_splitting_aln ... ok
[INFO] [stdout] 
[INFO] [stdout] test result: ok. 1 passed; 0 failed; 0 ignored; 0 measured; 0 filtered out; finished in 0.03s
[INFO] [stdout] 
[INFO] [stderr]      Running tests/summary.rs (/opt/rustwide/target/debug/deps/summary-160fa94c2cbd2e92)
[INFO] [stdout] 
[INFO] [stdout] running 4 tests
[INFO] [stdout] test test_locus_summary ... ok
[INFO] [stdout] test test_summary_aa ... ok
[INFO] [stdout] test test_locus_summary_aa ... ok
[INFO] [stderr]      Running tests/translate.rs (/opt/rustwide/target/debug/deps/translate-1200002757436d4d)
[INFO] [stdout] test test_summary ... ok
[INFO] [stdout] 
[INFO] [stdout] test result: ok. 4 passed; 0 failed; 0 ignored; 0 measured; 0 filtered out; finished in 0.12s
[INFO] [stdout] 
[INFO] [stdout] 
[INFO] [stdout] running 1 test
[INFO] [stdout] test test_dna_translation ... ok
[INFO] [stdout] 
[INFO] [stdout] test result: ok. 1 passed; 0 failed; 0 ignored; 0 measured; 0 filtered out; finished in 0.12s
[INFO] [stdout] 
[INFO] [stderr]      Running tests/utils.rs (/opt/rustwide/target/debug/deps/utils-69b969a021313aea)
[INFO] [stdout] 
[INFO] [stdout] running 0 tests
[INFO] [stdout] 
[INFO] [stdout] test result: ok. 0 passed; 0 failed; 0 ignored; 0 measured; 0 filtered out; finished in 0.00s
[INFO] [stdout] 
[INFO] [stderr]    Doc-tests segul
[INFO] [stdout] 
[INFO] [stdout] running 35 tests
[INFO] [stdout] test src/helper/files.rs - helper::files::create_output_fname (line 31) ... ok
[INFO] [stdout] test src/helper/files.rs - helper::files::create_output_fname_from_path (line 60) ... ok
[INFO] [stdout] test src/helper/finder.rs - helper::finder::ContigFileFinder<'a>::find_recursive (line 179) ... ok
[INFO] [stdout] test src/core/align/partition.rs - core::align::partition::PartitionConverter<'a>::convert (line 51) ... ok
[INFO] [stdout] test src/helper/alphabet.rs - helper::alphabet::is_valid_dna (line 89) ... ok
[INFO] [stdout] test src/helper/alphabet.rs - helper::alphabet::is_valid_aa (line 108) ... ok
[INFO] [stdout] test src/helper/finder.rs - helper::finder::MafFileFinder<'a>::find (line 221) ... ok
[INFO] [stdout] test src/helper/finder.rs - helper::finder::MafFileFinder<'a>::find_recursive (line 240) ... ok
[INFO] [stdout] test src/helper/finder.rs - helper::finder::ContigFileFinder<'a>::find (line 153) ... ok
[INFO] [stdout] test src/core/read/summarize.rs - core::read::summarize::GenomicReadSummary<'a>::summarize (line 75) ... ok
[INFO] [stdout] test src/helper/concat.rs - helper::concat::Concat (line 39) ... ok
[INFO] [stdout] test src/helper/finder.rs - helper::finder::SeqFileFinder<'a>::find (line 280) ... ok
[INFO] [stdout] test src/helper/finder.rs - helper::finder::SeqReadFinder<'a>::find (line 85) ... ok
[INFO] [stdout] test src/helper/finder.rs - helper::finder::SeqFileFinder<'a>::find_recursive (line 306) ... ok
[INFO] [stdout] test src/helper/finder.rs - helper::finder::SeqReadFinder<'a>::find_recursive (line 111) ... ok
[INFO] [stdout] test src/helper/finder.rs - helper::finder::SeqFileFinder<'a>::find_recursive_only (line 322) ... ok
[INFO] [stdout] test src/helper/types.rs - helper::types::infer_input_auto (line 204) ... ok
[INFO] [stdout] test src/helper/sequence.rs - helper::sequence::SeqParser<'a>::get_alignment (line 36) ... ok
[INFO] [stdout] test src/stats/common.rs - stats::common::CommonStats (line 8) ... ok
[INFO] [stdout] test src/helper/sequence.rs - helper::sequence::SeqCheck (line 81) ... ok
[INFO] [stdout] test src/core/sequence/id.rs - core::sequence::id::SequenceID<'a>::get_unique (line 56) ... ok
[INFO] [stdout] test src/helper/translation.rs - helper::translation::HashMap (line 31) ... ok
[INFO] [stdout] test src/core/align/unalign.rs - core::align::unalign (line 6) ... ok
[INFO] [stdout] test src/helper/finder.rs - helper::finder::IDs (line 409) ... ok
[INFO] [stdout] test src/stats/common.rs - stats::common::NStats (line 183) ... ok
[INFO] [stdout] test src/lib.rs - (line 25) ... ok
[INFO] [stdout] test src/stats/sequence.rs - stats::sequence::get_pars_inf (line 14) ... ok
[INFO] [stdout] test src/core/sequence/filter.rs - core::sequence::filter::SequenceFiltering<'a>::filter (line 108) ... ok
[INFO] [stdout] test src/helper/logger.rs - helper::logger::AlignSeqLogger (line 219) ... FAILED
[INFO] [stdout] test src/helper/logger.rs - helper::logger::init_file_logger (line 66) ... FAILED
[INFO] [stdout] test src/helper/alphabet.rs - helper::alphabet::check_valid_seq (line 41) - should panic ... ok
[INFO] [stdout] test src/helper/logger.rs - helper::logger::ContigLogger (line 169) ... FAILED
[INFO] [stdout] test src/helper/logger.rs - helper::logger::ReadLogger (line 119) ... FAILED
[INFO] [stdout] test src/helper/logger.rs - helper::logger::log_input_partition (line 284) ... FAILED
[INFO] [stdout] test src/helper/logger.rs - helper::logger::init_logger (line 25) ... FAILED
[INFO] [stdout] 
[INFO] [stdout] failures:
[INFO] [stdout] 
[INFO] [stdout] ---- src/helper/logger.rs - helper::logger::AlignSeqLogger (line 219) stdout ----
[INFO] [stdout] Test executable failed (exit status: 101).
[INFO] [stdout] 
[INFO] [stdout] stderr:
[INFO] [stdout] 
[INFO] [stdout] thread 'main' (4119) panicked at /tmp/rustdoctest1fj4cZ/doctest_bundle_2024.rs:377:31:
[INFO] [stdout] Failed setting up logger: Os { code: 30, kind: ReadOnlyFilesystem, message: "Read-only file system" }
[INFO] [stdout] stack backtrace:
[INFO] [stdout]    0:     0x65198fe802d1 - std[70759c8f55707aa4]::backtrace_rs::backtrace::libunwind::trace
[INFO] [stdout]                                at /rustc/dfb0accb7f508ae8be965d8629557221c889dd98/library/std/src/../../backtrace/src/backtrace/libunwind.rs:117:9
[INFO] [stdout]    1:     0x65198fe802d1 - std[70759c8f55707aa4]::backtrace_rs::backtrace::trace_unsynchronized::<std[70759c8f55707aa4]::sys::backtrace::_print_fmt::{closure#1}>
[INFO] [stdout]                                at /rustc/dfb0accb7f508ae8be965d8629557221c889dd98/library/std/src/../../backtrace/src/backtrace/mod.rs:66:14
[INFO] [stdout]    2:     0x65198fe802d1 - std[70759c8f55707aa4]::sys::backtrace::_print_fmt
[INFO] [stdout]                                at /rustc/dfb0accb7f508ae8be965d8629557221c889dd98/library/std/src/sys/backtrace.rs:74:9
[INFO] [stdout]    3:     0x65198fe802d1 - <<std[70759c8f55707aa4]::sys::backtrace::BacktraceLock>::print::DisplayBacktrace as core[df12db4294e9bfd3]::fmt::Display>::fmt
[INFO] [stdout]                                at /rustc/dfb0accb7f508ae8be965d8629557221c889dd98/library/std/src/sys/backtrace.rs:44:26
[INFO] [stdout]    4:     0x65198fe98a1a - <core[df12db4294e9bfd3]::fmt::rt::Argument>::fmt
[INFO] [stdout]                                at /rustc/dfb0accb7f508ae8be965d8629557221c889dd98/library/core/src/fmt/rt.rs:152:76
[INFO] [stdout]    5:     0x65198fe98a1a - core[df12db4294e9bfd3]::fmt::write
[INFO] [stdout]    6:     0x65198fe864dc - core[df12db4294e9bfd3]::io::write::default_write_fmt::<std[70759c8f55707aa4]::sys::stdio::unix::Stderr>
[INFO] [stdout]                                at /rustc/dfb0accb7f508ae8be965d8629557221c889dd98/library/core/src/io/write.rs:402:11
[INFO] [stdout]    7:     0x65198fe864dc - <std[70759c8f55707aa4]::sys::stdio::unix::Stderr as core[df12db4294e9bfd3]::io::write::Write>::write_fmt
[INFO] [stdout]                                at /rustc/dfb0accb7f508ae8be965d8629557221c889dd98/library/core/src/io/write.rs:335:13
[INFO] [stdout]    8:     0x65198fe58f56 - <std[70759c8f55707aa4]::sys::backtrace::BacktraceLock>::print
[INFO] [stdout]                                at /rustc/dfb0accb7f508ae8be965d8629557221c889dd98/library/std/src/sys/backtrace.rs:47:9
[INFO] [stdout]    9:     0x65198fe58f56 - std[70759c8f55707aa4]::panicking::default_hook::{closure#0}
[INFO] [stdout]                                at /rustc/dfb0accb7f508ae8be965d8629557221c889dd98/library/std/src/panicking.rs:292:27
[INFO] [stdout]   10:     0x65198fe77371 - std[70759c8f55707aa4]::panicking::default_hook
[INFO] [stdout]                                at /rustc/dfb0accb7f508ae8be965d8629557221c889dd98/library/std/src/panicking.rs:319:9
[INFO] [stdout]   11:     0x65198fe7769b - std[70759c8f55707aa4]::panicking::panic_with_hook
[INFO] [stdout]                                at /rustc/dfb0accb7f508ae8be965d8629557221c889dd98/library/std/src/panicking.rs:815:13
[INFO] [stdout]   12:     0x65198fe59002 - std[70759c8f55707aa4]::panicking::panic_handler::{closure#0}
[INFO] [stdout]                                at /rustc/dfb0accb7f508ae8be965d8629557221c889dd98/library/std/src/panicking.rs:688:13
[INFO] [stdout]   13:     0x65198fe51479 - std[70759c8f55707aa4]::sys::backtrace::__rust_end_short_backtrace::<std[70759c8f55707aa4]::panicking::panic_handler::{closure#0}, !>
[INFO] [stdout]                                at /rustc/dfb0accb7f508ae8be965d8629557221c889dd98/library/std/src/sys/backtrace.rs:182:18
[INFO] [stdout]   14:     0x65198fe59e8d - __rustc[8fa7c3cbc660c2b3]::rust_begin_unwind
[INFO] [stdout]                                at /rustc/dfb0accb7f508ae8be965d8629557221c889dd98/library/std/src/panicking.rs:679:5
[INFO] [stdout]   15:     0x65198fe992ec - core[df12db4294e9bfd3]::panicking::panic_fmt
[INFO] [stdout]                                at /rustc/dfb0accb7f508ae8be965d8629557221c889dd98/library/core/src/panicking.rs:80:14
[INFO] [stdout]   16:     0x65198fe99012 - core[df12db4294e9bfd3]::result::unwrap_failed
[INFO] [stdout]                                at /rustc/dfb0accb7f508ae8be965d8629557221c889dd98/library/core/src/result.rs:1871:5
[INFO] [stdout]   17:     0x65198f8ffbdc - <core[df12db4294e9bfd3]::result::Result<(), core[df12db4294e9bfd3]::io::error::Error>>::expect
[INFO] [stdout]                                at /rustc/dfb0accb7f508ae8be965d8629557221c889dd98/library/core/src/result.rs:1184:23
[INFO] [stdout]   18:     0x65198f7d392e - doctest_bundle_2024[72c4b0461e1faad2]::__doctest_21::main
[INFO] [stdout]   19:     0x65198f7d398e - doctest_bundle_2024[72c4b0461e1faad2]::__doctest_21::__main_fn
[INFO] [stdout]   20:     0x65198f7cd701 - doctest_runner_2024[37d7b32fe5ed358d]::__doctest_21::TEST::{closure#0}
[INFO] [stdout]   21:     0x65198f7d04b6 - <doctest_runner_2024[37d7b32fe5ed358d]::__doctest_21::TEST::{closure#0} as core[df12db4294e9bfd3]::ops::function::FnOnce<()>>::call_once
[INFO] [stdout]   22:     0x65198f7ceabc - doctest_runner_2024[37d7b32fe5ed358d]::main
[INFO] [stdout]   23:     0x65198f7d01a3 - <fn() -> std[70759c8f55707aa4]::process::ExitCode as core[df12db4294e9bfd3]::ops::function::FnOnce<()>>::call_once
[INFO] [stdout]   24:     0x65198f7cc776 - std[70759c8f55707aa4]::sys::backtrace::__rust_begin_short_backtrace::<fn() -> std[70759c8f55707aa4]::process::ExitCode, std[70759c8f55707aa4]::process::ExitCode>
[INFO] [stdout]   25:     0x65198f7ccab9 - std[70759c8f55707aa4]::rt::lang_start::<std[70759c8f55707aa4]::process::ExitCode>::{closure#0}
[INFO] [stdout]   26:     0x65198fe75e39 - <&dyn core[df12db4294e9bfd3]::ops::function::Fn<(), Output = i32> + core[df12db4294e9bfd3]::panic::unwind_safe::RefUnwindSafe + core[df12db4294e9bfd3]::marker::Sync as core[df12db4294e9bfd3]::ops::function::FnOnce<()>>::call_once
[INFO] [stdout]                                at /rustc/dfb0accb7f508ae8be965d8629557221c889dd98/library/core/src/ops/function.rs:287:21
[INFO] [stdout]   27:     0x65198fe75e39 - std[70759c8f55707aa4]::panicking::catch_unwind::do_call::<&dyn core[df12db4294e9bfd3]::ops::function::Fn<(), Output = i32> + core[df12db4294e9bfd3]::panic::unwind_safe::RefUnwindSafe + core[df12db4294e9bfd3]::marker::Sync, i32>
[INFO] [stdout]                                at /rustc/dfb0accb7f508ae8be965d8629557221c889dd98/library/std/src/panicking.rs:576:43
[INFO] [stdout]   28:     0x65198fe75e39 - std[70759c8f55707aa4]::panicking::catch_unwind::<i32, &dyn core[df12db4294e9bfd3]::ops::function::Fn<(), Output = i32> + core[df12db4294e9bfd3]::panic::unwind_safe::RefUnwindSafe + core[df12db4294e9bfd3]::marker::Sync>
[INFO] [stdout]                                at /rustc/dfb0accb7f508ae8be965d8629557221c889dd98/library/std/src/panicking.rs:544:19
[INFO] [stdout]   29:     0x65198fe75e39 - std[70759c8f55707aa4]::panic::catch_unwind::<&dyn core[df12db4294e9bfd3]::ops::function::Fn<(), Output = i32> + core[df12db4294e9bfd3]::panic::unwind_safe::RefUnwindSafe + core[df12db4294e9bfd3]::marker::Sync, i32>
[INFO] [stdout]                                at /rustc/dfb0accb7f508ae8be965d8629557221c889dd98/library/std/src/panic.rs:359:14
[INFO] [stdout]   30:     0x65198fe75e39 - std[70759c8f55707aa4]::rt::lang_start_internal::{closure#0}
[INFO] [stdout]                                at /rustc/dfb0accb7f508ae8be965d8629557221c889dd98/library/std/src/rt.rs:175:24
[INFO] [stdout]   31:     0x65198fe75e39 - std[70759c8f55707aa4]::panicking::catch_unwind::do_call::<std[70759c8f55707aa4]::rt::lang_start_internal::{closure#0}, isize>
[INFO] [stdout]                                at /rustc/dfb0accb7f508ae8be965d8629557221c889dd98/library/std/src/panicking.rs:576:43
[INFO] [stdout]   32:     0x65198fe75e39 - std[70759c8f55707aa4]::panicking::catch_unwind::<isize, std[70759c8f55707aa4]::rt::lang_start_internal::{closure#0}>
[INFO] [stdout]                                at /rustc/dfb0accb7f508ae8be965d8629557221c889dd98/library/std/src/panicking.rs:544:19
[INFO] [stdout]   33:     0x65198fe75e39 - std[70759c8f55707aa4]::panic::catch_unwind::<std[70759c8f55707aa4]::rt::lang_start_internal::{closure#0}, isize>
[INFO] [stdout]                                at /rustc/dfb0accb7f508ae8be965d8629557221c889dd98/library/std/src/panic.rs:359:14
[INFO] [stdout]   34:     0x65198fe75e39 - std[70759c8f55707aa4]::rt::lang_start_internal
[INFO] [stdout]                                at /rustc/dfb0accb7f508ae8be965d8629557221c889dd98/library/std/src/rt.rs:171:5
[INFO] [stdout]   35:     0x65198f7cc341 - std[70759c8f55707aa4]::rt::lang_start::<std[70759c8f55707aa4]::process::ExitCode>
[INFO] [stdout]   36:     0x65198f7d0735 - main
[INFO] [stdout]   37:     0x7b2b1caf4601 - <unknown>
[INFO] [stdout]   38:     0x7b2b1caf4718 - __libc_start_main
[INFO] [stdout]   39:     0x65198f7cbc45 - _start
[INFO] [stdout]   40:                0x0 - <unknown>
[INFO] [stdout] 
[INFO] [stdout] 
[INFO] [stdout] ---- src/helper/logger.rs - helper::logger::init_file_logger (line 66) stdout ----
[INFO] [stdout] Test executable failed (exit status: 101).
[INFO] [stdout] 
[INFO] [stdout] stderr:
[INFO] [stdout] 
[INFO] [stdout] thread 'main' (4118) panicked at src/helper/logger.rs:82:10:
[INFO] [stdout] Failed building log file: Os { code: 30, kind: ReadOnlyFilesystem, message: "Read-only file system" }
[INFO] [stdout] stack backtrace:
[INFO] [stdout]    0:     0x63d7513c82d1 - std[70759c8f55707aa4]::backtrace_rs::backtrace::libunwind::trace
[INFO] [stdout]                                at /rustc/dfb0accb7f508ae8be965d8629557221c889dd98/library/std/src/../../backtrace/src/backtrace/libunwind.rs:117:9
[INFO] [stdout]    1:     0x63d7513c82d1 - std[70759c8f55707aa4]::backtrace_rs::backtrace::trace_unsynchronized::<std[70759c8f55707aa4]::sys::backtrace::_print_fmt::{closure#1}>
[INFO] [stdout]                                at /rustc/dfb0accb7f508ae8be965d8629557221c889dd98/library/std/src/../../backtrace/src/backtrace/mod.rs:66:14
[INFO] [stdout]    2:     0x63d7513c82d1 - std[70759c8f55707aa4]::sys::backtrace::_print_fmt
[INFO] [stdout]                                at /rustc/dfb0accb7f508ae8be965d8629557221c889dd98/library/std/src/sys/backtrace.rs:74:9
[INFO] [stdout]    3:     0x63d7513c82d1 - <<std[70759c8f55707aa4]::sys::backtrace::BacktraceLock>::print::DisplayBacktrace as core[df12db4294e9bfd3]::fmt::Display>::fmt
[INFO] [stdout]                                at /rustc/dfb0accb7f508ae8be965d8629557221c889dd98/library/std/src/sys/backtrace.rs:44:26
[INFO] [stdout]    4:     0x63d7513e0a1a - <core[df12db4294e9bfd3]::fmt::rt::Argument>::fmt
[INFO] [stdout]                                at /rustc/dfb0accb7f508ae8be965d8629557221c889dd98/library/core/src/fmt/rt.rs:152:76
[INFO] [stdout]    5:     0x63d7513e0a1a - core[df12db4294e9bfd3]::fmt::write
[INFO] [stdout]    6:     0x63d7513ce4dc - core[df12db4294e9bfd3]::io::write::default_write_fmt::<std[70759c8f55707aa4]::sys::stdio::unix::Stderr>
[INFO] [stdout]                                at /rustc/dfb0accb7f508ae8be965d8629557221c889dd98/library/core/src/io/write.rs:402:11
[INFO] [stdout]    7:     0x63d7513ce4dc - <std[70759c8f55707aa4]::sys::stdio::unix::Stderr as core[df12db4294e9bfd3]::io::write::Write>::write_fmt
[INFO] [stdout]                                at /rustc/dfb0accb7f508ae8be965d8629557221c889dd98/library/core/src/io/write.rs:335:13
[INFO] [stdout]    8:     0x63d7513a0f56 - <std[70759c8f55707aa4]::sys::backtrace::BacktraceLock>::print
[INFO] [stdout]                                at /rustc/dfb0accb7f508ae8be965d8629557221c889dd98/library/std/src/sys/backtrace.rs:47:9
[INFO] [stdout]    9:     0x63d7513a0f56 - std[70759c8f55707aa4]::panicking::default_hook::{closure#0}
[INFO] [stdout]                                at /rustc/dfb0accb7f508ae8be965d8629557221c889dd98/library/std/src/panicking.rs:292:27
[INFO] [stdout]   10:     0x63d7513bf371 - std[70759c8f55707aa4]::panicking::default_hook
[INFO] [stdout]                                at /rustc/dfb0accb7f508ae8be965d8629557221c889dd98/library/std/src/panicking.rs:319:9
[INFO] [stdout]   11:     0x63d7513bf69b - std[70759c8f55707aa4]::panicking::panic_with_hook
[INFO] [stdout]                                at /rustc/dfb0accb7f508ae8be965d8629557221c889dd98/library/std/src/panicking.rs:815:13
[INFO] [stdout]   12:     0x63d7513a1002 - std[70759c8f55707aa4]::panicking::panic_handler::{closure#0}
[INFO] [stdout]                                at /rustc/dfb0accb7f508ae8be965d8629557221c889dd98/library/std/src/panicking.rs:688:13
[INFO] [stdout]   13:     0x63d751399479 - std[70759c8f55707aa4]::sys::backtrace::__rust_end_short_backtrace::<std[70759c8f55707aa4]::panicking::panic_handler::{closure#0}, !>
[INFO] [stdout]                                at /rustc/dfb0accb7f508ae8be965d8629557221c889dd98/library/std/src/sys/backtrace.rs:182:18
[INFO] [stdout]   14:     0x63d7513a1e8d - __rustc[8fa7c3cbc660c2b3]::rust_begin_unwind
[INFO] [stdout]                                at /rustc/dfb0accb7f508ae8be965d8629557221c889dd98/library/std/src/panicking.rs:679:5
[INFO] [stdout]   15:     0x63d7513e12ec - core[df12db4294e9bfd3]::panicking::panic_fmt
[INFO] [stdout]                                at /rustc/dfb0accb7f508ae8be965d8629557221c889dd98/library/core/src/panicking.rs:80:14
[INFO] [stdout]   16:     0x63d7513e1012 - core[df12db4294e9bfd3]::result::unwrap_failed
[INFO] [stdout]                                at /rustc/dfb0accb7f508ae8be965d8629557221c889dd98/library/core/src/result.rs:1871:5
[INFO] [stdout]   17:     0x63d750d49c73 - <core[df12db4294e9bfd3]::result::Result<log4rs[2c0ecd9c165d06c5]::append::file::FileAppender, core[df12db4294e9bfd3]::io::error::Error>>::expect
[INFO] [stdout]                                at /rustc/dfb0accb7f508ae8be965d8629557221c889dd98/library/core/src/result.rs:1184:23
[INFO] [stdout]   18:     0x63d750d2ebf4 - segul[832bc3a04d479272]::helper::logger::init_file_logger
[INFO] [stdout]                                at /opt/rustwide/workdir/src/helper/logger.rs:82:10
[INFO] [stdout]   19:     0x63d750d1bb6f - doctest_bundle_2024[72c4b0461e1faad2]::__doctest_24::main
[INFO] [stdout]   20:     0x63d750d1bb86 - doctest_bundle_2024[72c4b0461e1faad2]::__doctest_24::__main_fn
[INFO] [stdout]   21:     0x63d750d15881 - doctest_runner_2024[37d7b32fe5ed358d]::__doctest_24::TEST::{closure#0}
[INFO] [stdout]   22:     0x63d750d18516 - <doctest_runner_2024[37d7b32fe5ed358d]::__doctest_24::TEST::{closure#0} as core[df12db4294e9bfd3]::ops::function::FnOnce<()>>::call_once
[INFO] [stdout]   23:     0x63d750d16abc - doctest_runner_2024[37d7b32fe5ed358d]::main
[INFO] [stdout]   24:     0x63d750d181a3 - <fn() -> std[70759c8f55707aa4]::process::ExitCode as core[df12db4294e9bfd3]::ops::function::FnOnce<()>>::call_once
[INFO] [stdout]   25:     0x63d750d14776 - std[70759c8f55707aa4]::sys::backtrace::__rust_begin_short_backtrace::<fn() -> std[70759c8f55707aa4]::process::ExitCode, std[70759c8f55707aa4]::process::ExitCode>
[INFO] [stdout]   26:     0x63d750d14ab9 - std[70759c8f55707aa4]::rt::lang_start::<std[70759c8f55707aa4]::process::ExitCode>::{closure#0}
[INFO] [stdout]   27:     0x63d7513bde39 - <&dyn core[df12db4294e9bfd3]::ops::function::Fn<(), Output = i32> + core[df12db4294e9bfd3]::panic::unwind_safe::RefUnwindSafe + core[df12db4294e9bfd3]::marker::Sync as core[df12db4294e9bfd3]::ops::function::FnOnce<()>>::call_once
[INFO] [stdout]                                at /rustc/dfb0accb7f508ae8be965d8629557221c889dd98/library/core/src/ops/function.rs:287:21
[INFO] [stdout]   28:     0x63d7513bde39 - std[70759c8f55707aa4]::panicking::catch_unwind::do_call::<&dyn core[df12db4294e9bfd3]::ops::function::Fn<(), Output = i32> + core[df12db4294e9bfd3]::panic::unwind_safe::RefUnwindSafe + core[df12db4294e9bfd3]::marker::Sync, i32>
[INFO] [stdout]                                at /rustc/dfb0accb7f508ae8be965d8629557221c889dd98/library/std/src/panicking.rs:576:43
[INFO] [stdout]   29:     0x63d7513bde39 - std[70759c8f55707aa4]::panicking::catch_unwind::<i32, &dyn core[df12db4294e9bfd3]::ops::function::Fn<(), Output = i32> + core[df12db4294e9bfd3]::panic::unwind_safe::RefUnwindSafe + core[df12db4294e9bfd3]::marker::Sync>
[INFO] [stdout]                                at /rustc/dfb0accb7f508ae8be965d8629557221c889dd98/library/std/src/panicking.rs:544:19
[INFO] [stdout]   30:     0x63d7513bde39 - std[70759c8f55707aa4]::panic::catch_unwind::<&dyn core[df12db4294e9bfd3]::ops::function::Fn<(), Output = i32> + core[df12db4294e9bfd3]::panic::unwind_safe::RefUnwindSafe + core[df12db4294e9bfd3]::marker::Sync, i32>
[INFO] [stdout]                                at /rustc/dfb0accb7f508ae8be965d8629557221c889dd98/library/std/src/panic.rs:359:14
[INFO] [stdout]   31:     0x63d7513bde39 - std[70759c8f55707aa4]::rt::lang_start_internal::{closure#0}
[INFO] [stdout]                                at /rustc/dfb0accb7f508ae8be965d8629557221c889dd98/library/std/src/rt.rs:175:24
[INFO] [stdout]   32:     0x63d7513bde39 - std[70759c8f55707aa4]::panicking::catch_unwind::do_call::<std[70759c8f55707aa4]::rt::lang_start_internal::{closure#0}, isize>
[INFO] [stdout]                                at /rustc/dfb0accb7f508ae8be965d8629557221c889dd98/library/std/src/panicking.rs:576:43
[INFO] [stdout]   33:     0x63d7513bde39 - std[70759c8f55707aa4]::panicking::catch_unwind::<isize, std[70759c8f55707aa4]::rt::lang_start_internal::{closure#0}>
[INFO] [stdout]                                at /rustc/dfb0accb7f508ae8be965d8629557221c889dd98/library/std/src/panicking.rs:544:19
[INFO] [stdout]   34:     0x63d7513bde39 - std[70759c8f55707aa4]::panic::catch_unwind::<std[70759c8f55707aa4]::rt::lang_start_internal::{closure#0}, isize>
[INFO] [stdout]                                at /rustc/dfb0accb7f508ae8be965d8629557221c889dd98/library/std/src/panic.rs:359:14
[INFO] [stdout]   35:     0x63d7513bde39 - std[70759c8f55707aa4]::rt::lang_start_internal
[INFO] [stdout]                                at /rustc/dfb0accb7f508ae8be965d8629557221c889dd98/library/std/src/rt.rs:171:5
[INFO] [stdout]   36:     0x63d750d14341 - std[70759c8f55707aa4]::rt::lang_start::<std[70759c8f55707aa4]::process::ExitCode>
[INFO] [stdout]   37:     0x63d750d18735 - main
[INFO] [stdout]   38:     0x7f89954fa601 - <unknown>
[INFO] [stdout]   39:     0x7f89954fa718 - __libc_start_main
[INFO] [stdout]   40:     0x63d750d13c45 - _start
[INFO] [stdout]   41:                0x0 - <unknown>
[INFO] [stdout] 
[INFO] [stdout] 
[INFO] [stdout] ---- src/helper/logger.rs - helper::logger::ContigLogger (line 169) stdout ----
[INFO] [stdout] Test executable failed (exit status: 101).
[INFO] [stdout] 
[INFO] [stdout] stderr:
[INFO] [stdout] 
[INFO] [stdout] thread 'main' (4120) panicked at /tmp/rustdoctest1fj4cZ/doctest_bundle_2024.rs:397:31:
[INFO] [stdout] Failed setting up logger: Os { code: 30, kind: ReadOnlyFilesystem, message: "Read-only file system" }
[INFO] [stdout] stack backtrace:
[INFO] [stdout]    0:     0x5ee0704c92d1 - std[70759c8f55707aa4]::backtrace_rs::backtrace::libunwind::trace
[INFO] [stdout]                                at /rustc/dfb0accb7f508ae8be965d8629557221c889dd98/library/std/src/../../backtrace/src/backtrace/libunwind.rs:117:9
[INFO] [stdout]    1:     0x5ee0704c92d1 - std[70759c8f55707aa4]::backtrace_rs::backtrace::trace_unsynchronized::<std[70759c8f55707aa4]::sys::backtrace::_print_fmt::{closure#1}>
[INFO] [stdout]                                at /rustc/dfb0accb7f508ae8be965d8629557221c889dd98/library/std/src/../../backtrace/src/backtrace/mod.rs:66:14
[INFO] [stdout]    2:     0x5ee0704c92d1 - std[70759c8f55707aa4]::sys::backtrace::_print_fmt
[INFO] [stdout]                                at /rustc/dfb0accb7f508ae8be965d8629557221c889dd98/library/std/src/sys/backtrace.rs:74:9
[INFO] [stdout]    3:     0x5ee0704c92d1 - <<std[70759c8f55707aa4]::sys::backtrace::BacktraceLock>::print::DisplayBacktrace as core[df12db4294e9bfd3]::fmt::Display>::fmt
[INFO] [stdout]                                at /rustc/dfb0accb7f508ae8be965d8629557221c889dd98/library/std/src/sys/backtrace.rs:44:26
[INFO] [stdout]    4:     0x5ee0704e1a1a - <core[df12db4294e9bfd3]::fmt::rt::Argument>::fmt
[INFO] [stdout]                                at /rustc/dfb0accb7f508ae8be965d8629557221c889dd98/library/core/src/fmt/rt.rs:152:76
[INFO] [stdout]    5:     0x5ee0704e1a1a - core[df12db4294e9bfd3]::fmt::write
[INFO] [stdout]    6:     0x5ee0704cf4dc - core[df12db4294e9bfd3]::io::write::default_write_fmt::<std[70759c8f55707aa4]::sys::stdio::unix::Stderr>
[INFO] [stdout]                                at /rustc/dfb0accb7f508ae8be965d8629557221c889dd98/library/core/src/io/write.rs:402:11
[INFO] [stdout]    7:     0x5ee0704cf4dc - <std[70759c8f55707aa4]::sys::stdio::unix::Stderr as core[df12db4294e9bfd3]::io::write::Write>::write_fmt
[INFO] [stdout]                                at /rustc/dfb0accb7f508ae8be965d8629557221c889dd98/library/core/src/io/write.rs:335:13
[INFO] [stdout]    8:     0x5ee0704a1f56 - <std[70759c8f55707aa4]::sys::backtrace::BacktraceLock>::print
[INFO] [stdout]                                at /rustc/dfb0accb7f508ae8be965d8629557221c889dd98/library/std/src/sys/backtrace.rs:47:9
[INFO] [stdout]    9:     0x5ee0704a1f56 - std[70759c8f55707aa4]::panicking::default_hook::{closure#0}
[INFO] [stdout]                                at /rustc/dfb0accb7f508ae8be965d8629557221c889dd98/library/std/src/panicking.rs:292:27
[INFO] [stdout]   10:     0x5ee0704c0371 - std[70759c8f55707aa4]::panicking::default_hook
[INFO] [stdout]                                at /rustc/dfb0accb7f508ae8be965d8629557221c889dd98/library/std/src/panicking.rs:319:9
[INFO] [stdout]   11:     0x5ee0704c069b - std[70759c8f55707aa4]::panicking::panic_with_hook
[INFO] [stdout]                                at /rustc/dfb0accb7f508ae8be965d8629557221c889dd98/library/std/src/panicking.rs:815:13
[INFO] [stdout]   12:     0x5ee0704a2002 - std[70759c8f55707aa4]::panicking::panic_handler::{closure#0}
[INFO] [stdout]                                at /rustc/dfb0accb7f508ae8be965d8629557221c889dd98/library/std/src/panicking.rs:688:13
[INFO] [stdout]   13:     0x5ee07049a479 - std[70759c8f55707aa4]::sys::backtrace::__rust_end_short_backtrace::<std[70759c8f55707aa4]::panicking::panic_handler::{closure#0}, !>
[INFO] [stdout]                                at /rustc/dfb0accb7f508ae8be965d8629557221c889dd98/library/std/src/sys/backtrace.rs:182:18
[INFO] [stdout]   14:     0x5ee0704a2e8d - __rustc[8fa7c3cbc660c2b3]::rust_begin_unwind
[INFO] [stdout]                                at /rustc/dfb0accb7f508ae8be965d8629557221c889dd98/library/std/src/panicking.rs:679:5
[INFO] [stdout]   15:     0x5ee0704e22ec - core[df12db4294e9bfd3]::panicking::panic_fmt
[INFO] [stdout]                                at /rustc/dfb0accb7f508ae8be965d8629557221c889dd98/library/core/src/panicking.rs:80:14
[INFO] [stdout]   16:     0x5ee0704e2012 - core[df12db4294e9bfd3]::result::unwrap_failed
[INFO] [stdout]                                at /rustc/dfb0accb7f508ae8be965d8629557221c889dd98/library/core/src/result.rs:1871:5
[INFO] [stdout]   17:     0x5ee06ff48bdc - <core[df12db4294e9bfd3]::result::Result<(), core[df12db4294e9bfd3]::io::error::Error>>::expect
[INFO] [stdout]                                at /rustc/dfb0accb7f508ae8be965d8629557221c889dd98/library/core/src/result.rs:1184:23
[INFO] [stdout]   18:     0x5ee06fe1c9ce - doctest_bundle_2024[72c4b0461e1faad2]::__doctest_22::main
[INFO] [stdout]   19:     0x5ee06fe1ca26 - doctest_bundle_2024[72c4b0461e1faad2]::__doctest_22::__main_fn
[INFO] [stdout]   20:     0x5ee06fe16781 - doctest_runner_2024[37d7b32fe5ed358d]::__doctest_22::TEST::{closure#0}
[INFO] [stdout]   21:     0x5ee06fe194d6 - <doctest_runner_2024[37d7b32fe5ed358d]::__doctest_22::TEST::{closure#0} as core[df12db4294e9bfd3]::ops::function::FnOnce<()>>::call_once
[INFO] [stdout]   22:     0x5ee06fe17abc - doctest_runner_2024[37d7b32fe5ed358d]::main
[INFO] [stdout]   23:     0x5ee06fe191a3 - <fn() -> std[70759c8f55707aa4]::process::ExitCode as core[df12db4294e9bfd3]::ops::function::FnOnce<()>>::call_once
[INFO] [stdout]   24:     0x5ee06fe15776 - std[70759c8f55707aa4]::sys::backtrace::__rust_begin_short_backtrace::<fn() -> std[70759c8f55707aa4]::process::ExitCode, std[70759c8f55707aa4]::process::ExitCode>
[INFO] [stdout]   25:     0x5ee06fe15ab9 - std[70759c8f55707aa4]::rt::lang_start::<std[70759c8f55707aa4]::process::ExitCode>::{closure#0}
[INFO] [stdout]   26:     0x5ee0704bee39 - <&dyn core[df12db4294e9bfd3]::ops::function::Fn<(), Output = i32> + core[df12db4294e9bfd3]::panic::unwind_safe::RefUnwindSafe + core[df12db4294e9bfd3]::marker::Sync as core[df12db4294e9bfd3]::ops::function::FnOnce<()>>::call_once
[INFO] [stdout]                                at /rustc/dfb0accb7f508ae8be965d8629557221c889dd98/library/core/src/ops/function.rs:287:21
[INFO] [stdout]   27:     0x5ee0704bee39 - std[70759c8f55707aa4]::panicking::catch_unwind::do_call::<&dyn core[df12db4294e9bfd3]::ops::function::Fn<(), Output = i32> + core[df12db4294e9bfd3]::panic::unwind_safe::RefUnwindSafe + core[df12db4294e9bfd3]::marker::Sync, i32>
[INFO] [stdout]                                at /rustc/dfb0accb7f508ae8be965d8629557221c889dd98/library/std/src/panicking.rs:576:43
[INFO] [stdout]   28:     0x5ee0704bee39 - std[70759c8f55707aa4]::panicking::catch_unwind::<i32, &dyn core[df12db4294e9bfd3]::ops::function::Fn<(), Output = i32> + core[df12db4294e9bfd3]::panic::unwind_safe::RefUnwindSafe + core[df12db4294e9bfd3]::marker::Sync>
[INFO] [stdout]                                at /rustc/dfb0accb7f508ae8be965d8629557221c889dd98/library/std/src/panicking.rs:544:19
[INFO] [stdout]   29:     0x5ee0704bee39 - std[70759c8f55707aa4]::panic::catch_unwind::<&dyn core[df12db4294e9bfd3]::ops::function::Fn<(), Output = i32> + core[df12db4294e9bfd3]::panic::unwind_safe::RefUnwindSafe + core[df12db4294e9bfd3]::marker::Sync, i32>
[INFO] [stdout]                                at /rustc/dfb0accb7f508ae8be965d8629557221c889dd98/library/std/src/panic.rs:359:14
[INFO] [stdout]   30:     0x5ee0704bee39 - std[70759c8f55707aa4]::rt::lang_start_internal::{closure#0}
[INFO] [stdout]                                at /rustc/dfb0accb7f508ae8be965d8629557221c889dd98/library/std/src/rt.rs:175:24
[INFO] [stdout]   31:     0x5ee0704bee39 - std[70759c8f55707aa4]::panicking::catch_unwind::do_call::<std[70759c8f55707aa4]::rt::lang_start_internal::{closure#0}, isize>
[INFO] [stdout]                                at /rustc/dfb0accb7f508ae8be965d8629557221c889dd98/library/std/src/panicking.rs:576:43
[INFO] [stdout]   32:     0x5ee0704bee39 - std[70759c8f55707aa4]::panicking::catch_unwind::<isize, std[70759c8f55707aa4]::rt::lang_start_internal::{closure#0}>
[INFO] [stdout]                                at /rustc/dfb0accb7f508ae8be965d8629557221c889dd98/library/std/src/panicking.rs:544:19
[INFO] [stdout]   33:     0x5ee0704bee39 - std[70759c8f55707aa4]::panic::catch_unwind::<std[70759c8f55707aa4]::rt::lang_start_internal::{closure#0}, isize>
[INFO] [stdout]                                at /rustc/dfb0accb7f508ae8be965d8629557221c889dd98/library/std/src/panic.rs:359:14
[INFO] [stdout]   34:     0x5ee0704bee39 - std[70759c8f55707aa4]::rt::lang_start_internal
[INFO] [stdout]                                at /rustc/dfb0accb7f508ae8be965d8629557221c889dd98/library/std/src/rt.rs:171:5
[INFO] [stdout]   35:     0x5ee06fe15341 - std[70759c8f55707aa4]::rt::lang_start::<std[70759c8f55707aa4]::process::ExitCode>
[INFO] [stdout]   36:     0x5ee06fe19735 - main
[INFO] [stdout]   37:     0x7ec4b6600601 - <unknown>
[INFO] [stdout]   38:     0x7ec4b6600718 - __libc_start_main
[INFO] [stdout]   39:     0x5ee06fe14c45 - _start
[INFO] [stdout]   40:                0x0 - <unknown>
[INFO] [stdout] 
[INFO] [stdout] 
[INFO] [stdout] ---- src/helper/logger.rs - helper::logger::ReadLogger (line 119) stdout ----
[INFO] [stdout] Test executable failed (exit status: 101).
[INFO] [stdout] 
[INFO] [stdout] stderr:
[INFO] [stdout] 
[INFO] [stdout] thread 'main' (4121) panicked at /tmp/rustdoctest1fj4cZ/doctest_bundle_2024.rs:416:31:
[INFO] [stdout] Failed setting up logger: Os { code: 30, kind: ReadOnlyFilesystem, message: "Read-only file system" }
[INFO] [stdout] stack backtrace:
[INFO] [stdout]    0:     0x5f425a37c2d1 - std[70759c8f55707aa4]::backtrace_rs::backtrace::libunwind::trace
[INFO] [stdout]                                at /rustc/dfb0accb7f508ae8be965d8629557221c889dd98/library/std/src/../../backtrace/src/backtrace/libunwind.rs:117:9
[INFO] [stdout]    1:     0x5f425a37c2d1 - std[70759c8f55707aa4]::backtrace_rs::backtrace::trace_unsynchronized::<std[70759c8f55707aa4]::sys::backtrace::_print_fmt::{closure#1}>
[INFO] [stdout]                                at /rustc/dfb0accb7f508ae8be965d8629557221c889dd98/library/std/src/../../backtrace/src/backtrace/mod.rs:66:14
[INFO] [stdout]    2:     0x5f425a37c2d1 - std[70759c8f55707aa4]::sys::backtrace::_print_fmt
[INFO] [stdout]                                at /rustc/dfb0accb7f508ae8be965d8629557221c889dd98/library/std/src/sys/backtrace.rs:74:9
[INFO] [stdout]    3:     0x5f425a37c2d1 - <<std[70759c8f55707aa4]::sys::backtrace::BacktraceLock>::print::DisplayBacktrace as core[df12db4294e9bfd3]::fmt::Display>::fmt
[INFO] [stdout]                                at /rustc/dfb0accb7f508ae8be965d8629557221c889dd98/library/std/src/sys/backtrace.rs:44:26
[INFO] [stdout]    4:     0x5f425a394a1a - <core[df12db4294e9bfd3]::fmt::rt::Argument>::fmt
[INFO] [stdout]                                at /rustc/dfb0accb7f508ae8be965d8629557221c889dd98/library/core/src/fmt/rt.rs:152:76
[INFO] [stdout]    5:     0x5f425a394a1a - core[df12db4294e9bfd3]::fmt::write
[INFO] [stdout]    6:     0x5f425a3824dc - core[df12db4294e9bfd3]::io::write::default_write_fmt::<std[70759c8f55707aa4]::sys::stdio::unix::Stderr>
[INFO] [stdout]                                at /rustc/dfb0accb7f508ae8be965d8629557221c889dd98/library/core/src/io/write.rs:402:11
[INFO] [stdout]    7:     0x5f425a3824dc - <std[70759c8f55707aa4]::sys::stdio::unix::Stderr as core[df12db4294e9bfd3]::io::write::Write>::write_fmt
[INFO] [stdout]                                at /rustc/dfb0accb7f508ae8be965d8629557221c889dd98/library/core/src/io/write.rs:335:13
[INFO] [stdout]    8:     0x5f425a354f56 - <std[70759c8f55707aa4]::sys::backtrace::BacktraceLock>::print
[INFO] [stdout]                                at /rustc/dfb0accb7f508ae8be965d8629557221c889dd98/library/std/src/sys/backtrace.rs:47:9
[INFO] [stdout]    9:     0x5f425a354f56 - std[70759c8f55707aa4]::panicking::default_hook::{closure#0}
[INFO] [stdout]                                at /rustc/dfb0accb7f508ae8be965d8629557221c889dd98/library/std/src/panicking.rs:292:27
[INFO] [stdout]   10:     0x5f425a373371 - std[70759c8f55707aa4]::panicking::default_hook
[INFO] [stdout]                                at /rustc/dfb0accb7f508ae8be965d8629557221c889dd98/library/std/src/panicking.rs:319:9
[INFO] [stdout]   11:     0x5f425a37369b - std[70759c8f55707aa4]::panicking::panic_with_hook
[INFO] [stdout]                                at /rustc/dfb0accb7f508ae8be965d8629557221c889dd98/library/std/src/panicking.rs:815:13
[INFO] [stdout]   12:     0x5f425a355002 - std[70759c8f55707aa4]::panicking::panic_handler::{closure#0}
[INFO] [stdout]                                at /rustc/dfb0accb7f508ae8be965d8629557221c889dd98/library/std/src/panicking.rs:688:13
[INFO] [stdout]   13:     0x5f425a34d479 - std[70759c8f55707aa4]::sys::backtrace::__rust_end_short_backtrace::<std[70759c8f55707aa4]::panicking::panic_handler::{closure#0}, !>
[INFO] [stdout]                                at /rustc/dfb0accb7f508ae8be965d8629557221c889dd98/library/std/src/sys/backtrace.rs:182:18
[INFO] [stdout]   14:     0x5f425a355e8d - __rustc[8fa7c3cbc660c2b3]::rust_begin_unwind
[INFO] [stdout]                                at /rustc/dfb0accb7f508ae8be965d8629557221c889dd98/library/std/src/panicking.rs:679:5
[INFO] [stdout]   15:     0x5f425a3952ec - core[df12db4294e9bfd3]::panicking::panic_fmt
[INFO] [stdout]                                at /rustc/dfb0accb7f508ae8be965d8629557221c889dd98/library/core/src/panicking.rs:80:14
[INFO] [stdout]   16:     0x5f425a395012 - core[df12db4294e9bfd3]::result::unwrap_failed
[INFO] [stdout]                                at /rustc/dfb0accb7f508ae8be965d8629557221c889dd98/library/core/src/result.rs:1871:5
[INFO] [stdout]   17:     0x5f4259dfbbdc - <core[df12db4294e9bfd3]::result::Result<(), core[df12db4294e9bfd3]::io::error::Error>>::expect
[INFO] [stdout]                                at /rustc/dfb0accb7f508ae8be965d8629557221c889dd98/library/core/src/result.rs:1184:23
[INFO] [stdout]   18:     0x5f4259ccfa77 - doctest_bundle_2024[72c4b0461e1faad2]::__doctest_23::main
[INFO] [stdout]   19:     0x5f4259ccfb4e - doctest_bundle_2024[72c4b0461e1faad2]::__doctest_23::__main_fn
[INFO] [stdout]   20:     0x5f4259cc9801 - doctest_runner_2024[37d7b32fe5ed358d]::__doctest_23::TEST::{closure#0}
[INFO] [stdout]   21:     0x5f4259ccc4f6 - <doctest_runner_2024[37d7b32fe5ed358d]::__doctest_23::TEST::{closure#0} as core[df12db4294e9bfd3]::ops::function::FnOnce<()>>::call_once
[INFO] [stdout]   22:     0x5f4259ccaabc - doctest_runner_2024[37d7b32fe5ed358d]::main
[INFO] [stdout]   23:     0x5f4259ccc1a3 - <fn() -> std[70759c8f55707aa4]::process::ExitCode as core[df12db4294e9bfd3]::ops::function::FnOnce<()>>::call_once
[INFO] [stdout]   24:     0x5f4259cc8776 - std[70759c8f55707aa4]::sys::backtrace::__rust_begin_short_backtrace::<fn() -> std[70759c8f55707aa4]::process::ExitCode, std[70759c8f55707aa4]::process::ExitCode>
[INFO] [stdout]   25:     0x5f4259cc8ab9 - std[70759c8f55707aa4]::rt::lang_start::<std[70759c8f55707aa4]::process::ExitCode>::{closure#0}
[INFO] [stdout]   26:     0x5f425a371e39 - <&dyn core[df12db4294e9bfd3]::ops::function::Fn<(), Output = i32> + core[df12db4294e9bfd3]::panic::unwind_safe::RefUnwindSafe + core[df12db4294e9bfd3]::marker::Sync as core[df12db4294e9bfd3]::ops::function::FnOnce<()>>::call_once
[INFO] [stdout]                                at /rustc/dfb0accb7f508ae8be965d8629557221c889dd98/library/core/src/ops/function.rs:287:21
[INFO] [stdout]   27:     0x5f425a371e39 - std[70759c8f55707aa4]::panicking::catch_unwind::do_call::<&dyn core[df12db4294e9bfd3]::ops::function::Fn<(), Output = i32> + core[df12db4294e9bfd3]::panic::unwind_safe::RefUnwindSafe + core[df12db4294e9bfd3]::marker::Sync, i32>
[INFO] [stdout]                                at /rustc/dfb0accb7f508ae8be965d8629557221c889dd98/library/std/src/panicking.rs:576:43
[INFO] [stdout]   28:     0x5f425a371e39 - std[70759c8f55707aa4]::panicking::catch_unwind::<i32, &dyn core[df12db4294e9bfd3]::ops::function::Fn<(), Output = i32> + core[df12db4294e9bfd3]::panic::unwind_safe::RefUnwindSafe + core[df12db4294e9bfd3]::marker::Sync>
[INFO] [stdout]                                at /rustc/dfb0accb7f508ae8be965d8629557221c889dd98/library/std/src/panicking.rs:544:19
[INFO] [stdout]   29:     0x5f425a371e39 - std[70759c8f55707aa4]::panic::catch_unwind::<&dyn core[df12db4294e9bfd3]::ops::function::Fn<(), Output = i32> + core[df12db4294e9bfd3]::panic::unwind_safe::RefUnwindSafe + core[df12db4294e9bfd3]::marker::Sync, i32>
[INFO] [stdout]                                at /rustc/dfb0accb7f508ae8be965d8629557221c889dd98/library/std/src/panic.rs:359:14
[INFO] [stdout]   30:     0x5f425a371e39 - std[70759c8f55707aa4]::rt::lang_start_internal::{closure#0}
[INFO] [stdout]                                at /rustc/dfb0accb7f508ae8be965d8629557221c889dd98/library/std/src/rt.rs:175:24
[INFO] [stdout]   31:     0x5f425a371e39 - std[70759c8f55707aa4]::panicking::catch_unwind::do_call::<std[70759c8f55707aa4]::rt::lang_start_internal::{closure#0}, isize>
[INFO] [stdout]                                at /rustc/dfb0accb7f508ae8be965d8629557221c889dd98/library/std/src/panicking.rs:576:43
[INFO] [stdout]   32:     0x5f425a371e39 - std[70759c8f55707aa4]::panicking::catch_unwind::<isize, std[70759c8f55707aa4]::rt::lang_start_internal::{closure#0}>
[INFO] [stdout]                                at /rustc/dfb0accb7f508ae8be965d8629557221c889dd98/library/std/src/panicking.rs:544:19
[INFO] [stdout]   33:     0x5f425a371e39 - std[70759c8f55707aa4]::panic::catch_unwind::<std[70759c8f55707aa4]::rt::lang_start_internal::{closure#0}, isize>
[INFO] [stdout]                                at /rustc/dfb0accb7f508ae8be965d8629557221c889dd98/library/std/src/panic.rs:359:14
[INFO] [stdout]   34:     0x5f425a371e39 - std[70759c8f55707aa4]::rt::lang_start_internal
[INFO] [stdout]                                at /rustc/dfb0accb7f508ae8be965d8629557221c889dd98/library/std/src/rt.rs:171:5
[INFO] [stdout]   35:     0x5f4259cc8341 - std[70759c8f55707aa4]::rt::lang_start::<std[70759c8f55707aa4]::process::ExitCode>
[INFO] [stdout]   36:     0x5f4259ccc735 - main
[INFO] [stdout]   37:     0x72ab294b6601 - <unknown>
[INFO] [stdout]   38:     0x72ab294b6718 - __libc_start_main
[INFO] [stdout]   39:     0x5f4259cc7c45 - _start
[INFO] [stdout]   40:                0x0 - <unknown>
[INFO] [stdout] 
[INFO] [stdout] 
[INFO] [stdout] ---- src/helper/logger.rs - helper::logger::log_input_partition (line 284) stdout ----
[INFO] [stdout] Test executable failed (exit status: 101).
[INFO] [stdout] 
[INFO] [stdout] stderr:
[INFO] [stdout] 
[INFO] [stdout] thread 'main' (4132) panicked at /tmp/rustdoctest1fj4cZ/doctest_bundle_2024.rs:460:31:
[INFO] [stdout] Failed setting up logger: Os { code: 30, kind: ReadOnlyFilesystem, message: "Read-only file system" }
[INFO] [stdout] stack backtrace:
[INFO] [stdout]    0:     0x55e7874f02d1 - std[70759c8f55707aa4]::backtrace_rs::backtrace::libunwind::trace
[INFO] [stdout]                                at /rustc/dfb0accb7f508ae8be965d8629557221c889dd98/library/std/src/../../backtrace/src/backtrace/libunwind.rs:117:9
[INFO] [stdout]    1:     0x55e7874f02d1 - std[70759c8f55707aa4]::backtrace_rs::backtrace::trace_unsynchronized::<std[70759c8f55707aa4]::sys::backtrace::_print_fmt::{closure#1}>
[INFO] [stdout]                                at /rustc/dfb0accb7f508ae8be965d8629557221c889dd98/library/std/src/../../backtrace/src/backtrace/mod.rs:66:14
[INFO] [stdout]    2:     0x55e7874f02d1 - std[70759c8f55707aa4]::sys::backtrace::_print_fmt
[INFO] [stdout]                                at /rustc/dfb0accb7f508ae8be965d8629557221c889dd98/library/std/src/sys/backtrace.rs:74:9
[INFO] [stdout]    3:     0x55e7874f02d1 - <<std[70759c8f55707aa4]::sys::backtrace::BacktraceLock>::print::DisplayBacktrace as core[df12db4294e9bfd3]::fmt::Display>::fmt
[INFO] [stdout]                                at /rustc/dfb0accb7f508ae8be965d8629557221c889dd98/library/std/src/sys/backtrace.rs:44:26
[INFO] [stdout]    4:     0x55e787508a1a - <core[df12db4294e9bfd3]::fmt::rt::Argument>::fmt
[INFO] [stdout]                                at /rustc/dfb0accb7f508ae8be965d8629557221c889dd98/library/core/src/fmt/rt.rs:152:76
[INFO] [stdout]    5:     0x55e787508a1a - core[df12db4294e9bfd3]::fmt::write
[INFO] [stdout]    6:     0x55e7874f64dc - core[df12db4294e9bfd3]::io::write::default_write_fmt::<std[70759c8f55707aa4]::sys::stdio::unix::Stderr>
[INFO] [stdout]                                at /rustc/dfb0accb7f508ae8be965d8629557221c889dd98/library/core/src/io/write.rs:402:11
[INFO] [stdout]    7:     0x55e7874f64dc - <std[70759c8f55707aa4]::sys::stdio::unix::Stderr as core[df12db4294e9bfd3]::io::write::Write>::write_fmt
[INFO] [stdout]                                at /rustc/dfb0accb7f508ae8be965d8629557221c889dd98/library/core/src/io/write.rs:335:13
[INFO] [stdout]    8:     0x55e7874c8f56 - <std[70759c8f55707aa4]::sys::backtrace::BacktraceLock>::print
[INFO] [stdout]                                at /rustc/dfb0accb7f508ae8be965d8629557221c889dd98/library/std/src/sys/backtrace.rs:47:9
[INFO] [stdout]    9:     0x55e7874c8f56 - std[70759c8f55707aa4]::panicking::default_hook::{closure#0}
[INFO] [stdout]                                at /rustc/dfb0accb7f508ae8be965d8629557221c889dd98/library/std/src/panicking.rs:292:27
[INFO] [stdout]   10:     0x55e7874e7371 - std[70759c8f55707aa4]::panicking::default_hook
[INFO] [stdout]                                at /rustc/dfb0accb7f508ae8be965d8629557221c889dd98/library/std/src/panicking.rs:319:9
[INFO] [stdout]   11:     0x55e7874e769b - std[70759c8f55707aa4]::panicking::panic_with_hook
[INFO] [stdout]                                at /rustc/dfb0accb7f508ae8be965d8629557221c889dd98/library/std/src/panicking.rs:815:13
[INFO] [stdout]   12:     0x55e7874c9002 - std[70759c8f55707aa4]::panicking::panic_handler::{closure#0}
[INFO] [stdout]                                at /rustc/dfb0accb7f508ae8be965d8629557221c889dd98/library/std/src/panicking.rs:688:13
[INFO] [stdout]   13:     0x55e7874c1479 - std[70759c8f55707aa4]::sys::backtrace::__rust_end_short_backtrace::<std[70759c8f55707aa4]::panicking::panic_handler::{closure#0}, !>
[INFO] [stdout]                                at /rustc/dfb0accb7f508ae8be965d8629557221c889dd98/library/std/src/sys/backtrace.rs:182:18
[INFO] [stdout]   14:     0x55e7874c9e8d - __rustc[8fa7c3cbc660c2b3]::rust_begin_unwind
[INFO] [stdout]                                at /rustc/dfb0accb7f508ae8be965d8629557221c889dd98/library/std/src/panicking.rs:679:5
[INFO] [stdout]   15:     0x55e7875092ec - core[df12db4294e9bfd3]::panicking::panic_fmt
[INFO] [stdout]                                at /rustc/dfb0accb7f508ae8be965d8629557221c889dd98/library/core/src/panicking.rs:80:14
[INFO] [stdout]   16:     0x55e787509012 - core[df12db4294e9bfd3]::result::unwrap_failed
[INFO] [stdout]                                at /rustc/dfb0accb7f508ae8be965d8629557221c889dd98/library/core/src/result.rs:1871:5
[INFO] [stdout]   17:     0x55e786f6fbdc - <core[df12db4294e9bfd3]::result::Result<(), core[df12db4294e9bfd3]::io::error::Error>>::expect
[INFO] [stdout]                                at /rustc/dfb0accb7f508ae8be965d8629557221c889dd98/library/core/src/result.rs:1184:23
[INFO] [stdout]   18:     0x55e786e43c1b - doctest_bundle_2024[72c4b0461e1faad2]::__doctest_26::main
[INFO] [stdout]   19:     0x55e786e43c46 - doctest_bundle_2024[72c4b0461e1faad2]::__doctest_26::__main_fn
[INFO] [stdout]   20:     0x55e786e3d981 - doctest_runner_2024[37d7b32fe5ed358d]::__doctest_26::TEST::{closure#0}
[INFO] [stdout]   21:     0x55e786e40556 - <doctest_runner_2024[37d7b32fe5ed358d]::__doctest_26::TEST::{closure#0} as core[df12db4294e9bfd3]::ops::function::FnOnce<()>>::call_once
[INFO] [stdout]   22:     0x55e786e3eabc - doctest_runner_2024[37d7b32fe5ed358d]::main
[INFO] [stdout]   23:     0x55e786e401a3 - <fn() -> std[70759c8f55707aa4]::process::ExitCode as core[df12db4294e9bfd3]::ops::function::FnOnce<()>>::call_once
[INFO] [stdout]   24:     0x55e786e3c776 - std[70759c8f55707aa4]::sys::backtrace::__rust_begin_short_backtrace::<fn() -> std[70759c8f55707aa4]::process::ExitCode, std[70759c8f55707aa4]::process::ExitCode>
[INFO] [stdout]   25:     0x55e786e3cab9 - std[70759c8f55707aa4]::rt::lang_start::<std[70759c8f55707aa4]::process::ExitCode>::{closure#0}
[INFO] [stdout]   26:     0x55e7874e5e39 - <&dyn core[df12db4294e9bfd3]::ops::function::Fn<(), Output = i32> + core[df12db4294e9bfd3]::panic::unwind_safe::RefUnwindSafe + core[df12db4294e9bfd3]::marker::Sync as core[df12db4294e9bfd3]::ops::function::FnOnce<()>>::call_once
[INFO] [stdout]                                at /rustc/dfb0accb7f508ae8be965d8629557221c889dd98/library/core/src/ops/function.rs:287:21
[INFO] [stdout]   27:     0x55e7874e5e39 - std[70759c8f55707aa4]::panicking::catch_unwind::do_call::<&dyn core[df12db4294e9bfd3]::ops::function::Fn<(), Output = i32> + core[df12db4294e9bfd3]::panic::unwind_safe::RefUnwindSafe + core[df12db4294e9bfd3]::marker::Sync, i32>
[INFO] [stdout]                                at /rustc/dfb0accb7f508ae8be965d8629557221c889dd98/library/std/src/panicking.rs:576:43
[INFO] [stdout]   28:     0x55e7874e5e39 - std[70759c8f55707aa4]::panicking::catch_unwind::<i32, &dyn core[df12db4294e9bfd3]::ops::function::Fn<(), Output = i32> + core[df12db4294e9bfd3]::panic::unwind_safe::RefUnwindSafe + core[df12db4294e9bfd3]::marker::Sync>
[INFO] [stdout]                                at /rustc/dfb0accb7f508ae8be965d8629557221c889dd98/library/std/src/panicking.rs:544:19
[INFO] [stdout]   29:     0x55e7874e5e39 - std[70759c8f55707aa4]::panic::catch_unwind::<&dyn core[df12db4294e9bfd3]::ops::function::Fn<(), Output = i32> + core[df12db4294e9bfd3]::panic::unwind_safe::RefUnwindSafe + core[df12db4294e9bfd3]::marker::Sync, i32>
[INFO] [stdout]                                at /rustc/dfb0accb7f508ae8be965d8629557221c889dd98/library/std/src/panic.rs:359:14
[INFO] [stdout]   30:     0x55e7874e5e39 - std[70759c8f55707aa4]::rt::lang_start_internal::{closure#0}
[INFO] [stdout]                                at /rustc/dfb0accb7f508ae8be965d8629557221c889dd98/library/std/src/rt.rs:175:24
[INFO] [stdout]   31:     0x55e7874e5e39 - std[70759c8f55707aa4]::panicking::catch_unwind::do_call::<std[70759c8f55707aa4]::rt::lang_start_internal::{closure#0}, isize>
[INFO] [stdout]                                at /rustc/dfb0accb7f508ae8be965d8629557221c889dd98/library/std/src/panicking.rs:576:43
[INFO] [stdout]   32:     0x55e7874e5e39 - std[70759c8f55707aa4]::panicking::catch_unwind::<isize, std[70759c8f55707aa4]::rt::lang_start_internal::{closure#0}>
[INFO] [stdout]                                at /rustc/dfb0accb7f508ae8be965d8629557221c889dd98/library/std/src/panicking.rs:544:19
[INFO] [stdout]   33:     0x55e7874e5e39 - std[70759c8f55707aa4]::panic::catch_unwind::<std[70759c8f55707aa4]::rt::lang_start_internal::{closure#0}, isize>
[INFO] [stdout]                                at /rustc/dfb0accb7f508ae8be965d8629557221c889dd98/library/std/src/panic.rs:359:14
[INFO] [stdout]   34:     0x55e7874e5e39 - std[70759c8f55707aa4]::rt::lang_start_internal
[INFO] [stdout]                                at /rustc/dfb0accb7f508ae8be965d8629557221c889dd98/library/std/src/rt.rs:171:5
[INFO] [stdout]   35:     0x55e786e3c341 - std[70759c8f55707aa4]::rt::lang_start::<std[70759c8f55707aa4]::process::ExitCode>
[INFO] [stdout]   36:     0x55e786e40735 - main
[INFO] [stdout]   37:     0x7e8f9c338601 - <unknown>
[INFO] [stdout]   38:     0x7e8f9c338718 - __libc_start_main
[INFO] [stdout]   39:     0x55e786e3bc45 - _start
[INFO] [stdout]   40:                0x0 - <unknown>
[INFO] [stdout] 
[INFO] [stdout] 
[INFO] [stdout] ---- src/helper/logger.rs - helper::logger::init_logger (line 25) stdout ----
[INFO] [stdout] Test executable failed (exit status: 101).
[INFO] [stdout] 
[INFO] [stdout] stderr:
[INFO] [stdout] 
[INFO] [stdout] thread 'main' (4131) panicked at /tmp/rustdoctest1fj4cZ/doctest_bundle_2024.rs:447:31:
[INFO] [stdout] Failed setting up logger: Os { code: 30, kind: ReadOnlyFilesystem, message: "Read-only file system" }
[INFO] [stdout] stack backtrace:
[INFO] [stdout]    0:     0x5736f6c622d1 - std[70759c8f55707aa4]::backtrace_rs::backtrace::libunwind::trace
[INFO] [stdout]                                at /rustc/dfb0accb7f508ae8be965d8629557221c889dd98/library/std/src/../../backtrace/src/backtrace/libunwind.rs:117:9
[INFO] [stdout]    1:     0x5736f6c622d1 - std[70759c8f55707aa4]::backtrace_rs::backtrace::trace_unsynchronized::<std[70759c8f55707aa4]::sys::backtrace::_print_fmt::{closure#1}>
[INFO] [stdout]                                at /rustc/dfb0accb7f508ae8be965d8629557221c889dd98/library/std/src/../../backtrace/src/backtrace/mod.rs:66:14
[INFO] [stdout]    2:     0x5736f6c622d1 - std[70759c8f55707aa4]::sys::backtrace::_print_fmt
[INFO] [stdout]                                at /rustc/dfb0accb7f508ae8be965d8629557221c889dd98/library/std/src/sys/backtrace.rs:74:9
[INFO] [stdout]    3:     0x5736f6c622d1 - <<std[70759c8f55707aa4]::sys::backtrace::BacktraceLock>::print::DisplayBacktrace as core[df12db4294e9bfd3]::fmt::Display>::fmt
[INFO] [stdout]                                at /rustc/dfb0accb7f508ae8be965d8629557221c889dd98/library/std/src/sys/backtrace.rs:44:26
[INFO] [stdout]    4:     0x5736f6c7aa1a - <core[df12db4294e9bfd3]::fmt::rt::Argument>::fmt
[INFO] [stdout]                                at /rustc/dfb0accb7f508ae8be965d8629557221c889dd98/library/core/src/fmt/rt.rs:152:76
[INFO] [stdout]    5:     0x5736f6c7aa1a - core[df12db4294e9bfd3]::fmt::write
[INFO] [stdout]    6:     0x5736f6c684dc - core[df12db4294e9bfd3]::io::write::default_write_fmt::<std[70759c8f55707aa4]::sys::stdio::unix::Stderr>
[INFO] [stdout]                                at /rustc/dfb0accb7f508ae8be965d8629557221c889dd98/library/core/src/io/write.rs:402:11
[INFO] [stdout]    7:     0x5736f6c684dc - <std[70759c8f55707aa4]::sys::stdio::unix::Stderr as core[df12db4294e9bfd3]::io::write::Write>::write_fmt
[INFO] [stdout]                                at /rustc/dfb0accb7f508ae8be965d8629557221c889dd98/library/core/src/io/write.rs:335:13
[INFO] [stdout]    8:     0x5736f6c3af56 - <std[70759c8f55707aa4]::sys::backtrace::BacktraceLock>::print
[INFO] [stdout]                                at /rustc/dfb0accb7f508ae8be965d8629557221c889dd98/library/std/src/sys/backtrace.rs:47:9
[INFO] [stdout]    9:     0x5736f6c3af56 - std[70759c8f55707aa4]::panicking::default_hook::{closure#0}
[INFO] [stdout]                                at /rustc/dfb0accb7f508ae8be965d8629557221c889dd98/library/std/src/panicking.rs:292:27
[INFO] [stdout]   10:     0x5736f6c59371 - std[70759c8f55707aa4]::panicking::default_hook
[INFO] [stdout]                                at /rustc/dfb0accb7f508ae8be965d8629557221c889dd98/library/std/src/panicking.rs:319:9
[INFO] [stdout]   11:     0x5736f6c5969b - std[70759c8f55707aa4]::panicking::panic_with_hook
[INFO] [stdout]                                at /rustc/dfb0accb7f508ae8be965d8629557221c889dd98/library/std/src/panicking.rs:815:13
[INFO] [stdout]   12:     0x5736f6c3b002 - std[70759c8f55707aa4]::panicking::panic_handler::{closure#0}
[INFO] [stdout]                                at /rustc/dfb0accb7f508ae8be965d8629557221c889dd98/library/std/src/panicking.rs:688:13
[INFO] [stdout]   13:     0x5736f6c33479 - std[70759c8f55707aa4]::sys::backtrace::__rust_end_short_backtrace::<std[70759c8f55707aa4]::panicking::panic_handler::{closure#0}, !>
[INFO] [stdout]                                at /rustc/dfb0accb7f508ae8be965d8629557221c889dd98/library/std/src/sys/backtrace.rs:182:18
[INFO] [stdout]   14:     0x5736f6c3be8d - __rustc[8fa7c3cbc660c2b3]::rust_begin_unwind
[INFO] [stdout]                                at /rustc/dfb0accb7f508ae8be965d8629557221c889dd98/library/std/src/panicking.rs:679:5
[INFO] [stdout]   15:     0x5736f6c7b2ec - core[df12db4294e9bfd3]::panicking::panic_fmt
[INFO] [stdout]                                at /rustc/dfb0accb7f508ae8be965d8629557221c889dd98/library/core/src/panicking.rs:80:14
[INFO] [stdout]   16:     0x5736f6c7b012 - core[df12db4294e9bfd3]::result::unwrap_failed
[INFO] [stdout]                                at /rustc/dfb0accb7f508ae8be965d8629557221c889dd98/library/core/src/result.rs:1871:5
[INFO] [stdout]   17:     0x5736f66e1bdc - <core[df12db4294e9bfd3]::result::Result<(), core[df12db4294e9bfd3]::io::error::Error>>::expect
[INFO] [stdout]                                at /rustc/dfb0accb7f508ae8be965d8629557221c889dd98/library/core/src/result.rs:1184:23
[INFO] [stdout]   18:     0x5736f65b5bcb - doctest_bundle_2024[72c4b0461e1faad2]::__doctest_25::main
[INFO] [stdout]   19:     0x5736f65b5bd6 - doctest_bundle_2024[72c4b0461e1faad2]::__doctest_25::__main_fn
[INFO] [stdout]   20:     0x5736f65af901 - doctest_runner_2024[37d7b32fe5ed358d]::__doctest_25::TEST::{closure#0}
[INFO] [stdout]   21:     0x5736f65b2536 - <doctest_runner_2024[37d7b32fe5ed358d]::__doctest_25::TEST::{closure#0} as core[df12db4294e9bfd3]::ops::function::FnOnce<()>>::call_once
[INFO] [stdout]   22:     0x5736f65b0abc - doctest_runner_2024[37d7b32fe5ed358d]::main
[INFO] [stdout]   23:     0x5736f65b21a3 - <fn() -> std[70759c8f55707aa4]::process::ExitCode as core[df12db4294e9bfd3]::ops::function::FnOnce<()>>::call_once
[INFO] [stdout]   24:     0x5736f65ae776 - std[70759c8f55707aa4]::sys::backtrace::__rust_begin_short_backtrace::<fn() -> std[70759c8f55707aa4]::process::ExitCode, std[70759c8f55707aa4]::process::ExitCode>
[INFO] [stdout]   25:     0x5736f65aeab9 - std[70759c8f55707aa4]::rt::lang_start::<std[70759c8f55707aa4]::process::ExitCode>::{closure#0}
[INFO] [stdout]   26:     0x5736f6c57e39 - <&dyn core[df12db4294e9bfd3]::ops::function::Fn<(), Output = i32> + core[df12db4294e9bfd3]::panic::unwind_safe::RefUnwindSafe + core[df12db4294e9bfd3]::marker::Sync as core[df12db4294e9bfd3]::ops::function::FnOnce<()>>::call_once
[INFO] [stdout]                                at /rustc/dfb0accb7f508ae8be965d8629557221c889dd98/library/core/src/ops/function.rs:287:21
[INFO] [stdout]   27:     0x5736f6c57e39 - std[70759c8f55707aa4]::panicking::catch_unwind::do_call::<&dyn core[df12db4294e9bfd3]::ops::function::Fn<(), Output = i32> + core[df12db4294e9bfd3]::panic::unwind_safe::RefUnwindSafe + core[df12db4294e9bfd3]::marker::Sync, i32>
[INFO] [stdout]                                at /rustc/dfb0accb7f508ae8be965d8629557221c889dd98/library/std/src/panicking.rs:576:43
[INFO] [stdout]   28:     0x5736f6c57e39 - std[70759c8f55707aa4]::panicking::catch_unwind::<i32, &dyn core[df12db4294e9bfd3]::ops::function::Fn<(), Output = i32> + core[df12db4294e9bfd3]::panic::unwind_safe::RefUnwindSafe + core[df12db4294e9bfd3]::marker::Sync>
[INFO] [stdout]                                at /rustc/dfb0accb7f508ae8be965d8629557221c889dd98/library/std/src/panicking.rs:544:19
[INFO] [stdout]   29:     0x5736f6c57e39 - std[70759c8f55707aa4]::panic::catch_unwind::<&dyn core[df12db4294e9bfd3]::ops::function::Fn<(), Output = i32> + core[df12db4294e9bfd3]::panic::unwind_safe::RefUnwindSafe + core[df12db4294e9bfd3]::marker::Sync, i32>
[INFO] [stdout]                                at /rustc/dfb0accb7f508ae8be965d8629557221c889dd98/library/std/src/panic.rs:359:14
[INFO] [stdout]   30:     0x5736f6c57e39 - std[70759c8f55707aa4]::rt::lang_start_internal::{closure#0}
[INFO] [stdout]                                at /rustc/dfb0accb7f508ae8be965d8629557221c889dd98/library/std/src/rt.rs:175:24
[INFO] [stdout]   31:     0x5736f6c57e39 - std[70759c8f55707aa4]::panicking::catch_unwind::do_call::<std[70759c8f55707aa4]::rt::lang_start_internal::{closure#0}, isize>
[INFO] [stdout]                                at /rustc/dfb0accb7f508ae8be965d8629557221c889dd98/library/std/src/panicking.rs:576:43
[INFO] [stdout]   32:     0x5736f6c57e39 - std[70759c8f55707aa4]::panicking::catch_unwind::<isize, std[70759c8f55707aa4]::rt::lang_start_internal::{closure#0}>
[INFO] [stdout]                                at /rustc/dfb0accb7f508ae8be965d8629557221c889dd98/library/std/src/panicking.rs:544:19
[INFO] [stdout]   33:     0x5736f6c57e39 - std[70759c8f55707aa4]::panic::catch_unwind::<std[70759c8f55707aa4]::rt::lang_start_internal::{closure#0}, isize>
[INFO] [stdout]                                at /rustc/dfb0accb7f508ae8be965d8629557221c889dd98/library/std/src/panic.rs:359:14
[INFO] [stdout]   34:     0x5736f6c57e39 - std[70759c8f55707aa4]::rt::lang_start_internal
[INFO] [stdout]                                at /rustc/dfb0accb7f508ae8be965d8629557221c889dd98/library/std/src/rt.rs:171:5
[INFO] [stdout]   35:     0x5736f65ae341 - std[70759c8f55707aa4]::rt::lang_start::<std[70759c8f55707aa4]::process::ExitCode>
[INFO] [stdout]   36:     0x5736f65b2735 - main
[INFO] [stdout]   37:     0x7a9cf9afc601 - <unknown>
[INFO] [stdout]   38:     0x7a9cf9afc718 - __libc_start_main
[INFO] [stdout]   39:     0x5736f65adc45 - _start
[INFO] [stdout]   40:                0x0 - <unknown>
[INFO] [stdout] 
[INFO] [stdout] 
[INFO] [stdout] 
[INFO] [stdout] failures:
[INFO] [stdout]     src/helper/logger.rs - helper::logger::AlignSeqLogger (line 219)
[INFO] [stdout]     src/helper/logger.rs - helper::logger::ContigLogger (line 169)
[INFO] [stdout]     src/helper/logger.rs - helper::logger::ReadLogger (line 119)
[INFO] [stdout]     src/helper/logger.rs - helper::logger::init_file_logger (line 66)
[INFO] [stdout]     src/helper/logger.rs - helper::logger::init_logger (line 25)
[INFO] [stdout]     src/helper/logger.rs - helper::logger::log_input_partition (line 284)
[INFO] [stdout] 
[INFO] [stdout] test result: FAILED. 29 passed; 6 failed; 0 ignored; 0 measured; 0 filtered out; finished in 0.25s
[INFO] [stdout] 
[INFO] [stdout] all doctests ran in 1.89s; merged doctests compilation took 1.61s
[INFO] [stderr] error: doctest failed, to rerun pass `--doc`
[INFO] running `Command { std: "docker" "inspect" "0eee71458ac731350ab2e27263dd215ab48376a7dc82ccfd5dd33abcc8cbb7f4", kill_on_drop: false }`
[INFO] running `Command { std: "docker" "rm" "-f" "0eee71458ac731350ab2e27263dd215ab48376a7dc82ccfd5dd33abcc8cbb7f4", kill_on_drop: false }`
[INFO] [stdout] 0eee71458ac731350ab2e27263dd215ab48376a7dc82ccfd5dd33abcc8cbb7f4
