[INFO] fetching crate segment-buffer 0.6.0...
[INFO] testing segment-buffer-0.6.0 against 1.99.0-beta.8 for beta-1.100-2
[INFO] extracting crate segment-buffer 0.6.0 into /workspace/builds/worker-7-tc1/source
[INFO] started tweaking crates.io crate segment-buffer 0.6.0
[INFO] removed 0 missing examples
[INFO] removed 0 missing tests
[INFO] finished tweaking crates.io crate segment-buffer 0.6.0
[INFO] tweaked toml for crates.io crate segment-buffer 0.6.0 written to /workspace/builds/worker-7-tc1/source/Cargo.toml
[INFO] validating manifest of crates.io crate segment-buffer 0.6.0 on toolchain 1.99.0-beta.8
[INFO] running `Command { std: CARGO_HOME="/workspace/cargo-home" RUSTUP_HOME="/workspace/rustup-home" "/workspace/cargo-home/bin/cargo" "+1.99.0-beta.8" "metadata" "--manifest-path" "Cargo.toml" "--no-deps", kill_on_drop: false }`
[INFO] crate crates.io crate segment-buffer 0.6.0 already has a lockfile, it will not be regenerated
[INFO] running `Command { std: CARGO_HOME="/workspace/cargo-home" RUSTUP_HOME="/workspace/rustup-home" "/workspace/cargo-home/bin/cargo" "+1.99.0-beta.8" "fetch" "--manifest-path" "Cargo.toml", kill_on_drop: false }`
[INFO] [stderr]     Updating crates.io index
[INFO] [stderr]  Downloading crates ...
[INFO] [stderr]   Downloaded alloca v0.4.0
[INFO] [stderr]   Downloaded chacha20poly1305 v0.11.0
[INFO] [stderr]   Downloaded criterion-plot v0.8.2
[INFO] [stderr]   Downloaded poly1305 v0.9.1
[INFO] [stderr]   Downloaded fs4 v1.1.0
[INFO] [stderr]   Downloaded criterion v0.8.2
[INFO] running `Command { std: "docker" "create" "-v" "/var/lib/crater-agent-workspace/builds/worker-7-tc1/source:/opt/rustwide/workdir:ro,Z" "-v" "/var/lib/crater-agent-workspace/builds/worker-7-tc1/target:/opt/rustwide/target:rw,Z" "-v" "/var/lib/crater-agent-workspace/cargo-home:/opt/rustwide/cargo-home:ro,Z" "-v" "/var/lib/crater-agent-workspace/rustup-home:/opt/rustwide/rustup-home:ro,Z" "-m" "1610612736" "--network" "none" "ghcr.io/rust-lang/crates-build-env/linux@sha256:3111399a4047eeb3a02b7a90e478d715f38a8c6669b5c4b49d30a17385265909" "sleep" "infinity", kill_on_drop: false }`
[INFO] [stdout] 61f19e4ea5f2663b53c3d1eb4fbbfb75495b55fc899466a17eeba9d93e066fbb
[INFO] running `Command { std: "docker" "start" "61f19e4ea5f2663b53c3d1eb4fbbfb75495b55fc899466a17eeba9d93e066fbb", kill_on_drop: false }`
[INFO] running `Command { std: "docker" "inspect" "61f19e4ea5f2663b53c3d1eb4fbbfb75495b55fc899466a17eeba9d93e066fbb", kill_on_drop: false }`
[INFO] running `Command { std: "docker" "exec" "-e" "SOURCE_DIR=/opt/rustwide/workdir" "-e" "CARGO_HOME=/opt/rustwide/cargo-home" "-e" "RUSTUP_HOME=/opt/rustwide/rustup-home" "-e" "CARGO_TARGET_DIR=/opt/rustwide/target" "-w" "/opt/rustwide/workdir" "--user" "0:0" "61f19e4ea5f2663b53c3d1eb4fbbfb75495b55fc899466a17eeba9d93e066fbb" "/opt/rustwide/cargo-home/bin/cargo" "+1.99.0-beta.8" "metadata" "--no-deps" "--format-version=1", kill_on_drop: false }`
[INFO] running `Command { std: "docker" "inspect" "61f19e4ea5f2663b53c3d1eb4fbbfb75495b55fc899466a17eeba9d93e066fbb", kill_on_drop: false }`
[INFO] running `Command { std: "docker" "exec" "-e" "SOURCE_DIR=/opt/rustwide/workdir" "-e" "CARGO_HOME=/opt/rustwide/cargo-home" "-e" "RUSTUP_HOME=/opt/rustwide/rustup-home" "-e" "CARGO_TARGET_DIR=/opt/rustwide/target" "-e" "CARGO_INCREMENTAL=0" "-e" "RUST_BACKTRACE=full" "-e" "RUSTFLAGS=--cap-lints=warn" "-e" "RUSTDOCFLAGS=--cap-lints=warn" "-w" "/opt/rustwide/workdir" "--user" "0:0" "61f19e4ea5f2663b53c3d1eb4fbbfb75495b55fc899466a17eeba9d93e066fbb" "/opt/rustwide/cargo-home/bin/cargo" "+1.99.0-beta.8" "build" "--frozen" "--message-format=json", kill_on_drop: false }`
[INFO] [stderr]    Compiling find-msvc-tools v0.1.10
[INFO] [stderr]    Compiling zerocopy v0.8.56
[INFO] [stderr]    Compiling zstd-safe v7.2.4
[INFO] [stderr]    Compiling syn v2.0.119
[INFO] [stderr]    Compiling jobserver v0.1.35
[INFO] [stderr]    Compiling bitflags v2.13.1
[INFO] [stderr]    Compiling thiserror-impl v2.0.20
[INFO] [stderr]    Compiling rustix v1.1.4
[INFO] [stderr]    Compiling cc v1.4.2
[INFO] [stderr]    Compiling zstd-sys v2.0.16+zstd.1.5.7
[INFO] [stderr]    Compiling thiserror v2.0.20
[INFO] [stderr]    Compiling fs4 v1.1.0
[INFO] [stderr]    Compiling zerocopy-derive v0.8.56
[INFO] [stderr]    Compiling tracing-attributes v0.1.31
[INFO] [stderr]    Compiling zstd v0.13.3
[INFO] [stderr]    Compiling tracing v0.1.44
[INFO] [stderr]    Compiling half v2.7.1
[INFO] [stderr]    Compiling ciborium-ll v0.2.2
[INFO] [stderr]    Compiling ciborium v0.2.2
[INFO] [stderr]    Compiling segment-buffer v0.6.0 (/opt/rustwide/workdir)
[INFO] [stderr]     Finished `dev` profile [unoptimized + debuginfo] target(s) in 35.33s
[INFO] running `Command { std: "docker" "inspect" "61f19e4ea5f2663b53c3d1eb4fbbfb75495b55fc899466a17eeba9d93e066fbb", kill_on_drop: false }`
[INFO] running `Command { std: "docker" "exec" "-e" "SOURCE_DIR=/opt/rustwide/workdir" "-e" "CARGO_HOME=/opt/rustwide/cargo-home" "-e" "RUSTUP_HOME=/opt/rustwide/rustup-home" "-e" "CARGO_TARGET_DIR=/opt/rustwide/target" "-e" "CARGO_INCREMENTAL=0" "-e" "RUST_BACKTRACE=full" "-e" "RUSTFLAGS=--cap-lints=warn" "-e" "RUSTDOCFLAGS=--cap-lints=warn" "-w" "/opt/rustwide/workdir" "--user" "0:0" "61f19e4ea5f2663b53c3d1eb4fbbfb75495b55fc899466a17eeba9d93e066fbb" "/opt/rustwide/cargo-home/bin/cargo" "+1.99.0-beta.8" "test" "--frozen" "--no-run" "--message-format=json", kill_on_drop: false }`
[INFO] [stderr]    Compiling getrandom v0.3.4
[INFO] [stderr]    Compiling regex-automata v0.4.18
[INFO] [stderr]    Compiling tracing v0.1.44
[INFO] [stderr]    Compiling generator v0.8.9
[INFO] [stderr]    Compiling getrandom v0.4.3
[INFO] [stderr]    Compiling alloca v0.4.0
[INFO] [stderr]    Compiling either v1.17.0
[INFO] [stderr]    Compiling clap_builder v4.6.6
[INFO] [stderr]    Compiling rand_core v0.9.5
[INFO] [stderr]    Compiling tempfile v3.27.0
[INFO] [stderr]    Compiling ppv-lite86 v0.2.21
[INFO] [stderr]    Compiling wait-timeout v0.2.1
[INFO] [stderr]    Compiling itertools v0.13.0
[INFO] [stderr]    Compiling rand v0.9.5
[INFO] [stderr]    Compiling rand_xorshift v0.4.0
[INFO] [stderr]    Compiling rusty-fork v0.3.1
[INFO] [stderr]    Compiling rand_chacha v0.9.0
[INFO] [stderr]    Compiling tinytemplate v1.2.1
[INFO] [stderr]    Compiling page_size v0.6.0
[INFO] [stderr]    Compiling segment-buffer v0.6.0 (/opt/rustwide/workdir)
[INFO] [stderr]    Compiling proptest v1.11.0
[INFO] [stderr]    Compiling criterion-plot v0.8.2
[INFO] [stderr]    Compiling clap v4.6.6
[INFO] [stderr]    Compiling matchers v0.2.0
[INFO] [stderr]    Compiling regex v1.13.1
[INFO] [stderr]    Compiling tracing-subscriber v0.3.23
[INFO] [stderr]    Compiling criterion v0.8.2
[INFO] [stderr]    Compiling loom v0.7.2
[INFO] [stderr]     Finished `test` profile [unoptimized + debuginfo] target(s) in 49.05s
[INFO] running `Command { std: "docker" "inspect" "61f19e4ea5f2663b53c3d1eb4fbbfb75495b55fc899466a17eeba9d93e066fbb", kill_on_drop: false }`
[INFO] running `Command { std: "docker" "exec" "-e" "SOURCE_DIR=/opt/rustwide/workdir" "-e" "CARGO_HOME=/opt/rustwide/cargo-home" "-e" "RUSTUP_HOME=/opt/rustwide/rustup-home" "-e" "CARGO_TARGET_DIR=/opt/rustwide/target" "-e" "CARGO_INCREMENTAL=0" "-e" "RUST_BACKTRACE=full" "-e" "RUSTFLAGS=--cap-lints=warn" "-e" "RUSTDOCFLAGS=--cap-lints=warn" "-w" "/opt/rustwide/workdir" "--user" "0:0" "61f19e4ea5f2663b53c3d1eb4fbbfb75495b55fc899466a17eeba9d93e066fbb" "/opt/rustwide/cargo-home/bin/cargo" "+1.99.0-beta.8" "test" "--frozen", kill_on_drop: false }`
[INFO] [stderr]     Finished `test` profile [unoptimized + debuginfo] target(s) in 0.22s
[INFO] [stderr]      Running unittests src/lib.rs (/opt/rustwide/target/debug/deps/segment_buffer-b5dc28b6cb2ba38b)
[INFO] [stdout] 
[INFO] [stdout] running 148 tests
[INFO] [stdout] test property_tests::compute_store_pressure_zero_max_returns_zero ... ok
[INFO] [stdout] test property_tests::compute_store_pressure_monotone_in_bytes ... ok
[INFO] [stdout] test property_tests::batch_or_interval_min_flush_decision_matches_spec ... ok
[INFO] [stdout] test property_tests::compute_store_pressure_always_in_unit_range ... ok
[INFO] [stdout] test property_tests::compute_store_pressure_saturates_at_one ... ok
[INFO] [stdout] test property_tests::filename_parse_roundtrip ... ok
[INFO] [stdout] test property_tests::envelope_wrap_unwrap_identity ... ok
[INFO] [stdout] test property_tests::encode_decode_payload_roundtrip ... ok
[INFO] [stdout] test property_tests::delete_acked_concurrent_overlapping_no_double_count ... ok
[INFO] [stdout] test property_tests::for_each_from_invariant_under_concurrent_delete_acked ... ok
[INFO] [stdout] test property_tests::parse_filename_never_panics ... ok
[INFO] [stdout] test property_tests::parsed_range_round_trips_through_filename ... ok
[INFO] [stdout] test property_tests::percentile_of_sorted_all_equal_returns_that_value ... ok
[INFO] [stdout] test property_tests::iter_from_invariant_under_concurrent_flush_and_delete ... ok
[INFO] [stdout] test property_tests::percentile_of_sorted_boundaries ... ok
[INFO] [stdout] test property_tests::percentile_of_sorted_matches_nearest_rank_for_all_pct ... ok
[INFO] [stdout] test property_tests::percentile_of_sorted_empty_returns_zero ... ok
[INFO] [stdout] test property_tests::percentile_of_sorted_returns_an_actual_element ... ok
[INFO] [stdout] test property_tests::for_each_from_invariant_under_concurrent_flush ... ok
[INFO] [stdout] test property_tests::corrupted_segment_read_never_panics ... ok
[INFO] [stdout] test property_tests::read_from_invariant_under_concurrent_delete_acked ... ok
[INFO] [stdout] test property_tests::read_from_invariant_under_concurrent_delete_acked_and_flush ... ok
[INFO] [stdout] test property_tests::delete_acked_pending_count_monotone_nonincreasing ... ok
[INFO] [stdout] test property_tests::append_all_assigns_contiguous_sequences_across_batches ... ok
[INFO] [stdout] test property_tests::flush_policy_manual_never_auto_flushes ... ok
[INFO] [stdout] test property_tests::read_from_invariant_under_concurrent_flush ... ok
[INFO] [stdout] test property_tests::for_each_from_visits_same_items_as_read_from ... ok
[INFO] [stdout] test property_tests::read_from_correct_with_disk_memory_split ... ok
[INFO] [stdout] test property_tests::segment_size_stats_matches_directory ... ok
[INFO] [stdout] test tests::append_all_assigns_contiguous_sequences ... ok
[INFO] [stdout] test tests::append_all_auto_flush_increments_segment_count ... ok
[INFO] [stdout] test tests::append_all_empty_iterator_is_noop ... ok
[INFO] [stdout] test tests::append_all_visibly_cheaper_lock_count_than_loop_append ... ok
[INFO] [stdout] test tests::append_and_flush ... ok
[INFO] [stdout] test tests::auto_flush_at_batch_threshold ... ok
[INFO] [stdout] test tests::batch_or_interval_flushes_after_interval ... ok
[INFO] [stdout] test tests::batch_or_interval_min_flushes_at_batch_size ... ok
[INFO] [stdout] test tests::batch_or_interval_min_flushes_at_max_interval ... ok
[INFO] [stdout] test tests::batch_or_interval_min_flushes_at_min_batch ... ok
[INFO] [stdout] test tests::batch_or_interval_min_max_equals_interval_ignores_min_batch ... ok
[INFO] [stdout] test tests::batch_or_interval_min_min_batch_equals_batch_size ... ok
[INFO] [stdout] test tests::batch_or_interval_min_min_batch_zero_always_flushes_at_interval ... ok
[INFO] [stdout] test tests::batch_or_interval_min_suppresses_small_flush ... ok
[INFO] [stdout] test tests::buffer_stats_display_formats_all_fields ... ok
[INFO] [stdout] test tests::cipher_error_msg_display_format ... ok
[INFO] [stdout] test tests::concurrency_4_writers_1_reader_10k_events ... ok
[INFO] [stdout] test tests::concurrency_batch_or_interval_min_4_writers_10k_events ... ok
[INFO] [stdout] test tests::concurrent_read_and_delete_never_corrupts ... ok
[INFO] [stdout] test tests::concurrent_read_and_flush_never_corrupts ... ok
[INFO] [stdout] test tests::config_accessor_returns_opened_config ... ok
[INFO] [stdout] test tests::corrupted_zstd_segment_returns_error_not_panic ... ok
[INFO] [stdout] test tests::crash_recovery_cleans_tmp_files ... ok
[INFO] [stdout] test tests::crash_recovery_from_segments ... ok
[INFO] [stdout] test tests::crash_recovery_loses_unflushed_events ... ok
[INFO] [stdout] test tests::debug_impl_formats_cleanly ... ok
[INFO] [stdout] test tests::delete_acked_all ... ok
[INFO] [stdout] test tests::delete_acked_removes_segments ... ok
[INFO] [stdout] test tests::delete_acked_with_unflushed_pending_keeps_backlog_honest ... ok
[INFO] [stdout] test tests::durability_policy_all_policies_recover_after_reopen ... ok
[INFO] [stdout] test tests::durability_policy_builder_roundtrip ... ok
[INFO] [stdout] test tests::durability_policy_default_is_throughput ... ok
[INFO] [stdout] test tests::durability_policy_display_formats_each_variant ... ok
[INFO] [stdout] test tests::durability_policy_maximal_roundtrip ... ok
[INFO] [stdout] test tests::durability_policy_segment_roundtrip ... ok
[INFO] [stdout] test tests::durability_policy_throughput_roundtrip ... ok
[INFO] [stdout] test tests::envelope_detection_requires_zero_reserved_bytes ... ok
[INFO] [stdout] test tests::enveloped_file_roundtrips_and_carries_magic ... ok
[INFO] [stdout] test tests::external_segment_removal_invalidates_scan_cache ... ok
[INFO] [stdout] test property_tests::read_from_all_visible_after_flush_from_split ... ok
[INFO] [stdout] test tests::flock_creates_lock_sidecar_file ... ok
[INFO] [stdout] test tests::flock_locks_are_per_directory ... ok
[INFO] [stdout] test tests::flock_open_after_drop_succeeds ... ok
[INFO] [stdout] test tests::flush_policy_display_formats_each_variant ... ok
[INFO] [stdout] test tests::flush_policy_validate_accepts_all_valid_variants ... ok
[INFO] [stdout] test tests::flock_second_open_returns_locked_error ... ok
[INFO] [stdout] test tests::flush_policy_validate_accepts_boundary_values ... ok
[INFO] [stdout] test tests::flush_policy_validate_rejects_min_batch_exceeding_batch_size - should panic ... ok
[INFO] [stdout] test tests::flush_policy_validate_rejects_interval_exceeding_max_interval - should panic ... ok
[INFO] [stdout] test tests::for_each_from_allows_reentrant_mutation ... ok
[INFO] [stdout] test tests::flush_preserves_unflushed_capacity_for_next_batch ... ok
[INFO] [stdout] test tests::for_each_from_allows_reentry_without_deadlock ... ok
[INFO] [stdout] test tests::for_each_from_usable_after_panicking_callback ... ok
[INFO] [stdout] test tests::is_overloaded_false_at_or_below_90_percent ... ok
[INFO] [stdout] test tests::is_overloaded_true_above_90_percent ... ok
[INFO] [stdout] test tests::iter_from_limit_zero_returns_empty ... ok
[INFO] [stdout] test tests::iter_from_chains_with_iterator_combinators ... ok
[INFO] [stdout] test tests::iter_from_respects_limit ... ok
[INFO] [stdout] test tests::iter_from_start_seq_skips_already_read_items ... ok
[INFO] [stdout] test tests::iter_from_yields_seq_item_pairs ... ok
[INFO] [stdout] test tests::latest_sequence ... ok
[INFO] [stdout] test tests::legacy_envelopeless_file_still_reads ... ok
[INFO] [stdout] test tests::parse_filename_roundtrip ... ok
[INFO] [stdout] test tests::mtime_probe_returns_true_on_real_filesystem ... ok
[INFO] [stdout] test tests::percentile_of_sorted_empty_returns_zero ... ok
[INFO] [stdout] test tests::percentile_of_sorted_is_monotonically_nondecreasing_in_pct ... ok
[INFO] [stdout] test tests::percentile_of_sorted_pct_hundred_returns_maximum ... ok
[INFO] [stdout] test tests::percentile_of_sorted_pct_zero_returns_minimum ... ok
[INFO] [stdout] test tests::percentile_of_sorted_single_element_returns_it_for_all_pct ... ok
[INFO] [stdout] test tests::path_accessor_returns_directory ... ok
[INFO] [stdout] test tests::read_from_partial_segment ... ok
[INFO] [stdout] test tests::read_from_returns_flushed_events ... ok
[INFO] [stdout] test tests::read_from_with_limit ... ok
[INFO] [stdout] test tests::read_includes_pending_events ... ok
[INFO] [stdout] test tests::roundtrip_preserves_event_data ... ok
[INFO] [stdout] test tests::segment_config_builder_is_clone ... ok
[INFO] [stdout] test tests::segment_config_display_masks_cipher ... ok
[INFO] [stdout] test tests::segment_config_is_clone ... ok
[INFO] [stdout] test tests::segment_config_partial_eq_cipher_different_arcs_not_equal ... ok
[INFO] [stdout] test tests::segment_config_partial_eq_cipher_none_vs_some_not_equal ... ok
[INFO] [stdout] test tests::segment_config_partial_eq_cipher_same_arc_is_equal ... ok
[INFO] [stdout] test tests::segment_config_partial_eq_different_fields ... FAILED
[INFO] [stdout] test tests::segment_config_partial_eq_different_flush_policy ... ok
[INFO] [stdout] test tests::segment_config_partial_eq_matching_defaults ... ok
[INFO] [stdout] test tests::scan_cache_toctou_mtime_guard_forces_rescan_after_mid_scan_rename ... ok
[INFO] [stdout] test tests::segment_count_increments_on_flush ... ok
[INFO] [stdout] test tests::segment_count_decrements_on_delete_acked ... ok
[INFO] [stdout] test tests::segment_count_recalibrated_by_sync_disk_bytes ... ok
[INFO] [stdout] test tests::segment_count_recovered_on_reopen ... ok
[INFO] [stdout] test tests::segment_count_tracks_multiple_flushes ... ok
[INFO] [stdout] test tests::segment_count_zero_on_fresh_buffer ... ok
[INFO] [stdout] test tests::segment_error_cbor_display_format ... ok
[INFO] [stdout] test tests::segment_error_cipher_display_format ... ok
[INFO] [stdout] test tests::segment_error_integrity_display_format ... ok
[INFO] [stdout] test tests::segment_error_io_display_format_no_path ... ok
[INFO] [stdout] test tests::segment_error_io_display_format_with_dir_site ... ok
[INFO] [stdout] test tests::segment_error_io_display_format_with_segment_path ... ok
[INFO] [stdout] test tests::segment_error_io_with_path_attaches_path ... ok
[INFO] [stdout] test tests::segment_error_with_dir_upgrades_unknown_to_dir ... ok
[INFO] [stdout] test tests::segment_error_with_path_leaves_segment_alone ... ok
[INFO] [stdout] test tests::segment_error_with_path_upgrades_unknown_to_segment ... ok
[INFO] [stdout] test tests::segment_size_stats_all_zero_when_nothing_flushed ... ok
[INFO] [stdout] test tests::segment_size_stats_count_and_mean_consistent_after_sync ... ok
[INFO] [stdout] test tests::segment_count_stress_4_writers_2_deleters ... ok
[INFO] [stdout] test tests::segment_size_stats_matches_manual_recompute_and_percentiles ... ok
[INFO] [stdout] test tests::segment_size_stats_reflects_delete_acked ... ok
[INFO] [stdout] test tests::segment_size_stats_single_segment_all_fields_equal ... ok
[INFO] [stdout] test tests::store_pressure_bounded_at_1_0_when_disk_exceeds_limit ... ok
[INFO] [stdout] test tests::store_pressure_returns_0_when_no_limit ... ok
[INFO] [stdout] test tests::segment_size_stats_safe_under_concurrent_flush_and_delete ... ok
[INFO] [stdout] test property_tests::recovery_over_arbitrary_directory_never_panics ... ok
[INFO] [stdout] test tests::sync_disk_bytes_recovers_after_external_truncation ... ok
[INFO] [stdout] test tests::stress_8_writers_2_readers_throughput ... ok
[INFO] [stdout] test tests::stress_8_writers_4_readers_latency_histogram ... ok
[INFO] [stdout] test property_tests::read_from_limit_monotone ... ok
[INFO] [stdout] test property_tests::publish_disk_stats_matches_reality_after_sync_and_recover ... ok
[INFO] [stdout] test property_tests::sync_disk_bytes_matches_actual_disk_usage ... ok
[INFO] [stdout] test property_tests::segment_count_matches_disk_across_flush_delete_ops ... ok
[INFO] [stdout] test property_tests::read_from_surviving_items_correct_after_delete ... ok
[INFO] [stdout] 
[INFO] [stdout] failures:
[INFO] [stdout] 
[INFO] [stdout] ---- tests::segment_config_partial_eq_different_fields stdout ----
[INFO] [stdout] 
[INFO] [stdout] thread 'tests::segment_config_partial_eq_different_fields' (1540) panicked at src/tests.rs:1343:5:
[INFO] [stdout] assertion `left != right` failed: different durability must not be equal
[INFO] [stdout]   left: SegmentConfig { flush_policy: BatchOrInterval { batch_size: 256, interval: 5s }, max_size_bytes: 10737418240, compression_level: 1, durability: Throughput, cipher: None }
[INFO] [stdout]  right: SegmentConfig { flush_policy: BatchOrInterval { batch_size: 256, interval: 5s }, max_size_bytes: 10737418240, compression_level: 1, durability: Throughput, cipher: None }
[INFO] [stdout] stack backtrace:
[INFO] [stdout]    0:     0x5a58de97e461 - std[70759c8f55707aa4]::backtrace_rs::backtrace::libunwind::trace
[INFO] [stdout]                                at /rustc/dfb0accb7f508ae8be965d8629557221c889dd98/library/std/src/../../backtrace/src/backtrace/libunwind.rs:117:9
[INFO] [stdout]    1:     0x5a58de97e461 - std[70759c8f55707aa4]::backtrace_rs::backtrace::trace_unsynchronized::<std[70759c8f55707aa4]::sys::backtrace::_print_fmt::{closure#1}>
[INFO] [stdout]                                at /rustc/dfb0accb7f508ae8be965d8629557221c889dd98/library/std/src/../../backtrace/src/backtrace/mod.rs:66:14
[INFO] [stdout]    2:     0x5a58de97e461 - std[70759c8f55707aa4]::sys::backtrace::_print_fmt
[INFO] [stdout]                                at /rustc/dfb0accb7f508ae8be965d8629557221c889dd98/library/std/src/sys/backtrace.rs:74:9
[INFO] [stdout]    3:     0x5a58de97e461 - <<std[70759c8f55707aa4]::sys::backtrace::BacktraceLock>::print::DisplayBacktrace as core[df12db4294e9bfd3]::fmt::Display>::fmt
[INFO] [stdout]                                at /rustc/dfb0accb7f508ae8be965d8629557221c889dd98/library/std/src/sys/backtrace.rs:44:26
[INFO] [stdout]    4:     0x5a58de99497a - <core[df12db4294e9bfd3]::fmt::rt::Argument>::fmt
[INFO] [stdout]                                at /rustc/dfb0accb7f508ae8be965d8629557221c889dd98/library/core/src/fmt/rt.rs:152:76
[INFO] [stdout]    5:     0x5a58de99497a - core[df12db4294e9bfd3]::fmt::write
[INFO] [stdout]    6:     0x5a58de98307c - core[df12db4294e9bfd3]::io::write::default_write_fmt::<alloc[2182bb758b4b3781]::vec::Vec<u8>>
[INFO] [stdout]                                at /rustc/dfb0accb7f508ae8be965d8629557221c889dd98/library/core/src/io/write.rs:402:11
[INFO] [stdout]    7:     0x5a58de98307c - <alloc[2182bb758b4b3781]::vec::Vec<u8> as core[df12db4294e9bfd3]::io::write::Write>::write_fmt
[INFO] [stdout]                                at /rustc/dfb0accb7f508ae8be965d8629557221c889dd98/library/core/src/io/write.rs:335:13
[INFO] [stdout]    8:     0x5a58de957906 - <std[70759c8f55707aa4]::sys::backtrace::BacktraceLock>::print
[INFO] [stdout]                                at /rustc/dfb0accb7f508ae8be965d8629557221c889dd98/library/std/src/sys/backtrace.rs:47:9
[INFO] [stdout]    9:     0x5a58de957906 - std[70759c8f55707aa4]::panicking::default_hook::{closure#0}
[INFO] [stdout]                                at /rustc/dfb0accb7f508ae8be965d8629557221c889dd98/library/std/src/panicking.rs:292:27
[INFO] [stdout]   10:     0x5a58de975659 - std[70759c8f55707aa4]::panicking::default_hook
[INFO] [stdout]                                at /rustc/dfb0accb7f508ae8be965d8629557221c889dd98/library/std/src/panicking.rs:316:9
[INFO] [stdout]   11:     0x5a58de80b2a0 - <alloc[2182bb758b4b3781]::boxed::Box<dyn for<'a, 'b> core[df12db4294e9bfd3]::ops::function::Fn<(&'a std[70759c8f55707aa4]::panic::PanicHookInfo<'b>,), Output = ()> + core[df12db4294e9bfd3]::marker::Send + core[df12db4294e9bfd3]::marker::Sync> as core[df12db4294e9bfd3]::ops::function::Fn<(&std[70759c8f55707aa4]::panic::PanicHookInfo,)>>::call
[INFO] [stdout]                                at /rustc/dfb0accb7f508ae8be965d8629557221c889dd98/library/alloc/src/boxed.rs:2334:9
[INFO] [stdout]   12:     0x5a58de80b2a0 - test[9d35eded1c95d3be]::test_main_inner::<test[9d35eded1c95d3be]::test_main_static::{closure#0}>::{closure#0}
[INFO] [stdout]                                at /rustc/dfb0accb7f508ae8be965d8629557221c889dd98/library/test/src/lib.rs:155:21
[INFO] [stdout]   13:     0x5a58de975982 - <alloc[2182bb758b4b3781]::boxed::Box<dyn for<'a, 'b> core[df12db4294e9bfd3]::ops::function::Fn<(&'a std[70759c8f55707aa4]::panic::PanicHookInfo<'b>,), Output = ()> + core[df12db4294e9bfd3]::marker::Send + core[df12db4294e9bfd3]::marker::Sync> as core[df12db4294e9bfd3]::ops::function::Fn<(&std[70759c8f55707aa4]::panic::PanicHookInfo,)>>::call
[INFO] [stdout]                                at /rustc/dfb0accb7f508ae8be965d8629557221c889dd98/library/alloc/src/boxed.rs:2334:9
[INFO] [stdout]   14:     0x5a58de975982 - std[70759c8f55707aa4]::panicking::panic_with_hook
[INFO] [stdout]                                at /rustc/dfb0accb7f508ae8be965d8629557221c889dd98/library/std/src/panicking.rs:823:13
[INFO] [stdout]   15:     0x5a58de9579b2 - std[70759c8f55707aa4]::panicking::panic_handler::{closure#0}
[INFO] [stdout]                                at /rustc/dfb0accb7f508ae8be965d8629557221c889dd98/library/std/src/panicking.rs:688:13
[INFO] [stdout]   16:     0x5a58de950359 - std[70759c8f55707aa4]::sys::backtrace::__rust_end_short_backtrace::<std[70759c8f55707aa4]::panicking::panic_handler::{closure#0}, !>
[INFO] [stdout]                                at /rustc/dfb0accb7f508ae8be965d8629557221c889dd98/library/std/src/sys/backtrace.rs:182:18
[INFO] [stdout]   17:     0x5a58de95869d - __rustc[8fa7c3cbc660c2b3]::rust_begin_unwind
[INFO] [stdout]                                at /rustc/dfb0accb7f508ae8be965d8629557221c889dd98/library/std/src/panicking.rs:679:5
[INFO] [stdout]   18:     0x5a58de99521c - core[df12db4294e9bfd3]::panicking::panic_fmt
[INFO] [stdout]                                at /rustc/dfb0accb7f508ae8be965d8629557221c889dd98/library/core/src/panicking.rs:80:14
[INFO] [stdout]   19:     0x5a58de995113 - core[df12db4294e9bfd3]::panicking::assert_failed_inner
[INFO] [stdout]                                at /rustc/dfb0accb7f508ae8be965d8629557221c889dd98/library/core/src/panicking.rs:447:23
[INFO] [stdout]   20:     0x5a58de5fd271 - core[df12db4294e9bfd3]::panicking::assert_failed::<segment_buffer[6fc2a1462918d3b8]::SegmentConfig, segment_buffer[6fc2a1462918d3b8]::SegmentConfig>
[INFO] [stdout]                                at /rustc/dfb0accb7f508ae8be965d8629557221c889dd98/library/core/src/panicking.rs:407:5
[INFO] [stdout]   21:     0x5a58de568894 - segment_buffer[6fc2a1462918d3b8]::tests::segment_config_partial_eq_different_fields
[INFO] [stdout]                                at /opt/rustwide/workdir/src/tests.rs:1343:5
[INFO] [stdout]   22:     0x5a58de54edd7 - segment_buffer[6fc2a1462918d3b8]::tests::segment_config_partial_eq_different_fields::{closure#0}
[INFO] [stdout]                                at /opt/rustwide/workdir/src/tests.rs:1327:48
[INFO] [stdout]   23:     0x5a58de5e1906 - <segment_buffer[6fc2a1462918d3b8]::tests::segment_config_partial_eq_different_fields::{closure#0} as core[df12db4294e9bfd3]::ops::function::FnOnce<()>>::call_once
[INFO] [stdout]                                at /rustc/dfb0accb7f508ae8be965d8629557221c889dd98/library/core/src/ops/function.rs:250:5
[INFO] [stdout]   24:     0x5a58de7fe58b - <fn() -> core[df12db4294e9bfd3]::result::Result<(), alloc[2182bb758b4b3781]::string::String> as core[df12db4294e9bfd3]::ops::function::FnOnce<()>>::call_once
[INFO] [stdout]                                at /rustc/dfb0accb7f508ae8be965d8629557221c889dd98/library/core/src/ops/function.rs:250:5
[INFO] [stdout]   25:     0x5a58de7fe58b - test[9d35eded1c95d3be]::__rust_begin_short_backtrace::<core[df12db4294e9bfd3]::result::Result<(), alloc[2182bb758b4b3781]::string::String>, fn() -> core[df12db4294e9bfd3]::result::Result<(), alloc[2182bb758b4b3781]::string::String>>
[INFO] [stdout]                                at /rustc/dfb0accb7f508ae8be965d8629557221c889dd98/library/test/src/lib.rs:733:18
[INFO] [stdout]   26:     0x5a58de80bbf5 - test[9d35eded1c95d3be]::run_test_in_process::{closure#0}
[INFO] [stdout]                                at /rustc/dfb0accb7f508ae8be965d8629557221c889dd98/library/test/src/lib.rs:756:74
[INFO] [stdout]   27:     0x5a58de80bbf5 - <core[df12db4294e9bfd3]::panic::unwind_safe::AssertUnwindSafe<test[9d35eded1c95d3be]::run_test_in_process::{closure#0}> as core[df12db4294e9bfd3]::ops::function::FnOnce<()>>::call_once
[INFO] [stdout]                                at /rustc/dfb0accb7f508ae8be965d8629557221c889dd98/library/core/src/panic/unwind_safe.rs:275:9
[INFO] [stdout]   28:     0x5a58de80bbf5 - std[70759c8f55707aa4]::panicking::catch_unwind::do_call::<core[df12db4294e9bfd3]::panic::unwind_safe::AssertUnwindSafe<test[9d35eded1c95d3be]::run_test_in_process::{closure#0}>, core[df12db4294e9bfd3]::result::Result<(), alloc[2182bb758b4b3781]::string::String>>
[INFO] [stdout]                                at /rustc/dfb0accb7f508ae8be965d8629557221c889dd98/library/std/src/panicking.rs:576:43
[INFO] [stdout]   29:     0x5a58de80bbf5 - std[70759c8f55707aa4]::panicking::catch_unwind::<core[df12db4294e9bfd3]::result::Result<(), alloc[2182bb758b4b3781]::string::String>, core[df12db4294e9bfd3]::panic::unwind_safe::AssertUnwindSafe<test[9d35eded1c95d3be]::run_test_in_process::{closure#0}>>
[INFO] [stdout]                                at /rustc/dfb0accb7f508ae8be965d8629557221c889dd98/library/std/src/panicking.rs:544:19
[INFO] [stdout]   30:     0x5a58de80bbf5 - std[70759c8f55707aa4]::panic::catch_unwind::<core[df12db4294e9bfd3]::panic::unwind_safe::AssertUnwindSafe<test[9d35eded1c95d3be]::run_test_in_process::{closure#0}>, core[df12db4294e9bfd3]::result::Result<(), alloc[2182bb758b4b3781]::string::String>>
[INFO] [stdout]                                at /rustc/dfb0accb7f508ae8be965d8629557221c889dd98/library/std/src/panic.rs:359:14
[INFO] [stdout]   31:     0x5a58de80bbf5 - test[9d35eded1c95d3be]::run_test_in_process
[INFO] [stdout]                                at /rustc/dfb0accb7f508ae8be965d8629557221c889dd98/library/test/src/lib.rs:756:27
[INFO] [stdout]   32:     0x5a58de80bbf5 - test[9d35eded1c95d3be]::run_test::{closure#0}
[INFO] [stdout]                                at /rustc/dfb0accb7f508ae8be965d8629557221c889dd98/library/test/src/lib.rs:677:43
[INFO] [stdout]   33:     0x5a58de8054b4 - test[9d35eded1c95d3be]::run_test::{closure#1}
[INFO] [stdout]                                at /rustc/dfb0accb7f508ae8be965d8629557221c889dd98/library/test/src/lib.rs:707:41
[INFO] [stdout]   34:     0x5a58de8054b4 - std[70759c8f55707aa4]::sys::backtrace::__rust_begin_short_backtrace::<test[9d35eded1c95d3be]::run_test::{closure#1}, ()>
[INFO] [stdout]                                at /rustc/dfb0accb7f508ae8be965d8629557221c889dd98/library/std/src/sys/backtrace.rs:166:18
[INFO] [stdout]   35:     0x5a58de80ed52 - std[70759c8f55707aa4]::thread::lifecycle::spawn_unchecked::<test[9d35eded1c95d3be]::run_test::{closure#1}, ()>::{closure#1}::{closure#0}
[INFO] [stdout]                                at /rustc/dfb0accb7f508ae8be965d8629557221c889dd98/library/std/src/thread/lifecycle.rs:70:13
[INFO] [stdout]   36:     0x5a58de80ed52 - <core[df12db4294e9bfd3]::panic::unwind_safe::AssertUnwindSafe<std[70759c8f55707aa4]::thread::lifecycle::spawn_unchecked<test[9d35eded1c95d3be]::run_test::{closure#1}, ()>::{closure#1}::{closure#0}> as core[df12db4294e9bfd3]::ops::function::FnOnce<()>>::call_once
[INFO] [stdout]                                at /rustc/dfb0accb7f508ae8be965d8629557221c889dd98/library/core/src/panic/unwind_safe.rs:275:9
[INFO] [stdout]   37:     0x5a58de80ed52 - std[70759c8f55707aa4]::panicking::catch_unwind::do_call::<core[df12db4294e9bfd3]::panic::unwind_safe::AssertUnwindSafe<std[70759c8f55707aa4]::thread::lifecycle::spawn_unchecked<test[9d35eded1c95d3be]::run_test::{closure#1}, ()>::{closure#1}::{closure#0}>, ()>
[INFO] [stdout]                                at /rustc/dfb0accb7f508ae8be965d8629557221c889dd98/library/std/src/panicking.rs:576:43
[INFO] [stdout]   38:     0x5a58de80ed52 - std[70759c8f55707aa4]::panicking::catch_unwind::<(), core[df12db4294e9bfd3]::panic::unwind_safe::AssertUnwindSafe<std[70759c8f55707aa4]::thread::lifecycle::spawn_unchecked<test[9d35eded1c95d3be]::run_test::{closure#1}, ()>::{closure#1}::{closure#0}>>
[INFO] [stdout]                                at /rustc/dfb0accb7f508ae8be965d8629557221c889dd98/library/std/src/panicking.rs:544:19
[INFO] [stdout]   39:     0x5a58de80ed52 - std[70759c8f55707aa4]::panic::catch_unwind::<core[df12db4294e9bfd3]::panic::unwind_safe::AssertUnwindSafe<std[70759c8f55707aa4]::thread::lifecycle::spawn_unchecked<test[9d35eded1c95d3be]::run_test::{closure#1}, ()>::{closure#1}::{closure#0}>, ()>
[INFO] [stdout]                                at /rustc/dfb0accb7f508ae8be965d8629557221c889dd98/library/std/src/panic.rs:359:14
[INFO] [stdout]   40:     0x5a58de80ed52 - std[70759c8f55707aa4]::thread::lifecycle::spawn_unchecked::<test[9d35eded1c95d3be]::run_test::{closure#1}, ()>::{closure#1}
[INFO] [stdout]                                at /rustc/dfb0accb7f508ae8be965d8629557221c889dd98/library/std/src/thread/lifecycle.rs:68:26
[INFO] [stdout]   41:     0x5a58de80ed52 - <std[70759c8f55707aa4]::thread::lifecycle::spawn_unchecked<test[9d35eded1c95d3be]::run_test::{closure#1}, ()>::{closure#1} as core[df12db4294e9bfd3]::ops::function::FnOnce<()>>::call_once::{shim:vtable#0}
[INFO] [stdout]                                at /rustc/dfb0accb7f508ae8be965d8629557221c889dd98/library/core/src/ops/function.rs:250:5
[INFO] [stdout]   42:     0x5a58de97d7e9 - <alloc[2182bb758b4b3781]::boxed::Box<dyn core[df12db4294e9bfd3]::ops::function::FnOnce<(), Output = ()> + core[df12db4294e9bfd3]::marker::Send> as core[df12db4294e9bfd3]::ops::function::FnOnce<()>>::call_once
[INFO] [stdout]                                at /rustc/dfb0accb7f508ae8be965d8629557221c889dd98/library/alloc/src/boxed.rs:2320:9
[INFO] [stdout]   43:     0x5a58de97d7e9 - <std[70759c8f55707aa4]::sys::thread::unix::Thread>::new::thread_start
[INFO] [stdout]                                at /rustc/dfb0accb7f508ae8be965d8629557221c889dd98/library/std/src/sys/thread/unix.rs:123:17
[INFO] [stdout]   44:     0x75d87d49bdfa - <unknown>
[INFO] [stdout]   45:     0x75d87d52f3d4 - clone
[INFO] [stdout]   46:                0x0 - <unknown>
[INFO] [stdout] 
[INFO] [stdout] 
[INFO] [stdout] failures:
[INFO] [stdout]     tests::segment_config_partial_eq_different_fields
[INFO] [stdout] 
[INFO] [stdout] test result: FAILED. 147 passed; 1 failed; 0 ignored; 0 measured; 0 filtered out; finished in 18.66s
[INFO] [stdout] 
[INFO] [stderr] error: test failed, to rerun pass `--lib`
[INFO] running `Command { std: "docker" "inspect" "61f19e4ea5f2663b53c3d1eb4fbbfb75495b55fc899466a17eeba9d93e066fbb", kill_on_drop: false }`
[INFO] running `Command { std: "docker" "rm" "-f" "61f19e4ea5f2663b53c3d1eb4fbbfb75495b55fc899466a17eeba9d93e066fbb", kill_on_drop: false }`
[INFO] [stdout] 61f19e4ea5f2663b53c3d1eb4fbbfb75495b55fc899466a17eeba9d93e066fbb
