[INFO] fetching crate secret_store 0.1.1...
[INFO] testing secret_store-0.1.1 against 1.100.0-beta.1 for beta-1.100-2
[INFO] extracting crate secret_store 0.1.1 into /workspace/builds/worker-1-tc2/source
[INFO] started tweaking crates.io crate secret_store 0.1.1
[INFO] finished tweaking crates.io crate secret_store 0.1.1
[INFO] tweaked toml for crates.io crate secret_store 0.1.1 written to /workspace/builds/worker-1-tc2/source/Cargo.toml
[INFO] validating manifest of crates.io crate secret_store 0.1.1 on toolchain 1.100.0-beta.1
[INFO] running `Command { std: CARGO_HOME="/workspace/cargo-home" RUSTUP_HOME="/workspace/rustup-home" "/workspace/cargo-home/bin/cargo" "+1.100.0-beta.1" "metadata" "--manifest-path" "Cargo.toml" "--no-deps", kill_on_drop: false }`
[INFO] crate crates.io crate secret_store 0.1.1 already has a lockfile, it will not be regenerated
[INFO] running `Command { std: CARGO_HOME="/workspace/cargo-home" RUSTUP_HOME="/workspace/rustup-home" "/workspace/cargo-home/bin/cargo" "+1.100.0-beta.1" "fetch" "--manifest-path" "Cargo.toml", kill_on_drop: false }`
[INFO] [stderr] warning: `package.homepage` is redundant with `package.repository`
[INFO] [stderr]    --> Cargo.toml:139:12
[INFO] [stderr]     |
[INFO] [stderr] 139 | homepage = "https://github.com/gabrieligbastos/secret-store-rs"
[INFO] [stderr]     |            ^^^^^^^^^^^^^^^^^^^^^^^^^^^^^^^^^^^^^^^^^^^^^^^^^^^^
[INFO] [stderr] ...
[INFO] [stderr] 145 | repository = "https://github.com/gabrieligbastos/secret-store-rs"
[INFO] [stderr]     |              ----------------------------------------------------
[INFO] [stderr]     |
[INFO] [stderr]     = note: `cargo::redundant_homepage` is set to `warn` by default
[INFO] [stderr] help: consider removing `package.homepage`
[INFO] [stderr] warning: `secret_store` (manifest) generated 1 warning
[INFO] running `Command { std: "docker" "create" "-v" "/var/lib/crater-agent-workspace/builds/worker-1-tc2/source:/opt/rustwide/workdir:ro,Z" "-v" "/var/lib/crater-agent-workspace/builds/worker-1-tc2/target:/opt/rustwide/target:rw,Z" "-v" "/var/lib/crater-agent-workspace/cargo-home:/opt/rustwide/cargo-home:ro,Z" "-v" "/var/lib/crater-agent-workspace/rustup-home:/opt/rustwide/rustup-home:ro,Z" "-m" "1610612736" "--network" "none" "ghcr.io/rust-lang/crates-build-env/linux@sha256:3111399a4047eeb3a02b7a90e478d715f38a8c6669b5c4b49d30a17385265909" "sleep" "infinity", kill_on_drop: false }`
[INFO] [stdout] 2d04d51942c68e583190413df1bbbd9d97bb1819c85c2f233d1f54fc9cc08167
[INFO] running `Command { std: "docker" "start" "2d04d51942c68e583190413df1bbbd9d97bb1819c85c2f233d1f54fc9cc08167", kill_on_drop: false }`
[INFO] running `Command { std: "docker" "inspect" "2d04d51942c68e583190413df1bbbd9d97bb1819c85c2f233d1f54fc9cc08167", kill_on_drop: false }`
[INFO] running `Command { std: "docker" "exec" "-e" "SOURCE_DIR=/opt/rustwide/workdir" "-e" "CARGO_HOME=/opt/rustwide/cargo-home" "-e" "RUSTUP_HOME=/opt/rustwide/rustup-home" "-e" "CARGO_TARGET_DIR=/opt/rustwide/target" "-w" "/opt/rustwide/workdir" "--user" "0:0" "2d04d51942c68e583190413df1bbbd9d97bb1819c85c2f233d1f54fc9cc08167" "/opt/rustwide/cargo-home/bin/cargo" "+1.100.0-beta.1" "metadata" "--no-deps" "--format-version=1", kill_on_drop: false }`
[INFO] running `Command { std: "docker" "inspect" "2d04d51942c68e583190413df1bbbd9d97bb1819c85c2f233d1f54fc9cc08167", kill_on_drop: false }`
[INFO] running `Command { std: "docker" "exec" "-e" "SOURCE_DIR=/opt/rustwide/workdir" "-e" "CARGO_HOME=/opt/rustwide/cargo-home" "-e" "RUSTUP_HOME=/opt/rustwide/rustup-home" "-e" "CARGO_TARGET_DIR=/opt/rustwide/target" "-e" "CARGO_INCREMENTAL=0" "-e" "RUST_BACKTRACE=full" "-e" "RUSTFLAGS=--cap-lints=warn" "-e" "RUSTDOCFLAGS=--cap-lints=warn" "-w" "/opt/rustwide/workdir" "--user" "0:0" "2d04d51942c68e583190413df1bbbd9d97bb1819c85c2f233d1f54fc9cc08167" "/opt/rustwide/cargo-home/bin/cargo" "+1.100.0-beta.1" "build" "--frozen" "--message-format=json", kill_on_drop: false }`
[INFO] [stderr] warning: `package.homepage` is redundant with `package.repository`
[INFO] [stderr]    --> Cargo.toml:139:12
[INFO] [stderr]     |
[INFO] [stderr] 139 | homepage = "https://github.com/gabrieligbastos/secret-store-rs"
[INFO] [stderr]     |            ^^^^^^^^^^^^^^^^^^^^^^^^^^^^^^^^^^^^^^^^^^^^^^^^^^^^
[INFO] [stderr] ...
[INFO] [stderr] 145 | repository = "https://github.com/gabrieligbastos/secret-store-rs"
[INFO] [stderr]     |              ----------------------------------------------------
[INFO] [stderr]     |
[INFO] [stderr]     = note: `cargo::redundant_homepage` is set to `warn` by default
[INFO] [stderr] help: consider removing `package.homepage`
[INFO] [stderr] warning: `secret_store` (manifest) generated 1 warning
[INFO] [stderr]    Compiling proc-macro2 v1.0.106
[INFO] [stderr]    Compiling unicode-ident v1.0.24
[INFO] [stderr]    Compiling quote v1.0.45
[INFO] [stderr]    Compiling serde_core v1.0.228
[INFO] [stderr]    Compiling autocfg v1.5.0
[INFO] [stderr]    Compiling libc v0.2.184
[INFO] [stderr]    Compiling parking_lot_core v0.9.12
[INFO] [stderr]    Compiling serde v1.0.228
[INFO] [stderr]    Compiling thiserror v2.0.18
[INFO] [stderr]    Compiling cfg-if v1.0.4
[INFO] [stderr]    Compiling smallvec v1.15.1
[INFO] [stderr]    Compiling scopeguard v1.2.0
[INFO] [stderr]    Compiling once_cell v1.21.4
[INFO] [stderr]    Compiling lock_api v0.4.14
[INFO] [stderr]    Compiling iana-time-zone v0.1.65
[INFO] [stderr]    Compiling num-traits v0.2.19
[INFO] [stderr]    Compiling tracing-core v0.1.36
[INFO] [stderr]    Compiling pin-project-lite v0.2.17
[INFO] [stderr]    Compiling syn v2.0.117
[INFO] [stderr]    Compiling parking_lot v0.12.3
[INFO] [stderr]    Compiling serde_derive v1.0.228
[INFO] [stderr]    Compiling tracing-attributes v0.1.31
[INFO] [stderr]    Compiling thiserror-impl v2.0.18
[INFO] [stderr]    Compiling async-trait v0.1.88
[INFO] [stderr]    Compiling tracing v0.1.44
[INFO] [stderr]    Compiling chrono v0.4.44
[INFO] [stderr]    Compiling secret_store v0.1.1 (/opt/rustwide/workdir)
[INFO] [stderr] warning: unused dependency `tracing`
[INFO] [stderr]   --> Cargo.toml:89:15
[INFO] [stderr]    |
[INFO] [stderr] 89 | [dependencies.tracing]
[INFO] [stderr]    |               ^^^^^^^^
[INFO] [stderr]    |
[INFO] [stderr]    = note: `cargo::unused_dependencies` is set to `warn` by default
[INFO] [stderr] help: consider removing the dependency on `tracing`
[INFO] [stderr] warning: `secret_store` (manifest) generated 1 warning
[INFO] [stderr]     Finished `dev` profile [unoptimized + debuginfo] target(s) in 24.28s
[INFO] running `Command { std: "docker" "inspect" "2d04d51942c68e583190413df1bbbd9d97bb1819c85c2f233d1f54fc9cc08167", kill_on_drop: false }`
[INFO] running `Command { std: "docker" "exec" "-e" "SOURCE_DIR=/opt/rustwide/workdir" "-e" "CARGO_HOME=/opt/rustwide/cargo-home" "-e" "RUSTUP_HOME=/opt/rustwide/rustup-home" "-e" "CARGO_TARGET_DIR=/opt/rustwide/target" "-e" "CARGO_INCREMENTAL=0" "-e" "RUST_BACKTRACE=full" "-e" "RUSTFLAGS=--cap-lints=warn" "-e" "RUSTDOCFLAGS=--cap-lints=warn" "-w" "/opt/rustwide/workdir" "--user" "0:0" "2d04d51942c68e583190413df1bbbd9d97bb1819c85c2f233d1f54fc9cc08167" "/opt/rustwide/cargo-home/bin/cargo" "+1.100.0-beta.1" "test" "--frozen" "--no-run" "--message-format=json", kill_on_drop: false }`
[INFO] [stderr] warning: `package.homepage` is redundant with `package.repository`
[INFO] [stderr]    --> Cargo.toml:139:12
[INFO] [stderr]     |
[INFO] [stderr] 139 | homepage = "https://github.com/gabrieligbastos/secret-store-rs"
[INFO] [stderr]     |            ^^^^^^^^^^^^^^^^^^^^^^^^^^^^^^^^^^^^^^^^^^^^^^^^^^^^
[INFO] [stderr] ...
[INFO] [stderr] 145 | repository = "https://github.com/gabrieligbastos/secret-store-rs"
[INFO] [stderr]     |              ----------------------------------------------------
[INFO] [stderr]     |
[INFO] [stderr]     = note: `cargo::redundant_homepage` is set to `warn` by default
[INFO] [stderr] help: consider removing `package.homepage`
[INFO] [stderr] warning: `secret_store` (manifest) generated 1 warning
[INFO] [stderr]    Compiling zmij v1.0.21
[INFO] [stderr]    Compiling mockall_derive v0.13.1
[INFO] [stderr]    Compiling predicates-core v1.0.10
[INFO] [stderr]    Compiling futures-core v0.3.32
[INFO] [stderr]    Compiling serde_json v1.0.149
[INFO] [stderr]    Compiling termtree v0.5.1
[INFO] [stderr]    Compiling anstyle v1.0.14
[INFO] [stderr]    Compiling tokio-macros v2.7.0
[INFO] [stderr]    Compiling predicates-tree v1.0.13
[INFO] [stderr]    Compiling fragile v2.1.0
[INFO] [stderr]    Compiling memchr v2.8.0
[INFO] [stderr]    Compiling predicates v3.1.4
[INFO] [stderr]    Compiling downcast v0.11.0
[INFO] [stderr]    Compiling itoa v1.0.18
[INFO] [stderr]    Compiling tokio v1.51.0
[INFO] [stderr]    Compiling mockall v0.13.1
[INFO] [stderr]    Compiling secret_store v0.1.1 (/opt/rustwide/workdir)
[INFO] [stderr] warning: unused dependency `tracing`
[INFO] [stderr]   --> Cargo.toml:89:15
[INFO] [stderr]    |
[INFO] [stderr] 89 | [dependencies.tracing]
[INFO] [stderr]    |               ^^^^^^^^
[INFO] [stderr]    |
[INFO] [stderr]    = note: `cargo::unused_dependencies` is set to `warn` by default
[INFO] [stderr] help: consider removing the dependency on `tracing`
[INFO] [stderr] warning: `secret_store` (manifest) generated 1 warning
[INFO] [stderr]     Finished `test` profile [unoptimized + debuginfo] target(s) in 12.70s
[INFO] running `Command { std: "docker" "inspect" "2d04d51942c68e583190413df1bbbd9d97bb1819c85c2f233d1f54fc9cc08167", kill_on_drop: false }`
[INFO] running `Command { std: "docker" "exec" "-e" "SOURCE_DIR=/opt/rustwide/workdir" "-e" "CARGO_HOME=/opt/rustwide/cargo-home" "-e" "RUSTUP_HOME=/opt/rustwide/rustup-home" "-e" "CARGO_TARGET_DIR=/opt/rustwide/target" "-e" "CARGO_INCREMENTAL=0" "-e" "RUST_BACKTRACE=full" "-e" "RUSTFLAGS=--cap-lints=warn" "-e" "RUSTDOCFLAGS=--cap-lints=warn" "-w" "/opt/rustwide/workdir" "--user" "0:0" "2d04d51942c68e583190413df1bbbd9d97bb1819c85c2f233d1f54fc9cc08167" "/opt/rustwide/cargo-home/bin/cargo" "+1.100.0-beta.1" "test" "--frozen", kill_on_drop: false }`
[INFO] [stderr] warning: `package.homepage` is redundant with `package.repository`
[INFO] [stderr]    --> Cargo.toml:139:12
[INFO] [stderr]     |
[INFO] [stderr] 139 | homepage = "https://github.com/gabrieligbastos/secret-store-rs"
[INFO] [stderr]     |            ^^^^^^^^^^^^^^^^^^^^^^^^^^^^^^^^^^^^^^^^^^^^^^^^^^^^
[INFO] [stderr] ...
[INFO] [stderr] 145 | repository = "https://github.com/gabrieligbastos/secret-store-rs"
[INFO] [stderr]     |              ----------------------------------------------------
[INFO] [stderr]     |
[INFO] [stderr]     = note: `cargo::redundant_homepage` is set to `warn` by default
[INFO] [stderr] help: consider removing `package.homepage`
[INFO] [stderr] warning: `secret_store` (manifest) generated 1 warning
[INFO] [stderr] warning: unused dependency `tracing`
[INFO] [stderr]   --> Cargo.toml:89:15
[INFO] [stderr]    |
[INFO] [stderr] 89 | [dependencies.tracing]
[INFO] [stderr]    |               ^^^^^^^^
[INFO] [stderr]    |
[INFO] [stderr]    = note: `cargo::unused_dependencies` is set to `warn` by default
[INFO] [stderr] help: consider removing the dependency on `tracing`
[INFO] [stderr] warning: `secret_store` (manifest) generated 1 warning
[INFO] [stderr]     Finished `test` profile [unoptimized + debuginfo] target(s) in 0.17s
[INFO] [stderr]      Running unittests src/lib.rs (/opt/rustwide/target/debug/build/secret_store/fb59ad2d8b4e6dc6/out/secret_store-fb59ad2d8b4e6dc6)
[INFO] [stdout] 
[INFO] [stdout] running 48 tests
[INFO] [stdout] test common::error::tests::auth_errors_are_correctly_identified ... ok
[INFO] [stdout] test common::error::tests::generic_error_display ... ok
[INFO] [stdout] test common::error::tests::not_found_display_includes_secret_name ... ok
[INFO] [stdout] test common::types::tests::secret_meta_display_includes_name ... ok
[INFO] [stdout] test common::types::tests::secret_meta_serde_roundtrip ... ok
[INFO] [stdout] test common::types::tests::secret_meta_new_has_none_fields ... ok
[INFO] [stdout] test common::types::tests::secret_value_display_is_redacted ... ok
[INFO] [stdout] test common::types::tests::secret_value_debug_is_redacted ... ok
[INFO] [stdout] test common::error::tests::not_implemented_display ... ok
[INFO] [stdout] test common::types::tests::secret_value_serde_roundtrip ... ok
[INFO] [stdout] test common::types::tests::secret_value_len_and_is_empty ... ok
[INFO] [stdout] test common::utils::tests::eight_chars_show_first_char ... ok
[INFO] [stdout] test common::utils::tests::empty_name_is_invalid ... ok
[INFO] [stdout] test common::utils::tests::empty_string_is_fully_masked ... ok
[INFO] [stdout] test common::utils::tests::four_chars_show_first_char ... ok
[INFO] [stdout] test common::error::tests::configuration_error_display ... ok
[INFO] [stdout] test common::utils::tests::name_with_spaces_is_invalid ... ok
[INFO] [stdout] test common::types::tests::secret_value_equality_uses_inner_value ... ok
[INFO] [stdout] test common::types::tests::secret_value_expose_returns_raw_value ... ok
[INFO] [stdout] test common::types::tests::secret_value_into_string_consumes_wrapper ... ok
[INFO] [stdout] test common::utils::tests::long_string_shows_first_three_and_last_three ... ok
[INFO] [stdout] test common::utils::tests::obfuscated_output_contains_mask_marker ... ok
[INFO] [stdout] test common::utils::tests::one_char_is_fully_masked ... ok
[INFO] [stdout] test common::utils::tests::three_chars_are_fully_masked ... ok
[INFO] [stdout] test common::error::tests::not_found_is_correctly_identified ... ok
[INFO] [stdout] test common::utils::tests::name_with_at_is_invalid ... ok
[INFO] [stdout] test common::utils::tests::name_with_slash_is_invalid ... ok
[INFO] [stdout] test common::utils::tests::nine_chars_show_first_two_and_last_one ... ok
[INFO] [stdout] test common::utils::tests::obfuscated_never_equals_original_for_non_trivial_secrets ... ok
[INFO] [stdout] test common::utils::tests::thirteen_chars_show_first_three_and_last_three ... ok
[INFO] [stdout] test common::utils::tests::twelve_chars_show_first_two_and_last_one ... ok
[INFO] [stdout] test memory::tests::get_missing_secret_returns_not_found ... ok
[INFO] [stdout] test memory::tests::display_shows_count ... ok
[INFO] [stdout] test memory::tests::get_existing_secret_returns_value ... ok
[INFO] [stdout] test memory::tests::get_returns_not_found_on_empty_store ... ok
[INFO] [stdout] test memory::tests::list_all_secrets_with_no_prefix ... ok
[INFO] [stdout] test memory::tests::list_secrets_empty_store_returns_empty_vec ... ok
[INFO] [stdout] test memory::tests::list_secrets_returns_empty_on_no_match ... ok
[INFO] [stdout] test common::utils::tests::valid_secret_names ... ok
[INFO] [stdout] test memory::tests::set_empty_value_is_accepted ... ok
[INFO] [stdout] test memory::tests::list_secrets_filters_by_prefix ... ok
[INFO] [stdout] test memory::tests::arc_wrapped_store_works_via_trait ... ok
[INFO] [stdout] test memory::tests::delete_existing_secret_removes_it ... ok
[INFO] [stdout] test memory::tests::set_overwrites_existing_secret ... ok
[INFO] [stdout] test memory::tests::delete_is_idempotent_second_call_returns_not_found ... ok
[INFO] [stdout] test memory::tests::delete_nonexistent_secret_returns_not_found ... ok
[INFO] [stdout] test memory::tests::set_then_get_roundtrip ... ok
[INFO] [stdout] test memory::tests::with_secrets_seeds_store_correctly ... ok
[INFO] [stdout] 
[INFO] [stdout] test result: ok. 48 passed; 0 failed; 0 ignored; 0 measured; 0 filtered out; finished in 0.02s
[INFO] [stdout] 
[INFO] [stderr]    Doc-tests secret_store
[INFO] [stdout] 
[INFO] [stdout] running 10 tests
[INFO] [stdout] test src/lib.rs - (line 44) - compile ... FAILED
[INFO] [stdout] test src/lib.rs - (line 94) - compile ... FAILED
[INFO] [stdout] test src/lib.rs - (line 62) - compile ... FAILED
[INFO] [stdout] test src/lib.rs - (line 112) ... ok
[INFO] [stdout] test src/lib.rs - DynSecretStore (line 226) ... ok
[INFO] [stdout] test src/lib.rs - (line 78) - compile ... FAILED
[INFO] [stdout] test src/lib.rs - SecretStore (line 169) ... ok
[INFO] [stdout] test src/common/utils.rs - common::utils::obfuscate_secret (line 11) ... ok
[INFO] [stdout] test src/lib.rs - (line 21) ... ok
[INFO] [stdout] test src/memory/mod.rs - memory::InMemory (line 24) ... ok
[INFO] [stdout] 
[INFO] [stdout] failures:
[INFO] [stdout] 
[INFO] [stdout] ---- src/lib.rs - (line 44) stdout ----
[INFO] [stdout] error[E0432]: unresolved import `secret_store::azure`
[INFO] [stdout]    --> src/lib.rs:46:19
[INFO] [stdout]     |
[INFO] [stdout]  46 | use secret_store::azure::KeyVaultBuilder;
[INFO] [stdout]     |                   ^^^^^ could not find `azure` in `secret_store`
[INFO] [stdout]     |
[INFO] [stdout] note: found an item that was configured out
[INFO] [stdout]    --> src/lib.rs:140:9
[INFO] [stdout]     |
[INFO] [stdout] 139 | #[cfg(feature = "azure")]
[INFO] [stdout]     |       ----------------- the item is gated behind the `azure` feature
[INFO] [stdout] 140 | pub mod azure;
[INFO] [stdout]     |         ^^^^^
[INFO] [stdout] 
[INFO] [stdout] warning: method call on a diverging inference variable
[INFO] [stdout]   --> src/lib.rs:56:11
[INFO] [stdout]    |
[INFO] [stdout] 56 |     store.set_secret("api-key", "s3cr3t").await?;
[INFO] [stdout]    |           ^^^^^^^^^^
[INFO] [stdout]    |
[INFO] [stdout]    = help: consider providing a type annotation
[INFO] [stdout]    = warning: this was previously accepted by the compiler but is being phased out; it will become a hard error in a future release!
[INFO] [stdout]    = note: for more information, see issue #156047 <https://github.com/rust-lang/rust/issues/156047>
[INFO] [stdout]    = note: `#[warn(method_call_on_diverging_infer_var)]` (part of `#[warn(future_incompatible)]`) on by default
[INFO] [stdout] 
[INFO] [stdout] error[E0599]: no method named `set_secret` found for type `!` in the current scope
[INFO] [stdout]   --> src/lib.rs:56:11
[INFO] [stdout]    |
[INFO] [stdout] 56 |     store.set_secret("api-key", "s3cr3t").await?;
[INFO] [stdout]    |           ^^^^^^^^^^ method not found in `!`
[INFO] [stdout] 
[INFO] [stdout] error: aborting due to 2 previous errors; 1 warning emitted
[INFO] [stdout] 
[INFO] [stdout] Some errors have detailed explanations: E0432, E0599.
[INFO] [stdout] For more information about an error, try `rustc --explain E0432`.
[INFO] [stdout] Couldn't compile the test.
[INFO] [stdout] ---- src/lib.rs - (line 94) stdout ----
[INFO] [stdout] error[E0432]: unresolved import `secret_store::http`
[INFO] [stdout]    --> src/lib.rs:96:19
[INFO] [stdout]     |
[INFO] [stdout]  96 | use secret_store::http::HttpSecretStoreBuilder;
[INFO] [stdout]     |                   ^^^^ could not find `http` in `secret_store`
[INFO] [stdout]     |
[INFO] [stdout] note: found an item that was configured out
[INFO] [stdout]    --> src/lib.rs:149:9
[INFO] [stdout]     |
[INFO] [stdout] 148 | #[cfg(feature = "http")]
[INFO] [stdout]     |       ---------------- the item is gated behind the `http` feature
[INFO] [stdout] 149 | pub mod http;
[INFO] [stdout]     |         ^^^^
[INFO] [stdout] 
[INFO] [stdout] error: aborting due to 1 previous error
[INFO] [stdout] 
[INFO] [stdout] For more information about this error, try `rustc --explain E0432`.
[INFO] [stdout] Couldn't compile the test.
[INFO] [stdout] ---- src/lib.rs - (line 62) stdout ----
[INFO] [stdout] error[E0432]: unresolved import `secret_store::aws`
[INFO] [stdout]    --> src/lib.rs:64:19
[INFO] [stdout]     |
[INFO] [stdout]  64 | use secret_store::aws::AwsSecretsManagerBuilder;
[INFO] [stdout]     |                   ^^^ could not find `aws` in `secret_store`
[INFO] [stdout]     |
[INFO] [stdout] note: found an item that was configured out
[INFO] [stdout]    --> src/lib.rs:143:9
[INFO] [stdout]     |
[INFO] [stdout] 142 | #[cfg(feature = "aws")]
[INFO] [stdout]     |       --------------- the item is gated behind the `aws` feature
[INFO] [stdout] 143 | pub mod aws;
[INFO] [stdout]     |         ^^^
[INFO] [stdout] 
[INFO] [stdout] warning: method call on a diverging inference variable
[INFO] [stdout]   --> src/lib.rs:72:11
[INFO] [stdout]    |
[INFO] [stdout] 72 |     store.set_secret("db-password", "hunter2").await?;
[INFO] [stdout]    |           ^^^^^^^^^^
[INFO] [stdout]    |
[INFO] [stdout]    = help: consider providing a type annotation
[INFO] [stdout]    = warning: this was previously accepted by the compiler but is being phased out; it will become a hard error in a future release!
[INFO] [stdout]    = note: for more information, see issue #156047 <https://github.com/rust-lang/rust/issues/156047>
[INFO] [stdout]    = note: `#[warn(method_call_on_diverging_infer_var)]` (part of `#[warn(future_incompatible)]`) on by default
[INFO] [stdout] 
[INFO] [stdout] error[E0599]: no method named `set_secret` found for type `!` in the current scope
[INFO] [stdout]   --> src/lib.rs:72:11
[INFO] [stdout]    |
[INFO] [stdout] 72 |     store.set_secret("db-password", "hunter2").await?;
[INFO] [stdout]    |           ^^^^^^^^^^ method not found in `!`
[INFO] [stdout] 
[INFO] [stdout] error: aborting due to 2 previous errors; 1 warning emitted
[INFO] [stdout] 
[INFO] [stdout] Some errors have detailed explanations: E0432, E0599.
[INFO] [stdout] For more information about an error, try `rustc --explain E0432`.
[INFO] [stdout] Couldn't compile the test.
[INFO] [stdout] ---- src/lib.rs - (line 78) stdout ----
[INFO] [stdout] error[E0432]: unresolved import `secret_store::gcp`
[INFO] [stdout]    --> src/lib.rs:80:19
[INFO] [stdout]     |
[INFO] [stdout]  80 | use secret_store::gcp::GcpSecretManagerBuilder;
[INFO] [stdout]     |                   ^^^ could not find `gcp` in `secret_store`
[INFO] [stdout]     |
[INFO] [stdout] note: found an item that was configured out
[INFO] [stdout]    --> src/lib.rs:146:9
[INFO] [stdout]     |
[INFO] [stdout] 145 | #[cfg(feature = "gcp")]
[INFO] [stdout]     |       --------------- the item is gated behind the `gcp` feature
[INFO] [stdout] 146 | pub mod gcp;
[INFO] [stdout]     |         ^^^
[INFO] [stdout] 
[INFO] [stdout] warning: method call on a diverging inference variable
[INFO] [stdout]   --> src/lib.rs:88:11
[INFO] [stdout]    |
[INFO] [stdout] 88 |     store.set_secret("api-key", "s3cr3t").await?;
[INFO] [stdout]    |           ^^^^^^^^^^
[INFO] [stdout]    |
[INFO] [stdout]    = help: consider providing a type annotation
[INFO] [stdout]    = warning: this was previously accepted by the compiler but is being phased out; it will become a hard error in a future release!
[INFO] [stdout]    = note: for more information, see issue #156047 <https://github.com/rust-lang/rust/issues/156047>
[INFO] [stdout]    = note: `#[warn(method_call_on_diverging_infer_var)]` (part of `#[warn(future_incompatible)]`) on by default
[INFO] [stdout] 
[INFO] [stdout] error[E0599]: no method named `set_secret` found for type `!` in the current scope
[INFO] [stdout]   --> src/lib.rs:88:11
[INFO] [stdout]    |
[INFO] [stdout] 88 |     store.set_secret("api-key", "s3cr3t").await?;
[INFO] [stdout]    |           ^^^^^^^^^^ method not found in `!`
[INFO] [stdout] 
[INFO] [stdout] error: aborting due to 2 previous errors; 1 warning emitted
[INFO] [stdout] 
[INFO] [stdout] Some errors have detailed explanations: E0432, E0599.
[INFO] [stdout] For more information about an error, try `rustc --explain E0432`.
[INFO] [stdout] Couldn't compile the test.
[INFO] [stdout] 
[INFO] [stdout] failures:
[INFO] [stdout]     src/lib.rs - (line 44)
[INFO] [stdout]     src/lib.rs - (line 62)
[INFO] [stdout]     src/lib.rs - (line 78)
[INFO] [stdout]     src/lib.rs - (line 94)
[INFO] [stdout] 
[INFO] [stdout] test result: FAILED. 6 passed; 4 failed; 0 ignored; 0 measured; 0 filtered out; finished in 1.08s
[INFO] [stdout] 
[INFO] [stdout] all doctests ran in 1.36s; merged doctests compilation took 0.27s
[INFO] [stderr] error: doctest failed, to rerun pass `--doc`
[INFO] running `Command { std: "docker" "inspect" "2d04d51942c68e583190413df1bbbd9d97bb1819c85c2f233d1f54fc9cc08167", kill_on_drop: false }`
[INFO] running `Command { std: "docker" "rm" "-f" "2d04d51942c68e583190413df1bbbd9d97bb1819c85c2f233d1f54fc9cc08167", kill_on_drop: false }`
[INFO] [stdout] 2d04d51942c68e583190413df1bbbd9d97bb1819c85c2f233d1f54fc9cc08167
