[INFO] fetching crate seabox 0.0.1...
[INFO] testing seabox-0.0.1 against 1.100.0-beta.1 for beta-1.100-2
[INFO] extracting crate seabox 0.0.1 into /workspace/builds/worker-4-tc2/source
[INFO] started tweaking crates.io crate seabox 0.0.1
[INFO] removed 0 missing examples
[INFO] removed 0 missing tests
[INFO] finished tweaking crates.io crate seabox 0.0.1
[INFO] tweaked toml for crates.io crate seabox 0.0.1 written to /workspace/builds/worker-4-tc2/source/Cargo.toml
[INFO] validating manifest of crates.io crate seabox 0.0.1 on toolchain 1.100.0-beta.1
[INFO] running `Command { std: CARGO_HOME="/workspace/cargo-home" RUSTUP_HOME="/workspace/rustup-home" "/workspace/cargo-home/bin/cargo" "+1.100.0-beta.1" "metadata" "--manifest-path" "Cargo.toml" "--no-deps", kill_on_drop: false }`
[INFO] crate crates.io crate seabox 0.0.1 already has a lockfile, it will not be regenerated
[INFO] running `Command { std: CARGO_HOME="/workspace/cargo-home" RUSTUP_HOME="/workspace/rustup-home" "/workspace/cargo-home/bin/cargo" "+1.100.0-beta.1" "fetch" "--manifest-path" "Cargo.toml", kill_on_drop: false }`
[INFO] running `Command { std: "docker" "create" "-v" "/var/lib/crater-agent-workspace/builds/worker-4-tc2/source:/opt/rustwide/workdir:ro,Z" "-v" "/var/lib/crater-agent-workspace/builds/worker-4-tc2/target:/opt/rustwide/target:rw,Z" "-v" "/var/lib/crater-agent-workspace/cargo-home:/opt/rustwide/cargo-home:ro,Z" "-v" "/var/lib/crater-agent-workspace/rustup-home:/opt/rustwide/rustup-home:ro,Z" "-m" "1610612736" "--network" "none" "ghcr.io/rust-lang/crates-build-env/linux@sha256:3111399a4047eeb3a02b7a90e478d715f38a8c6669b5c4b49d30a17385265909" "sleep" "infinity", kill_on_drop: false }`
[INFO] [stdout] bd3d49557fe166a105f247df4e7b8ff31569327117873a1ba77ac110f0f46494
[INFO] running `Command { std: "docker" "start" "bd3d49557fe166a105f247df4e7b8ff31569327117873a1ba77ac110f0f46494", kill_on_drop: false }`
[INFO] running `Command { std: "docker" "inspect" "bd3d49557fe166a105f247df4e7b8ff31569327117873a1ba77ac110f0f46494", kill_on_drop: false }`
[INFO] running `Command { std: "docker" "exec" "-e" "SOURCE_DIR=/opt/rustwide/workdir" "-e" "CARGO_HOME=/opt/rustwide/cargo-home" "-e" "RUSTUP_HOME=/opt/rustwide/rustup-home" "-e" "CARGO_TARGET_DIR=/opt/rustwide/target" "-w" "/opt/rustwide/workdir" "--user" "0:0" "bd3d49557fe166a105f247df4e7b8ff31569327117873a1ba77ac110f0f46494" "/opt/rustwide/cargo-home/bin/cargo" "+1.100.0-beta.1" "metadata" "--no-deps" "--format-version=1", kill_on_drop: false }`
[INFO] running `Command { std: "docker" "inspect" "bd3d49557fe166a105f247df4e7b8ff31569327117873a1ba77ac110f0f46494", kill_on_drop: false }`
[INFO] running `Command { std: "docker" "exec" "-e" "SOURCE_DIR=/opt/rustwide/workdir" "-e" "CARGO_HOME=/opt/rustwide/cargo-home" "-e" "RUSTUP_HOME=/opt/rustwide/rustup-home" "-e" "CARGO_TARGET_DIR=/opt/rustwide/target" "-e" "CARGO_INCREMENTAL=0" "-e" "RUST_BACKTRACE=full" "-e" "RUSTFLAGS=--cap-lints=warn" "-e" "RUSTDOCFLAGS=--cap-lints=warn" "-w" "/opt/rustwide/workdir" "--user" "0:0" "bd3d49557fe166a105f247df4e7b8ff31569327117873a1ba77ac110f0f46494" "/opt/rustwide/cargo-home/bin/cargo" "+1.100.0-beta.1" "build" "--frozen" "--message-format=json", kill_on_drop: false }`
[INFO] [stderr]    Compiling syn v2.0.118
[INFO] [stderr]    Compiling thiserror-impl v2.0.18
[INFO] [stderr]    Compiling enumflags2_derive v0.7.12
[INFO] [stderr]    Compiling clap_derive v4.6.1
[INFO] [stderr]    Compiling enumflags2 v0.7.12
[INFO] [stderr]    Compiling thiserror v2.0.18
[INFO] [stderr]    Compiling landlock v0.4.5
[INFO] [stderr]    Compiling clap v4.6.1
[INFO] [stderr]    Compiling seabox v0.0.1 (/opt/rustwide/workdir)
[INFO] [stderr]     Finished `dev` profile [unoptimized + debuginfo] target(s) in 11.06s
[INFO] running `Command { std: "docker" "inspect" "bd3d49557fe166a105f247df4e7b8ff31569327117873a1ba77ac110f0f46494", kill_on_drop: false }`
[INFO] running `Command { std: "docker" "exec" "-e" "SOURCE_DIR=/opt/rustwide/workdir" "-e" "CARGO_HOME=/opt/rustwide/cargo-home" "-e" "RUSTUP_HOME=/opt/rustwide/rustup-home" "-e" "CARGO_TARGET_DIR=/opt/rustwide/target" "-e" "CARGO_INCREMENTAL=0" "-e" "RUST_BACKTRACE=full" "-e" "RUSTFLAGS=--cap-lints=warn" "-e" "RUSTDOCFLAGS=--cap-lints=warn" "-w" "/opt/rustwide/workdir" "--user" "0:0" "bd3d49557fe166a105f247df4e7b8ff31569327117873a1ba77ac110f0f46494" "/opt/rustwide/cargo-home/bin/cargo" "+1.100.0-beta.1" "test" "--frozen" "--no-run" "--message-format=json", kill_on_drop: false }`
[INFO] [stderr]    Compiling syn v3.0.3
[INFO] [stderr]    Compiling tempfile v3.27.0
[INFO] [stderr]    Compiling serde_derive v1.0.229
[INFO] [stderr]    Compiling serde v1.0.229
[INFO] [stderr]    Compiling toml_datetime v0.6.11
[INFO] [stderr]    Compiling serde_spanned v0.6.9
[INFO] [stderr]    Compiling toml_edit v0.22.27
[INFO] [stderr]    Compiling toml v0.8.23
[INFO] [stderr]    Compiling seabox v0.0.1 (/opt/rustwide/workdir)
[INFO] [stderr]     Finished `test` profile [unoptimized + debuginfo] target(s) in 17.04s
[INFO] running `Command { std: "docker" "inspect" "bd3d49557fe166a105f247df4e7b8ff31569327117873a1ba77ac110f0f46494", kill_on_drop: false }`
[INFO] running `Command { std: "docker" "exec" "-e" "SOURCE_DIR=/opt/rustwide/workdir" "-e" "CARGO_HOME=/opt/rustwide/cargo-home" "-e" "RUSTUP_HOME=/opt/rustwide/rustup-home" "-e" "CARGO_TARGET_DIR=/opt/rustwide/target" "-e" "CARGO_INCREMENTAL=0" "-e" "RUST_BACKTRACE=full" "-e" "RUSTFLAGS=--cap-lints=warn" "-e" "RUSTDOCFLAGS=--cap-lints=warn" "-w" "/opt/rustwide/workdir" "--user" "0:0" "bd3d49557fe166a105f247df4e7b8ff31569327117873a1ba77ac110f0f46494" "/opt/rustwide/cargo-home/bin/cargo" "+1.100.0-beta.1" "test" "--frozen", kill_on_drop: false }`
[INFO] [stderr]     Finished `test` profile [unoptimized + debuginfo] target(s) in 0.13s
[INFO] [stdout] 
[INFO] [stderr]      Running unittests src/lib.rs (/opt/rustwide/target/debug/build/seabox/83f9e14ad573f5ea/out/seabox-83f9e14ad573f5ea)
[INFO] [stdout] running 41 tests
[INFO] [stdout] test config::tests::test_expand_perm_all ... ok
[INFO] [stdout] test config::tests::test_expand_perm_ro ... ok
[INFO] [stdout] test config::tests::test_expand_tilde ... ok
[INFO] [stdout] test config::tests::test_mount_spec_tmpfs ... ok
[INFO] [stdout] test config::tests::test_namespaces_default ... ok
[INFO] [stdout] test config::tests::test_mount_spec_bind ... ok
[INFO] [stdout] test config::tests::test_with_uid_gid ... ok
[INFO] [stdout] test config::tests::test_mount_config ... ok
[INFO] [stdout] test config::tests::test_network_config ... ok
[INFO] [stdout] test config::tests::test_network_config_loopback ... ok
[INFO] [stdout] test config::tests::test_mount_spec_ro_bind ... ok
[INFO] [stdout] test config::tests::test_sandbox_config_default ... ok
[INFO] [stdout] test config::tests::test_with_landlock ... ok
[INFO] [stdout] test config::tests::test_with_unshare_all ... ok
[INFO] [stdout] test linux::landlock::tests::test_abi_version_consistent_with_available ... ok
[INFO] [stdout] test linux::landlock::tests::test_build_ruleset_for_missing_cwd ... ok
[INFO] [stdout] test linux::landlock::tests::test_build_ruleset_empty_rules_returns_none ... ok
[INFO] [stdout] test linux::landlock::tests::test_dedup_paths ... ok
[INFO] [stdout] test linux::landlock::tests::test_get_effective_abi_never_unsupported ... ok
[INFO] [stdout] test linux::namespaces::tests::test_unshare_flags_all ... ok
[INFO] [stdout] test linux::landlock::tests::test_is_available_returns_bool ... ok
[INFO] [stdout] test linux::namespaces::tests::test_unshare_flags_partial ... ok
[INFO] [stdout] test linux::seccomp::tests::arch_check_jump_target ... ok
[INFO] [stdout] test linux::seccomp::tests::arch_constant_is_valid ... ok
[INFO] [stdout] test linux::seccomp::tests::build_deny_filter_empty ... ok
[INFO] [stdout] test linux::landlock::tests::test_build_ruleset_read_only_returns_ruleset ... ok
[INFO] [stdout] test linux::landlock::tests::test_build_ruleset_multiple_rules ... ok
[INFO] [stdout] test linux::landlock::tests::test_build_ruleset_with_rules_returns_ruleset ... ok
[INFO] [stdout] test linux::seccomp::tests::deny_jumps_target_die ... ok
[INFO] [stdout] test linux::landlock::tests::test_build_ruleset_non_existent_paths_skipped ... ok
[INFO] [stdout] test linux::seccomp::tests::build_deny_filter_length ... ok
[INFO] [stdout] test linux::seccomp::tests::second_last_insn_is_allow ... ok
[INFO] [stdout] test linux::seccomp::tests::syscall_name_resolves ... ok
[INFO] [stdout] test linux::seccomp::tests::first_insn_loads_arch ... ok
[INFO] [stdout] test linux::seccomp::tests::ioctl_numbers_have_expected_direction ... ok
[INFO] [stdout] test linux::seccomp::tests::third_insn_is_arch_kill ... ok
[INFO] [stdout] test linux::seccomp::tests::last_insn_is_user_notif ... ok
[INFO] [stdout] test linux::seccomp::tests::unshare_is_97 ... ok
[INFO] [stdout] test linux::seccomp::tests::no_duplicate_syscall_nrs ... ok
[INFO] [stdout] test linux::namespaces::tests::test_unshare_flags_none ... ok
[INFO] [stdout] test linux::namespaces::tests::test_probe_no_panic ... ok
[INFO] [stdout] 
[INFO] [stdout] test result: ok. 41 passed; 0 failed; 0 ignored; 0 measured; 0 filtered out; finished in 0.02s
[INFO] [stdout] 
[INFO] [stderr]      Running unittests src/main.rs (/opt/rustwide/target/debug/build/seabox/0a2e6658aaba195d/out/seabox-0a2e6658aaba195d)
[INFO] [stdout] 
[INFO] [stdout] running 8 tests
[INFO] [stdout] test tests::unshare_net_isolates ... ok
[INFO] [stdout] test tests::share_net_suppresses_unshare_net ... ok
[INFO] [stdout] test tests::allow_network_alone_does_not_isolate ... ok
[INFO] [stdout] test tests::allow_network_is_orthogonal_to_unshare_net ... ok
[INFO] [stdout] test tests::unshare_all_isolates_net ... ok
[INFO] [stdout] test tests::share_net_beats_allow_network_for_isolation ... ok
[INFO] [stdout] test tests::unshare_all_with_allow_network_loopback ... ok
[INFO] [stdout] test tests::default_no_network_flags ... ok
[INFO] [stdout] 
[INFO] [stdout] test result: ok. 8 passed; 0 failed; 0 ignored; 0 measured; 0 filtered out; finished in 0.00s
[INFO] [stdout] 
[INFO] [stderr]      Running unittests src/bin/syscall_probe.rs (/opt/rustwide/target/debug/build/seabox/d073d9df108d9136/out/syscall_probe-d073d9df108d9136)
[INFO] [stdout] 
[INFO] [stdout] running 0 tests
[INFO] [stdout] 
[INFO] [stdout] test result: ok. 0 passed; 0 failed; 0 ignored; 0 measured; 0 filtered out; finished in 0.00s
[INFO] [stdout] 
[INFO] [stderr]      Running tests/concurrent_fork_test.rs (/opt/rustwide/target/debug/build/seabox/c4f4f006aca745df/out/concurrent_fork_test-c4f4f006aca745df)
[INFO] [stdout] 
[INFO] [stdout] running 1 test
[INFO] [stdout] test concurrent_fork_stress ... ok
[INFO] [stderr]      Running tests/config_test.rs (/opt/rustwide/target/debug/build/seabox/c99fc3925c53cc67/out/config_test-c99fc3925c53cc67)
[INFO] [stdout] 
[INFO] [stdout] test result: ok. 1 passed; 0 failed; 0 ignored; 0 measured; 0 filtered out; finished in 1.09s
[INFO] [stdout] 
[INFO] [stdout] 
[INFO] [stdout] running 1 test
[INFO] [stderr]      Running tests/deny_detect_test.rs (/opt/rustwide/target/debug/build/seabox/121635a78862bc82/out/deny_detect_test-121635a78862bc82)
[INFO] [stdout] test test_expand_tilde ... ok
[INFO] [stdout] 
[INFO] [stdout] test result: ok. 1 passed; 0 failed; 0 ignored; 0 measured; 0 filtered out; finished in 0.00s
[INFO] [stdout] 
[INFO] [stdout] 
[INFO] [stdout] running 6 tests
[INFO] [stdout] test exit_159_seccomp_shell ... ok
[INFO] [stdout] test exit_zero_ok ... ok
[INFO] [stdout] test exit_1_no_match_program ... ok
[INFO] [stdout] test exit_139_sigsegv ... ok
[INFO] [stderr]      Running tests/landlock_test.rs (/opt/rustwide/target/debug/build/seabox/c7dbb67729064330/out/landlock_test-c7dbb67729064330)
[INFO] [stdout] test exit_31_seccomp_direct ... ok
[INFO] [stdout] test exit_159_with_block_marker_returns_rich_message ... ok
[INFO] [stdout] 
[INFO] [stdout] test result: ok. 6 passed; 0 failed; 0 ignored; 0 measured; 0 filtered out; finished in 0.01s
[INFO] [stdout] 
[INFO] [stdout] 
[INFO] [stdout] running 24 tests
[INFO] [stderr] sh: 1: cannot create probe_file: Permission denied
[INFO] [stdout] test cli_full_access_allows_arbitrary_write ... ok
[INFO] [stdout] test cli_landlock_rw_allows_write ... ok
[INFO] [stdout] test cli_landlock_multiple_rules_combined ... ok
[INFO] [stdout] root:x:0:0:root:/root:/bin/bash
[INFO] [stdout] daemon:x:1:1:daemon:/usr/sbin:/usr/sbin/nologin
[INFO] [stdout] bin:x:2:2:bin:/bin:/usr/sbin/nologin
[INFO] [stdout] sys:x:3:3:sys:/dev:/usr/sbin/nologin
[INFO] [stdout] sync:x:4:65534:sync:/bin:/bin/sync
[INFO] [stdout] games:x:5:60:games:/usr/games:/usr/sbin/nologin
[INFO] [stdout] man:x:6:12:man:/var/cache/man:/usr/sbin/nologin
[INFO] [stdout] lp:x:7:7:lp:/var/spool/lpd:/usr/sbin/nologin
[INFO] [stdout] mail:x:8:8:mail:/var/mail:/usr/sbin/nologin
[INFO] [stdout] news:x:9:9:news:/var/spool/news:/usr/sbin/nologin
[INFO] [stdout] uucp:x:10:10:uucp:/var/spool/uucp:/usr/sbin/nologin
[INFO] [stdout] proxy:x:13:13:proxy:/bin:/usr/sbin/nologin
[INFO] [stdout] www-data:x:33:33:www-data:/var/www:/usr/sbin/nologin
[INFO] [stdout] backup:x:34:34:backup:/var/backups:/usr/sbin/nologin
[INFO] [stdout] list:x:38:38:Mailing List Manager:/var/list:/usr/sbin/nologin
[INFO] [stdout] irc:x:39:39:ircd:/run/ircd:/usr/sbin/nologin
[INFO] [stdout] _apt:x:42:65534::/nonexistent:/usr/sbin/nologin
[INFO] [stdout] nobody:x:65534:65534:nobody:/nonexistent:/usr/sbin/nologin
[INFO] [stdout] ubuntu:x:1000:1000:Ubuntu:/home/ubuntu:/bin/bash
[INFO] [stdout] systemd-network:x:998:998:systemd Network Management:/:/usr/sbin/nologin
[INFO] [stdout] tss:x:996:996:tss user for tpm2:/:/usr/sbin/nologin
[INFO] [stdout] syslog:x:100:102::/nonexistent:/usr/sbin/nologin
[INFO] [stdout] systemd-timesync:x:995:995:systemd Time Synchronization:/:/usr/sbin/nologin
[INFO] [stdout] messagebus:x:994:994:System Message Bus:/nonexistent:/usr/sbin/nologin
[INFO] [stdout] mosquitto:x:101:103::/var/lib/mosquitto:/usr/sbin/nologin
[INFO] [stdout] systemd-resolve:x:988:988:systemd Resolver:/:/usr/sbin/nologin
[INFO] [stdout] dnsmasq:x:999:65534:dnsmasq:/var/lib/misc:/usr/sbin/nologin
[INFO] [stdout] avahi:x:102:107:Avahi mDNS daemon:/run/avahi-daemon:/usr/sbin/nologin
[INFO] [stdout] usbmux:x:103:46:usbmux daemon:/var/lib/usbmux:/usr/sbin/nologin
[INFO] [stdout] saned:x:104:109::/var/lib/saned:/usr/sbin/nologin
[INFO] [stdout] polkitd:x:986:986:User for polkitd:/:/usr/sbin/nologin
[INFO] [stderr] sh: 1: cannot create blocked.txt: Permission denied
[INFO] [stdout] test cli_landlock_all_allows_ioctl_dev ... ok
[INFO] [stdout] test cli_landlock_ro_blocks_write ... ok
[INFO] [stdout] test cli_read_only_allows_read ... ok
[INFO] [stdout] test cli_read_only_blocks_write_with_exit_126 ... ok
[INFO] [stdout] test cli_check_reports_landlock_available ... root:x:0:0:root:/root:/bin/bash
[INFO] [stdout] daemon:x:1:1:daemon:/usr/sbin:/usr/sbin/nologin
[INFO] [stdout] bin:x:2:2:bin:/bin:/usr/sbin/nologin
[INFO] [stdout] sys:x:3:3:sys:/dev:/usr/sbin/nologin
[INFO] [stdout] sync:x:4:65534:sync:/bin:/bin/sync
[INFO] [stdout] games:x:5:60:games:/usr/games:/usr/sbin/nologin
[INFO] [stdout] man:x:6:12:man:/var/cache/man:/usr/sbin/nologin
[INFO] [stdout] lp:x:7:7:lp:/var/spool/lpd:/usr/sbin/nologin
[INFO] [stdout] mail:x:8:8:mail:/var/mail:/usr/sbin/nologin
[INFO] [stdout] news:x:9:9:news:/var/spool/news:/usr/sbin/nologin
[INFO] [stdout] uucp:x:10:10:uucp:/var/spool/uucp:/usr/sbin/nologin
[INFO] [stdout] proxy:x:13:13:proxy:/bin:/usr/sbin/nologin
[INFO] [stdout] www-data:x:33:33:www-data:/var/www:/usr/sbin/nologin
[INFO] [stdout] backup:x:34:34:backup:/var/backups:/usr/sbin/nologin
[INFO] [stdout] list:x:38:38:Mailing List Manager:/var/list:/usr/sbin/nologin
[INFO] [stdout] irc:x:39:39:ircd:/run/ircd:/usr/sbin/nologin
[INFO] [stdout] _apt:x:42:65534::/nonexistent:/usr/sbin/nologin
[INFO] [stdout] nobody:x:65534:65534:nobody:/nonexistent:/usr/sbin/nologin
[INFO] [stdout] ubuntu:x:1000:1000:Ubuntu:/home/ubuntu:/bin/bash
[INFO] [stdout] systemd-network:x:998:998:systemd Network Management:/:/usr/sbin/nologin
[INFO] [stdout] tss:x:996:996:tss user for tpm2:/:/usr/sbin/nologin
[INFO] [stdout] syslog:x:100:102::/nonexistent:/usr/sbin/nologin
[INFO] [stdout] systemd-timesync:x:995:995:systemd Time Synchronization:/:/usr/sbin/nologin
[INFO] [stdout] messagebus:x:994:994:System Message Bus:/nonexistent:/usr/sbin/nologin
[INFO] [stdout] mosquitto:x:101:103::/var/lib/mosquitto:/usr/sbin/nologin
[INFO] [stdout] systemd-resolve:x:988:988:systemd Resolver:/:/usr/sbin/nologin
[INFO] [stdout] dnsmasq:x:999:65534:dnsmasq:/var/lib/misc:/usr/sbin/nologin
[INFO] [stdout] avahi:x:102:107:Avahi mDNS daemon:/run/avahi-daemon:/usr/sbin/nologin
[INFO] [stdout] usbmux:x:103:46:usbmux daemon:/var/lib/usbmux:/usr/sbin/nologin
[INFO] [stdout] saned:x:104:109::/var/lib/saned:/usr/sbin/nologin
[INFO] [stdout] polkitd:x:986:986:User for polkitd:/:/usr/sbin/nologin
[INFO] [stdout] ok
[INFO] [stdout] test cli_workspace_write_allows_read_anywhere ... ok
[INFO] [stderr] sh: 1: cannot create /tmp/.seabox_landlock_ro_tmp_blocked_1234: Permission denied
[INFO] [stdout] test full_access_bypasses_landlock ... ok
[INFO] [stdout] test cli_full_access_allows_write_to_var_tmp ... ok
[INFO] [stderr] sh: 1: cannot create test.txt: Permission denied
[INFO] [stdout] root:x:0:0:root:/root:/bin/bash
[INFO] [stdout] daemon:x:1:1:daemon:/usr/sbin:/usr/sbin/nologin
[INFO] [stdout] bin:x:2:2:bin:/bin:/usr/sbin/nologin
[INFO] [stdout] sys:x:3:3:sys:/dev:/usr/sbin/nologin
[INFO] [stdout] sync:x:4:65534:sync:/bin:/bin/sync
[INFO] [stdout] games:x:5:60:games:/usr/games:/usr/sbin/nologin
[INFO] [stdout] man:x:6:12:man:/var/cache/man:/usr/sbin/nologin
[INFO] [stdout] lp:x:7:7:lp:/var/spool/lpd:/usr/sbin/nologin
[INFO] [stdout] mail:x:8:8:mail:/var/mail:/usr/sbin/nologin
[INFO] [stdout] news:x:9:9:news:/var/spool/news:/usr/sbin/nologin
[INFO] [stdout] uucp:x:10:10:uucp:/var/spool/uucp:/usr/sbin/nologin
[INFO] [stdout] proxy:x:13:13:proxy:/bin:/usr/sbin/nologin
[INFO] [stdout] www-data:x:33:33:www-data:/var/www:/usr/sbin/nologin
[INFO] [stdout] backup:x:34:34:backup:/var/backups:/usr/sbin/nologin
[INFO] [stdout] list:x:38:38:Mailing List Manager:/var/list:/usr/sbin/nologin
[INFO] [stdout] irc:x:39:39:ircd:/run/ircd:/usr/sbin/nologin
[INFO] [stdout] _apt:x:42:65534::/nonexistent:/usr/sbin/nologin
[INFO] [stdout] nobody:x:65534:65534:nobody:/nonexistent:/usr/sbin/nologin
[INFO] [stdout] ubuntu:x:1000:1000:Ubuntu:/home/ubuntu:/bin/bash
[INFO] [stdout] systemd-network:x:998:998:systemd Network Management:/:/usr/sbin/nologin
[INFO] [stdout] tss:x:996:996:tss user for tpm2:/:/usr/sbin/nologin
[INFO] [stdout] syslog:x:100:102::/nonexistent:/usr/sbin/nologin
[INFO] [stdout] systemd-timesync:x:995:995:systemd Time Synchronization:/:/usr/sbin/nologin
[INFO] [stdout] messagebus:x:994:994:System Message Bus:/nonexistent:/usr/sbin/nologin
[INFO] [stdout] mosquitto:x:101:103::/var/lib/mosquitto:/usr/sbin/nologin
[INFO] [stdout] systemd-resolve:x:988:988:systemd Resolver:/:/usr/sbin/nologin
[INFO] [stdout] dnsmasq:x:999:65534:dnsmasq:/var/lib/misc:/usr/sbin/nologin
[INFO] [stdout] avahi:x:102:107:Avahi mDNS daemon:/run/avahi-daemon:/usr/sbin/nologin
[INFO] [stdout] usbmux:x:103:46:usbmux daemon:/var/lib/usbmux:/usr/sbin/nologin
[INFO] [stdout] saned:x:104:109::/var/lib/saned:/usr/sbin/nologin
[INFO] [stdout] polkitd:x:986:986:User for polkitd:/:/usr/sbin/nologin
[INFO] [stdout] test cli_workspace_write_grants_allow_write_path ... ok
[INFO] [stdout] test cli_workspace_write_allows_write_to_tmp ... ok
[INFO] [stdout] test full_access_does_not_intercept_writes ... ok
[INFO] [stdout] test read_only_blocks_write ... ok
[INFO] [stdout] test workspace_write_allows_write ... ok
[INFO] [stdout] root:x:0:0:root:/root:/bin/bash
[INFO] [stdout] daemon:x:1:1:daemon:/usr/sbin:/usr/sbin/nologin
[INFO] [stdout] bin:x:2:2:bin:/bin:/usr/sbin/nologin
[INFO] [stdout] sys:x:3:3:sys:/dev:/usr/sbin/nologin
[INFO] [stdout] sync:x:4:65534:sync:/bin:/bin/sync
[INFO] [stdout] games:x:5:60:games:/usr/games:/usr/sbin/nologin
[INFO] [stdout] man:x:6:12:man:/var/cache/man:/usr/sbin/nologin
[INFO] [stdout] lp:x:7:7:lp:/var/spool/lpd:/usr/sbin/nologin
[INFO] [stdout] mail:x:8:8:mail:/var/mail:/usr/sbin/nologin
[INFO] [stdout] news:x:9:9:news:/var/spool/news:/usr/sbin/nologin
[INFO] [stdout] uucp:x:10:10:uucp:/var/spool/uucp:/usr/sbin/nologin
[INFO] [stdout] proxy:x:13:13:proxy:/bin:/usr/sbin/nologin
[INFO] [stdout] www-data:x:33:33:www-data:/var/www:/usr/sbin/nologin
[INFO] [stdout] backup:x:34:34:backup:/var/backups:/usr/sbin/nologin
[INFO] [stdout] list:x:38:38:Mailing List Manager:/var/list:/usr/sbin/nologin
[INFO] [stdout] irc:x:39:39:ircd:/run/ircd:/usr/sbin/nologin
[INFO] [stdout] _apt:x:42:65534::/nonexistent:/usr/sbin/nologin
[INFO] [stdout] nobody:x:65534:65534:nobody:/nonexistent:/usr/sbin/nologin
[INFO] [stdout] ubuntu:x:1000:1000:Ubuntu:/home/ubuntu:/bin/bash
[INFO] [stdout] systemd-network:x:998:998:systemd Network Management:/:/usr/sbin/nologin
[INFO] [stdout] tss:x:996:996:tss user for tpm2:/:/usr/sbin/nologin
[INFO] [stdout] syslog:x:100:102::/nonexistent:/usr/sbin/nologin
[INFO] [stdout] systemd-timesync:x:995:995:systemd Time Synchronization:/:/usr/sbin/nologin
[INFO] [stdout] messagebus:x:994:994:System Message Bus:/nonexistent:/usr/sbin/nologin
[INFO] [stdout] mosquitto:x:101:103::/var/lib/mosquitto:/usr/sbin/nologin
[INFO] [stdout] systemd-resolve:x:988:988:systemd Resolver:/:/usr/sbin/nologin
[INFO] [stdout] dnsmasq:x:999:65534:dnsmasq:/var/lib/misc:/usr/sbin/nologin
[INFO] [stdout] avahi:x:102:107:Avahi mDNS daemon:/run/avahi-daemon:/usr/sbin/nologin
[INFO] [stdout] usbmux:x:103:46:usbmux daemon:/var/lib/usbmux:/usr/sbin/nologin
[INFO] [stdout] saned:x:104:109::/var/lib/saned:/usr/sbin/nologin
[INFO] [stdout] polkitd:x:986:986:User for polkitd:/:/usr/sbin/nologin
[INFO] [stdout] test workspace_write_allows_write_to_tmp ... ok
[INFO] [stdout] test workspace_write_allows_read_anywhere ... ok
[INFO] [stderr] sh: 1: cannot create /var/tmp/.seabox_cli_NOT_granted_1234/should_be_blocked: Permission denied
[INFO] [stderr] sh: 1: cannot create /var/tmp/.seabox_libapi_allow_NOT_this_1234/should_be_blocked: Permission denied
[INFO] [stderr] sh: 1: cannot create /var/tmp/.seabox_landlock_isolated_target_dir_1234/blocked_file: Permission denied
[INFO] [stdout] test read_only_allows_read ... ok
[INFO] [stdout] test zzz_flush_stdout_marker ... ok
[INFO] [stdout] test cli_workspace_write_does_not_grant_unlisted_path ... ok
[INFO] [stdout] test workspace_write_does_not_grant_unlisted_path ... ok
[INFO] [stdout] test cli_workspace_write_blocks_write_outside_cwd ... ok
[INFO] [stdout] test workspace_write_grants_allow_write_path ... ok
[INFO] [stdout] 
[INFO] [stdout] test result: ok. 24 passed; 0 failed; 0 ignored; 0 measured; 0 filtered out; finished in 0.08s
[INFO] [stdout] 
[INFO] [stderr]      Running tests/mount_test.rs (/opt/rustwide/target/debug/build/seabox/0f5bf29742e9219d/out/mount_test-0f5bf29742e9219d)
[INFO] [stdout] 
[INFO] [stdout] running 8 tests
[INFO] [stdout] test mount_with_landlock ... ok
[INFO] [stdout] test unshare_mnt_only ... ok
[INFO] [stdout] test mount_multiple_ops ... ok
[INFO] [stdout] test mount_failure_exit ... ok
[INFO] [stdout] test mount_ro_bind_readonly ... ok
[INFO] [stdout] test mount_bind_visible ... ok
[INFO] [stdout] test mount_tmpfs_works ... ok
[INFO] [stdout] test mount_auto_ns ... ok
[INFO] [stdout] 
[INFO] [stdout] test result: ok. 8 passed; 0 failed; 0 ignored; 0 measured; 0 filtered out; finished in 0.01s
[INFO] [stdout] 
[INFO] [stderr]      Running tests/namespace_test.rs (/opt/rustwide/target/debug/build/seabox/a18497a6e1a8ceb4/out/namespace_test-a18497a6e1a8ceb4)
[INFO] [stdout] 
[INFO] [stdout] running 21 tests
[INFO] [stdout] test env_missing_equals_fails ... ok
[INFO] [stdout] test env_flag_sets_variable ... ok
[INFO] [stdout] test clearenv_works ... ok
[INFO] [stdout] test env_latter_overrides_former ... ok
[INFO] [stdout] test clearenv_with_env_combines ... ok
[INFO] [stdout] test check_reports_namespaces ... ok
[INFO] [stdout] test unsetenv_nonexistent_is_noop ... ok
[INFO] [stdout] test unshare_all_basic ... ok
[INFO] [stdout] test unshare_net_isolates ... ok
[INFO] [stdout] test unshare_pid_exit_code_forwarding ... ok
[INFO] [stdout] test unshare_user_basic ... ok
[INFO] [stdout] test unshare_user_uid_1000 ... ok
[INFO] [stdout] test unshare_user_uid_0_gid_0 ... ok
[INFO] [stdout] test unshare_pid_isolates ... ok
[INFO] [stdout] test unshare_uts_hostname ... ok
[INFO] [stdout] test unshare_uts_without_hostname ... ok
[INFO] [stdout] test unshare_user_try_graceful ... ok
[INFO] [stdout] test chdir_override ... ok
[INFO] [stdout] test unsetenv_removes_variable ... ok
[INFO] [stdout] test uid_requires_unshare_user ... ok
[INFO] [stdout] test hostname_requires_unshare_uts ... ok
[INFO] [stderr]      Running tests/network_test.rs (/opt/rustwide/target/debug/build/seabox/4f9414d9e7a21147/out/network_test-4f9414d9e7a21147)
[INFO] [stdout] 
[INFO] [stdout] test result: ok. 21 passed; 0 failed; 0 ignored; 0 measured; 0 filtered out; finished in 0.11s
[INFO] [stdout] 
[INFO] [stdout] 
[INFO] [stdout] running 6 tests
[INFO] [stdout] test share_net_bwrap_compat ... ok
[INFO] [stdout] test unshare_net_lo_down ... ok
[INFO] [stdout] test seccomp_with_network ... ok
[INFO] [stdout] test allow_network_lo_up ... ok
[INFO] [stdout] test allow_network_does_not_suppress_unshare_net ... ok
[INFO] [stdout] test share_net_flag_works ... ok
[INFO] [stdout] 
[INFO] [stdout] test result: ok. 6 passed; 0 failed; 0 ignored; 0 measured; 0 filtered out; finished in 0.01s
[INFO] [stdout] 
[INFO] [stderr]      Running tests/seccomp_test.rs (/opt/rustwide/target/debug/build/seabox/849a402764bb004d/out/seccomp_test-849a402764bb004d)
[INFO] [stdout] 
[INFO] [stdout] running 23 tests
[INFO] [stdout] test deny_nr_allows_non_denied ... ok
[INFO] [stdout] test cli_check_reports_seccomp_available ... ok
[INFO] [stdout] test deny_nr_blocks_unshare ... ok
[INFO] [stdout] test deny_nr_multiple_blocks_both ... FAILED
[INFO] [stdout] test deny_nr_blocks_mount ... FAILED
[INFO] [stdout] test deny_nr_normal_command_succeeds ... ok
[INFO] [stdout] test deny_nr_blocks_reboot ... FAILED
[INFO] [stdout] test delete_module_blocked_by_seccomp ... ok
[INFO] [stdout] test finit_module_blocked_by_seccomp ... ok
[INFO] [stdout] test bpf_blocked_by_seccomp ... ok
[INFO] [stdout] test kexec_file_load_blocked_by_seccomp ... ok
[INFO] [stdout] test full_access_policy_does_not_bypass_seccomp ... ok
[INFO] [stdout] test init_module_blocked_by_seccomp ... ok
[INFO] [stdout] test kexec_load_blocked_by_seccomp ... ok
[INFO] [stdout] test reboot_blocked_by_seccomp ... ok
[INFO] [stdout] test chroot_blocked_by_seccomp ... ok
[INFO] [stdout] test unshare_blocked_by_seccomp ... ok
[INFO] [stdout] test pivot_root_blocked_by_seccomp ... ok
[INFO] [stdout] test mount_blocked_by_seccomp ... ok
[INFO] [stdout] test ptrace_blocked_by_seccomp ... ok
[INFO] [stdout] test umount2_blocked_by_seccomp ... ok
[INFO] [stdout] test normal_exit_does_not_hang_worker ... ok
[INFO] [stdout] test no_deny_nr_does_not_block_mount ... ok
[INFO] [stdout] 
[INFO] [stdout] failures:
[INFO] [stdout] 
[INFO] [stdout] ---- deny_nr_multiple_blocks_both stdout ----
[INFO] [stdout] 
[INFO] [stdout] thread 'deny_nr_multiple_blocks_both' (1389) panicked at tests/seccomp_test.rs:577:5:
[INFO] [stdout] assertion `left == right` failed: --seccomp-deny-nr 应拦截 syscall 165，wrapper 应退出 126。stdout="" stderr="syscall(165) returned -1 (errno=1)\n[seabox] command failed (exit code 101)\n"
[INFO] [stdout]   left: Some(101)
[INFO] [stdout]  right: Some(126)
[INFO] [stdout] stack backtrace:
[INFO] [stdout]    0:     0x59149ff2fd41 - std[617be2ca0a6fd877]::backtrace_rs::backtrace::libunwind::trace
[INFO] [stdout]                                at /rustc/e3feeb59cd1bdd011a2bfcc0747b55125d9b8527/library/std/src/../../backtrace/src/backtrace/libunwind.rs:117:9
[INFO] [stdout]    1:     0x59149ff2fd41 - std[617be2ca0a6fd877]::backtrace_rs::backtrace::trace_unsynchronized::<std[617be2ca0a6fd877]::sys::backtrace::_print_fmt::{closure#1}>
[INFO] [stdout]                                at /rustc/e3feeb59cd1bdd011a2bfcc0747b55125d9b8527/library/std/src/../../backtrace/src/backtrace/mod.rs:66:14
[INFO] [stdout]    2:     0x59149ff2fd41 - std[617be2ca0a6fd877]::sys::backtrace::_print_fmt
[INFO] [stdout]                                at /rustc/e3feeb59cd1bdd011a2bfcc0747b55125d9b8527/library/std/src/sys/backtrace.rs:74:9
[INFO] [stdout]    3:     0x59149ff2fd41 - <<std[617be2ca0a6fd877]::sys::backtrace::BacktraceLock>::print::DisplayBacktrace as core[a373ad73a504971]::fmt::Display>::fmt
[INFO] [stdout]                                at /rustc/e3feeb59cd1bdd011a2bfcc0747b55125d9b8527/library/std/src/sys/backtrace.rs:44:26
[INFO] [stdout]    4:     0x59149ff43caa - <core[a373ad73a504971]::fmt::rt::Argument>::fmt
[INFO] [stdout]                                at /rustc/e3feeb59cd1bdd011a2bfcc0747b55125d9b8527/library/core/src/fmt/rt.rs:152:76
[INFO] [stdout]    5:     0x59149ff43caa - core[a373ad73a504971]::fmt::write
[INFO] [stdout]    6:     0x59149ff33f5c - core[a373ad73a504971]::io::write::default_write_fmt::<alloc[2e1b2a31b91974c5]::vec::Vec<u8>>
[INFO] [stdout]                                at /rustc/e3feeb59cd1bdd011a2bfcc0747b55125d9b8527/library/core/src/io/write.rs:402:11
[INFO] [stdout]    7:     0x59149ff33f5c - <alloc[2e1b2a31b91974c5]::vec::Vec<u8> as core[a373ad73a504971]::io::write::Write>::write_fmt
[INFO] [stdout]                                at /rustc/e3feeb59cd1bdd011a2bfcc0747b55125d9b8527/library/core/src/io/write.rs:335:13
[INFO] [stdout]    8:     0x59149ff0bec6 - <std[617be2ca0a6fd877]::sys::backtrace::BacktraceLock>::print
[INFO] [stdout]                                at /rustc/e3feeb59cd1bdd011a2bfcc0747b55125d9b8527/library/std/src/sys/backtrace.rs:47:9
[INFO] [stdout]    9:     0x59149ff0bec6 - std[617be2ca0a6fd877]::panicking::default_hook::{closure#0}
[INFO] [stdout]                                at /rustc/e3feeb59cd1bdd011a2bfcc0747b55125d9b8527/library/std/src/panicking.rs:289:27
[INFO] [stdout]   10:     0x59149ff282f9 - std[617be2ca0a6fd877]::panicking::default_hook
[INFO] [stdout]                                at /rustc/e3feeb59cd1bdd011a2bfcc0747b55125d9b8527/library/std/src/panicking.rs:313:9
[INFO] [stdout]   11:     0x59149febfac0 - <alloc[2e1b2a31b91974c5]::boxed::Box<dyn for<'a, 'b> core[a373ad73a504971]::ops::function::Fn<(&'a std[617be2ca0a6fd877]::panic::PanicHookInfo<'b>,), Output = ()> + core[a373ad73a504971]::marker::Sync + core[a373ad73a504971]::marker::Send> as core[a373ad73a504971]::ops::function::Fn<(&std[617be2ca0a6fd877]::panic::PanicHookInfo,)>>::call
[INFO] [stdout]                                at /rustc/e3feeb59cd1bdd011a2bfcc0747b55125d9b8527/library/alloc/src/boxed.rs:2328:9
[INFO] [stdout]   12:     0x59149febfac0 - test[aada8e7e76ba119b]::test_main_inner::{closure#0}
[INFO] [stdout]                                at /rustc/e3feeb59cd1bdd011a2bfcc0747b55125d9b8527/library/test/src/lib.rs:137:21
[INFO] [stdout]   13:     0x59149ff284b2 - <alloc[2e1b2a31b91974c5]::boxed::Box<dyn for<'a, 'b> core[a373ad73a504971]::ops::function::Fn<(&'a std[617be2ca0a6fd877]::panic::PanicHookInfo<'b>,), Output = ()> + core[a373ad73a504971]::marker::Sync + core[a373ad73a504971]::marker::Send> as core[a373ad73a504971]::ops::function::Fn<(&std[617be2ca0a6fd877]::panic::PanicHookInfo,)>>::call
[INFO] [stdout]                                at /rustc/e3feeb59cd1bdd011a2bfcc0747b55125d9b8527/library/alloc/src/boxed.rs:2328:9
[INFO] [stdout]   14:     0x59149ff284b2 - std[617be2ca0a6fd877]::panicking::panic_with_hook
[INFO] [stdout]                                at /rustc/e3feeb59cd1bdd011a2bfcc0747b55125d9b8527/library/std/src/panicking.rs:819:13
[INFO] [stdout]   15:     0x59149ff0bf72 - std[617be2ca0a6fd877]::panicking::panic_handler::{closure#0}
[INFO] [stdout]                                at /rustc/e3feeb59cd1bdd011a2bfcc0747b55125d9b8527/library/std/src/panicking.rs:685:13
[INFO] [stdout]   16:     0x59149ff04bd9 - std[617be2ca0a6fd877]::sys::backtrace::__rust_end_short_backtrace::<std[617be2ca0a6fd877]::panicking::panic_handler::{closure#0}, !>
[INFO] [stdout]                                at /rustc/e3feeb59cd1bdd011a2bfcc0747b55125d9b8527/library/std/src/sys/backtrace.rs:182:18
[INFO] [stdout]   17:     0x59149ff0cb7d - __rustc[ea4f61d10b84890b]::rust_begin_unwind
[INFO] [stdout]                                at /rustc/e3feeb59cd1bdd011a2bfcc0747b55125d9b8527/library/std/src/panicking.rs:676:5
[INFO] [stdout]   18:     0x59149ff4443c - core[a373ad73a504971]::panicking::panic_fmt
[INFO] [stdout]                                at /rustc/e3feeb59cd1bdd011a2bfcc0747b55125d9b8527/library/core/src/panicking.rs:80:14
[INFO] [stdout]   19:     0x59149ff44353 - core[a373ad73a504971]::panicking::assert_failed_inner
[INFO] [stdout]                                at /rustc/e3feeb59cd1bdd011a2bfcc0747b55125d9b8527/library/core/src/panicking.rs:447:23
[INFO] [stdout]   20:     0x59149feab514 - core[a373ad73a504971]::panicking::assert_failed::<core[a373ad73a504971]::option::Option<i32>, core[a373ad73a504971]::option::Option<i32>>
[INFO] [stdout]                                at /rustc/e3feeb59cd1bdd011a2bfcc0747b55125d9b8527/library/core/src/panicking.rs:407:5
[INFO] [stdout]   21:     0x59149feaca98 - seccomp_test[f9efa52b2cb5230b]::assert_deny_nr_blocked
[INFO] [stdout]                                at /opt/rustwide/workdir/tests/seccomp_test.rs:577:5
[INFO] [stdout]   22:     0x59149feadbdd - seccomp_test[f9efa52b2cb5230b]::deny_nr_multiple_blocks_both
[INFO] [stdout]                                at /opt/rustwide/workdir/tests/seccomp_test.rs:626:5
[INFO] [stdout]   23:     0x59149feab9e7 - seccomp_test[f9efa52b2cb5230b]::deny_nr_multiple_blocks_both::{closure#0}
[INFO] [stdout]                                at /opt/rustwide/workdir/tests/seccomp_test.rs:621:34
[INFO] [stdout]   24:     0x59149feb2d46 - <seccomp_test[f9efa52b2cb5230b]::deny_nr_multiple_blocks_both::{closure#0} as core[a373ad73a504971]::ops::function::FnOnce<()>>::call_once
[INFO] [stdout]                                at /rustc/e3feeb59cd1bdd011a2bfcc0747b55125d9b8527/library/core/src/ops/function.rs:250:5
[INFO] [stdout]   25:     0x59149feb2f0b - <fn() -> core[a373ad73a504971]::result::Result<(), alloc[2e1b2a31b91974c5]::string::String> as core[a373ad73a504971]::ops::function::FnOnce<()>>::call_once
[INFO] [stdout]                                at /rustc/e3feeb59cd1bdd011a2bfcc0747b55125d9b8527/library/core/src/ops/function.rs:250:5
[INFO] [stdout]   26:     0x59149feb2f0b - test[aada8e7e76ba119b]::__rust_begin_short_backtrace::<core[a373ad73a504971]::result::Result<(), alloc[2e1b2a31b91974c5]::string::String>, fn() -> core[a373ad73a504971]::result::Result<(), alloc[2e1b2a31b91974c5]::string::String>>
[INFO] [stdout]                                at /rustc/e3feeb59cd1bdd011a2bfcc0747b55125d9b8527/library/test/src/lib.rs:701:18
[INFO] [stdout]   27:     0x59149fec00e5 - test[aada8e7e76ba119b]::run_test_in_process::{closure#0}
[INFO] [stdout]                                at /rustc/e3feeb59cd1bdd011a2bfcc0747b55125d9b8527/library/test/src/lib.rs:724:74
[INFO] [stdout]   28:     0x59149fec00e5 - <core[a373ad73a504971]::panic::unwind_safe::AssertUnwindSafe<test[aada8e7e76ba119b]::run_test_in_process::{closure#0}> as core[a373ad73a504971]::ops::function::FnOnce<()>>::call_once
[INFO] [stdout]                                at /rustc/e3feeb59cd1bdd011a2bfcc0747b55125d9b8527/library/core/src/panic/unwind_safe.rs:275:9
[INFO] [stdout]   29:     0x59149fec00e5 - std[617be2ca0a6fd877]::panicking::catch_unwind::do_call::<core[a373ad73a504971]::panic::unwind_safe::AssertUnwindSafe<test[aada8e7e76ba119b]::run_test_in_process::{closure#0}>, core[a373ad73a504971]::result::Result<(), alloc[2e1b2a31b91974c5]::string::String>>
[INFO] [stdout]                                at /rustc/e3feeb59cd1bdd011a2bfcc0747b55125d9b8527/library/std/src/panicking.rs:573:43
[INFO] [stdout]   30:     0x59149fec00e5 - std[617be2ca0a6fd877]::panicking::catch_unwind::<core[a373ad73a504971]::result::Result<(), alloc[2e1b2a31b91974c5]::string::String>, core[a373ad73a504971]::panic::unwind_safe::AssertUnwindSafe<test[aada8e7e76ba119b]::run_test_in_process::{closure#0}>>
[INFO] [stdout]                                at /rustc/e3feeb59cd1bdd011a2bfcc0747b55125d9b8527/library/std/src/panicking.rs:541:19
[INFO] [stdout]   31:     0x59149fec00e5 - std[617be2ca0a6fd877]::panic::catch_unwind::<core[a373ad73a504971]::panic::unwind_safe::AssertUnwindSafe<test[aada8e7e76ba119b]::run_test_in_process::{closure#0}>, core[a373ad73a504971]::result::Result<(), alloc[2e1b2a31b91974c5]::string::String>>
[INFO] [stdout]                                at /rustc/e3feeb59cd1bdd011a2bfcc0747b55125d9b8527/library/std/src/panic.rs:359:14
[INFO] [stdout]   32:     0x59149fec00e5 - test[aada8e7e76ba119b]::run_test_in_process
[INFO] [stdout]                                at /rustc/e3feeb59cd1bdd011a2bfcc0747b55125d9b8527/library/test/src/lib.rs:724:27
[INFO] [stdout]   33:     0x59149fec00e5 - test[aada8e7e76ba119b]::run_test::{closure#0}
[INFO] [stdout]                                at /rustc/e3feeb59cd1bdd011a2bfcc0747b55125d9b8527/library/test/src/lib.rs:645:43
[INFO] [stdout]   34:     0x59149feb99d4 - test[aada8e7e76ba119b]::run_test::{closure#1}
[INFO] [stdout]                                at /rustc/e3feeb59cd1bdd011a2bfcc0747b55125d9b8527/library/test/src/lib.rs:675:41
[INFO] [stdout]   35:     0x59149feb99d4 - std[617be2ca0a6fd877]::sys::backtrace::__rust_begin_short_backtrace::<test[aada8e7e76ba119b]::run_test::{closure#1}, ()>
[INFO] [stdout]                                at /rustc/e3feeb59cd1bdd011a2bfcc0747b55125d9b8527/library/std/src/sys/backtrace.rs:166:18
[INFO] [stdout]   36:     0x59149fec3172 - std[617be2ca0a6fd877]::thread::lifecycle::spawn_unchecked::<test[aada8e7e76ba119b]::run_test::{closure#1}, ()>::{closure#1}::{closure#0}
[INFO] [stdout]                                at /rustc/e3feeb59cd1bdd011a2bfcc0747b55125d9b8527/library/std/src/thread/lifecycle.rs:70:13
[INFO] [stdout]   37:     0x59149fec3172 - <core[a373ad73a504971]::panic::unwind_safe::AssertUnwindSafe<std[617be2ca0a6fd877]::thread::lifecycle::spawn_unchecked<test[aada8e7e76ba119b]::run_test::{closure#1}, ()>::{closure#1}::{closure#0}> as core[a373ad73a504971]::ops::function::FnOnce<()>>::call_once
[INFO] [stdout]                                at /rustc/e3feeb59cd1bdd011a2bfcc0747b55125d9b8527/library/core/src/panic/unwind_safe.rs:275:9
[INFO] [stdout]   38:     0x59149fec3172 - std[617be2ca0a6fd877]::panicking::catch_unwind::do_call::<core[a373ad73a504971]::panic::unwind_safe::AssertUnwindSafe<std[617be2ca0a6fd877]::thread::lifecycle::spawn_unchecked<test[aada8e7e76ba119b]::run_test::{closure#1}, ()>::{closure#1}::{closure#0}>, ()>
[INFO] [stdout]                                at /rustc/e3feeb59cd1bdd011a2bfcc0747b55125d9b8527/library/std/src/panicking.rs:573:43
[INFO] [stdout]   39:     0x59149fec3172 - std[617be2ca0a6fd877]::panicking::catch_unwind::<(), core[a373ad73a504971]::panic::unwind_safe::AssertUnwindSafe<std[617be2ca0a6fd877]::thread::lifecycle::spawn_unchecked<test[aada8e7e76ba119b]::run_test::{closure#1}, ()>::{closure#1}::{closure#0}>>
[INFO] [stdout]                                at /rustc/e3feeb59cd1bdd011a2bfcc0747b55125d9b8527/library/std/src/panicking.rs:541:19
[INFO] [stdout]   40:     0x59149fec3172 - std[617be2ca0a6fd877]::panic::catch_unwind::<core[a373ad73a504971]::panic::unwind_safe::AssertUnwindSafe<std[617be2ca0a6fd877]::thread::lifecycle::spawn_unchecked<test[aada8e7e76ba119b]::run_test::{closure#1}, ()>::{closure#1}::{closure#0}>, ()>
[INFO] [stdout]                                at /rustc/e3feeb59cd1bdd011a2bfcc0747b55125d9b8527/library/std/src/panic.rs:359:14
[INFO] [stdout]   41:     0x59149fec3172 - std[617be2ca0a6fd877]::thread::lifecycle::spawn_unchecked::<test[aada8e7e76ba119b]::run_test::{closure#1}, ()>::{closure#1}
[INFO] [stdout]                                at /rustc/e3feeb59cd1bdd011a2bfcc0747b55125d9b8527/library/std/src/thread/lifecycle.rs:68:26
[INFO] [stdout]   42:     0x59149fec3172 - <std[617be2ca0a6fd877]::thread::lifecycle::spawn_unchecked<test[aada8e7e76ba119b]::run_test::{closure#1}, ()>::{closure#1} as core[a373ad73a504971]::ops::function::FnOnce<()>>::call_once::{shim:vtable#0}
[INFO] [stdout]                                at /rustc/e3feeb59cd1bdd011a2bfcc0747b55125d9b8527/library/core/src/ops/function.rs:250:5
[INFO] [stdout]   43:     0x59149ff2f59f - <alloc[2e1b2a31b91974c5]::boxed::Box<dyn core[a373ad73a504971]::ops::function::FnOnce<(), Output = ()> + core[a373ad73a504971]::marker::Send> as core[a373ad73a504971]::ops::function::FnOnce<()>>::call_once
[INFO] [stdout]                                at /rustc/e3feeb59cd1bdd011a2bfcc0747b55125d9b8527/library/alloc/src/boxed.rs:2314:9
[INFO] [stdout]   44:     0x59149ff2f59f - <std[617be2ca0a6fd877]::sys::thread::unix::Thread>::new::thread_start
[INFO] [stdout]                                at /rustc/e3feeb59cd1bdd011a2bfcc0747b55125d9b8527/library/std/src/sys/thread/unix.rs:127:17
[INFO] [stdout]   45:     0x78cbb72e9dfa - <unknown>
[INFO] [stdout]   46:     0x78cbb737d3d4 - clone
[INFO] [stdout]   47:                0x0 - <unknown>
[INFO] [stdout] 
[INFO] [stdout] ---- deny_nr_blocks_mount stdout ----
[INFO] [stdout] 
[INFO] [stdout] thread 'deny_nr_blocks_mount' (1374) panicked at tests/seccomp_test.rs:577:5:
[INFO] [stdout] assertion `left == right` failed: --seccomp-deny-nr 应拦截 syscall 165，wrapper 应退出 126。stdout="" stderr="syscall(165) returned -1 (errno=1)\n[seabox] command failed (exit code 101)\n"
[INFO] [stdout]   left: Some(101)
[INFO] [stdout]  right: Some(126)
[INFO] [stdout] stack backtrace:
[INFO] [stdout]    0:     0x59149ff2fd41 - std[617be2ca0a6fd877]::backtrace_rs::backtrace::libunwind::trace
[INFO] [stdout]                                at /rustc/e3feeb59cd1bdd011a2bfcc0747b55125d9b8527/library/std/src/../../backtrace/src/backtrace/libunwind.rs:117:9
[INFO] [stdout]    1:     0x59149ff2fd41 - std[617be2ca0a6fd877]::backtrace_rs::backtrace::trace_unsynchronized::<std[617be2ca0a6fd877]::sys::backtrace::_print_fmt::{closure#1}>
[INFO] [stdout]                                at /rustc/e3feeb59cd1bdd011a2bfcc0747b55125d9b8527/library/std/src/../../backtrace/src/backtrace/mod.rs:66:14
[INFO] [stdout]    2:     0x59149ff2fd41 - std[617be2ca0a6fd877]::sys::backtrace::_print_fmt
[INFO] [stdout]                                at /rustc/e3feeb59cd1bdd011a2bfcc0747b55125d9b8527/library/std/src/sys/backtrace.rs:74:9
[INFO] [stdout]    3:     0x59149ff2fd41 - <<std[617be2ca0a6fd877]::sys::backtrace::BacktraceLock>::print::DisplayBacktrace as core[a373ad73a504971]::fmt::Display>::fmt
[INFO] [stdout]                                at /rustc/e3feeb59cd1bdd011a2bfcc0747b55125d9b8527/library/std/src/sys/backtrace.rs:44:26
[INFO] [stdout]    4:     0x59149ff43caa - <core[a373ad73a504971]::fmt::rt::Argument>::fmt
[INFO] [stdout]                                at /rustc/e3feeb59cd1bdd011a2bfcc0747b55125d9b8527/library/core/src/fmt/rt.rs:152:76
[INFO] [stdout]    5:     0x59149ff43caa - core[a373ad73a504971]::fmt::write
[INFO] [stdout]    6:     0x59149ff33f5c - core[a373ad73a504971]::io::write::default_write_fmt::<alloc[2e1b2a31b91974c5]::vec::Vec<u8>>
[INFO] [stdout]                                at /rustc/e3feeb59cd1bdd011a2bfcc0747b55125d9b8527/library/core/src/io/write.rs:402:11
[INFO] [stdout]    7:     0x59149ff33f5c - <alloc[2e1b2a31b91974c5]::vec::Vec<u8> as core[a373ad73a504971]::io::write::Write>::write_fmt
[INFO] [stdout]                                at /rustc/e3feeb59cd1bdd011a2bfcc0747b55125d9b8527/library/core/src/io/write.rs:335:13
[INFO] [stdout]    8:     0x59149ff0bec6 - <std[617be2ca0a6fd877]::sys::backtrace::BacktraceLock>::print
[INFO] [stdout]                                at /rustc/e3feeb59cd1bdd011a2bfcc0747b55125d9b8527/library/std/src/sys/backtrace.rs:47:9
[INFO] [stdout]    9:     0x59149ff0bec6 - std[617be2ca0a6fd877]::panicking::default_hook::{closure#0}
[INFO] [stdout]                                at /rustc/e3feeb59cd1bdd011a2bfcc0747b55125d9b8527/library/std/src/panicking.rs:289:27
[INFO] [stdout]   10:     0x59149ff282f9 - std[617be2ca0a6fd877]::panicking::default_hook
[INFO] [stdout]                                at /rustc/e3feeb59cd1bdd011a2bfcc0747b55125d9b8527/library/std/src/panicking.rs:313:9
[INFO] [stdout]   11:     0x59149febfac0 - <alloc[2e1b2a31b91974c5]::boxed::Box<dyn for<'a, 'b> core[a373ad73a504971]::ops::function::Fn<(&'a std[617be2ca0a6fd877]::panic::PanicHookInfo<'b>,), Output = ()> + core[a373ad73a504971]::marker::Sync + core[a373ad73a504971]::marker::Send> as core[a373ad73a504971]::ops::function::Fn<(&std[617be2ca0a6fd877]::panic::PanicHookInfo,)>>::call
[INFO] [stdout]                                at /rustc/e3feeb59cd1bdd011a2bfcc0747b55125d9b8527/library/alloc/src/boxed.rs:2328:9
[INFO] [stdout]   12:     0x59149febfac0 - test[aada8e7e76ba119b]::test_main_inner::{closure#0}
[INFO] [stdout]                                at /rustc/e3feeb59cd1bdd011a2bfcc0747b55125d9b8527/library/test/src/lib.rs:137:21
[INFO] [stdout]   13:     0x59149ff284b2 - <alloc[2e1b2a31b91974c5]::boxed::Box<dyn for<'a, 'b> core[a373ad73a504971]::ops::function::Fn<(&'a std[617be2ca0a6fd877]::panic::PanicHookInfo<'b>,), Output = ()> + core[a373ad73a504971]::marker::Sync + core[a373ad73a504971]::marker::Send> as core[a373ad73a504971]::ops::function::Fn<(&std[617be2ca0a6fd877]::panic::PanicHookInfo,)>>::call
[INFO] [stdout]                                at /rustc/e3feeb59cd1bdd011a2bfcc0747b55125d9b8527/library/alloc/src/boxed.rs:2328:9
[INFO] [stdout]   14:     0x59149ff284b2 - std[617be2ca0a6fd877]::panicking::panic_with_hook
[INFO] [stdout]                                at /rustc/e3feeb59cd1bdd011a2bfcc0747b55125d9b8527/library/std/src/panicking.rs:819:13
[INFO] [stdout]   15:     0x59149ff0bf72 - std[617be2ca0a6fd877]::panicking::panic_handler::{closure#0}
[INFO] [stdout]                                at /rustc/e3feeb59cd1bdd011a2bfcc0747b55125d9b8527/library/std/src/panicking.rs:685:13
[INFO] [stdout]   16:     0x59149ff04bd9 - std[617be2ca0a6fd877]::sys::backtrace::__rust_end_short_backtrace::<std[617be2ca0a6fd877]::panicking::panic_handler::{closure#0}, !>
[INFO] [stdout]                                at /rustc/e3feeb59cd1bdd011a2bfcc0747b55125d9b8527/library/std/src/sys/backtrace.rs:182:18
[INFO] [stdout]   17:     0x59149ff0cb7d - __rustc[ea4f61d10b84890b]::rust_begin_unwind
[INFO] [stdout]                                at /rustc/e3feeb59cd1bdd011a2bfcc0747b55125d9b8527/library/std/src/panicking.rs:676:5
[INFO] [stdout]   18:     0x59149ff4443c - core[a373ad73a504971]::panicking::panic_fmt
[INFO] [stdout]                                at /rustc/e3feeb59cd1bdd011a2bfcc0747b55125d9b8527/library/core/src/panicking.rs:80:14
[INFO] [stdout]   19:     0x59149ff44353 - core[a373ad73a504971]::panicking::assert_failed_inner
[INFO] [stdout]                                at /rustc/e3feeb59cd1bdd011a2bfcc0747b55125d9b8527/library/core/src/panicking.rs:447:23
[INFO] [stdout]   20:     0x59149feab514 - core[a373ad73a504971]::panicking::assert_failed::<core[a373ad73a504971]::option::Option<i32>, core[a373ad73a504971]::option::Option<i32>>
[INFO] [stdout]                                at /rustc/e3feeb59cd1bdd011a2bfcc0747b55125d9b8527/library/core/src/panicking.rs:407:5
[INFO] [stdout]   21:     0x59149feaca98 - seccomp_test[f9efa52b2cb5230b]::assert_deny_nr_blocked
[INFO] [stdout]                                at /opt/rustwide/workdir/tests/seccomp_test.rs:577:5
[INFO] [stdout]   22:     0x59149fead7b8 - seccomp_test[f9efa52b2cb5230b]::deny_nr_blocks_mount
[INFO] [stdout]                                at /opt/rustwide/workdir/tests/seccomp_test.rs:598:5
[INFO] [stdout]   23:     0x59149feab7d7 - seccomp_test[f9efa52b2cb5230b]::deny_nr_blocks_mount::{closure#0}
[INFO] [stdout]                                at /opt/rustwide/workdir/tests/seccomp_test.rs:594:26
[INFO] [stdout]   24:     0x59149feb2be6 - <seccomp_test[f9efa52b2cb5230b]::deny_nr_blocks_mount::{closure#0} as core[a373ad73a504971]::ops::function::FnOnce<()>>::call_once
[INFO] [stdout]                                at /rustc/e3feeb59cd1bdd011a2bfcc0747b55125d9b8527/library/core/src/ops/function.rs:250:5
[INFO] [stdout]   25:     0x59149feb2f0b - <fn() -> core[a373ad73a504971]::result::Result<(), alloc[2e1b2a31b91974c5]::string::String> as core[a373ad73a504971]::ops::function::FnOnce<()>>::call_once
[INFO] [stdout]                                at /rustc/e3feeb59cd1bdd011a2bfcc0747b55125d9b8527/library/core/src/ops/function.rs:250:5
[INFO] [stdout]   26:     0x59149feb2f0b - test[aada8e7e76ba119b]::__rust_begin_short_backtrace::<core[a373ad73a504971]::result::Result<(), alloc[2e1b2a31b91974c5]::string::String>, fn() -> core[a373ad73a504971]::result::Result<(), alloc[2e1b2a31b91974c5]::string::String>>
[INFO] [stdout]                                at /rustc/e3feeb59cd1bdd011a2bfcc0747b55125d9b8527/library/test/src/lib.rs:701:18
[INFO] [stdout]   27:     0x59149fec00e5 - test[aada8e7e76ba119b]::run_test_in_process::{closure#0}
[INFO] [stdout]                                at /rustc/e3feeb59cd1bdd011a2bfcc0747b55125d9b8527/library/test/src/lib.rs:724:74
[INFO] [stdout]   28:     0x59149fec00e5 - <core[a373ad73a504971]::panic::unwind_safe::AssertUnwindSafe<test[aada8e7e76ba119b]::run_test_in_process::{closure#0}> as core[a373ad73a504971]::ops::function::FnOnce<()>>::call_once
[INFO] [stdout]                                at /rustc/e3feeb59cd1bdd011a2bfcc0747b55125d9b8527/library/core/src/panic/unwind_safe.rs:275:9
[INFO] [stdout]   29:     0x59149fec00e5 - std[617be2ca0a6fd877]::panicking::catch_unwind::do_call::<core[a373ad73a504971]::panic::unwind_safe::AssertUnwindSafe<test[aada8e7e76ba119b]::run_test_in_process::{closure#0}>, core[a373ad73a504971]::result::Result<(), alloc[2e1b2a31b91974c5]::string::String>>
[INFO] [stdout]                                at /rustc/e3feeb59cd1bdd011a2bfcc0747b55125d9b8527/library/std/src/panicking.rs:573:43
[INFO] [stdout]   30:     0x59149fec00e5 - std[617be2ca0a6fd877]::panicking::catch_unwind::<core[a373ad73a504971]::result::Result<(), alloc[2e1b2a31b91974c5]::string::String>, core[a373ad73a504971]::panic::unwind_safe::AssertUnwindSafe<test[aada8e7e76ba119b]::run_test_in_process::{closure#0}>>
[INFO] [stdout]                                at /rustc/e3feeb59cd1bdd011a2bfcc0747b55125d9b8527/library/std/src/panicking.rs:541:19
[INFO] [stdout]   31:     0x59149fec00e5 - std[617be2ca0a6fd877]::panic::catch_unwind::<core[a373ad73a504971]::panic::unwind_safe::AssertUnwindSafe<test[aada8e7e76ba119b]::run_test_in_process::{closure#0}>, core[a373ad73a504971]::result::Result<(), alloc[2e1b2a31b91974c5]::string::String>>
[INFO] [stdout]                                at /rustc/e3feeb59cd1bdd011a2bfcc0747b55125d9b8527/library/std/src/panic.rs:359:14
[INFO] [stdout]   32:     0x59149fec00e5 - test[aada8e7e76ba119b]::run_test_in_process
[INFO] [stdout]                                at /rustc/e3feeb59cd1bdd011a2bfcc0747b55125d9b8527/library/test/src/lib.rs:724:27
[INFO] [stdout]   33:     0x59149fec00e5 - test[aada8e7e76ba119b]::run_test::{closure#0}
[INFO] [stdout]                                at /rustc/e3feeb59cd1bdd011a2bfcc0747b55125d9b8527/library/test/src/lib.rs:645:43
[INFO] [stdout]   34:     0x59149feb99d4 - test[aada8e7e76ba119b]::run_test::{closure#1}
[INFO] [stdout]                                at /rustc/e3feeb59cd1bdd011a2bfcc0747b55125d9b8527/library/test/src/lib.rs:675:41
[INFO] [stdout]   35:     0x59149feb99d4 - std[617be2ca0a6fd877]::sys::backtrace::__rust_begin_short_backtrace::<test[aada8e7e76ba119b]::run_test::{closure#1}, ()>
[INFO] [stdout]                                at /rustc/e3feeb59cd1bdd011a2bfcc0747b55125d9b8527/library/std/src/sys/backtrace.rs:166:18
[INFO] [stdout]   36:     0x59149fec3172 - std[617be2ca0a6fd877]::thread::lifecycle::spawn_unchecked::<test[aada8e7e76ba119b]::run_test::{closure#1}, ()>::{closure#1}::{closure#0}
[INFO] [stdout]                                at /rustc/e3feeb59cd1bdd011a2bfcc0747b55125d9b8527/library/std/src/thread/lifecycle.rs:70:13
[INFO] [stdout]   37:     0x59149fec3172 - <core[a373ad73a504971]::panic::unwind_safe::AssertUnwindSafe<std[617be2ca0a6fd877]::thread::lifecycle::spawn_unchecked<test[aada8e7e76ba119b]::run_test::{closure#1}, ()>::{closure#1}::{closure#0}> as core[a373ad73a504971]::ops::function::FnOnce<()>>::call_once
[INFO] [stdout]                                at /rustc/e3feeb59cd1bdd011a2bfcc0747b55125d9b8527/library/core/src/panic/unwind_safe.rs:275:9
[INFO] [stdout]   38:     0x59149fec3172 - std[617be2ca0a6fd877]::panicking::catch_unwind::do_call::<core[a373ad73a504971]::panic::unwind_safe::AssertUnwindSafe<std[617be2ca0a6fd877]::thread::lifecycle::spawn_unchecked<test[aada8e7e76ba119b]::run_test::{closure#1}, ()>::{closure#1}::{closure#0}>, ()>
[INFO] [stdout]                                at /rustc/e3feeb59cd1bdd011a2bfcc0747b55125d9b8527/library/std/src/panicking.rs:573:43
[INFO] [stdout]   39:     0x59149fec3172 - std[617be2ca0a6fd877]::panicking::catch_unwind::<(), core[a373ad73a504971]::panic::unwind_safe::AssertUnwindSafe<std[617be2ca0a6fd877]::thread::lifecycle::spawn_unchecked<test[aada8e7e76ba119b]::run_test::{closure#1}, ()>::{closure#1}::{closure#0}>>
[INFO] [stdout]                                at /rustc/e3feeb59cd1bdd011a2bfcc0747b55125d9b8527/library/std/src/panicking.rs:541:19
[INFO] [stdout]   40:     0x59149fec3172 - std[617be2ca0a6fd877]::panic::catch_unwind::<core[a373ad73a504971]::panic::unwind_safe::AssertUnwindSafe<std[617be2ca0a6fd877]::thread::lifecycle::spawn_unchecked<test[aada8e7e76ba119b]::run_test::{closure#1}, ()>::{closure#1}::{closure#0}>, ()>
[INFO] [stdout]                                at /rustc/e3feeb59cd1bdd011a2bfcc0747b55125d9b8527/library/std/src/panic.rs:359:14
[INFO] [stdout]   41:     0x59149fec3172 - std[617be2ca0a6fd877]::thread::lifecycle::spawn_unchecked::<test[aada8e7e76ba119b]::run_test::{closure#1}, ()>::{closure#1}
[INFO] [stdout]                                at /rustc/e3feeb59cd1bdd011a2bfcc0747b55125d9b8527/library/std/src/thread/lifecycle.rs:68:26
[INFO] [stdout]   42:     0x59149fec3172 - <std[617be2ca0a6fd877]::thread::lifecycle::spawn_unchecked<test[aada8e7e76ba119b]::run_test::{closure#1}, ()>::{closure#1} as core[a373ad73a504971]::ops::function::FnOnce<()>>::call_once::{shim:vtable#0}
[INFO] [stdout]                                at /rustc/e3feeb59cd1bdd011a2bfcc0747b55125d9b8527/library/core/src/ops/function.rs:250:5
[INFO] [stdout]   43:     0x59149ff2f59f - <alloc[2e1b2a31b91974c5]::boxed::Box<dyn core[a373ad73a504971]::ops::function::FnOnce<(), Output = ()> + core[a373ad73a504971]::marker::Send> as core[a373ad73a504971]::ops::function::FnOnce<()>>::call_once
[INFO] [stdout]                                at /rustc/e3feeb59cd1bdd011a2bfcc0747b55125d9b8527/library/alloc/src/boxed.rs:2314:9
[INFO] [stdout]   44:     0x59149ff2f59f - <std[617be2ca0a6fd877]::sys::thread::unix::Thread>::new::thread_start
[INFO] [stdout]                                at /rustc/e3feeb59cd1bdd011a2bfcc0747b55125d9b8527/library/std/src/sys/thread/unix.rs:127:17
[INFO] [stdout]   45:     0x78cbb72e9dfa - <unknown>
[INFO] [stdout]   46:     0x78cbb737d3d4 - clone
[INFO] [stdout]   47:                0x0 - <unknown>
[INFO] [stdout] 
[INFO] [stdout] ---- deny_nr_blocks_reboot stdout ----
[INFO] [stdout] 
[INFO] [stdout] thread 'deny_nr_blocks_reboot' (1378) panicked at tests/seccomp_test.rs:577:5:
[INFO] [stdout] assertion `left == right` failed: --seccomp-deny-nr 应拦截 syscall 169，wrapper 应退出 126。stdout="" stderr="syscall(169) returned -1 (errno=1)\n[seabox] command failed (exit code 101)\n"
[INFO] [stdout]   left: Some(101)
[INFO] [stdout]  right: Some(126)
[INFO] [stdout] stack backtrace:
[INFO] [stdout]    0:     0x59149ff2fd41 - std[617be2ca0a6fd877]::backtrace_rs::backtrace::libunwind::trace
[INFO] [stdout]                                at /rustc/e3feeb59cd1bdd011a2bfcc0747b55125d9b8527/library/std/src/../../backtrace/src/backtrace/libunwind.rs:117:9
[INFO] [stdout]    1:     0x59149ff2fd41 - std[617be2ca0a6fd877]::backtrace_rs::backtrace::trace_unsynchronized::<std[617be2ca0a6fd877]::sys::backtrace::_print_fmt::{closure#1}>
[INFO] [stdout]                                at /rustc/e3feeb59cd1bdd011a2bfcc0747b55125d9b8527/library/std/src/../../backtrace/src/backtrace/mod.rs:66:14
[INFO] [stdout]    2:     0x59149ff2fd41 - std[617be2ca0a6fd877]::sys::backtrace::_print_fmt
[INFO] [stdout]                                at /rustc/e3feeb59cd1bdd011a2bfcc0747b55125d9b8527/library/std/src/sys/backtrace.rs:74:9
[INFO] [stdout]    3:     0x59149ff2fd41 - <<std[617be2ca0a6fd877]::sys::backtrace::BacktraceLock>::print::DisplayBacktrace as core[a373ad73a504971]::fmt::Display>::fmt
[INFO] [stdout]                                at /rustc/e3feeb59cd1bdd011a2bfcc0747b55125d9b8527/library/std/src/sys/backtrace.rs:44:26
[INFO] [stdout]    4:     0x59149ff43caa - <core[a373ad73a504971]::fmt::rt::Argument>::fmt
[INFO] [stdout]                                at /rustc/e3feeb59cd1bdd011a2bfcc0747b55125d9b8527/library/core/src/fmt/rt.rs:152:76
[INFO] [stdout]    5:     0x59149ff43caa - core[a373ad73a504971]::fmt::write
[INFO] [stdout]    6:     0x59149ff33f5c - core[a373ad73a504971]::io::write::default_write_fmt::<alloc[2e1b2a31b91974c5]::vec::Vec<u8>>
[INFO] [stdout]                                at /rustc/e3feeb59cd1bdd011a2bfcc0747b55125d9b8527/library/core/src/io/write.rs:402:11
[INFO] [stdout]    7:     0x59149ff33f5c - <alloc[2e1b2a31b91974c5]::vec::Vec<u8> as core[a373ad73a504971]::io::write::Write>::write_fmt
[INFO] [stdout]                                at /rustc/e3feeb59cd1bdd011a2bfcc0747b55125d9b8527/library/core/src/io/write.rs:335:13
[INFO] [stdout]    8:     0x59149ff0bec6 - <std[617be2ca0a6fd877]::sys::backtrace::BacktraceLock>::print
[INFO] [stdout]                                at /rustc/e3feeb59cd1bdd011a2bfcc0747b55125d9b8527/library/std/src/sys/backtrace.rs:47:9
[INFO] [stdout]    9:     0x59149ff0bec6 - std[617be2ca0a6fd877]::panicking::default_hook::{closure#0}
[INFO] [stdout]                                at /rustc/e3feeb59cd1bdd011a2bfcc0747b55125d9b8527/library/std/src/panicking.rs:289:27
[INFO] [stdout]   10:     0x59149ff282f9 - std[617be2ca0a6fd877]::panicking::default_hook
[INFO] [stdout]                                at /rustc/e3feeb59cd1bdd011a2bfcc0747b55125d9b8527/library/std/src/panicking.rs:313:9
[INFO] [stdout]   11:     0x59149febfac0 - <alloc[2e1b2a31b91974c5]::boxed::Box<dyn for<'a, 'b> core[a373ad73a504971]::ops::function::Fn<(&'a std[617be2ca0a6fd877]::panic::PanicHookInfo<'b>,), Output = ()> + core[a373ad73a504971]::marker::Sync + core[a373ad73a504971]::marker::Send> as core[a373ad73a504971]::ops::function::Fn<(&std[617be2ca0a6fd877]::panic::PanicHookInfo,)>>::call
[INFO] [stdout]                                at /rustc/e3feeb59cd1bdd011a2bfcc0747b55125d9b8527/library/alloc/src/boxed.rs:2328:9
[INFO] [stdout]   12:     0x59149febfac0 - test[aada8e7e76ba119b]::test_main_inner::{closure#0}
[INFO] [stdout]                                at /rustc/e3feeb59cd1bdd011a2bfcc0747b55125d9b8527/library/test/src/lib.rs:137:21
[INFO] [stdout]   13:     0x59149ff284b2 - <alloc[2e1b2a31b91974c5]::boxed::Box<dyn for<'a, 'b> core[a373ad73a504971]::ops::function::Fn<(&'a std[617be2ca0a6fd877]::panic::PanicHookInfo<'b>,), Output = ()> + core[a373ad73a504971]::marker::Sync + core[a373ad73a504971]::marker::Send> as core[a373ad73a504971]::ops::function::Fn<(&std[617be2ca0a6fd877]::panic::PanicHookInfo,)>>::call
[INFO] [stdout]                                at /rustc/e3feeb59cd1bdd011a2bfcc0747b55125d9b8527/library/alloc/src/boxed.rs:2328:9
[INFO] [stdout]   14:     0x59149ff284b2 - std[617be2ca0a6fd877]::panicking::panic_with_hook
[INFO] [stdout]                                at /rustc/e3feeb59cd1bdd011a2bfcc0747b55125d9b8527/library/std/src/panicking.rs:819:13
[INFO] [stdout]   15:     0x59149ff0bf72 - std[617be2ca0a6fd877]::panicking::panic_handler::{closure#0}
[INFO] [stdout]                                at /rustc/e3feeb59cd1bdd011a2bfcc0747b55125d9b8527/library/std/src/panicking.rs:685:13
[INFO] [stdout]   16:     0x59149ff04bd9 - std[617be2ca0a6fd877]::sys::backtrace::__rust_end_short_backtrace::<std[617be2ca0a6fd877]::panicking::panic_handler::{closure#0}, !>
[INFO] [stdout]                                at /rustc/e3feeb59cd1bdd011a2bfcc0747b55125d9b8527/library/std/src/sys/backtrace.rs:182:18
[INFO] [stdout]   17:     0x59149ff0cb7d - __rustc[ea4f61d10b84890b]::rust_begin_unwind
[INFO] [stdout]                                at /rustc/e3feeb59cd1bdd011a2bfcc0747b55125d9b8527/library/std/src/panicking.rs:676:5
[INFO] [stdout]   18:     0x59149ff4443c - core[a373ad73a504971]::panicking::panic_fmt
[INFO] [stdout]                                at /rustc/e3feeb59cd1bdd011a2bfcc0747b55125d9b8527/library/core/src/panicking.rs:80:14
[INFO] [stdout]   19:     0x59149ff44353 - core[a373ad73a504971]::panicking::assert_failed_inner
[INFO] [stdout]                                at /rustc/e3feeb59cd1bdd011a2bfcc0747b55125d9b8527/library/core/src/panicking.rs:447:23
[INFO] [stdout]   20:     0x59149feab514 - core[a373ad73a504971]::panicking::assert_failed::<core[a373ad73a504971]::option::Option<i32>, core[a373ad73a504971]::option::Option<i32>>
[INFO] [stdout]                                at /rustc/e3feeb59cd1bdd011a2bfcc0747b55125d9b8527/library/core/src/panicking.rs:407:5
[INFO] [stdout]   21:     0x59149feaca98 - seccomp_test[f9efa52b2cb5230b]::assert_deny_nr_blocked
[INFO] [stdout]                                at /opt/rustwide/workdir/tests/seccomp_test.rs:577:5
[INFO] [stdout]   22:     0x59149fead7f8 - seccomp_test[f9efa52b2cb5230b]::deny_nr_blocks_reboot
[INFO] [stdout]                                at /opt/rustwide/workdir/tests/seccomp_test.rs:616:5
[INFO] [stdout]   23:     0x59149feab807 - seccomp_test[f9efa52b2cb5230b]::deny_nr_blocks_reboot::{closure#0}
[INFO] [stdout]                                at /opt/rustwide/workdir/tests/seccomp_test.rs:612:27
[INFO] [stdout]   24:     0x59149feb2c06 - <seccomp_test[f9efa52b2cb5230b]::deny_nr_blocks_reboot::{closure#0} as core[a373ad73a504971]::ops::function::FnOnce<()>>::call_once
[INFO] [stdout]                                at /rustc/e3feeb59cd1bdd011a2bfcc0747b55125d9b8527/library/core/src/ops/function.rs:250:5
[INFO] [stdout]   25:     0x59149feb2f0b - <fn() -> core[a373ad73a504971]::result::Result<(), alloc[2e1b2a31b91974c5]::string::String> as core[a373ad73a504971]::ops::function::FnOnce<()>>::call_once
[INFO] [stdout]                                at /rustc/e3feeb59cd1bdd011a2bfcc0747b55125d9b8527/library/core/src/ops/function.rs:250:5
[INFO] [stdout]   26:     0x59149feb2f0b - test[aada8e7e76ba119b]::__rust_begin_short_backtrace::<core[a373ad73a504971]::result::Result<(), alloc[2e1b2a31b91974c5]::string::String>, fn() -> core[a373ad73a504971]::result::Result<(), alloc[2e1b2a31b91974c5]::string::String>>
[INFO] [stdout]                                at /rustc/e3feeb59cd1bdd011a2bfcc0747b55125d9b8527/library/test/src/lib.rs:701:18
[INFO] [stdout]   27:     0x59149fec00e5 - test[aada8e7e76ba119b]::run_test_in_process::{closure#0}
[INFO] [stdout]                                at /rustc/e3feeb59cd1bdd011a2bfcc0747b55125d9b8527/library/test/src/lib.rs:724:74
[INFO] [stdout]   28:     0x59149fec00e5 - <core[a373ad73a504971]::panic::unwind_safe::AssertUnwindSafe<test[aada8e7e76ba119b]::run_test_in_process::{closure#0}> as core[a373ad73a504971]::ops::function::FnOnce<()>>::call_once
[INFO] [stdout]                                at /rustc/e3feeb59cd1bdd011a2bfcc0747b55125d9b8527/library/core/src/panic/unwind_safe.rs:275:9
[INFO] [stdout]   29:     0x59149fec00e5 - std[617be2ca0a6fd877]::panicking::catch_unwind::do_call::<core[a373ad73a504971]::panic::unwind_safe::AssertUnwindSafe<test[aada8e7e76ba119b]::run_test_in_process::{closure#0}>, core[a373ad73a504971]::result::Result<(), alloc[2e1b2a31b91974c5]::string::String>>
[INFO] [stdout]                                at /rustc/e3feeb59cd1bdd011a2bfcc0747b55125d9b8527/library/std/src/panicking.rs:573:43
[INFO] [stdout]   30:     0x59149fec00e5 - std[617be2ca0a6fd877]::panicking::catch_unwind::<core[a373ad73a504971]::result::Result<(), alloc[2e1b2a31b91974c5]::string::String>, core[a373ad73a504971]::panic::unwind_safe::AssertUnwindSafe<test[aada8e7e76ba119b]::run_test_in_process::{closure#0}>>
[INFO] [stdout]                                at /rustc/e3feeb59cd1bdd011a2bfcc0747b55125d9b8527/library/std/src/panicking.rs:541:19
[INFO] [stdout]   31:     0x59149fec00e5 - std[617be2ca0a6fd877]::panic::catch_unwind::<core[a373ad73a504971]::panic::unwind_safe::AssertUnwindSafe<test[aada8e7e76ba119b]::run_test_in_process::{closure#0}>, core[a373ad73a504971]::result::Result<(), alloc[2e1b2a31b91974c5]::string::String>>
[INFO] [stdout]                                at /rustc/e3feeb59cd1bdd011a2bfcc0747b55125d9b8527/library/std/src/panic.rs:359:14
[INFO] [stdout]   32:     0x59149fec00e5 - test[aada8e7e76ba119b]::run_test_in_process
[INFO] [stdout]                                at /rustc/e3feeb59cd1bdd011a2bfcc0747b55125d9b8527/library/test/src/lib.rs:724:27
[INFO] [stdout]   33:     0x59149fec00e5 - test[aada8e7e76ba119b]::run_test::{closure#0}
[INFO] [stdout]                                at /rustc/e3feeb59cd1bdd011a2bfcc0747b55125d9b8527/library/test/src/lib.rs:645:43
[INFO] [stdout]   34:     0x59149feb99d4 - test[aada8e7e76ba119b]::run_test::{closure#1}
[INFO] [stdout]                                at /rustc/e3feeb59cd1bdd011a2bfcc0747b55125d9b8527/library/test/src/lib.rs:675:41
[INFO] [stdout]   35:     0x59149feb99d4 - std[617be2ca0a6fd877]::sys::backtrace::__rust_begin_short_backtrace::<test[aada8e7e76ba119b]::run_test::{closure#1}, ()>
[INFO] [stdout]                                at /rustc/e3feeb59cd1bdd011a2bfcc0747b55125d9b8527/library/std/src/sys/backtrace.rs:166:18
[INFO] [stdout]   36:     0x59149fec3172 - std[617be2ca0a6fd877]::thread::lifecycle::spawn_unchecked::<test[aada8e7e76ba119b]::run_test::{closure#1}, ()>::{closure#1}::{closure#0}
[INFO] [stdout]                                at /rustc/e3feeb59cd1bdd011a2bfcc0747b55125d9b8527/library/std/src/thread/lifecycle.rs:70:13
[INFO] [stdout]   37:     0x59149fec3172 - <core[a373ad73a504971]::panic::unwind_safe::AssertUnwindSafe<std[617be2ca0a6fd877]::thread::lifecycle::spawn_unchecked<test[aada8e7e76ba119b]::run_test::{closure#1}, ()>::{closure#1}::{closure#0}> as core[a373ad73a504971]::ops::function::FnOnce<()>>::call_once
[INFO] [stdout]                                at /rustc/e3feeb59cd1bdd011a2bfcc0747b55125d9b8527/library/core/src/panic/unwind_safe.rs:275:9
[INFO] [stdout]   38:     0x59149fec3172 - std[617be2ca0a6fd877]::panicking::catch_unwind::do_call::<core[a373ad73a504971]::panic::unwind_safe::AssertUnwindSafe<std[617be2ca0a6fd877]::thread::lifecycle::spawn_unchecked<test[aada8e7e76ba119b]::run_test::{closure#1}, ()>::{closure#1}::{closure#0}>, ()>
[INFO] [stdout]                                at /rustc/e3feeb59cd1bdd011a2bfcc0747b55125d9b8527/library/std/src/panicking.rs:573:43
[INFO] [stdout]   39:     0x59149fec3172 - std[617be2ca0a6fd877]::panicking::catch_unwind::<(), core[a373ad73a504971]::panic::unwind_safe::AssertUnwindSafe<std[617be2ca0a6fd877]::thread::lifecycle::spawn_unchecked<test[aada8e7e76ba119b]::run_test::{closure#1}, ()>::{closure#1}::{closure#0}>>
[INFO] [stdout]                                at /rustc/e3feeb59cd1bdd011a2bfcc0747b55125d9b8527/library/std/src/panicking.rs:541:19
[INFO] [stdout]   40:     0x59149fec3172 - std[617be2ca0a6fd877]::panic::catch_unwind::<core[a373ad73a504971]::panic::unwind_safe::AssertUnwindSafe<std[617be2ca0a6fd877]::thread::lifecycle::spawn_unchecked<test[aada8e7e76ba119b]::run_test::{closure#1}, ()>::{closure#1}::{closure#0}>, ()>
[INFO] [stdout]                                at /rustc/e3feeb59cd1bdd011a2bfcc0747b55125d9b8527/library/std/src/panic.rs:359:14
[INFO] [stdout]   41:     0x59149fec3172 - std[617be2ca0a6fd877]::thread::lifecycle::spawn_unchecked::<test[aada8e7e76ba119b]::run_test::{closure#1}, ()>::{closure#1}
[INFO] [stdout]                                at /rustc/e3feeb59cd1bdd011a2bfcc0747b55125d9b8527/library/std/src/thread/lifecycle.rs:68:26
[INFO] [stdout]   42:     0x59149fec3172 - <std[617be2ca0a6fd877]::thread::lifecycle::spawn_unchecked<test[aada8e7e76ba119b]::run_test::{closure#1}, ()>::{closure#1} as core[a373ad73a504971]::ops::function::FnOnce<()>>::call_once::{shim:vtable#0}
[INFO] [stdout]                                at /rustc/e3feeb59cd1bdd011a2bfcc0747b55125d9b8527/library/core/src/ops/function.rs:250:5
[INFO] [stdout]   43:     0x59149ff2f59f - <alloc[2e1b2a31b91974c5]::boxed::Box<dyn core[a373ad73a504971]::ops::function::FnOnce<(), Output = ()> + core[a373ad73a504971]::marker::Send> as core[a373ad73a504971]::ops::function::FnOnce<()>>::call_once
[INFO] [stdout]                                at /rustc/e3feeb59cd1bdd011a2bfcc0747b55125d9b8527/library/alloc/src/boxed.rs:2314:9
[INFO] [stdout]   44:     0x59149ff2f59f - <std[617be2ca0a6fd877]::sys::thread::unix::Thread>::new::thread_start
[INFO] [stdout]                                at /rustc/e3feeb59cd1bdd011a2bfcc0747b55125d9b8527/library/std/src/sys/thread/unix.rs:127:17
[INFO] [stdout]   45:     0x78cbb72e9dfa - <unknown>
[INFO] [stdout]   46:     0x78cbb737d3d4 - clone
[INFO] [stdout]   47:                0x0 - <unknown>
[INFO] [stdout] 
[INFO] [stdout] 
[INFO] [stdout] failures:
[INFO] [stdout]     deny_nr_blocks_mount
[INFO] [stdout]     deny_nr_blocks_reboot
[INFO] [stdout]     deny_nr_multiple_blocks_both
[INFO] [stdout] 
[INFO] [stdout] test result: FAILED. 20 passed; 3 failed; 0 ignored; 0 measured; 0 filtered out; finished in 0.13s
[INFO] [stdout] 
[INFO] [stderr] error: test failed, to rerun pass `--test seccomp_test`
[INFO] running `Command { std: "docker" "inspect" "bd3d49557fe166a105f247df4e7b8ff31569327117873a1ba77ac110f0f46494", kill_on_drop: false }`
[INFO] running `Command { std: "docker" "rm" "-f" "bd3d49557fe166a105f247df4e7b8ff31569327117873a1ba77ac110f0f46494", kill_on_drop: false }`
[INFO] [stdout] bd3d49557fe166a105f247df4e7b8ff31569327117873a1ba77ac110f0f46494
