[INFO] fetching crate sdkt-cli 2.5.0...
[INFO] testing sdkt-cli-2.5.0 against 1.100.0-beta.1 for beta-1.100-2
[INFO] extracting crate sdkt-cli 2.5.0 into /workspace/builds/worker-5-tc2/source
[INFO] started tweaking crates.io crate sdkt-cli 2.5.0
[INFO] removed 0 missing tests
[INFO] finished tweaking crates.io crate sdkt-cli 2.5.0
[INFO] tweaked toml for crates.io crate sdkt-cli 2.5.0 written to /workspace/builds/worker-5-tc2/source/Cargo.toml
[INFO] validating manifest of crates.io crate sdkt-cli 2.5.0 on toolchain 1.100.0-beta.1
[INFO] running `Command { std: CARGO_HOME="/workspace/cargo-home" RUSTUP_HOME="/workspace/rustup-home" "/workspace/cargo-home/bin/cargo" "+1.100.0-beta.1" "metadata" "--manifest-path" "Cargo.toml" "--no-deps", kill_on_drop: false }`
[INFO] crate crates.io crate sdkt-cli 2.5.0 already has a lockfile, it will not be regenerated
[INFO] running `Command { std: CARGO_HOME="/workspace/cargo-home" RUSTUP_HOME="/workspace/rustup-home" "/workspace/cargo-home/bin/cargo" "+1.100.0-beta.1" "fetch" "--manifest-path" "Cargo.toml", kill_on_drop: false }`
[INFO] [stderr] warning: `package.homepage` is redundant with `package.repository`
[INFO] [stderr]   --> Cargo.toml:76:12
[INFO] [stderr]    |
[INFO] [stderr] 76 | homepage = "https://github.com/SaboLabs/soroban-devkit"
[INFO] [stderr]    |            ^^^^^^^^^^^^^^^^^^^^^^^^^^^^^^^^^^^^^^^^^^^^
[INFO] [stderr] ...
[INFO] [stderr] 81 | repository = "https://github.com/SaboLabs/soroban-devkit"
[INFO] [stderr]    |              --------------------------------------------
[INFO] [stderr]    |
[INFO] [stderr]    = note: `cargo::redundant_homepage` is set to `warn` by default
[INFO] [stderr] help: consider removing `package.homepage`
[INFO] [stderr] warning: `sdkt-cli` (manifest) generated 1 warning
[INFO] [stderr]     Blocking waiting for file lock on package cache
[INFO] running `Command { std: "docker" "create" "-v" "/var/lib/crater-agent-workspace/builds/worker-5-tc2/source:/opt/rustwide/workdir:ro,Z" "-v" "/var/lib/crater-agent-workspace/builds/worker-5-tc2/target:/opt/rustwide/target:rw,Z" "-v" "/var/lib/crater-agent-workspace/cargo-home:/opt/rustwide/cargo-home:ro,Z" "-v" "/var/lib/crater-agent-workspace/rustup-home:/opt/rustwide/rustup-home:ro,Z" "-m" "1610612736" "--network" "none" "ghcr.io/rust-lang/crates-build-env/linux@sha256:3111399a4047eeb3a02b7a90e478d715f38a8c6669b5c4b49d30a17385265909" "sleep" "infinity", kill_on_drop: false }`
[INFO] [stdout] 580d63d2a715267af3b1d8a2464c29185c87d1a67f164f945d316ed1f813f30c
[INFO] running `Command { std: "docker" "start" "580d63d2a715267af3b1d8a2464c29185c87d1a67f164f945d316ed1f813f30c", kill_on_drop: false }`
[INFO] running `Command { std: "docker" "inspect" "580d63d2a715267af3b1d8a2464c29185c87d1a67f164f945d316ed1f813f30c", kill_on_drop: false }`
[INFO] running `Command { std: "docker" "exec" "-e" "SOURCE_DIR=/opt/rustwide/workdir" "-e" "CARGO_HOME=/opt/rustwide/cargo-home" "-e" "RUSTUP_HOME=/opt/rustwide/rustup-home" "-e" "CARGO_TARGET_DIR=/opt/rustwide/target" "-w" "/opt/rustwide/workdir" "--user" "0:0" "580d63d2a715267af3b1d8a2464c29185c87d1a67f164f945d316ed1f813f30c" "/opt/rustwide/cargo-home/bin/cargo" "+1.100.0-beta.1" "metadata" "--no-deps" "--format-version=1", kill_on_drop: false }`
[INFO] running `Command { std: "docker" "inspect" "580d63d2a715267af3b1d8a2464c29185c87d1a67f164f945d316ed1f813f30c", kill_on_drop: false }`
[INFO] running `Command { std: "docker" "exec" "-e" "SOURCE_DIR=/opt/rustwide/workdir" "-e" "CARGO_HOME=/opt/rustwide/cargo-home" "-e" "RUSTUP_HOME=/opt/rustwide/rustup-home" "-e" "CARGO_TARGET_DIR=/opt/rustwide/target" "-e" "CARGO_INCREMENTAL=0" "-e" "RUST_BACKTRACE=full" "-e" "RUSTFLAGS=--cap-lints=warn" "-e" "RUSTDOCFLAGS=--cap-lints=warn" "-w" "/opt/rustwide/workdir" "--user" "0:0" "580d63d2a715267af3b1d8a2464c29185c87d1a67f164f945d316ed1f813f30c" "/opt/rustwide/cargo-home/bin/cargo" "+1.100.0-beta.1" "build" "--frozen" "--message-format=json", kill_on_drop: false }`
[INFO] [stderr] warning: `package.homepage` is redundant with `package.repository`
[INFO] [stderr]   --> Cargo.toml:76:12
[INFO] [stderr]    |
[INFO] [stderr] 76 | homepage = "https://github.com/SaboLabs/soroban-devkit"
[INFO] [stderr]    |            ^^^^^^^^^^^^^^^^^^^^^^^^^^^^^^^^^^^^^^^^^^^^
[INFO] [stderr] ...
[INFO] [stderr] 81 | repository = "https://github.com/SaboLabs/soroban-devkit"
[INFO] [stderr]    |              --------------------------------------------
[INFO] [stderr]    |
[INFO] [stderr]    = note: `cargo::redundant_homepage` is set to `warn` by default
[INFO] [stderr] help: consider removing `package.homepage`
[INFO] [stderr] warning: `sdkt-cli` (manifest) generated 1 warning
[INFO] [stderr]    Compiling unicode-ident v1.0.24
[INFO] [stderr]    Compiling shlex v2.0.1
[INFO] [stderr]    Compiling pkg-config v0.3.33
[INFO] [stderr]    Compiling serde v1.0.229
[INFO] [stderr]    Compiling memchr v2.8.3
[INFO] [stderr]    Compiling serde_core v1.0.229
[INFO] [stderr]    Compiling serde_json v1.0.151
[INFO] [stderr]    Compiling futures-core v0.3.33
[INFO] [stderr]    Compiling proc-macro2 v1.0.107
[INFO] [stderr]    Compiling jobserver v0.1.35
[INFO] [stderr]    Compiling hashbrown v0.17.1
[INFO] [stderr]    Compiling mio v1.2.2
[INFO] [stderr]    Compiling bitflags v2.13.1
[INFO] [stderr]    Compiling semver v1.0.28
[INFO] [stderr]    Compiling smallvec v1.15.2
[INFO] [stderr]    Compiling aws-lc-rs v1.17.3
[INFO] [stderr]    Compiling http v1.5.0
[INFO] [stderr]    Compiling schemars v0.8.22
[INFO] [stderr]    Compiling cc v1.4.0
[INFO] [stderr]    Compiling futures-sink v0.3.33
[INFO] [stderr]    Compiling data-encoding v2.11.0
[INFO] [stderr]    Compiling sha2 v0.10.9
[INFO] [stderr]    Compiling futures-task v0.3.33
[INFO] [stderr]    Compiling rustls v0.23.43
[INFO] [stderr]    Compiling thiserror v2.0.19
[INFO] [stderr]    Compiling simd-adler32 v0.3.10
[INFO] [stderr]    Compiling rustix v1.1.4
[INFO] [stderr]    Compiling futures-util v0.3.33
[INFO] [stderr]    Compiling rustc_version v0.4.1
[INFO] [stderr]    Compiling tracing v0.1.44
[INFO] [stderr]    Compiling indexmap v2.14.0
[INFO] [stderr]    Compiling miniz_oxide v0.8.9
[INFO] [stderr]    Compiling quote v1.0.47
[INFO] [stderr]    Compiling http-body v1.1.0
[INFO] [stderr]    Compiling ethnum v1.5.3
[INFO] [stderr]    Compiling byteorder v1.5.0
[INFO] [stderr]    Compiling heapless v0.9.3
[INFO] [stderr]    Compiling zstd-safe v7.2.4
[INFO] [stderr]    Compiling escape-bytes v0.1.1
[INFO] [stderr]    Compiling curve25519-dalek v4.1.3
[INFO] [stderr]    Compiling syn v3.0.3
[INFO] [stderr]    Compiling syn v2.0.119
[INFO] [stderr]    Compiling cmake v0.1.58
[INFO] [stderr]    Compiling hash32 v0.3.1
[INFO] [stderr]    Compiling futures-channel v0.3.33
[INFO] [stderr]    Compiling zerocopy v0.8.55
[INFO] [stderr]    Compiling compression-core v0.4.32
[INFO] [stderr]    Compiling sync_wrapper v1.0.2
[INFO] [stderr]    Compiling filetime v0.2.29
[INFO] [stderr]    Compiling ipnet v2.12.1
[INFO] [stderr]    Compiling anstyle-parse v1.0.0
[INFO] [stderr]    Compiling dirs-sys v0.4.1
[INFO] [stderr]    Compiling http-body-util v0.1.4
[INFO] [stderr]    Compiling colorchoice v1.0.5
[INFO] [stderr]    Compiling anstream v1.0.0
[INFO] [stderr]    Compiling directories v5.0.1
[INFO] [stderr]    Compiling flate2 v1.1.9
[INFO] [stderr]    Compiling clap_builder v4.6.2
[INFO] [stderr]    Compiling dirs v5.0.1
[INFO] [stderr]    Compiling sdkt-cli v2.5.0 (/opt/rustwide/workdir)
[INFO] [stderr]    Compiling aws-lc-sys v0.43.0
[INFO] [stderr]    Compiling zstd-sys v2.0.16+zstd.1.5.7
[INFO] [stderr]    Compiling compression-codecs v0.4.38
[INFO] [stderr]    Compiling xattr v1.6.1
[INFO] [stderr]    Compiling tar v0.4.46
[INFO] [stderr]    Compiling synstructure v0.13.2
[INFO] [stderr]    Compiling darling_core v0.23.0
[INFO] [stderr]    Compiling zerofrom-derive v0.1.7
[INFO] [stderr]    Compiling zeroize_derive v1.5.0
[INFO] [stderr]    Compiling yoke-derive v0.8.2
[INFO] [stderr]    Compiling zerovec-derive v0.11.3
[INFO] [stderr]    Compiling derive_arbitrary v1.4.2
[INFO] [stderr]    Compiling cfg_eval v0.1.2
[INFO] [stderr]    Compiling serde_derive v1.0.229
[INFO] [stderr]    Compiling zeroize v1.9.0
[INFO] [stderr]    Compiling displaydoc v0.2.7
[INFO] [stderr]    Compiling tokio-macros v2.7.2
[INFO] [stderr]    Compiling rustls-pki-types v1.15.1
[INFO] [stderr]    Compiling thiserror-impl v2.0.19
[INFO] [stderr]    Compiling arbitrary v1.4.2
[INFO] [stderr]    Compiling tokio v1.53.1
[INFO] [stderr]    Compiling curve25519-dalek-derive v0.1.1
[INFO] [stderr]    Compiling zerofrom v0.1.8
[INFO] [stderr]    Compiling rustls-native-certs v0.8.4
[INFO] [stderr]    Compiling clap_derive v4.6.4
[INFO] [stderr]    Compiling yoke v0.8.3
[INFO] [stderr]    Compiling ppv-lite86 v0.2.21
[INFO] [stderr]    Compiling zerovec v0.11.6
[INFO] [stderr]    Compiling zerotrie v0.2.4
[INFO] [stderr]    Compiling rand_chacha v0.3.1
[INFO] [stderr]    Compiling darling_macro v0.23.0
[INFO] [stderr]    Compiling zstd v0.13.3
[INFO] [stderr]    Compiling tinystr v0.8.3
[INFO] [stderr]    Compiling potential_utf v0.1.5
[INFO] [stderr]    Compiling rand v0.8.7
[INFO] [stderr]    Compiling icu_collections v2.2.0
[INFO] [stderr]    Compiling icu_locale_core v2.2.0
[INFO] [stderr]    Compiling clap v4.6.4
[INFO] [stderr]    Compiling clap_complete v4.6.9
[INFO] [stderr]    Compiling darling v0.23.0
[INFO] [stderr]    Compiling serde_with_macros v3.21.0
[INFO] [stderr]    Compiling ed25519-dalek v2.2.0
[INFO] [stderr]    Compiling icu_provider v2.2.0
[INFO] [stderr]    Compiling crate-git-revision v0.0.9
[INFO] [stderr]    Compiling crate-git-revision v0.0.6
[INFO] [stderr]    Compiling stellar-xdr v28.0.0
[INFO] [stderr]    Compiling stellar-strkey v0.0.18
[INFO] [stderr]    Compiling stellar-strkey v0.0.13
[INFO] [stderr]    Compiling icu_properties v2.2.0
[INFO] [stderr]    Compiling icu_normalizer v2.2.0
[INFO] [stderr]    Compiling hex v0.4.3
[INFO] [stderr]    Compiling serde_spanned v0.6.9
[INFO] [stderr]    Compiling toml_datetime v0.6.11
[INFO] [stderr]    Compiling wasmparser v0.255.0
[INFO] [stderr]    Compiling toml_edit v0.22.27
[INFO] [stderr]    Compiling idna_adapter v1.2.2
[INFO] [stderr]    Compiling tokio-util v0.7.19
[INFO] [stderr]    Compiling tower v0.5.3
[INFO] [stderr]    Compiling async-compression v0.4.43
[INFO] [stderr]    Compiling idna v1.1.0
[INFO] [stderr]    Compiling url v2.5.8
[INFO] [stderr]    Compiling serde_with v3.21.0
[INFO] [stderr]    Compiling h2 v0.4.15
[INFO] [stderr]    Compiling toml v0.8.23
[INFO] [stderr]    Compiling tower-http v0.6.11
[INFO] [stderr]    Compiling hyper v1.11.0
[INFO] [stderr]    Compiling hyper-util v0.1.20
[INFO] [stderr]    Compiling rustls-webpki v0.103.13
[INFO] [stderr]    Compiling tokio-rustls v0.26.4
[INFO] [stderr]    Compiling rustls-platform-verifier v0.7.0
[INFO] [stderr]    Compiling hyper-rustls v0.27.9
[INFO] [stderr]    Compiling reqwest v0.13.4
[INFO] [stderr]    Compiling sdkt-wasm v2.5.0
[INFO] [stderr]    Compiling sdkt-core v2.5.0
[INFO] [stderr]    Compiling sdkt-audit v2.5.0
[INFO] [stderr]    Compiling sdkt-xdr v2.5.0
[INFO] [stderr]    Compiling sdkt-rpc v2.5.0
[INFO] [stderr]    Compiling sdkt-storage v2.5.0
[INFO] [stderr]     Finished `dev` profile [unoptimized + debuginfo] target(s) in 1m 50s
[INFO] running `Command { std: "docker" "inspect" "580d63d2a715267af3b1d8a2464c29185c87d1a67f164f945d316ed1f813f30c", kill_on_drop: false }`
[INFO] running `Command { std: "docker" "exec" "-e" "SOURCE_DIR=/opt/rustwide/workdir" "-e" "CARGO_HOME=/opt/rustwide/cargo-home" "-e" "RUSTUP_HOME=/opt/rustwide/rustup-home" "-e" "CARGO_TARGET_DIR=/opt/rustwide/target" "-e" "CARGO_INCREMENTAL=0" "-e" "RUST_BACKTRACE=full" "-e" "RUSTFLAGS=--cap-lints=warn" "-e" "RUSTDOCFLAGS=--cap-lints=warn" "-w" "/opt/rustwide/workdir" "--user" "0:0" "580d63d2a715267af3b1d8a2464c29185c87d1a67f164f945d316ed1f813f30c" "/opt/rustwide/cargo-home/bin/cargo" "+1.100.0-beta.1" "test" "--frozen" "--no-run" "--message-format=json", kill_on_drop: false }`
[INFO] [stderr] warning: `package.homepage` is redundant with `package.repository`
[INFO] [stderr]   --> Cargo.toml:76:12
[INFO] [stderr]    |
[INFO] [stderr] 76 | homepage = "https://github.com/SaboLabs/soroban-devkit"
[INFO] [stderr]    |            ^^^^^^^^^^^^^^^^^^^^^^^^^^^^^^^^^^^^^^^^^^^^
[INFO] [stderr] ...
[INFO] [stderr] 81 | repository = "https://github.com/SaboLabs/soroban-devkit"
[INFO] [stderr]    |              --------------------------------------------
[INFO] [stderr]    |
[INFO] [stderr]    = note: `cargo::redundant_homepage` is set to `warn` by default
[INFO] [stderr] help: consider removing `package.homepage`
[INFO] [stderr] warning: `sdkt-cli` (manifest) generated 1 warning
[INFO] [stderr]    Compiling rustix v1.1.4
[INFO] [stderr]    Compiling num-traits v0.2.19
[INFO] [stderr]    Compiling aho-corasick v1.1.4
[INFO] [stderr]    Compiling regex-syntax v0.8.11
[INFO] [stderr]    Compiling predicates-core v1.0.10
[INFO] [stderr]    Compiling getrandom v0.4.3
[INFO] [stderr]    Compiling difflib v0.4.0
[INFO] [stderr]    Compiling assert_cmd v2.2.2
[INFO] [stderr]    Compiling normalize-line-endings v0.3.0
[INFO] [stderr]    Compiling termtree v0.5.1
[INFO] [stderr]    Compiling wait-timeout v0.2.1
[INFO] [stderr]    Compiling fastrand v2.5.0
[INFO] [stderr]    Compiling predicates-tree v1.0.13
[INFO] [stderr]    Compiling float-cmp v0.10.0
[INFO] [stderr]    Compiling xattr v1.6.1
[INFO] [stderr]    Compiling tempfile v3.27.0
[INFO] [stderr]    Compiling tar v0.4.46
[INFO] [stderr]    Compiling regex-automata v0.4.16
[INFO] [stderr]    Compiling sdkt-core v2.5.0
[INFO] [stderr]    Compiling sdkt-xdr v2.5.0
[INFO] [stderr]    Compiling sdkt-rpc v2.5.0
[INFO] [stderr]    Compiling regex v1.13.1
[INFO] [stderr]    Compiling bstr v1.13.0
[INFO] [stderr]    Compiling predicates v3.1.4
[INFO] [stderr]    Compiling sdkt-storage v2.5.0
[INFO] [stderr]    Compiling sdkt-cli v2.5.0 (/opt/rustwide/workdir)
[INFO] [stderr]     Finished `test` profile [unoptimized + debuginfo] target(s) in 26.95s
[INFO] running `Command { std: "docker" "inspect" "580d63d2a715267af3b1d8a2464c29185c87d1a67f164f945d316ed1f813f30c", kill_on_drop: false }`
[INFO] running `Command { std: "docker" "exec" "-e" "SOURCE_DIR=/opt/rustwide/workdir" "-e" "CARGO_HOME=/opt/rustwide/cargo-home" "-e" "RUSTUP_HOME=/opt/rustwide/rustup-home" "-e" "CARGO_TARGET_DIR=/opt/rustwide/target" "-e" "CARGO_INCREMENTAL=0" "-e" "RUST_BACKTRACE=full" "-e" "RUSTFLAGS=--cap-lints=warn" "-e" "RUSTDOCFLAGS=--cap-lints=warn" "-w" "/opt/rustwide/workdir" "--user" "0:0" "580d63d2a715267af3b1d8a2464c29185c87d1a67f164f945d316ed1f813f30c" "/opt/rustwide/cargo-home/bin/cargo" "+1.100.0-beta.1" "test" "--frozen", kill_on_drop: false }`
[INFO] [stderr] warning: `package.homepage` is redundant with `package.repository`
[INFO] [stderr]   --> Cargo.toml:76:12
[INFO] [stderr]    |
[INFO] [stderr] 76 | homepage = "https://github.com/SaboLabs/soroban-devkit"
[INFO] [stderr]    |            ^^^^^^^^^^^^^^^^^^^^^^^^^^^^^^^^^^^^^^^^^^^^
[INFO] [stderr] ...
[INFO] [stderr] 81 | repository = "https://github.com/SaboLabs/soroban-devkit"
[INFO] [stderr]    |              --------------------------------------------
[INFO] [stderr]    |
[INFO] [stderr]    = note: `cargo::redundant_homepage` is set to `warn` by default
[INFO] [stderr] help: consider removing `package.homepage`
[INFO] [stderr] warning: `sdkt-cli` (manifest) generated 1 warning
[INFO] [stderr]     Finished `test` profile [unoptimized + debuginfo] target(s) in 0.62s
[INFO] [stderr]      Running unittests src/main.rs (/opt/rustwide/target/debug/build/sdkt-cli/138ac05ca744ea2a/out/sdkt-138ac05ca744ea2a)
[INFO] [stdout] 
[INFO] [stdout] running 16 tests
[INFO] [stdout] test m22_tests::verification_outcome_mismatch ... ok
[INFO] [stdout] test m22_tests::verification_outcome_onchain_only ... ok
[INFO] [stdout] test m23_tests::derive_verdict_critical_mismatch ... ok
[INFO] [stdout] test m23_tests::derive_verdict_healthy ... ok
[INFO] [stdout] test m23_tests::derive_verdict_at_risk_expiring ... ok
[INFO] [stdout] test m22_tests::verification_report_json_schema ... ok
[INFO] [stdout] test resolver_tests::explicit_flags_win_over_profile_both ... ok
[INFO] [stdout] test m23_tests::derive_verdict_onchain_only_healthy ... ok
[INFO] [stdout] test resolver_tests::profile_overrides_built_in_default ... ok
[INFO] [stdout] test resolver_tests::rpc_url_flag_overrides_profile ... ok
[INFO] [stdout] test m23_tests::derive_verdict_at_risk_empty ... ok
[INFO] [stdout] test m22_tests::verification_outcome_verified ... ok
[INFO] [stdout] test resolver_tests::passphrase_flag_overrides_profile ... ok
[INFO] [stdout] test resolver_tests::rpc_url_flag_without_profile_overrides_built_in ... ok
[INFO] [stdout] test m23_tests::health_report_json_schema ... ok
[INFO] [stdout] test resolver_tests::built_in_default_when_nothing_set ... ok
[INFO] [stdout] 
[INFO] [stdout] test result: ok. 16 passed; 0 failed; 0 ignored; 0 measured; 0 filtered out; finished in 0.00s
[INFO] [stdout] 
[INFO] [stderr]      Running tests/abi_decode_integration_test.rs (/opt/rustwide/target/debug/build/sdkt-cli/e275c4d9f2108a03/out/abi_decode_integration_test-e275c4d9f2108a03)
[INFO] [stdout] 
[INFO] [stdout] running 2 tests
[INFO] [stdout] test test_events_abi_flag_exists ... ok
[INFO] [stdout] test test_inspect_abi_flag_exists ... ok
[INFO] [stdout] 
[INFO] [stderr]      Running tests/account_integration_test.rs (/opt/rustwide/target/debug/build/sdkt-cli/a9e4fadeddb7b971/out/account_integration_test-a9e4fadeddb7b971)
[INFO] [stdout] test result: ok. 2 passed; 0 failed; 0 ignored; 0 measured; 0 filtered out; finished in 0.08s
[INFO] [stdout] 
[INFO] [stdout] 
[INFO] [stdout] running 2 tests
[INFO] [stdout] test test_account_invalid_format ... ok
[INFO] [stdout] test test_account_format_json ... ok
[INFO] [stdout] 
[INFO] [stdout] test result: ok. 2 passed; 0 failed; 0 ignored; 0 measured; 0 filtered out; finished in 0.07s
[INFO] [stdout] 
[INFO] [stderr]      Running tests/audit_integration_test.rs (/opt/rustwide/target/debug/build/sdkt-cli/a31baf338c1a1422/out/audit_integration_test-a31baf338c1a1422)
[INFO] [stdout] 
[INFO] [stdout] running 9 tests
[INFO] [stdout] test audit_invalid_rust_source_errors ... ok
[INFO] [stdout] test audit_json_output_is_valid_report ... ok
[INFO] [stdout] test audit_disable_rule_suppresses_finding ... ok
[INFO] [stdout] test audit_help_documents_gap_c ... ok
[INFO] [stdout] test audit_flags_privileged_without_auth ... ok
[INFO] [stdout] test audit_rules_missing_path_errors ... ok
[INFO] [stdout] test audit_clean_source_reports_no_issues ... ok
[INFO] [stdout] test audit_missing_file_errors ... ok
[INFO] [stdout] test audit_rules_flag_accepted_and_default_unchanged ... ok
[INFO] [stderr]      Running tests/cli_integration.rs (/opt/rustwide/target/debug/build/sdkt-cli/bb435f2df798695d/out/cli_integration-bb435f2df798695d)
[INFO] [stdout] 
[INFO] [stdout] test result: ok. 9 passed; 0 failed; 0 ignored; 0 measured; 0 filtered out; finished in 0.04s
[INFO] [stdout] 
[INFO] [stdout] 
[INFO] [stdout] running 44 tests
[INFO] [stdout] test help_lists_all_top_level_commands ... ok
[INFO] [stdout] test build_rejects_duplicate_contract_name ... ok
[INFO] [stdout] test build_rejects_self_dependency ... ok
[INFO] [stdout] test invalid_top_level_subcommand_fails ... ok
[INFO] [stdout] test lock_verify_reports_dependency_mismatch ... ok
[INFO] [stdout] test lock_verify_detects_drift ... ok
[INFO] [stdout] test network_list_empty_is_valid_json_array ... ok
[INFO] [stdout] test completions_powershell_emits_script ... ok
[INFO] [stdout] test offline_command_help_does_not_require_network ... ok
[INFO] [stdout] test build_rejects_unknown_dependency ... ok
[INFO] [stdout] test network_add_rejects_missing_required_args ... ok
[INFO] [stdout] test lock_verify_without_lock_is_non_fatal ... ok
[INFO] [stdout] test completions_fish_emits_script ... ok
[INFO] [stdout] test completions_bash_emits_script ... ok
[INFO] [stdout] test completions_broken_pipe_exits_successfully ... ok
[INFO] [stdout] test build_rejects_circular_dependency ... ok
[INFO] [stdout] test completions_rejects_unknown_shell ... ok
[INFO] [stdout] test completions_zsh_emits_script ... ok
[INFO] [stdout] test package_update_offline_local_path_unchanged ... ok
[INFO] [stdout] test network_add_then_list_then_show_then_remove_json ... ok
[INFO] [stdout] test lock_generate_writes_sdkt_lock ... ok
[INFO] [stdout] test package_validate_accepts_git_dependency ... ok
[INFO] [stdout] test package_validate_accepts_valid_manifest ... ok
[INFO] [stdout] test package_fetch_writes_locked_dependencies ... ok
[INFO] [stdout] test package_validate_rejects_git_dependency_at_parse ... ok
[INFO] [stdout] test package_validate_rejects_missing_path ... ok
[INFO] [stdout] test package_validate_rejects_missing_version ... ok
[INFO] [stdout] test package_validate_rejects_self_dependency ... ok
[INFO] [stdout] test version_reports_current_release ... ok
[INFO] [stdout] test package_validate_rejects_git_without_ref ... ok
[INFO] [stdout] test package_fetch_git_dependency_offline ... ok
[INFO] [stdout] test package_publish_dry_run_failure_on_drift ... ok
[INFO] [stdout] test package_publish_dry_run_reports_ready ... ok
[INFO] [stdout] test package_update_version_constraint_unsatisfied_reports_error ... ok
[INFO] [stdout] test package_pack_roundtrip_preserves_lock_and_integrity ... ok
[INFO] [stdout] test package_update_dry_run_is_readonly ... ok
[INFO] [stdout] test package_update_check_is_readonly ... ok
[INFO] [stdout] test package_pack_format_handling ... ok
[INFO] [stdout] test package_update_json_reports_counts ... ok
[INFO] [stdout] test package_pack_with_out_dir ... ok
[INFO] [stdout] test package_pack_produces_artifact ... ok
[INFO] [stdout] test package_pack_and_publish_offline ... ok
[INFO] [stdout] test package_update_refreshes_lock ... ok
[INFO] [stdout] test package_update_version_constraint_picks_highest ... ok
[INFO] [stderr]      Running tests/diff_integration_test.rs (/opt/rustwide/target/debug/build/sdkt-cli/80162033c9e7ce19/out/diff_integration_test-80162033c9e7ce19)
[INFO] [stdout] 
[INFO] [stdout] test result: ok. 44 passed; 0 failed; 0 ignored; 0 measured; 0 filtered out; finished in 1.34s
[INFO] [stdout] 
[INFO] [stdout] 
[INFO] [stdout] running 3 tests
[INFO] [stdout] test diff_help_documents_offline_comparison ... ok
[INFO] [stdout] test diff_missing_old_file_errors ... ok
[INFO] [stdout] test diff_accepts_json_format_flag ... ok
[INFO] [stdout] 
[INFO] [stdout] test result: ok. 3 passed; 0 failed; 0 ignored; 0 measured; 0 filtered out; finished in 0.07s
[INFO] [stdout] 
[INFO] [stderr]      Running tests/events_abi_contract_test.rs (/opt/rustwide/target/debug/build/sdkt-cli/f2a7fe7bdedc479a/out/events_abi_contract_test-f2a7fe7bdedc479a)
[INFO] [stdout] 
[INFO] [stdout] running 5 tests
[INFO] [stdout] test deployed_spec_decodes_event_label ... ok
[INFO] [stdout] test events_help_documents_abi_contract ... ok
[INFO] [stdout] test abi_contract_offline_is_graceful ... ok
[INFO] [stdout] test existing_abi_local_path_still_resolves ... ok
[INFO] [stdout] test abi_and_abi_contract_are_mutually_exclusive ... ok
[INFO] [stdout] 
[INFO] [stdout] test result: ok. 5 passed; 0 failed; 0 ignored; 0 measured; 0 filtered out; finished in 0.20s
[INFO] [stdout] 
[INFO] [stderr]      Running tests/events_integration_test.rs (/opt/rustwide/target/debug/build/sdkt-cli/9be80c72769170e9/out/events_integration_test-9be80c72769170e9)
[INFO] [stdout] 
[INFO] [stdout] running 2 tests
[INFO] [stdout] test test_events_invalid_format ... ok
[INFO] [stdout] test test_events_format_json ... ok
[INFO] [stderr]      Running tests/fee_integration_test.rs (/opt/rustwide/target/debug/build/sdkt-cli/1204d5426313da16/out/fee_integration_test-1204d5426313da16)
[INFO] [stdout] 
[INFO] [stdout] test result: ok. 2 passed; 0 failed; 0 ignored; 0 measured; 0 filtered out; finished in 2.19s
[INFO] [stdout] 
[INFO] [stdout] 
[INFO] [stderr]      Running tests/health_integration_test.rs (/opt/rustwide/target/debug/build/sdkt-cli/05c18dbd3d83657b/out/health_integration_test-05c18dbd3d83657b)
[INFO] [stdout] running 4 tests
[INFO] [stdout] test test_cli_fee_estimate_mainnet_json ... ok
[INFO] [stdout] test test_cli_fee_estimate_invalid_fees ... ok
[INFO] [stdout] test test_cli_fee_estimate_unknown_network ... ok
[INFO] [stdout] test test_cli_fee_estimate_testnet ... ok
[INFO] [stdout] 
[INFO] [stdout] test result: ok. 4 passed; 0 failed; 0 ignored; 0 measured; 0 filtered out; finished in 0.02s
[INFO] [stdout] 
[INFO] [stdout] 
[INFO] [stdout] running 6 tests
[INFO] [stdout] test test_cli_health_missing_contract_arg ... ok
[INFO] [stderr]      Running tests/identity_integration_test.rs (/opt/rustwide/target/debug/build/sdkt-cli/f30f89194907d527/out/identity_integration_test-f30f89194907d527)
[INFO] [stdout] test test_cli_health_json_format_accepted ... ok
[INFO] [stdout] test test_cli_health_missing_wasm_file ... ok
[INFO] [stdout] test test_cli_health_invalid_wasm ... ok
[INFO] [stdout] test test_cli_health_onchain_error_path ... ok
[INFO] [stdout] test test_cli_health_invalid_format_arg ... ok
[INFO] [stdout] 
[INFO] [stdout] test result: ok. 6 passed; 0 failed; 0 ignored; 0 measured; 0 filtered out; finished in 0.23s
[INFO] [stdout] 
[INFO] [stdout] 
[INFO] [stdout] running 1 test
[INFO] [stderr]      Running tests/init_tests.rs (/opt/rustwide/target/debug/build/sdkt-cli/69732ccbcb1087b8/out/init_tests-69732ccbcb1087b8)
[INFO] [stdout] test test_cli_identity_lifecycle ... ok
[INFO] [stdout] 
[INFO] [stdout] test result: ok. 1 passed; 0 failed; 0 ignored; 0 measured; 0 filtered out; finished in 0.09s
[INFO] [stdout] 
[INFO] [stdout] 
[INFO] [stdout] running 8 tests
[INFO] [stdout] test init_sdkt_toml_has_network ... ok
[INFO] [stdout] test init_force_overwrites ... ok
[INFO] [stderr]     Updating crates.io index
[INFO] [stderr] warning: spurious network error (3 tries remaining): [6] Could not resolve hostname (Could not resolve host: index.crates.io)
[INFO] [stdout] test init_full_creates_all_files ... ok
[INFO] [stdout] test init_json_output ... ok
[INFO] [stdout] test init_rejects_existing_directory ... ok
[INFO] [stdout] test init_minimal_omits_extras ... ok
[INFO] [stdout] test init_generated_cargo_toml_valid ... ok
[INFO] [stderr] warning: spurious network error (2 tries remaining): [6] Could not resolve hostname (Could not resolve host: index.crates.io)
[INFO] [stderr] warning: spurious network error (1 try remaining): [6] Could not resolve hostname (Could not resolve host: index.crates.io)
[INFO] [stderr] error: failed to get `soroban-sdk` as a dependency of package `build_proj v0.1.0 (/tmp/.tmpyoKLPs/build_proj)`
[INFO] [stderr] 
[INFO] [stderr] Caused by:
[INFO] [stderr]   failed to load source for dependency `soroban-sdk`
[INFO] [stderr] 
[INFO] [stderr] Caused by:
[INFO] [stderr]   unable to update registry `crates-io`
[INFO] [stderr] 
[INFO] [stderr] Caused by:
[INFO] [stderr]   download of config.json failed
[INFO] [stderr] 
[INFO] [stderr] Caused by:
[INFO] [stderr]   [6] Could not resolve hostname (Could not resolve host: index.crates.io)
[INFO] [stdout] test init_generated_project_compiles_successfully ... FAILED
[INFO] [stdout] 
[INFO] [stdout] failures:
[INFO] [stdout] 
[INFO] [stdout] ---- init_generated_project_compiles_successfully stdout ----
[INFO] [stdout] 
[INFO] [stdout] thread 'init_generated_project_compiles_successfully' (7467) panicked at tests/init_tests.rs:132:5:
[INFO] [stdout] Scaffolded project failed to compile
[INFO] [stdout] stack backtrace:
[INFO] [stdout]    0:     0x64bbe681ee01 - std[617be2ca0a6fd877]::backtrace_rs::backtrace::libunwind::trace
[INFO] [stdout]                                at /rustc/e3feeb59cd1bdd011a2bfcc0747b55125d9b8527/library/std/src/../../backtrace/src/backtrace/libunwind.rs:117:9
[INFO] [stdout]    1:     0x64bbe681ee01 - std[617be2ca0a6fd877]::backtrace_rs::backtrace::trace_unsynchronized::<std[617be2ca0a6fd877]::sys::backtrace::_print_fmt::{closure#1}>
[INFO] [stdout]                                at /rustc/e3feeb59cd1bdd011a2bfcc0747b55125d9b8527/library/std/src/../../backtrace/src/backtrace/mod.rs:66:14
[INFO] [stdout]    2:     0x64bbe681ee01 - std[617be2ca0a6fd877]::sys::backtrace::_print_fmt
[INFO] [stdout]                                at /rustc/e3feeb59cd1bdd011a2bfcc0747b55125d9b8527/library/std/src/sys/backtrace.rs:74:9
[INFO] [stdout]    3:     0x64bbe681ee01 - <<std[617be2ca0a6fd877]::sys::backtrace::BacktraceLock>::print::DisplayBacktrace as core[a373ad73a504971]::fmt::Display>::fmt
[INFO] [stdout]                                at /rustc/e3feeb59cd1bdd011a2bfcc0747b55125d9b8527/library/std/src/sys/backtrace.rs:44:26
[INFO] [stdout]    4:     0x64bbe6835a1a - <core[a373ad73a504971]::fmt::rt::Argument>::fmt
[INFO] [stdout]                                at /rustc/e3feeb59cd1bdd011a2bfcc0747b55125d9b8527/library/core/src/fmt/rt.rs:152:76
[INFO] [stderr] error: test failed, to rerun pass `--test init_tests`
[INFO] [stdout]    5:     0x64bbe6835a1a - core[a373ad73a504971]::fmt::write
[INFO] [stdout]    6:     0x64bbe68246fc - core[a373ad73a504971]::io::write::default_write_fmt::<alloc[2e1b2a31b91974c5]::vec::Vec<u8>>
[INFO] [stdout]                                at /rustc/e3feeb59cd1bdd011a2bfcc0747b55125d9b8527/library/core/src/io/write.rs:402:11
[INFO] [stdout]    7:     0x64bbe68246fc - <alloc[2e1b2a31b91974c5]::vec::Vec<u8> as core[a373ad73a504971]::io::write::Write>::write_fmt
[INFO] [stdout]                                at /rustc/e3feeb59cd1bdd011a2bfcc0747b55125d9b8527/library/core/src/io/write.rs:335:13
[INFO] [stdout]    8:     0x64bbe67f90d6 - <std[617be2ca0a6fd877]::sys::backtrace::BacktraceLock>::print
[INFO] [stdout]                                at /rustc/e3feeb59cd1bdd011a2bfcc0747b55125d9b8527/library/std/src/sys/backtrace.rs:47:9
[INFO] [stdout]    9:     0x64bbe67f90d6 - std[617be2ca0a6fd877]::panicking::default_hook::{closure#0}
[INFO] [stdout]                                at /rustc/e3feeb59cd1bdd011a2bfcc0747b55125d9b8527/library/std/src/panicking.rs:289:27
[INFO] [stdout]   10:     0x64bbe68167b9 - std[617be2ca0a6fd877]::panicking::default_hook
[INFO] [stdout]                                at /rustc/e3feeb59cd1bdd011a2bfcc0747b55125d9b8527/library/std/src/panicking.rs:313:9
[INFO] [stdout]   11:     0x64bbe6764f70 - <alloc[2e1b2a31b91974c5]::boxed::Box<dyn for<'a, 'b> core[a373ad73a504971]::ops::function::Fn<(&'a std[617be2ca0a6fd877]::panic::PanicHookInfo<'b>,), Output = ()> + core[a373ad73a504971]::marker::Sync + core[a373ad73a504971]::marker::Send> as core[a373ad73a504971]::ops::function::Fn<(&std[617be2ca0a6fd877]::panic::PanicHookInfo,)>>::call
[INFO] [stdout]                                at /rustc/e3feeb59cd1bdd011a2bfcc0747b55125d9b8527/library/alloc/src/boxed.rs:2328:9
[INFO] [stdout]   12:     0x64bbe6764f70 - test[aada8e7e76ba119b]::test_main_inner::{closure#0}
[INFO] [stdout]                                at /rustc/e3feeb59cd1bdd011a2bfcc0747b55125d9b8527/library/test/src/lib.rs:137:21
[INFO] [stdout]   13:     0x64bbe6816972 - <alloc[2e1b2a31b91974c5]::boxed::Box<dyn for<'a, 'b> core[a373ad73a504971]::ops::function::Fn<(&'a std[617be2ca0a6fd877]::panic::PanicHookInfo<'b>,), Output = ()> + core[a373ad73a504971]::marker::Sync + core[a373ad73a504971]::marker::Send> as core[a373ad73a504971]::ops::function::Fn<(&std[617be2ca0a6fd877]::panic::PanicHookInfo,)>>::call
[INFO] [stdout]                                at /rustc/e3feeb59cd1bdd011a2bfcc0747b55125d9b8527/library/alloc/src/boxed.rs:2328:9
[INFO] [stdout]   14:     0x64bbe6816972 - std[617be2ca0a6fd877]::panicking::panic_with_hook
[INFO] [stdout]                                at /rustc/e3feeb59cd1bdd011a2bfcc0747b55125d9b8527/library/std/src/panicking.rs:819:13
[INFO] [stdout]   15:     0x64bbe67f91b4 - std[617be2ca0a6fd877]::panicking::panic_handler::{closure#0}
[INFO] [stdout]                                at /rustc/e3feeb59cd1bdd011a2bfcc0747b55125d9b8527/library/std/src/panicking.rs:678:13
[INFO] [stdout]   16:     0x64bbe67f1be9 - std[617be2ca0a6fd877]::sys::backtrace::__rust_end_short_backtrace::<std[617be2ca0a6fd877]::panicking::panic_handler::{closure#0}, !>
[INFO] [stdout]                                at /rustc/e3feeb59cd1bdd011a2bfcc0747b55125d9b8527/library/std/src/sys/backtrace.rs:182:18
[INFO] [stdout]   17:     0x64bbe67f9d8d - __rustc[ea4f61d10b84890b]::rust_begin_unwind
[INFO] [stdout]                                at /rustc/e3feeb59cd1bdd011a2bfcc0747b55125d9b8527/library/std/src/panicking.rs:676:5
[INFO] [stdout]   18:     0x64bbe683628c - core[a373ad73a504971]::panicking::panic_fmt
[INFO] [stdout]                                at /rustc/e3feeb59cd1bdd011a2bfcc0747b55125d9b8527/library/core/src/panicking.rs:80:14
[INFO] [stdout]   19:     0x64bbe6755187 - init_tests[aad69336711a8210]::init_generated_project_compiles_successfully
[INFO] [stdout]                                at /opt/rustwide/workdir/tests/init_tests.rs:132:5
[INFO] [stdout]   20:     0x64bbe67518c7 - init_tests[aad69336711a8210]::init_generated_project_compiles_successfully::{closure#0}
[INFO] [stdout]                                at /opt/rustwide/workdir/tests/init_tests.rs:109:50
[INFO] [stdout]   21:     0x64bbe67582c6 - <init_tests[aad69336711a8210]::init_generated_project_compiles_successfully::{closure#0} as core[a373ad73a504971]::ops::function::FnOnce<()>>::call_once
[INFO] [stdout]                                at /rustc/e3feeb59cd1bdd011a2bfcc0747b55125d9b8527/library/core/src/ops/function.rs:250:5
[INFO] [stdout]   22:     0x64bbe67583bb - <fn() -> core[a373ad73a504971]::result::Result<(), alloc[2e1b2a31b91974c5]::string::String> as core[a373ad73a504971]::ops::function::FnOnce<()>>::call_once
[INFO] [stdout]                                at /rustc/e3feeb59cd1bdd011a2bfcc0747b55125d9b8527/library/core/src/ops/function.rs:250:5
[INFO] [stdout]   23:     0x64bbe67583bb - test[aada8e7e76ba119b]::__rust_begin_short_backtrace::<core[a373ad73a504971]::result::Result<(), alloc[2e1b2a31b91974c5]::string::String>, fn() -> core[a373ad73a504971]::result::Result<(), alloc[2e1b2a31b91974c5]::string::String>>
[INFO] [stdout]                                at /rustc/e3feeb59cd1bdd011a2bfcc0747b55125d9b8527/library/test/src/lib.rs:701:18
[INFO] [stdout]   24:     0x64bbe6765595 - test[aada8e7e76ba119b]::run_test_in_process::{closure#0}
[INFO] [stdout]                                at /rustc/e3feeb59cd1bdd011a2bfcc0747b55125d9b8527/library/test/src/lib.rs:724:74
[INFO] [stdout]   25:     0x64bbe6765595 - <core[a373ad73a504971]::panic::unwind_safe::AssertUnwindSafe<test[aada8e7e76ba119b]::run_test_in_process::{closure#0}> as core[a373ad73a504971]::ops::function::FnOnce<()>>::call_once
[INFO] [stdout]                                at /rustc/e3feeb59cd1bdd011a2bfcc0747b55125d9b8527/library/core/src/panic/unwind_safe.rs:275:9
[INFO] [stdout]   26:     0x64bbe6765595 - std[617be2ca0a6fd877]::panicking::catch_unwind::do_call::<core[a373ad73a504971]::panic::unwind_safe::AssertUnwindSafe<test[aada8e7e76ba119b]::run_test_in_process::{closure#0}>, core[a373ad73a504971]::result::Result<(), alloc[2e1b2a31b91974c5]::string::String>>
[INFO] [stdout]                                at /rustc/e3feeb59cd1bdd011a2bfcc0747b55125d9b8527/library/std/src/panicking.rs:573:43
[INFO] [stdout]   27:     0x64bbe6765595 - std[617be2ca0a6fd877]::panicking::catch_unwind::<core[a373ad73a504971]::result::Result<(), alloc[2e1b2a31b91974c5]::string::String>, core[a373ad73a504971]::panic::unwind_safe::AssertUnwindSafe<test[aada8e7e76ba119b]::run_test_in_process::{closure#0}>>
[INFO] [stdout]                                at /rustc/e3feeb59cd1bdd011a2bfcc0747b55125d9b8527/library/std/src/panicking.rs:541:19
[INFO] [stdout]   28:     0x64bbe6765595 - std[617be2ca0a6fd877]::panic::catch_unwind::<core[a373ad73a504971]::panic::unwind_safe::AssertUnwindSafe<test[aada8e7e76ba119b]::run_test_in_process::{closure#0}>, core[a373ad73a504971]::result::Result<(), alloc[2e1b2a31b91974c5]::string::String>>
[INFO] [stdout]                                at /rustc/e3feeb59cd1bdd011a2bfcc0747b55125d9b8527/library/std/src/panic.rs:359:14
[INFO] [stdout]   29:     0x64bbe6765595 - test[aada8e7e76ba119b]::run_test_in_process
[INFO] [stdout]                                at /rustc/e3feeb59cd1bdd011a2bfcc0747b55125d9b8527/library/test/src/lib.rs:724:27
[INFO] [stdout]   30:     0x64bbe6765595 - test[aada8e7e76ba119b]::run_test::{closure#0}
[INFO] [stdout]                                at /rustc/e3feeb59cd1bdd011a2bfcc0747b55125d9b8527/library/test/src/lib.rs:645:43
[INFO] [stdout]   31:     0x64bbe675ee84 - test[aada8e7e76ba119b]::run_test::{closure#1}
[INFO] [stdout]                                at /rustc/e3feeb59cd1bdd011a2bfcc0747b55125d9b8527/library/test/src/lib.rs:675:41
[INFO] [stdout]   32:     0x64bbe675ee84 - std[617be2ca0a6fd877]::sys::backtrace::__rust_begin_short_backtrace::<test[aada8e7e76ba119b]::run_test::{closure#1}, ()>
[INFO] [stdout]                                at /rustc/e3feeb59cd1bdd011a2bfcc0747b55125d9b8527/library/std/src/sys/backtrace.rs:166:18
[INFO] [stdout]   33:     0x64bbe6768622 - std[617be2ca0a6fd877]::thread::lifecycle::spawn_unchecked::<test[aada8e7e76ba119b]::run_test::{closure#1}, ()>::{closure#1}::{closure#0}
[INFO] [stdout]                                at /rustc/e3feeb59cd1bdd011a2bfcc0747b55125d9b8527/library/std/src/thread/lifecycle.rs:70:13
[INFO] [stdout]   34:     0x64bbe6768622 - <core[a373ad73a504971]::panic::unwind_safe::AssertUnwindSafe<std[617be2ca0a6fd877]::thread::lifecycle::spawn_unchecked<test[aada8e7e76ba119b]::run_test::{closure#1}, ()>::{closure#1}::{closure#0}> as core[a373ad73a504971]::ops::function::FnOnce<()>>::call_once
[INFO] [stdout]                                at /rustc/e3feeb59cd1bdd011a2bfcc0747b55125d9b8527/library/core/src/panic/unwind_safe.rs:275:9
[INFO] [stdout]   35:     0x64bbe6768622 - std[617be2ca0a6fd877]::panicking::catch_unwind::do_call::<core[a373ad73a504971]::panic::unwind_safe::AssertUnwindSafe<std[617be2ca0a6fd877]::thread::lifecycle::spawn_unchecked<test[aada8e7e76ba119b]::run_test::{closure#1}, ()>::{closure#1}::{closure#0}>, ()>
[INFO] [stdout]                                at /rustc/e3feeb59cd1bdd011a2bfcc0747b55125d9b8527/library/std/src/panicking.rs:573:43
[INFO] [stdout]   36:     0x64bbe6768622 - std[617be2ca0a6fd877]::panicking::catch_unwind::<(), core[a373ad73a504971]::panic::unwind_safe::AssertUnwindSafe<std[617be2ca0a6fd877]::thread::lifecycle::spawn_unchecked<test[aada8e7e76ba119b]::run_test::{closure#1}, ()>::{closure#1}::{closure#0}>>
[INFO] [stdout]                                at /rustc/e3feeb59cd1bdd011a2bfcc0747b55125d9b8527/library/std/src/panicking.rs:541:19
[INFO] [stdout]   37:     0x64bbe6768622 - std[617be2ca0a6fd877]::panic::catch_unwind::<core[a373ad73a504971]::panic::unwind_safe::AssertUnwindSafe<std[617be2ca0a6fd877]::thread::lifecycle::spawn_unchecked<test[aada8e7e76ba119b]::run_test::{closure#1}, ()>::{closure#1}::{closure#0}>, ()>
[INFO] [stdout]                                at /rustc/e3feeb59cd1bdd011a2bfcc0747b55125d9b8527/library/std/src/panic.rs:359:14
[INFO] [stdout]   38:     0x64bbe6768622 - std[617be2ca0a6fd877]::thread::lifecycle::spawn_unchecked::<test[aada8e7e76ba119b]::run_test::{closure#1}, ()>::{closure#1}
[INFO] [stdout]                                at /rustc/e3feeb59cd1bdd011a2bfcc0747b55125d9b8527/library/std/src/thread/lifecycle.rs:68:26
[INFO] [stdout]   39:     0x64bbe6768622 - <std[617be2ca0a6fd877]::thread::lifecycle::spawn_unchecked<test[aada8e7e76ba119b]::run_test::{closure#1}, ()>::{closure#1} as core[a373ad73a504971]::ops::function::FnOnce<()>>::call_once::{shim:vtable#0}
[INFO] [stdout]                                at /rustc/e3feeb59cd1bdd011a2bfcc0747b55125d9b8527/library/core/src/ops/function.rs:250:5
[INFO] [stdout]   40:     0x64bbe681e09f - <alloc[2e1b2a31b91974c5]::boxed::Box<dyn core[a373ad73a504971]::ops::function::FnOnce<(), Output = ()> + core[a373ad73a504971]::marker::Send> as core[a373ad73a504971]::ops::function::FnOnce<()>>::call_once
[INFO] [stdout]                                at /rustc/e3feeb59cd1bdd011a2bfcc0747b55125d9b8527/library/alloc/src/boxed.rs:2314:9
[INFO] [stdout]   41:     0x64bbe681e09f - <std[617be2ca0a6fd877]::sys::thread::unix::Thread>::new::thread_start
[INFO] [stdout]                                at /rustc/e3feeb59cd1bdd011a2bfcc0747b55125d9b8527/library/std/src/sys/thread/unix.rs:127:17
[INFO] [stdout]   42:     0x72f4b86dddfa - <unknown>
[INFO] [stdout]   43:     0x72f4b87713d4 - clone
[INFO] [stdout]   44:                0x0 - <unknown>
[INFO] [stdout] 
[INFO] [stdout] 
[INFO] [stdout] failures:
[INFO] [stdout]     init_generated_project_compiles_successfully
[INFO] [stdout] 
[INFO] [stdout] test result: FAILED. 7 passed; 1 failed; 0 ignored; 0 measured; 0 filtered out; finished in 11.60s
[INFO] [stdout] 
[INFO] running `Command { std: "docker" "inspect" "580d63d2a715267af3b1d8a2464c29185c87d1a67f164f945d316ed1f813f30c", kill_on_drop: false }`
[INFO] running `Command { std: "docker" "rm" "-f" "580d63d2a715267af3b1d8a2464c29185c87d1a67f164f945d316ed1f813f30c", kill_on_drop: false }`
[INFO] [stdout] 580d63d2a715267af3b1d8a2464c29185c87d1a67f164f945d316ed1f813f30c
