[INFO] fetching crate scribe-webservice 0.5.1...
[INFO] testing scribe-webservice-0.5.1 against 1.99.0-beta.8 for beta-1.100-2
[INFO] extracting crate scribe-webservice 0.5.1 into /workspace/builds/worker-5-tc1/source
[INFO] started tweaking crates.io crate scribe-webservice 0.5.1
[INFO] finished tweaking crates.io crate scribe-webservice 0.5.1
[INFO] tweaked toml for crates.io crate scribe-webservice 0.5.1 written to /workspace/builds/worker-5-tc1/source/Cargo.toml
[INFO] validating manifest of crates.io crate scribe-webservice 0.5.1 on toolchain 1.99.0-beta.8
[INFO] running `Command { std: CARGO_HOME="/workspace/cargo-home" RUSTUP_HOME="/workspace/rustup-home" "/workspace/cargo-home/bin/cargo" "+1.99.0-beta.8" "metadata" "--manifest-path" "Cargo.toml" "--no-deps", kill_on_drop: false }`
[INFO] crate crates.io crate scribe-webservice 0.5.1 already has a lockfile, it will not be regenerated
[INFO] running `Command { std: CARGO_HOME="/workspace/cargo-home" RUSTUP_HOME="/workspace/rustup-home" "/workspace/cargo-home/bin/cargo" "+1.99.0-beta.8" "fetch" "--manifest-path" "Cargo.toml", kill_on_drop: false }`
[INFO] [stderr]     Updating crates.io index
[INFO] [stderr]  Downloading crates ...
[INFO] [stderr]   Downloaded serde v1.0.224
[INFO] [stderr]   Downloaded tree_magic_mini v3.2.0
[INFO] [stderr]   Downloaded tracing-subscriber v0.3.20
[INFO] [stderr]   Downloaded wasi v0.14.6+wasi-0.2.4
[INFO] [stderr]   Downloaded tempfile v3.22.0
[INFO] [stderr]   Downloaded serde_derive v1.0.224
[INFO] [stderr]   Downloaded scribe-core v0.5.1
[INFO] [stderr]   Downloaded tree-sitter-html v0.19.0
[INFO] [stderr]   Downloaded windows-strings v0.5.0
[INFO] [stderr]   Downloaded windows-result v0.4.0
[INFO] [stderr]   Downloaded serde_core v1.0.224
[INFO] [stderr]   Downloaded scribe-selection v0.5.1
[INFO] [stderr]   Downloaded string-interner v0.17.0
[INFO] [stderr]   Downloaded cc v1.0.106
[INFO] [stderr]   Downloaded scribe-graph v0.5.1
[INFO] [stderr]   Downloaded scribe-analysis v0.5.1
[INFO] [stderr]   Downloaded windows-core v0.62.0
[INFO] [stderr]   Downloaded tree-sitter-go v0.20.0
[INFO] [stderr]   Downloaded indexmap v2.11.1
[INFO] [stderr]   Downloaded scribe-scanner v0.5.1
[INFO] [stderr]   Downloaded tree-sitter v0.20.10
[INFO] [stderr]   Downloaded tree-sitter-python v0.20.4
[INFO] [stderr]   Downloaded tree-sitter-javascript v0.20.4
[INFO] [stderr]   Downloaded tree-sitter-rust v0.20.4
[INFO] [stderr]   Downloaded git2 v0.18.3
[INFO] [stderr]   Downloaded memmap2 v0.9.8
[INFO] [stderr]   Downloaded open v5.3.2
[INFO] [stderr]   Downloaded ntapi v0.4.1
[INFO] [stderr]   Downloaded mockall v0.12.1
[INFO] [stderr]   Downloaded scribe-scaling v0.5.1
[INFO] [stderr]   Downloaded sysinfo v0.30.13
[INFO] [stderr]   Downloaded blake3 v1.5.3
[INFO] [stderr]   Downloaded mockall_derive v0.12.1
[INFO] [stderr]   Downloaded handlebars v4.5.0
[INFO] [stderr]   Downloaded libssh2-sys v0.3.1
[INFO] [stderr]   Downloaded libz-sys v1.1.22
[INFO] [stderr]   Downloaded pest_generator v2.8.2
[INFO] [stderr]   Downloaded pest_derive v2.8.2
[INFO] [stderr]   Downloaded pest_meta v2.8.2
[INFO] [stderr]   Downloaded pest v2.8.2
[INFO] [stderr]   Downloaded tree-sitter-typescript v0.20.5
[INFO] [stderr]   Downloaded libgit2-sys v0.16.2+1.7.2
[INFO] [stderr]   Downloaded rust-multipart-rfc7578_2 v0.6.1
[INFO] [stderr]   Downloaded axum-test v14.10.0
[INFO] [stderr]   Downloaded tiktoken-rs v0.7.0
[INFO] [stderr]   Downloaded deranged v0.5.3
[INFO] [stderr]   Downloaded time v0.3.43
[INFO] [stderr]   Downloaded axum-macros v0.4.2
[INFO] [stderr]   Downloaded windows v0.52.0
[INFO] running `Command { std: "docker" "create" "-v" "/var/lib/crater-agent-workspace/builds/worker-5-tc1/source:/opt/rustwide/workdir:ro,Z" "-v" "/var/lib/crater-agent-workspace/builds/worker-5-tc1/target:/opt/rustwide/target:rw,Z" "-v" "/var/lib/crater-agent-workspace/cargo-home:/opt/rustwide/cargo-home:ro,Z" "-v" "/var/lib/crater-agent-workspace/rustup-home:/opt/rustwide/rustup-home:ro,Z" "-m" "1610612736" "--network" "none" "ghcr.io/rust-lang/crates-build-env/linux@sha256:3111399a4047eeb3a02b7a90e478d715f38a8c6669b5c4b49d30a17385265909" "sleep" "infinity", kill_on_drop: false }`
[INFO] [stdout] 0afb5212d44e19acd6b410159dd502cf34a04938f31679295ba7379968e0d8e6
[INFO] running `Command { std: "docker" "start" "0afb5212d44e19acd6b410159dd502cf34a04938f31679295ba7379968e0d8e6", kill_on_drop: false }`
[INFO] running `Command { std: "docker" "inspect" "0afb5212d44e19acd6b410159dd502cf34a04938f31679295ba7379968e0d8e6", kill_on_drop: false }`
[INFO] running `Command { std: "docker" "exec" "-e" "SOURCE_DIR=/opt/rustwide/workdir" "-e" "CARGO_HOME=/opt/rustwide/cargo-home" "-e" "RUSTUP_HOME=/opt/rustwide/rustup-home" "-e" "CARGO_TARGET_DIR=/opt/rustwide/target" "-w" "/opt/rustwide/workdir" "--user" "0:0" "0afb5212d44e19acd6b410159dd502cf34a04938f31679295ba7379968e0d8e6" "/opt/rustwide/cargo-home/bin/cargo" "+1.99.0-beta.8" "metadata" "--no-deps" "--format-version=1", kill_on_drop: false }`
[INFO] running `Command { std: "docker" "inspect" "0afb5212d44e19acd6b410159dd502cf34a04938f31679295ba7379968e0d8e6", kill_on_drop: false }`
[INFO] running `Command { std: "docker" "exec" "-e" "SOURCE_DIR=/opt/rustwide/workdir" "-e" "CARGO_HOME=/opt/rustwide/cargo-home" "-e" "RUSTUP_HOME=/opt/rustwide/rustup-home" "-e" "CARGO_TARGET_DIR=/opt/rustwide/target" "-e" "CARGO_INCREMENTAL=0" "-e" "RUST_BACKTRACE=full" "-e" "RUSTFLAGS=--cap-lints=warn" "-e" "RUSTDOCFLAGS=--cap-lints=warn" "-w" "/opt/rustwide/workdir" "--user" "0:0" "0afb5212d44e19acd6b410159dd502cf34a04938f31679295ba7379968e0d8e6" "/opt/rustwide/cargo-home/bin/cargo" "+1.99.0-beta.8" "build" "--frozen" "--message-format=json", kill_on_drop: false }`
[INFO] [stderr]    Compiling proc-macro2 v1.0.101
[INFO] [stderr]    Compiling unicode-ident v1.0.19
[INFO] [stderr]    Compiling libc v0.2.175
[INFO] [stderr]    Compiling cfg-if v1.0.3
[INFO] [stderr]    Compiling aho-corasick v1.1.3
[INFO] [stderr]    Compiling regex-syntax v0.8.6
[INFO] [stderr]    Compiling serde_core v1.0.224
[INFO] [stderr]    Compiling log v0.4.28
[INFO] [stderr]    Compiling bytes v1.10.1
[INFO] [stderr]    Compiling serde v1.0.224
[INFO] [stderr]    Compiling zerocopy v0.8.27
[INFO] [stderr]    Compiling ahash v0.8.12
[INFO] [stderr]    Compiling serde_json v1.0.145
[INFO] [stderr]    Compiling tracing-core v0.1.34
[INFO] [stderr]    Compiling quote v1.0.40
[INFO] [stderr]    Compiling syn v2.0.106
[INFO] [stderr]    Compiling jobserver v0.1.34
[INFO] [stderr]    Compiling parking_lot_core v0.9.11
[INFO] [stderr]    Compiling socket2 v0.6.0
[INFO] [stderr]    Compiling mio v1.0.4
[INFO] [stderr]    Compiling cc v1.0.106
[INFO] [stderr]    Compiling parking_lot v0.12.4
[INFO] [stderr]    Compiling signal-hook-registry v1.4.6
[INFO] [stderr]    Compiling bit-vec v0.6.3
[INFO] [stderr]    Compiling anyhow v1.0.99
[INFO] [stderr]    Compiling bit-set v0.5.3
[INFO] [stderr]    Compiling indexmap v2.11.1
[INFO] [stderr]    Compiling fixedbitset v0.4.2
[INFO] [stderr]    Compiling regex-automata v0.4.10
[INFO] [stderr]    Compiling nom v7.1.3
[INFO] [stderr]    Compiling petgraph v0.6.5
[INFO] [stderr]    Compiling hashbrown v0.14.5
[INFO] [stderr]    Compiling walkdir v2.5.0
[INFO] [stderr]    Compiling tree-sitter v0.20.10
[INFO] [stderr]    Compiling libz-sys v1.1.22
[INFO] [stderr]    Compiling openssl-sys v0.9.109
[INFO] [stderr]    Compiling http v1.3.1
[INFO] [stderr]    Compiling either v1.15.0
[INFO] [stderr]    Compiling thiserror v2.0.16
[INFO] [stderr]    Compiling regex v1.11.2
[INFO] [stderr]    Compiling bstr v1.12.0
[INFO] [stderr]    Compiling fancy-regex v0.13.0
[INFO] [stderr]    Compiling rustc-hash v1.1.0
[INFO] [stderr]    Compiling synstructure v0.13.2
[INFO] [stderr]    Compiling rayon v1.11.0
[INFO] [stderr]    Compiling globset v0.4.16
[INFO] [stderr]    Compiling tiktoken-rs v0.7.0
[INFO] [stderr]    Compiling http-body v1.0.1
[INFO] [stderr]    Compiling tree_magic_mini v3.2.0
[INFO] [stderr]    Compiling tree-sitter-html v0.19.0
[INFO] [stderr]    Compiling libssh2-sys v0.3.1
[INFO] [stderr]    Compiling ignore v0.4.23
[INFO] [stderr]    Compiling tree-sitter-go v0.20.0
[INFO] [stderr]    Compiling tree-sitter-typescript v0.20.5
[INFO] [stderr]    Compiling tree-sitter-rust v0.20.4
[INFO] [stderr]    Compiling tree-sitter-python v0.20.4
[INFO] [stderr]    Compiling tree-sitter-javascript v0.20.4
[INFO] [stderr]    Compiling zerofrom-derive v0.1.6
[INFO] [stderr]    Compiling yoke-derive v0.8.0
[INFO] [stderr]    Compiling serde_derive v1.0.224
[INFO] [stderr]    Compiling zerovec-derive v0.11.1
[INFO] [stderr]    Compiling tokio-macros v2.5.0
[INFO] [stderr]    Compiling futures-macro v0.3.31
[INFO] [stderr]    Compiling displaydoc v0.2.5
[INFO] [stderr]    Compiling tokio v1.47.1
[INFO] [stderr]    Compiling futures-util v0.3.31
[INFO] [stderr]    Compiling tracing-attributes v0.1.30
[INFO] [stderr]    Compiling async-trait v0.1.89
[INFO] [stderr]    Compiling thiserror-impl v1.0.69
[INFO] [stderr]    Compiling thiserror-impl v2.0.16
[INFO] [stderr]    Compiling zerofrom v0.1.6
[INFO] [stderr]    Compiling yoke v0.8.0
[INFO] [stderr]    Compiling zerovec v0.11.4
[INFO] [stderr]    Compiling zerotrie v0.2.2
[INFO] [stderr]    Compiling futures-executor v0.3.31
[INFO] [stderr]    Compiling dashmap v5.5.3
[INFO] [stderr]    Compiling thiserror v1.0.69
[INFO] [stderr]    Compiling tracing v0.1.41
[INFO] [stderr]    Compiling num-traits v0.2.19
[INFO] [stderr]    Compiling futures v0.3.31
[INFO] [stderr]    Compiling tinystr v0.8.1
[INFO] [stderr]    Compiling potential_utf v0.1.3
[INFO] [stderr]    Compiling icu_collections v2.0.0
[INFO] [stderr]    Compiling icu_locale_core v2.0.0
[INFO] [stderr]    Compiling icu_provider v2.0.0
[INFO] [stderr]    Compiling scribe-core v0.5.1
[INFO] [stderr]    Compiling icu_normalizer v2.0.0
[INFO] [stderr]    Compiling icu_properties v2.0.1
[INFO] [stderr]    Compiling ucd-trie v0.1.7
[INFO] [stderr]    Compiling bitflags v2.9.4
[INFO] [stderr]    Compiling pest v2.8.2
[INFO] [stderr]    Compiling idna_adapter v1.2.1
[INFO] [stderr]    Compiling libgit2-sys v0.16.2+1.7.2
[INFO] [stderr]    Compiling unicase v2.8.1
[INFO] [stderr]    Compiling idna v1.1.0
[INFO] [stderr]    Compiling chrono v0.4.42
[INFO] [stderr]    Compiling mime_guess v2.0.5
[INFO] [stderr]    Compiling pest_meta v2.8.2
[INFO] [stderr]    Compiling getrandom v0.3.3
[INFO] [stderr]    Compiling http-body-util v0.1.3
[INFO] [stderr]    Compiling blake3 v1.5.3
[INFO] [stderr]    Compiling rustix v1.1.2
[INFO] [stderr]    Compiling anstyle-query v1.1.4
[INFO] [stderr]    Compiling is_terminal_polyfill v1.70.1
[INFO] [stderr]    Compiling anstyle v1.0.11
[INFO] [stderr]    Compiling miniz_oxide v0.8.9
[INFO] [stderr]    Compiling anstream v0.6.20
[INFO] [stderr]    Compiling hyper v1.7.0
[INFO] [stderr]    Compiling pest_generator v2.8.2
[INFO] [stderr]    Compiling url v2.5.7
[INFO] [stderr]    Compiling crc32fast v1.5.0
[INFO] [stderr]    Compiling tokio-util v0.7.16
[INFO] [stderr]    Compiling bincode v1.3.3
[INFO] [stderr]    Compiling pin-project-internal v1.1.10
[INFO] [stderr]    Compiling async-stream-impl v0.3.6
[INFO] [stderr]    Compiling num_cpus v1.17.0
[INFO] [stderr]    Compiling is-docker v0.2.0
[INFO] [stderr]    Compiling constant_time_eq v0.3.1
[INFO] [stderr]    Compiling arrayref v0.3.9
[INFO] [stderr]    Compiling arrayvec v0.7.6
[INFO] [stderr]    Compiling clap_lex v0.7.5
[INFO] [stderr]    Compiling scribe-analysis v0.5.1
[INFO] [stderr]    Compiling clap_derive v4.5.47
[INFO] [stderr]    Compiling pest_derive v2.8.2
[INFO] [stderr]    Compiling clap_builder v4.5.47
[INFO] [stderr]    Compiling pin-project v1.1.10
[INFO] [stderr]    Compiling fxhash v0.2.1
[INFO] [stderr]    Compiling is-wsl v0.4.0
[INFO] [stderr]    Compiling async-stream v0.3.6
[INFO] [stderr]    Compiling flate2 v1.1.2
[INFO] [stderr]    Compiling axum-core v0.4.5
[INFO] [stderr]    Compiling hyper-util v0.1.17
[INFO] [stderr]    Compiling scribe-graph v0.5.1
[INFO] [stderr]    Compiling tower v0.5.2
[INFO] [stderr]    Compiling scribe-selection v0.5.1
[INFO] [stderr]    Compiling uuid v1.18.1
[INFO] [stderr]    Compiling serde_urlencoded v0.7.1
[INFO] [stderr]    Compiling string-interner v0.17.0
[INFO] [stderr]    Compiling axum-macros v0.4.2
[INFO] [stderr]    Compiling sysinfo v0.30.13
[INFO] [stderr]    Compiling matchers v0.2.0
[INFO] [stderr]    Compiling serde_path_to_error v0.1.20
[INFO] [stderr]    Compiling tracing-log v0.2.0
[INFO] [stderr]    Compiling memmap2 v0.9.8
[INFO] [stderr]    Compiling lru v0.12.5
[INFO] [stderr]    Compiling thread_local v1.1.9
[INFO] [stderr]    Compiling xxhash-rust v0.8.15
[INFO] [stderr]    Compiling matchit v0.7.3
[INFO] [stderr]    Compiling nu-ansi-term v0.50.1
[INFO] [stderr]    Compiling open v5.3.2
[INFO] [stderr]    Compiling axum v0.7.9
[INFO] [stderr]    Compiling tracing-subscriber v0.3.20
[INFO] [stderr]    Compiling scribe-scaling v0.5.1
[INFO] [stderr]    Compiling tower-http v0.5.2
[INFO] [stderr]    Compiling clap v4.5.47
[INFO] [stderr]    Compiling tempfile v3.22.0
[INFO] [stderr]    Compiling handlebars v4.5.0
[INFO] [stderr]    Compiling tower v0.4.13
[INFO] [stderr]    Compiling git2 v0.18.3
[INFO] [stderr]    Compiling scribe-scanner v0.5.1
[INFO] [stderr]    Compiling scribe-webservice v0.5.1 (/opt/rustwide/workdir)
[INFO] [stdout] warning: field `scan_result` is never read
[INFO] [stdout]     --> src/handlers.rs:1097:5
[INFO] [stdout]      |
[INFO] [stdout] 1094 | struct CachedAnalysis {
[INFO] [stdout]      |        -------------- field in this struct
[INFO] [stdout] ...
[INFO] [stdout] 1097 |     scan_result: ScanResult,
[INFO] [stdout]      |     ^^^^^^^^^^^
[INFO] [stdout]      |
[INFO] [stdout]      = note: `CachedAnalysis` has a derived impl for the trait `Clone`, but this is intentionally ignored during dead code analysis
[INFO] [stdout]      = note: `#[warn(dead_code)]` (part of `#[warn(unused)]`) on by default
[INFO] [stdout] 
[INFO] [stdout] 
[INFO] [stdout] warning: function `format_modified` is never used
[INFO] [stdout]    --> src/server.rs:180:4
[INFO] [stdout]     |
[INFO] [stdout] 180 | fn format_modified(time: Option<SystemTime>) -> String {
[INFO] [stdout]     |    ^^^^^^^^^^^^^^^
[INFO] [stdout] 
[INFO] [stdout] 
[INFO] [stderr]     Finished `dev` profile [unoptimized + debuginfo] target(s) in 2m 37s
[INFO] running `Command { std: "docker" "inspect" "0afb5212d44e19acd6b410159dd502cf34a04938f31679295ba7379968e0d8e6", kill_on_drop: false }`
[INFO] running `Command { std: "docker" "exec" "-e" "SOURCE_DIR=/opt/rustwide/workdir" "-e" "CARGO_HOME=/opt/rustwide/cargo-home" "-e" "RUSTUP_HOME=/opt/rustwide/rustup-home" "-e" "CARGO_TARGET_DIR=/opt/rustwide/target" "-e" "CARGO_INCREMENTAL=0" "-e" "RUST_BACKTRACE=full" "-e" "RUSTFLAGS=--cap-lints=warn" "-e" "RUSTDOCFLAGS=--cap-lints=warn" "-w" "/opt/rustwide/workdir" "--user" "0:0" "0afb5212d44e19acd6b410159dd502cf34a04938f31679295ba7379968e0d8e6" "/opt/rustwide/cargo-home/bin/cargo" "+1.99.0-beta.8" "test" "--frozen" "--no-run" "--message-format=json", kill_on_drop: false }`
[INFO] [stderr]    Compiling tokio v1.47.1
[INFO] [stderr]    Compiling futures-util v0.3.31
[INFO] [stderr]    Compiling num-traits v0.2.19
[INFO] [stderr]    Compiling rayon v1.11.0
[INFO] [stderr]    Compiling mime_guess v2.0.5
[INFO] [stderr]    Compiling getrandom v0.2.16
[INFO] [stderr]    Compiling ppv-lite86 v0.2.21
[INFO] [stderr]    Compiling num-conv v0.1.0
[INFO] [stderr]    Compiling time-core v0.1.6
[INFO] [stderr]    Compiling rand_core v0.6.4
[INFO] [stderr]    Compiling time-macros v0.2.24
[INFO] [stderr]    Compiling deranged v0.5.3
[INFO] [stderr]    Compiling rand_chacha v0.3.1
[INFO] [stderr]    Compiling cookie v0.18.1
[INFO] [stderr]    Compiling half v2.6.0
[INFO] [stderr]    Compiling plotters-backend v0.3.7
[INFO] [stderr]    Compiling ciborium-io v0.2.2
[INFO] [stderr]    Compiling ciborium-ll v0.2.2
[INFO] [stderr]    Compiling chrono v0.4.42
[INFO] [stderr]    Compiling plotters-svg v0.3.7
[INFO] [stderr]    Compiling rand v0.8.5
[INFO] [stderr]    Compiling itertools v0.10.5
[INFO] [stderr]    Compiling futures-executor v0.3.31
[INFO] [stderr]    Compiling futures v0.3.31
[INFO] [stderr]    Compiling axum-core v0.4.5
[INFO] [stderr]    Compiling time v0.3.43
[INFO] [stderr]    Compiling sysinfo v0.30.13
[INFO] [stderr]    Compiling http v0.2.12
[INFO] [stderr]    Compiling scribe-core v0.5.1
[INFO] [stderr]    Compiling hyper v1.7.0
[INFO] [stderr]    Compiling hyper-util v0.1.17
[INFO] [stderr]    Compiling tokio-util v0.7.16
[INFO] [stderr]    Compiling tower v0.5.2
[INFO] [stderr]    Compiling tower v0.4.13
[INFO] [stderr]    Compiling yansi v1.0.1
[INFO] [stderr]    Compiling diff v0.1.13
[INFO] [stderr]    Compiling cast v0.3.0
[INFO] [stderr]    Compiling pretty_assertions v1.4.1
[INFO] [stderr]    Compiling tower-http v0.5.2
[INFO] [stderr]    Compiling axum v0.7.9
[INFO] [stderr]    Compiling criterion-plot v0.5.0
[INFO] [stderr]    Compiling scribe-analysis v0.5.1
[INFO] [stderr]    Compiling scribe-scaling v0.5.1
[INFO] [stderr]    Compiling rust-multipart-rfc7578_2 v0.6.1
[INFO] [stderr]    Compiling tokio-stream v0.1.17
[INFO] [stderr]    Compiling plotters v0.3.7
[INFO] [stderr]    Compiling ciborium v0.2.2
[INFO] [stderr]    Compiling scribe-graph v0.5.1
[INFO] [stderr]    Compiling predicates v3.1.3
[INFO] [stderr]    Compiling scribe-selection v0.5.1
[INFO] [stderr]    Compiling reserve-port v2.3.0
[INFO] [stderr]    Compiling tinytemplate v1.2.1
[INFO] [stderr]    Compiling mockall_derive v0.12.1
[INFO] [stderr]    Compiling is-terminal v0.4.16
[INFO] [stderr]    Compiling auto-future v1.0.0
[INFO] [stderr]    Compiling downcast v0.11.0
[INFO] [stderr]    Compiling oorandom v11.1.5
[INFO] [stderr]    Compiling fragile v2.0.1
[INFO] [stderr]    Compiling anes v0.1.6
[INFO] [stderr]    Compiling tokio-test v0.4.4
[INFO] [stderr]    Compiling criterion v0.5.1
[INFO] [stderr]    Compiling scribe-scanner v0.5.1
[INFO] [stderr]    Compiling axum-test v14.10.0
[INFO] [stderr]    Compiling scribe-webservice v0.5.1 (/opt/rustwide/workdir)
[INFO] [stderr]    Compiling mockall v0.12.1
[INFO] [stdout] warning: field `scan_result` is never read
[INFO] [stdout]     --> src/handlers.rs:1097:5
[INFO] [stdout]      |
[INFO] [stdout] 1094 | struct CachedAnalysis {
[INFO] [stdout]      |        -------------- field in this struct
[INFO] [stdout] ...
[INFO] [stdout] 1097 |     scan_result: ScanResult,
[INFO] [stdout]      |     ^^^^^^^^^^^
[INFO] [stdout]      |
[INFO] [stdout]      = note: `CachedAnalysis` has a derived impl for the trait `Clone`, but this is intentionally ignored during dead code analysis
[INFO] [stdout]      = note: `#[warn(dead_code)]` (part of `#[warn(unused)]`) on by default
[INFO] [stdout] 
[INFO] [stdout] 
[INFO] [stdout] warning: function `format_modified` is never used
[INFO] [stdout]    --> src/server.rs:180:4
[INFO] [stdout]     |
[INFO] [stdout] 180 | fn format_modified(time: Option<SystemTime>) -> String {
[INFO] [stdout]     |    ^^^^^^^^^^^^^^^
[INFO] [stdout] 
[INFO] [stdout] 
[INFO] [stdout] warning: unused imports: `Router` and `routing::get`
[INFO] [stdout]     --> src/handlers.rs:1344:16
[INFO] [stdout]      |
[INFO] [stdout] 1344 |     use axum::{routing::get, Router};
[INFO] [stdout]      |                ^^^^^^^^^^^^  ^^^^^^
[INFO] [stdout]      |
[INFO] [stdout]      = note: `#[warn(unused_imports)]` (part of `#[warn(unused)]`) on by default
[INFO] [stdout] 
[INFO] [stdout] 
[INFO] [stdout] warning: unused import: `axum_test::TestServer`
[INFO] [stdout]     --> src/handlers.rs:1345:9
[INFO] [stdout]      |
[INFO] [stdout] 1345 |     use axum_test::TestServer;
[INFO] [stdout]      |         ^^^^^^^^^^^^^^^^^^^^^
[INFO] [stdout] 
[INFO] [stdout] 
[INFO] [stdout] warning: unused import: `axum_test::TestServer`
[INFO] [stdout]    --> src/server.rs:195:9
[INFO] [stdout]     |
[INFO] [stdout] 195 |     use axum_test::TestServer;
[INFO] [stdout]     |         ^^^^^^^^^^^^^^^^^^^^^
[INFO] [stdout] 
[INFO] [stdout] 
[INFO] [stdout] warning: unused import: `std::time::Duration`
[INFO] [stdout]    --> src/server.rs:199:9
[INFO] [stdout]     |
[INFO] [stdout] 199 |     use std::time::Duration;
[INFO] [stdout]     |         ^^^^^^^^^^^^^^^^^^^
[INFO] [stdout] 
[INFO] [stdout] 
[INFO] [stdout] warning: field `scan_result` is never read
[INFO] [stdout]     --> src/handlers.rs:1097:5
[INFO] [stdout]      |
[INFO] [stdout] 1094 | struct CachedAnalysis {
[INFO] [stdout]      |        -------------- field in this struct
[INFO] [stdout] ...
[INFO] [stdout] 1097 |     scan_result: ScanResult,
[INFO] [stdout]      |     ^^^^^^^^^^^
[INFO] [stdout]      |
[INFO] [stdout]      = note: `CachedAnalysis` has a derived impl for the trait `Clone`, but this is intentionally ignored during dead code analysis
[INFO] [stdout]      = note: `#[warn(dead_code)]` (part of `#[warn(unused)]`) on by default
[INFO] [stdout] 
[INFO] [stdout] 
[INFO] [stderr]     Finished `test` profile [unoptimized + debuginfo] target(s) in 1m 17s
[INFO] running `Command { std: "docker" "inspect" "0afb5212d44e19acd6b410159dd502cf34a04938f31679295ba7379968e0d8e6", kill_on_drop: false }`
[INFO] running `Command { std: "docker" "exec" "-e" "SOURCE_DIR=/opt/rustwide/workdir" "-e" "CARGO_HOME=/opt/rustwide/cargo-home" "-e" "RUSTUP_HOME=/opt/rustwide/rustup-home" "-e" "CARGO_TARGET_DIR=/opt/rustwide/target" "-e" "CARGO_INCREMENTAL=0" "-e" "RUST_BACKTRACE=full" "-e" "RUSTFLAGS=--cap-lints=warn" "-e" "RUSTDOCFLAGS=--cap-lints=warn" "-w" "/opt/rustwide/workdir" "--user" "0:0" "0afb5212d44e19acd6b410159dd502cf34a04938f31679295ba7379968e0d8e6" "/opt/rustwide/cargo-home/bin/cargo" "+1.99.0-beta.8" "test" "--frozen", kill_on_drop: false }`
[INFO] [stderr] warning: field `scan_result` is never read
[INFO] [stderr]     --> src/handlers.rs:1097:5
[INFO] [stderr]      |
[INFO] [stderr] 1094 | struct CachedAnalysis {
[INFO] [stderr]      |        -------------- field in this struct
[INFO] [stderr] ...
[INFO] [stderr] 1097 |     scan_result: ScanResult,
[INFO] [stderr]      |     ^^^^^^^^^^^
[INFO] [stderr]      |
[INFO] [stderr]      = note: `CachedAnalysis` has a derived impl for the trait `Clone`, but this is intentionally ignored during dead code analysis
[INFO] [stderr]      = note: `#[warn(dead_code)]` (part of `#[warn(unused)]`) on by default
[INFO] [stderr] 
[INFO] [stderr] warning: function `format_modified` is never used
[INFO] [stderr]    --> src/server.rs:180:4
[INFO] [stderr]     |
[INFO] [stderr] 180 | fn format_modified(time: Option<SystemTime>) -> String {
[INFO] [stderr]     |    ^^^^^^^^^^^^^^^
[INFO] [stderr] 
[INFO] [stderr] warning: `scribe-webservice` (lib) generated 2 warnings
[INFO] [stderr] warning: unused imports: `Router` and `routing::get`
[INFO] [stderr]     --> src/handlers.rs:1344:16
[INFO] [stderr]      |
[INFO] [stderr] 1344 |     use axum::{routing::get, Router};
[INFO] [stderr]      |                ^^^^^^^^^^^^  ^^^^^^
[INFO] [stderr]      |
[INFO] [stderr]      = note: `#[warn(unused_imports)]` (part of `#[warn(unused)]`) on by default
[INFO] [stderr] 
[INFO] [stderr] warning: unused import: `axum_test::TestServer`
[INFO] [stderr]     --> src/handlers.rs:1345:9
[INFO] [stderr]      |
[INFO] [stderr] 1345 |     use axum_test::TestServer;
[INFO] [stderr]      |         ^^^^^^^^^^^^^^^^^^^^^
[INFO] [stderr] 
[INFO] [stderr] warning: unused import: `axum_test::TestServer`
[INFO] [stderr]    --> src/server.rs:195:9
[INFO] [stderr]     |
[INFO] [stderr] 195 |     use axum_test::TestServer;
[INFO] [stderr]     |         ^^^^^^^^^^^^^^^^^^^^^
[INFO] [stderr] 
[INFO] [stderr] warning: unused import: `std::time::Duration`
[INFO] [stderr]    --> src/server.rs:199:9
[INFO] [stderr]     |
[INFO] [stderr] 199 |     use std::time::Duration;
[INFO] [stderr]     |         ^^^^^^^^^^^^^^^^^^^
[INFO] [stderr] 
[INFO] [stderr] warning: `scribe-webservice` (lib test) generated 5 warnings (1 duplicate) (run `cargo fix --lib -p scribe-webservice --tests` to apply 4 suggestions)
[INFO] [stderr]     Finished `test` profile [unoptimized + debuginfo] target(s) in 0.75s
[INFO] [stderr]      Running unittests src/lib.rs (/opt/rustwide/target/debug/deps/scribe_webservice-534543b5c2eed15c)
[INFO] [stdout] 
[INFO] [stdout] running 53 tests
[INFO] [stdout] test handlers::tests::test_api_response_success ... ok
[INFO] [stdout] test handlers::tests::test_index_handler ... ok
[INFO] [stdout] test handlers::tests::test_file_entry_serialization ... ok
[INFO] [stdout] test handlers::tests::test_get_config ... ok
[INFO] [stdout] test handlers::tests::test_api_response_error ... ok
[INFO] [stdout] test handlers::tests::test_scan_result_structure ... ok
[INFO] [stdout] test handlers::tests::test_status_endpoint ... ok
[INFO] [stdout] test handlers::tests::test_toggle_file ... FAILED
[INFO] [stdout] test handlers::tests::test_toggle_file_remove ... FAILED
[INFO] [stdout] test handlers::tests::test_toggle_request_serialization ... ok
[INFO] [stdout] test handlers::tests::test_update_config ... ok
[INFO] [stdout] test server::tests::test_app_state_structure ... FAILED
[INFO] [stdout] test server::tests::test_bundle_state_default ... ok
[INFO] [stdout] test server::tests::test_create_embedded_static_dir ... ok
[INFO] [stdout] test handlers::tests::test_export_bundle ... ok
[INFO] [stdout] test server::tests::test_create_router ... ok
[INFO] [stdout] test server::tests::test_get_static_dir ... ok
[INFO] [stdout] test server::tests::test_invalid_repo_path ... ok
[INFO] [stdout] test server::tests::test_webservice_config_validation ... ok
[INFO] [stdout] test server::tests::test_webservice_creation ... ok
[INFO] [stdout] test server::tests::test_webservice_file_size_limits ... ok
[INFO] [stdout] test server::tests::test_webservice_port_configuration ... ok
[INFO] [stdout] test server::tests::test_webservice_token_budget_configuration ... ok
[INFO] [stdout] test server::tests::test_webservice_with_different_hosts ... ok
[INFO] [stdout] test tests::test_api_response_error ... ok
[INFO] [stdout] test tests::test_api_response_serialization ... ok
[INFO] [stdout] test tests::test_api_response_success ... ok
[INFO] [stdout] test tests::test_bundle_state_default ... ok
[INFO] [stdout] test tests::test_app_state_structure ... ok
[INFO] [stdout] test tests::test_result_type_alias ... ok
[INFO] [stdout] test tests::test_webservice_config_default ... ok
[INFO] [stdout] test tests::test_webservice_config_edge_cases ... ok
[INFO] [stdout] test tests::test_webservice_config_serialization ... ok
[INFO] [stdout] test tests::test_webservice_error_display ... ok
[INFO] [stdout] test tests::test_bundle_state_serialization ... ok
[INFO] [stdout] test tests::test_webservice_error_from_io ... ok
[INFO] [stdout] test tests::test_webservice_error_from_serde ... ok
[INFO] [stdout] test types::tests::test_bundle_format_display ... ok
[INFO] [stdout] test types::tests::test_bundle_format_serialization ... ok
[INFO] [stdout] test types::tests::test_bundle_generation_request ... ok
[INFO] [stdout] test handlers::tests::test_save_bundle ... ok
[INFO] [stdout] test types::tests::test_config_update_request ... ok
[INFO] [stdout] test types::tests::test_error_response ... ok
[INFO] [stdout] test types::tests::test_repository_scan_result ... ok
[INFO] [stdout] test types::tests::test_toggle_file_request_serialization ... ok
[INFO] [stdout] test types::tests::test_web_file_info ... ok
[INFO] [stdout] test types::tests::test_bundle_response ... ok
[INFO] [stdout] test types::tests::test_websocket_messages ... ok
[INFO] [stdout] test handlers::tests::test_scan_repository ... ok
[INFO] [stdout] test handlers::tests::test_list_files ... ok
[INFO] [stdout] test handlers::tests::test_bundle_editor ... ok
[INFO] [stdout] test handlers::tests::test_generate_bundle ... ok
[INFO] [stdout] test handlers::tests::test_generate_bundle_different_formats ... ok
[INFO] [stdout] 
[INFO] [stdout] failures:
[INFO] [stdout] 
[INFO] [stdout] ---- handlers::tests::test_toggle_file stdout ----
[INFO] [stdout] 
[INFO] [stdout] thread 'handlers::tests::test_toggle_file' (4241) panicked at src/handlers.rs:1468:9:
[INFO] [stdout] assertion failed: bundle_state.included_files.contains(&"src/lib.rs".to_string())
[INFO] [stdout] stack backtrace:
[INFO] [stdout]    0:     0x63d484302ca1 - std[70759c8f55707aa4]::backtrace_rs::backtrace::libunwind::trace
[INFO] [stdout]                                at /rustc/dfb0accb7f508ae8be965d8629557221c889dd98/library/std/src/../../backtrace/src/backtrace/libunwind.rs:117:9
[INFO] [stdout]    1:     0x63d484302ca1 - std[70759c8f55707aa4]::backtrace_rs::backtrace::trace_unsynchronized::<std[70759c8f55707aa4]::sys::backtrace::_print_fmt::{closure#1}>
[INFO] [stdout]                                at /rustc/dfb0accb7f508ae8be965d8629557221c889dd98/library/std/src/../../backtrace/src/backtrace/mod.rs:66:14
[INFO] [stdout]    2:     0x63d484302ca1 - std[70759c8f55707aa4]::sys::backtrace::_print_fmt
[INFO] [stdout]                                at /rustc/dfb0accb7f508ae8be965d8629557221c889dd98/library/std/src/sys/backtrace.rs:74:9
[INFO] [stdout]    3:     0x63d484302ca1 - <<std[70759c8f55707aa4]::sys::backtrace::BacktraceLock>::print::DisplayBacktrace as core[df12db4294e9bfd3]::fmt::Display>::fmt
[INFO] [stdout]                                at /rustc/dfb0accb7f508ae8be965d8629557221c889dd98/library/std/src/sys/backtrace.rs:44:26
[INFO] [stdout]    4:     0x63d484319c9a - <core[df12db4294e9bfd3]::fmt::rt::Argument>::fmt
[INFO] [stdout]                                at /rustc/dfb0accb7f508ae8be965d8629557221c889dd98/library/core/src/fmt/rt.rs:152:76
[INFO] [stdout]    5:     0x63d484319c9a - core[df12db4294e9bfd3]::fmt::write
[INFO] [stdout]    6:     0x63d48430772c - core[df12db4294e9bfd3]::io::write::default_write_fmt::<alloc[2182bb758b4b3781]::vec::Vec<u8>>
[INFO] [stdout]                                at /rustc/dfb0accb7f508ae8be965d8629557221c889dd98/library/core/src/io/write.rs:402:11
[INFO] [stdout]    7:     0x63d48430772c - <alloc[2182bb758b4b3781]::vec::Vec<u8> as core[df12db4294e9bfd3]::io::write::Write>::write_fmt
[INFO] [stdout]                                at /rustc/dfb0accb7f508ae8be965d8629557221c889dd98/library/core/src/io/write.rs:335:13
[INFO] [stdout]    8:     0x63d4842dc836 - <std[70759c8f55707aa4]::sys::backtrace::BacktraceLock>::print
[INFO] [stdout]                                at /rustc/dfb0accb7f508ae8be965d8629557221c889dd98/library/std/src/sys/backtrace.rs:47:9
[INFO] [stdout]    9:     0x63d4842dc836 - std[70759c8f55707aa4]::panicking::default_hook::{closure#0}
[INFO] [stdout]                                at /rustc/dfb0accb7f508ae8be965d8629557221c889dd98/library/std/src/panicking.rs:292:27
[INFO] [stdout]   10:     0x63d4842f9ed9 - std[70759c8f55707aa4]::panicking::default_hook
[INFO] [stdout]                                at /rustc/dfb0accb7f508ae8be965d8629557221c889dd98/library/std/src/panicking.rs:316:9
[INFO] [stdout]   11:     0x63d483f78890 - <alloc[2182bb758b4b3781]::boxed::Box<dyn for<'a, 'b> core[df12db4294e9bfd3]::ops::function::Fn<(&'a std[70759c8f55707aa4]::panic::PanicHookInfo<'b>,), Output = ()> + core[df12db4294e9bfd3]::marker::Send + core[df12db4294e9bfd3]::marker::Sync> as core[df12db4294e9bfd3]::ops::function::Fn<(&std[70759c8f55707aa4]::panic::PanicHookInfo,)>>::call
[INFO] [stdout]                                at /rustc/dfb0accb7f508ae8be965d8629557221c889dd98/library/alloc/src/boxed.rs:2334:9
[INFO] [stdout]   12:     0x63d483f78890 - test[9d35eded1c95d3be]::test_main_inner::<test[9d35eded1c95d3be]::test_main_static::{closure#0}>::{closure#0}
[INFO] [stdout]                                at /rustc/dfb0accb7f508ae8be965d8629557221c889dd98/library/test/src/lib.rs:155:21
[INFO] [stdout]   13:     0x63d4842fa202 - <alloc[2182bb758b4b3781]::boxed::Box<dyn for<'a, 'b> core[df12db4294e9bfd3]::ops::function::Fn<(&'a std[70759c8f55707aa4]::panic::PanicHookInfo<'b>,), Output = ()> + core[df12db4294e9bfd3]::marker::Send + core[df12db4294e9bfd3]::marker::Sync> as core[df12db4294e9bfd3]::ops::function::Fn<(&std[70759c8f55707aa4]::panic::PanicHookInfo,)>>::call
[INFO] [stdout]                                at /rustc/dfb0accb7f508ae8be965d8629557221c889dd98/library/alloc/src/boxed.rs:2334:9
[INFO] [stdout]   14:     0x63d4842fa202 - std[70759c8f55707aa4]::panicking::panic_with_hook
[INFO] [stdout]                                at /rustc/dfb0accb7f508ae8be965d8629557221c889dd98/library/std/src/panicking.rs:823:13
[INFO] [stdout]   15:     0x63d4842dc914 - std[70759c8f55707aa4]::panicking::panic_handler::{closure#0}
[INFO] [stdout]                                at /rustc/dfb0accb7f508ae8be965d8629557221c889dd98/library/std/src/panicking.rs:681:13
[INFO] [stdout]   16:     0x63d4842d5389 - std[70759c8f55707aa4]::sys::backtrace::__rust_end_short_backtrace::<std[70759c8f55707aa4]::panicking::panic_handler::{closure#0}, !>
[INFO] [stdout]                                at /rustc/dfb0accb7f508ae8be965d8629557221c889dd98/library/std/src/sys/backtrace.rs:182:18
[INFO] [stdout]   17:     0x63d4842dd4dd - __rustc[8fa7c3cbc660c2b3]::rust_begin_unwind
[INFO] [stdout]                                at /rustc/dfb0accb7f508ae8be965d8629557221c889dd98/library/std/src/panicking.rs:679:5
[INFO] [stdout]   18:     0x63d48431a4ec - core[df12db4294e9bfd3]::panicking::panic_fmt
[INFO] [stdout]                                at /rustc/dfb0accb7f508ae8be965d8629557221c889dd98/library/core/src/panicking.rs:80:14
[INFO] [stdout]   19:     0x63d48431a4b2 - core[df12db4294e9bfd3]::panicking::panic
[INFO] [stdout]                                at /rustc/dfb0accb7f508ae8be965d8629557221c889dd98/library/core/src/panicking.rs:150:5
[INFO] [stdout]   20:     0x63d483ece1e4 - scribe_webservice[7911fa2d7316bf2c]::handlers::tests::test_toggle_file::{closure#0}
[INFO] [stdout]                                at /opt/rustwide/workdir/src/handlers.rs:1468:9
[INFO] [stdout]   21:     0x63d483e80622 - <core[df12db4294e9bfd3]::pin::Pin<&mut dyn core[df12db4294e9bfd3]::future::future::Future<Output = ()>> as core[df12db4294e9bfd3]::future::future::Future>::poll
[INFO] [stdout]                                at /rustc/dfb0accb7f508ae8be965d8629557221c889dd98/library/core/src/future/future.rs:133:9
[INFO] [stdout]   22:     0x63d483e8069d - <core[df12db4294e9bfd3]::pin::Pin<&mut core[df12db4294e9bfd3]::pin::Pin<&mut dyn core[df12db4294e9bfd3]::future::future::Future<Output = ()>>> as core[df12db4294e9bfd3]::future::future::Future>::poll
[INFO] [stdout]                                at /rustc/dfb0accb7f508ae8be965d8629557221c889dd98/library/core/src/future/future.rs:133:9
[INFO] [stdout]   23:     0x63d483f2e65d - <tokio[6067ed304a7b4ead]::runtime::scheduler::current_thread::CoreGuard>::block_on::<core[df12db4294e9bfd3]::pin::Pin<&mut core[df12db4294e9bfd3]::pin::Pin<&mut dyn core[df12db4294e9bfd3]::future::future::Future<Output = ()>>>>::{closure#0}::{closure#0}::{closure#0}
[INFO] [stdout]                                at /opt/rustwide/cargo-home/registry/src/index.crates.io-1949cf8c6b5b557f/tokio-1.47.1/src/runtime/scheduler/current_thread/mod.rs:742:70
[INFO] [stdout]   24:     0x63d483f2e585 - tokio[6067ed304a7b4ead]::task::coop::with_budget::<core[df12db4294e9bfd3]::task::poll::Poll<()>, <tokio[6067ed304a7b4ead]::runtime::scheduler::current_thread::CoreGuard>::block_on<core[df12db4294e9bfd3]::pin::Pin<&mut core[df12db4294e9bfd3]::pin::Pin<&mut dyn core[df12db4294e9bfd3]::future::future::Future<Output = ()>>>>::{closure#0}::{closure#0}::{closure#0}>
[INFO] [stdout]                                at /opt/rustwide/cargo-home/registry/src/index.crates.io-1949cf8c6b5b557f/tokio-1.47.1/src/task/coop/mod.rs:167:5
[INFO] [stdout]   25:     0x63d483f2e585 - tokio[6067ed304a7b4ead]::task::coop::budget::<core[df12db4294e9bfd3]::task::poll::Poll<()>, <tokio[6067ed304a7b4ead]::runtime::scheduler::current_thread::CoreGuard>::block_on<core[df12db4294e9bfd3]::pin::Pin<&mut core[df12db4294e9bfd3]::pin::Pin<&mut dyn core[df12db4294e9bfd3]::future::future::Future<Output = ()>>>>::{closure#0}::{closure#0}::{closure#0}>
[INFO] [stdout]                                at /opt/rustwide/cargo-home/registry/src/index.crates.io-1949cf8c6b5b557f/tokio-1.47.1/src/task/coop/mod.rs:133:5
[INFO] [stdout]   26:     0x63d483f2e585 - <tokio[6067ed304a7b4ead]::runtime::scheduler::current_thread::CoreGuard>::block_on::<core[df12db4294e9bfd3]::pin::Pin<&mut core[df12db4294e9bfd3]::pin::Pin<&mut dyn core[df12db4294e9bfd3]::future::future::Future<Output = ()>>>>::{closure#0}::{closure#0}
[INFO] [stdout]                                at /opt/rustwide/cargo-home/registry/src/index.crates.io-1949cf8c6b5b557f/tokio-1.47.1/src/runtime/scheduler/current_thread/mod.rs:742:25
[INFO] [stdout]   27:     0x63d483f28692 - <tokio[6067ed304a7b4ead]::runtime::scheduler::current_thread::Context>::enter::<core[df12db4294e9bfd3]::task::poll::Poll<()>, <tokio[6067ed304a7b4ead]::runtime::scheduler::current_thread::CoreGuard>::block_on<core[df12db4294e9bfd3]::pin::Pin<&mut core[df12db4294e9bfd3]::pin::Pin<&mut dyn core[df12db4294e9bfd3]::future::future::Future<Output = ()>>>>::{closure#0}::{closure#0}>
[INFO] [stdout]                                at /opt/rustwide/cargo-home/registry/src/index.crates.io-1949cf8c6b5b557f/tokio-1.47.1/src/runtime/scheduler/current_thread/mod.rs:432:19
[INFO] [stdout]   28:     0x63d483f2ca9d - <tokio[6067ed304a7b4ead]::runtime::scheduler::current_thread::CoreGuard>::block_on::<core[df12db4294e9bfd3]::pin::Pin<&mut core[df12db4294e9bfd3]::pin::Pin<&mut dyn core[df12db4294e9bfd3]::future::future::Future<Output = ()>>>>::{closure#0}
[INFO] [stdout]                                at /opt/rustwide/cargo-home/registry/src/index.crates.io-1949cf8c6b5b557f/tokio-1.47.1/src/runtime/scheduler/current_thread/mod.rs:741:44
[INFO] [stdout]   29:     0x63d483f2bd94 - <tokio[6067ed304a7b4ead]::runtime::scheduler::current_thread::CoreGuard>::enter::<<tokio[6067ed304a7b4ead]::runtime::scheduler::current_thread::CoreGuard>::block_on<core[df12db4294e9bfd3]::pin::Pin<&mut core[df12db4294e9bfd3]::pin::Pin<&mut dyn core[df12db4294e9bfd3]::future::future::Future<Output = ()>>>>::{closure#0}, core[df12db4294e9bfd3]::option::Option<()>>::{closure#0}
[INFO] [stdout]                                at /opt/rustwide/cargo-home/registry/src/index.crates.io-1949cf8c6b5b557f/tokio-1.47.1/src/runtime/scheduler/current_thread/mod.rs:829:68
[INFO] [stdout]   30:     0x63d483efc1ab - <tokio[6067ed304a7b4ead]::runtime::context::scoped::Scoped<tokio[6067ed304a7b4ead]::runtime::scheduler::Context>>::set::<<tokio[6067ed304a7b4ead]::runtime::scheduler::current_thread::CoreGuard>::enter<<tokio[6067ed304a7b4ead]::runtime::scheduler::current_thread::CoreGuard>::block_on<core[df12db4294e9bfd3]::pin::Pin<&mut core[df12db4294e9bfd3]::pin::Pin<&mut dyn core[df12db4294e9bfd3]::future::future::Future<Output = ()>>>>::{closure#0}, core[df12db4294e9bfd3]::option::Option<()>>::{closure#0}, (alloc[2182bb758b4b3781]::boxed::Box<tokio[6067ed304a7b4ead]::runtime::scheduler::current_thread::Core>, core[df12db4294e9bfd3]::option::Option<()>)>
[INFO] [stdout]                                at /opt/rustwide/cargo-home/registry/src/index.crates.io-1949cf8c6b5b557f/tokio-1.47.1/src/runtime/context/scoped.rs:40:9
[INFO] [stdout]   31:     0x63d483f2e129 - tokio[6067ed304a7b4ead]::runtime::context::set_scheduler::<(alloc[2182bb758b4b3781]::boxed::Box<tokio[6067ed304a7b4ead]::runtime::scheduler::current_thread::Core>, core[df12db4294e9bfd3]::option::Option<()>), <tokio[6067ed304a7b4ead]::runtime::scheduler::current_thread::CoreGuard>::enter<<tokio[6067ed304a7b4ead]::runtime::scheduler::current_thread::CoreGuard>::block_on<core[df12db4294e9bfd3]::pin::Pin<&mut core[df12db4294e9bfd3]::pin::Pin<&mut dyn core[df12db4294e9bfd3]::future::future::Future<Output = ()>>>>::{closure#0}, core[df12db4294e9bfd3]::option::Option<()>>::{closure#0}>::{closure#0}
[INFO] [stdout]                                at /opt/rustwide/cargo-home/registry/src/index.crates.io-1949cf8c6b5b557f/tokio-1.47.1/src/runtime/context.rs:176:38
[INFO] [stdout]   32:     0x63d483f13cdf - <std[70759c8f55707aa4]::thread::local::LocalKey<tokio[6067ed304a7b4ead]::runtime::context::Context>>::try_with::<tokio[6067ed304a7b4ead]::runtime::context::set_scheduler<(alloc[2182bb758b4b3781]::boxed::Box<tokio[6067ed304a7b4ead]::runtime::scheduler::current_thread::Core>, core[df12db4294e9bfd3]::option::Option<()>), <tokio[6067ed304a7b4ead]::runtime::scheduler::current_thread::CoreGuard>::enter<<tokio[6067ed304a7b4ead]::runtime::scheduler::current_thread::CoreGuard>::block_on<core[df12db4294e9bfd3]::pin::Pin<&mut core[df12db4294e9bfd3]::pin::Pin<&mut dyn core[df12db4294e9bfd3]::future::future::Future<Output = ()>>>>::{closure#0}, core[df12db4294e9bfd3]::option::Option<()>>::{closure#0}>::{closure#0}, (alloc[2182bb758b4b3781]::boxed::Box<tokio[6067ed304a7b4ead]::runtime::scheduler::current_thread::Core>, core[df12db4294e9bfd3]::option::Option<()>)>
[INFO] [stdout]                                at /rustc/dfb0accb7f508ae8be965d8629557221c889dd98/library/std/src/thread/local.rs:463:12
[INFO] [stdout]   33:     0x63d483f1388e - <std[70759c8f55707aa4]::thread::local::LocalKey<tokio[6067ed304a7b4ead]::runtime::context::Context>>::with::<tokio[6067ed304a7b4ead]::runtime::context::set_scheduler<(alloc[2182bb758b4b3781]::boxed::Box<tokio[6067ed304a7b4ead]::runtime::scheduler::current_thread::Core>, core[df12db4294e9bfd3]::option::Option<()>), <tokio[6067ed304a7b4ead]::runtime::scheduler::current_thread::CoreGuard>::enter<<tokio[6067ed304a7b4ead]::runtime::scheduler::current_thread::CoreGuard>::block_on<core[df12db4294e9bfd3]::pin::Pin<&mut core[df12db4294e9bfd3]::pin::Pin<&mut dyn core[df12db4294e9bfd3]::future::future::Future<Output = ()>>>>::{closure#0}, core[df12db4294e9bfd3]::option::Option<()>>::{closure#0}>::{closure#0}, (alloc[2182bb758b4b3781]::boxed::Box<tokio[6067ed304a7b4ead]::runtime::scheduler::current_thread::Core>, core[df12db4294e9bfd3]::option::Option<()>)>
[INFO] [stdout]                                at /rustc/dfb0accb7f508ae8be965d8629557221c889dd98/library/std/src/thread/local.rs:427:20
[INFO] [stdout]   34:     0x63d483f2ad1d - tokio[6067ed304a7b4ead]::runtime::context::set_scheduler::<(alloc[2182bb758b4b3781]::boxed::Box<tokio[6067ed304a7b4ead]::runtime::scheduler::current_thread::Core>, core[df12db4294e9bfd3]::option::Option<()>), <tokio[6067ed304a7b4ead]::runtime::scheduler::current_thread::CoreGuard>::enter<<tokio[6067ed304a7b4ead]::runtime::scheduler::current_thread::CoreGuard>::block_on<core[df12db4294e9bfd3]::pin::Pin<&mut core[df12db4294e9bfd3]::pin::Pin<&mut dyn core[df12db4294e9bfd3]::future::future::Future<Output = ()>>>>::{closure#0}, core[df12db4294e9bfd3]::option::Option<()>>::{closure#0}>
[INFO] [stdout]                                at /opt/rustwide/cargo-home/registry/src/index.crates.io-1949cf8c6b5b557f/tokio-1.47.1/src/runtime/context.rs:176:17
[INFO] [stdout]   35:     0x63d483f2a8c0 - <tokio[6067ed304a7b4ead]::runtime::scheduler::current_thread::CoreGuard>::enter::<<tokio[6067ed304a7b4ead]::runtime::scheduler::current_thread::CoreGuard>::block_on<core[df12db4294e9bfd3]::pin::Pin<&mut core[df12db4294e9bfd3]::pin::Pin<&mut dyn core[df12db4294e9bfd3]::future::future::Future<Output = ()>>>>::{closure#0}, core[df12db4294e9bfd3]::option::Option<()>>
[INFO] [stdout]                                at /opt/rustwide/cargo-home/registry/src/index.crates.io-1949cf8c6b5b557f/tokio-1.47.1/src/runtime/scheduler/current_thread/mod.rs:829:27
[INFO] [stdout]   36:     0x63d483f2abb6 - <tokio[6067ed304a7b4ead]::runtime::scheduler::current_thread::CoreGuard>::block_on::<core[df12db4294e9bfd3]::pin::Pin<&mut core[df12db4294e9bfd3]::pin::Pin<&mut dyn core[df12db4294e9bfd3]::future::future::Future<Output = ()>>>>
[INFO] [stdout]                                at /opt/rustwide/cargo-home/registry/src/index.crates.io-1949cf8c6b5b557f/tokio-1.47.1/src/runtime/scheduler/current_thread/mod.rs:729:24
[INFO] [stdout]   37:     0x63d483f2b860 - <tokio[6067ed304a7b4ead]::runtime::scheduler::current_thread::CurrentThread>::block_on::<core[df12db4294e9bfd3]::pin::Pin<&mut dyn core[df12db4294e9bfd3]::future::future::Future<Output = ()>>>::{closure#0}
[INFO] [stdout]                                at /opt/rustwide/cargo-home/registry/src/index.crates.io-1949cf8c6b5b557f/tokio-1.47.1/src/runtime/scheduler/current_thread/mod.rs:200:33
[INFO] [stdout]   38:     0x63d483ebaa98 - tokio[6067ed304a7b4ead]::runtime::context::runtime::enter_runtime::<<tokio[6067ed304a7b4ead]::runtime::scheduler::current_thread::CurrentThread>::block_on<core[df12db4294e9bfd3]::pin::Pin<&mut dyn core[df12db4294e9bfd3]::future::future::Future<Output = ()>>>::{closure#0}, ()>
[INFO] [stdout]                                at /opt/rustwide/cargo-home/registry/src/index.crates.io-1949cf8c6b5b557f/tokio-1.47.1/src/runtime/context/runtime.rs:65:16
[INFO] [stdout]   39:     0x63d483f28254 - <tokio[6067ed304a7b4ead]::runtime::scheduler::current_thread::CurrentThread>::block_on::<core[df12db4294e9bfd3]::pin::Pin<&mut dyn core[df12db4294e9bfd3]::future::future::Future<Output = ()>>>
[INFO] [stdout]                                at /opt/rustwide/cargo-home/registry/src/index.crates.io-1949cf8c6b5b557f/tokio-1.47.1/src/runtime/scheduler/current_thread/mod.rs:188:9
[INFO] [stdout]   40:     0x63d483efbdbf - <tokio[6067ed304a7b4ead]::runtime::runtime::Runtime>::block_on_inner::<core[df12db4294e9bfd3]::pin::Pin<&mut dyn core[df12db4294e9bfd3]::future::future::Future<Output = ()>>>
[INFO] [stdout]                                at /opt/rustwide/cargo-home/registry/src/index.crates.io-1949cf8c6b5b557f/tokio-1.47.1/src/runtime/runtime.rs:356:52
[INFO] [stdout]   41:     0x63d483efbf0b - <tokio[6067ed304a7b4ead]::runtime::runtime::Runtime>::block_on::<core[df12db4294e9bfd3]::pin::Pin<&mut dyn core[df12db4294e9bfd3]::future::future::Future<Output = ()>>>
[INFO] [stdout]                                at /opt/rustwide/cargo-home/registry/src/index.crates.io-1949cf8c6b5b557f/tokio-1.47.1/src/runtime/runtime.rs:330:18
[INFO] [stdout]   42:     0x63d483ed9d00 - scribe_webservice[7911fa2d7316bf2c]::handlers::tests::test_toggle_file
[INFO] [stdout]                                at /opt/rustwide/workdir/src/handlers.rs:1470:50
[INFO] [stdout]   43:     0x63d483ecc917 - scribe_webservice[7911fa2d7316bf2c]::handlers::tests::test_toggle_file::{closure#0}
[INFO] [stdout]                                at /opt/rustwide/workdir/src/handlers.rs:1452:32
[INFO] [stdout]   44:     0x63d483f6ad46 - <scribe_webservice[7911fa2d7316bf2c]::handlers::tests::test_toggle_file::{closure#0} as core[df12db4294e9bfd3]::ops::function::FnOnce<()>>::call_once
[INFO] [stdout]                                at /rustc/dfb0accb7f508ae8be965d8629557221c889dd98/library/core/src/ops/function.rs:250:5
[INFO] [stdout]   45:     0x63d483f6bb7b - <fn() -> core[df12db4294e9bfd3]::result::Result<(), alloc[2182bb758b4b3781]::string::String> as core[df12db4294e9bfd3]::ops::function::FnOnce<()>>::call_once
[INFO] [stdout]                                at /rustc/dfb0accb7f508ae8be965d8629557221c889dd98/library/core/src/ops/function.rs:250:5
[INFO] [stdout]   46:     0x63d483f6bb7b - test[9d35eded1c95d3be]::__rust_begin_short_backtrace::<core[df12db4294e9bfd3]::result::Result<(), alloc[2182bb758b4b3781]::string::String>, fn() -> core[df12db4294e9bfd3]::result::Result<(), alloc[2182bb758b4b3781]::string::String>>
[INFO] [stdout]                                at /rustc/dfb0accb7f508ae8be965d8629557221c889dd98/library/test/src/lib.rs:733:18
[INFO] [stdout]   47:     0x63d483f791e5 - test[9d35eded1c95d3be]::run_test_in_process::{closure#0}
[INFO] [stdout]                                at /rustc/dfb0accb7f508ae8be965d8629557221c889dd98/library/test/src/lib.rs:756:74
[INFO] [stdout]   48:     0x63d483f791e5 - <core[df12db4294e9bfd3]::panic::unwind_safe::AssertUnwindSafe<test[9d35eded1c95d3be]::run_test_in_process::{closure#0}> as core[df12db4294e9bfd3]::ops::function::FnOnce<()>>::call_once
[INFO] [stdout]                                at /rustc/dfb0accb7f508ae8be965d8629557221c889dd98/library/core/src/panic/unwind_safe.rs:275:9
[INFO] [stdout]   49:     0x63d483f791e5 - std[70759c8f55707aa4]::panicking::catch_unwind::do_call::<core[df12db4294e9bfd3]::panic::unwind_safe::AssertUnwindSafe<test[9d35eded1c95d3be]::run_test_in_process::{closure#0}>, core[df12db4294e9bfd3]::result::Result<(), alloc[2182bb758b4b3781]::string::String>>
[INFO] [stdout]                                at /rustc/dfb0accb7f508ae8be965d8629557221c889dd98/library/std/src/panicking.rs:576:43
[INFO] [stdout]   50:     0x63d483f791e5 - std[70759c8f55707aa4]::panicking::catch_unwind::<core[df12db4294e9bfd3]::result::Result<(), alloc[2182bb758b4b3781]::string::String>, core[df12db4294e9bfd3]::panic::unwind_safe::AssertUnwindSafe<test[9d35eded1c95d3be]::run_test_in_process::{closure#0}>>
[INFO] [stdout]                                at /rustc/dfb0accb7f508ae8be965d8629557221c889dd98/library/std/src/panicking.rs:544:19
[INFO] [stdout]   51:     0x63d483f791e5 - std[70759c8f55707aa4]::panic::catch_unwind::<core[df12db4294e9bfd3]::panic::unwind_safe::AssertUnwindSafe<test[9d35eded1c95d3be]::run_test_in_process::{closure#0}>, core[df12db4294e9bfd3]::result::Result<(), alloc[2182bb758b4b3781]::string::String>>
[INFO] [stdout]                                at /rustc/dfb0accb7f508ae8be965d8629557221c889dd98/library/std/src/panic.rs:359:14
[INFO] [stdout]   52:     0x63d483f791e5 - test[9d35eded1c95d3be]::run_test_in_process
[INFO] [stdout]                                at /rustc/dfb0accb7f508ae8be965d8629557221c889dd98/library/test/src/lib.rs:756:27
[INFO] [stdout]   53:     0x63d483f791e5 - test[9d35eded1c95d3be]::run_test::{closure#0}
[INFO] [stdout]                                at /rustc/dfb0accb7f508ae8be965d8629557221c889dd98/library/test/src/lib.rs:677:43
[INFO] [stdout]   54:     0x63d483f72aa4 - test[9d35eded1c95d3be]::run_test::{closure#1}
[INFO] [stdout]                                at /rustc/dfb0accb7f508ae8be965d8629557221c889dd98/library/test/src/lib.rs:707:41
[INFO] [stdout]   55:     0x63d483f72aa4 - std[70759c8f55707aa4]::sys::backtrace::__rust_begin_short_backtrace::<test[9d35eded1c95d3be]::run_test::{closure#1}, ()>
[INFO] [stdout]                                at /rustc/dfb0accb7f508ae8be965d8629557221c889dd98/library/std/src/sys/backtrace.rs:166:18
[INFO] [stdout]   56:     0x63d483f7c342 - std[70759c8f55707aa4]::thread::lifecycle::spawn_unchecked::<test[9d35eded1c95d3be]::run_test::{closure#1}, ()>::{closure#1}::{closure#0}
[INFO] [stdout]                                at /rustc/dfb0accb7f508ae8be965d8629557221c889dd98/library/std/src/thread/lifecycle.rs:70:13
[INFO] [stdout]   57:     0x63d483f7c342 - <core[df12db4294e9bfd3]::panic::unwind_safe::AssertUnwindSafe<std[70759c8f55707aa4]::thread::lifecycle::spawn_unchecked<test[9d35eded1c95d3be]::run_test::{closure#1}, ()>::{closure#1}::{closure#0}> as core[df12db4294e9bfd3]::ops::function::FnOnce<()>>::call_once
[INFO] [stdout]                                at /rustc/dfb0accb7f508ae8be965d8629557221c889dd98/library/core/src/panic/unwind_safe.rs:275:9
[INFO] [stdout]   58:     0x63d483f7c342 - std[70759c8f55707aa4]::panicking::catch_unwind::do_call::<core[df12db4294e9bfd3]::panic::unwind_safe::AssertUnwindSafe<std[70759c8f55707aa4]::thread::lifecycle::spawn_unchecked<test[9d35eded1c95d3be]::run_test::{closure#1}, ()>::{closure#1}::{closure#0}>, ()>
[INFO] [stdout]                                at /rustc/dfb0accb7f508ae8be965d8629557221c889dd98/library/std/src/panicking.rs:576:43
[INFO] [stdout]   59:     0x63d483f7c342 - std[70759c8f55707aa4]::panicking::catch_unwind::<(), core[df12db4294e9bfd3]::panic::unwind_safe::AssertUnwindSafe<std[70759c8f55707aa4]::thread::lifecycle::spawn_unchecked<test[9d35eded1c95d3be]::run_test::{closure#1}, ()>::{closure#1}::{closure#0}>>
[INFO] [stdout]                                at /rustc/dfb0accb7f508ae8be965d8629557221c889dd98/library/std/src/panicking.rs:544:19
[INFO] [stdout]   60:     0x63d483f7c342 - std[70759c8f55707aa4]::panic::catch_unwind::<core[df12db4294e9bfd3]::panic::unwind_safe::AssertUnwindSafe<std[70759c8f55707aa4]::thread::lifecycle::spawn_unchecked<test[9d35eded1c95d3be]::run_test::{closure#1}, ()>::{closure#1}::{closure#0}>, ()>
[INFO] [stdout]                                at /rustc/dfb0accb7f508ae8be965d8629557221c889dd98/library/std/src/panic.rs:359:14
[INFO] [stdout]   61:     0x63d483f7c342 - std[70759c8f55707aa4]::thread::lifecycle::spawn_unchecked::<test[9d35eded1c95d3be]::run_test::{closure#1}, ()>::{closure#1}
[INFO] [stdout]                                at /rustc/dfb0accb7f508ae8be965d8629557221c889dd98/library/std/src/thread/lifecycle.rs:68:26
[INFO] [stdout]   62:     0x63d483f7c342 - <std[70759c8f55707aa4]::thread::lifecycle::spawn_unchecked<test[9d35eded1c95d3be]::run_test::{closure#1}, ()>::{closure#1} as core[df12db4294e9bfd3]::ops::function::FnOnce<()>>::call_once::{shim:vtable#0}
[INFO] [stdout]                                at /rustc/dfb0accb7f508ae8be965d8629557221c889dd98/library/core/src/ops/function.rs:250:5
[INFO] [stdout]   63:     0x63d484301cb9 - <alloc[2182bb758b4b3781]::boxed::Box<dyn core[df12db4294e9bfd3]::ops::function::FnOnce<(), Output = ()> + core[df12db4294e9bfd3]::marker::Send> as core[df12db4294e9bfd3]::ops::function::FnOnce<()>>::call_once
[INFO] [stdout]                                at /rustc/dfb0accb7f508ae8be965d8629557221c889dd98/library/alloc/src/boxed.rs:2320:9
[INFO] [stdout]   64:     0x63d484301cb9 - <std[70759c8f55707aa4]::sys::thread::unix::Thread>::new::thread_start
[INFO] [stdout]                                at /rustc/dfb0accb7f508ae8be965d8629557221c889dd98/library/std/src/sys/thread/unix.rs:123:17
[INFO] [stdout]   65:     0x793253ec6dfa - <unknown>
[INFO] [stdout]   66:     0x793253f5a3d4 - clone
[INFO] [stdout]   67:                0x0 - <unknown>
[INFO] [stdout] 
[INFO] [stdout] ---- handlers::tests::test_toggle_file_remove stdout ----
[INFO] [stdout] 
[INFO] [stdout] thread 'handlers::tests::test_toggle_file_remove' (4242) panicked at src/handlers.rs:1497:9:
[INFO] [stdout] assertion failed: !bundle_state.included_files.contains(&"src/lib.rs".to_string())
[INFO] [stdout] stack backtrace:
[INFO] [stdout]    0:     0x63d484302ca1 - std[70759c8f55707aa4]::backtrace_rs::backtrace::libunwind::trace
[INFO] [stdout]                                at /rustc/dfb0accb7f508ae8be965d8629557221c889dd98/library/std/src/../../backtrace/src/backtrace/libunwind.rs:117:9
[INFO] [stdout]    1:     0x63d484302ca1 - std[70759c8f55707aa4]::backtrace_rs::backtrace::trace_unsynchronized::<std[70759c8f55707aa4]::sys::backtrace::_print_fmt::{closure#1}>
[INFO] [stdout]                                at /rustc/dfb0accb7f508ae8be965d8629557221c889dd98/library/std/src/../../backtrace/src/backtrace/mod.rs:66:14
[INFO] [stdout]    2:     0x63d484302ca1 - std[70759c8f55707aa4]::sys::backtrace::_print_fmt
[INFO] [stdout]                                at /rustc/dfb0accb7f508ae8be965d8629557221c889dd98/library/std/src/sys/backtrace.rs:74:9
[INFO] [stdout]    3:     0x63d484302ca1 - <<std[70759c8f55707aa4]::sys::backtrace::BacktraceLock>::print::DisplayBacktrace as core[df12db4294e9bfd3]::fmt::Display>::fmt
[INFO] [stdout]                                at /rustc/dfb0accb7f508ae8be965d8629557221c889dd98/library/std/src/sys/backtrace.rs:44:26
[INFO] [stdout]    4:     0x63d484319c9a - <core[df12db4294e9bfd3]::fmt::rt::Argument>::fmt
[INFO] [stdout]                                at /rustc/dfb0accb7f508ae8be965d8629557221c889dd98/library/core/src/fmt/rt.rs:152:76
[INFO] [stdout]    5:     0x63d484319c9a - core[df12db4294e9bfd3]::fmt::write
[INFO] [stdout]    6:     0x63d48430772c - core[df12db4294e9bfd3]::io::write::default_write_fmt::<alloc[2182bb758b4b3781]::vec::Vec<u8>>
[INFO] [stdout]                                at /rustc/dfb0accb7f508ae8be965d8629557221c889dd98/library/core/src/io/write.rs:402:11
[INFO] [stdout]    7:     0x63d48430772c - <alloc[2182bb758b4b3781]::vec::Vec<u8> as core[df12db4294e9bfd3]::io::write::Write>::write_fmt
[INFO] [stdout]                                at /rustc/dfb0accb7f508ae8be965d8629557221c889dd98/library/core/src/io/write.rs:335:13
[INFO] [stdout]    8:     0x63d4842dc836 - <std[70759c8f55707aa4]::sys::backtrace::BacktraceLock>::print
[INFO] [stdout]                                at /rustc/dfb0accb7f508ae8be965d8629557221c889dd98/library/std/src/sys/backtrace.rs:47:9
[INFO] [stdout]    9:     0x63d4842dc836 - std[70759c8f55707aa4]::panicking::default_hook::{closure#0}
[INFO] [stdout]                                at /rustc/dfb0accb7f508ae8be965d8629557221c889dd98/library/std/src/panicking.rs:292:27
[INFO] [stdout]   10:     0x63d4842f9ed9 - std[70759c8f55707aa4]::panicking::default_hook
[INFO] [stdout]                                at /rustc/dfb0accb7f508ae8be965d8629557221c889dd98/library/std/src/panicking.rs:316:9
[INFO] [stdout]   11:     0x63d483f78890 - <alloc[2182bb758b4b3781]::boxed::Box<dyn for<'a, 'b> core[df12db4294e9bfd3]::ops::function::Fn<(&'a std[70759c8f55707aa4]::panic::PanicHookInfo<'b>,), Output = ()> + core[df12db4294e9bfd3]::marker::Send + core[df12db4294e9bfd3]::marker::Sync> as core[df12db4294e9bfd3]::ops::function::Fn<(&std[70759c8f55707aa4]::panic::PanicHookInfo,)>>::call
[INFO] [stdout]                                at /rustc/dfb0accb7f508ae8be965d8629557221c889dd98/library/alloc/src/boxed.rs:2334:9
[INFO] [stdout]   12:     0x63d483f78890 - test[9d35eded1c95d3be]::test_main_inner::<test[9d35eded1c95d3be]::test_main_static::{closure#0}>::{closure#0}
[INFO] [stdout]                                at /rustc/dfb0accb7f508ae8be965d8629557221c889dd98/library/test/src/lib.rs:155:21
[INFO] [stdout]   13:     0x63d4842fa202 - <alloc[2182bb758b4b3781]::boxed::Box<dyn for<'a, 'b> core[df12db4294e9bfd3]::ops::function::Fn<(&'a std[70759c8f55707aa4]::panic::PanicHookInfo<'b>,), Output = ()> + core[df12db4294e9bfd3]::marker::Send + core[df12db4294e9bfd3]::marker::Sync> as core[df12db4294e9bfd3]::ops::function::Fn<(&std[70759c8f55707aa4]::panic::PanicHookInfo,)>>::call
[INFO] [stdout]                                at /rustc/dfb0accb7f508ae8be965d8629557221c889dd98/library/alloc/src/boxed.rs:2334:9
[INFO] [stdout]   14:     0x63d4842fa202 - std[70759c8f55707aa4]::panicking::panic_with_hook
[INFO] [stdout]                                at /rustc/dfb0accb7f508ae8be965d8629557221c889dd98/library/std/src/panicking.rs:823:13
[INFO] [stdout]   15:     0x63d4842dc914 - std[70759c8f55707aa4]::panicking::panic_handler::{closure#0}
[INFO] [stdout]                                at /rustc/dfb0accb7f508ae8be965d8629557221c889dd98/library/std/src/panicking.rs:681:13
[INFO] [stdout]   16:     0x63d4842d5389 - std[70759c8f55707aa4]::sys::backtrace::__rust_end_short_backtrace::<std[70759c8f55707aa4]::panicking::panic_handler::{closure#0}, !>
[INFO] [stdout]                                at /rustc/dfb0accb7f508ae8be965d8629557221c889dd98/library/std/src/sys/backtrace.rs:182:18
[INFO] [stdout]   17:     0x63d4842dd4dd - __rustc[8fa7c3cbc660c2b3]::rust_begin_unwind
[INFO] [stdout]                                at /rustc/dfb0accb7f508ae8be965d8629557221c889dd98/library/std/src/panicking.rs:679:5
[INFO] [stdout]   18:     0x63d48431a4ec - core[df12db4294e9bfd3]::panicking::panic_fmt
[INFO] [stdout]                                at /rustc/dfb0accb7f508ae8be965d8629557221c889dd98/library/core/src/panicking.rs:80:14
[INFO] [stdout]   19:     0x63d48431a4b2 - core[df12db4294e9bfd3]::panicking::panic
[INFO] [stdout]                                at /rustc/dfb0accb7f508ae8be965d8629557221c889dd98/library/core/src/panicking.rs:150:5
[INFO] [stdout]   20:     0x63d483ed0a3a - scribe_webservice[7911fa2d7316bf2c]::handlers::tests::test_toggle_file_remove::{closure#0}
[INFO] [stdout]                                at /opt/rustwide/workdir/src/handlers.rs:1497:9
[INFO] [stdout]   21:     0x63d483e80622 - <core[df12db4294e9bfd3]::pin::Pin<&mut dyn core[df12db4294e9bfd3]::future::future::Future<Output = ()>> as core[df12db4294e9bfd3]::future::future::Future>::poll
[INFO] [stdout]                                at /rustc/dfb0accb7f508ae8be965d8629557221c889dd98/library/core/src/future/future.rs:133:9
[INFO] [stdout]   22:     0x63d483e8069d - <core[df12db4294e9bfd3]::pin::Pin<&mut core[df12db4294e9bfd3]::pin::Pin<&mut dyn core[df12db4294e9bfd3]::future::future::Future<Output = ()>>> as core[df12db4294e9bfd3]::future::future::Future>::poll
[INFO] [stdout]                                at /rustc/dfb0accb7f508ae8be965d8629557221c889dd98/library/core/src/future/future.rs:133:9
[INFO] [stdout]   23:     0x63d483f2e65d - <tokio[6067ed304a7b4ead]::runtime::scheduler::current_thread::CoreGuard>::block_on::<core[df12db4294e9bfd3]::pin::Pin<&mut core[df12db4294e9bfd3]::pin::Pin<&mut dyn core[df12db4294e9bfd3]::future::future::Future<Output = ()>>>>::{closure#0}::{closure#0}::{closure#0}
[INFO] [stdout]                                at /opt/rustwide/cargo-home/registry/src/index.crates.io-1949cf8c6b5b557f/tokio-1.47.1/src/runtime/scheduler/current_thread/mod.rs:742:70
[INFO] [stdout]   24:     0x63d483f2e585 - tokio[6067ed304a7b4ead]::task::coop::with_budget::<core[df12db4294e9bfd3]::task::poll::Poll<()>, <tokio[6067ed304a7b4ead]::runtime::scheduler::current_thread::CoreGuard>::block_on<core[df12db4294e9bfd3]::pin::Pin<&mut core[df12db4294e9bfd3]::pin::Pin<&mut dyn core[df12db4294e9bfd3]::future::future::Future<Output = ()>>>>::{closure#0}::{closure#0}::{closure#0}>
[INFO] [stdout]                                at /opt/rustwide/cargo-home/registry/src/index.crates.io-1949cf8c6b5b557f/tokio-1.47.1/src/task/coop/mod.rs:167:5
[INFO] [stdout]   25:     0x63d483f2e585 - tokio[6067ed304a7b4ead]::task::coop::budget::<core[df12db4294e9bfd3]::task::poll::Poll<()>, <tokio[6067ed304a7b4ead]::runtime::scheduler::current_thread::CoreGuard>::block_on<core[df12db4294e9bfd3]::pin::Pin<&mut core[df12db4294e9bfd3]::pin::Pin<&mut dyn core[df12db4294e9bfd3]::future::future::Future<Output = ()>>>>::{closure#0}::{closure#0}::{closure#0}>
[INFO] [stdout]                                at /opt/rustwide/cargo-home/registry/src/index.crates.io-1949cf8c6b5b557f/tokio-1.47.1/src/task/coop/mod.rs:133:5
[INFO] [stdout]   26:     0x63d483f2e585 - <tokio[6067ed304a7b4ead]::runtime::scheduler::current_thread::CoreGuard>::block_on::<core[df12db4294e9bfd3]::pin::Pin<&mut core[df12db4294e9bfd3]::pin::Pin<&mut dyn core[df12db4294e9bfd3]::future::future::Future<Output = ()>>>>::{closure#0}::{closure#0}
[INFO] [stdout]                                at /opt/rustwide/cargo-home/registry/src/index.crates.io-1949cf8c6b5b557f/tokio-1.47.1/src/runtime/scheduler/current_thread/mod.rs:742:25
[INFO] [stdout]   27:     0x63d483f28692 - <tokio[6067ed304a7b4ead]::runtime::scheduler::current_thread::Context>::enter::<core[df12db4294e9bfd3]::task::poll::Poll<()>, <tokio[6067ed304a7b4ead]::runtime::scheduler::current_thread::CoreGuard>::block_on<core[df12db4294e9bfd3]::pin::Pin<&mut core[df12db4294e9bfd3]::pin::Pin<&mut dyn core[df12db4294e9bfd3]::future::future::Future<Output = ()>>>>::{closure#0}::{closure#0}>
[INFO] [stdout]                                at /opt/rustwide/cargo-home/registry/src/index.crates.io-1949cf8c6b5b557f/tokio-1.47.1/src/runtime/scheduler/current_thread/mod.rs:432:19
[INFO] [stdout]   28:     0x63d483f2ca9d - <tokio[6067ed304a7b4ead]::runtime::scheduler::current_thread::CoreGuard>::block_on::<core[df12db4294e9bfd3]::pin::Pin<&mut core[df12db4294e9bfd3]::pin::Pin<&mut dyn core[df12db4294e9bfd3]::future::future::Future<Output = ()>>>>::{closure#0}
[INFO] [stdout]                                at /opt/rustwide/cargo-home/registry/src/index.crates.io-1949cf8c6b5b557f/tokio-1.47.1/src/runtime/scheduler/current_thread/mod.rs:741:44
[INFO] [stdout]   29:     0x63d483f2bd94 - <tokio[6067ed304a7b4ead]::runtime::scheduler::current_thread::CoreGuard>::enter::<<tokio[6067ed304a7b4ead]::runtime::scheduler::current_thread::CoreGuard>::block_on<core[df12db4294e9bfd3]::pin::Pin<&mut core[df12db4294e9bfd3]::pin::Pin<&mut dyn core[df12db4294e9bfd3]::future::future::Future<Output = ()>>>>::{closure#0}, core[df12db4294e9bfd3]::option::Option<()>>::{closure#0}
[INFO] [stdout]                                at /opt/rustwide/cargo-home/registry/src/index.crates.io-1949cf8c6b5b557f/tokio-1.47.1/src/runtime/scheduler/current_thread/mod.rs:829:68
[INFO] [stdout]   30:     0x63d483efc1ab - <tokio[6067ed304a7b4ead]::runtime::context::scoped::Scoped<tokio[6067ed304a7b4ead]::runtime::scheduler::Context>>::set::<<tokio[6067ed304a7b4ead]::runtime::scheduler::current_thread::CoreGuard>::enter<<tokio[6067ed304a7b4ead]::runtime::scheduler::current_thread::CoreGuard>::block_on<core[df12db4294e9bfd3]::pin::Pin<&mut core[df12db4294e9bfd3]::pin::Pin<&mut dyn core[df12db4294e9bfd3]::future::future::Future<Output = ()>>>>::{closure#0}, core[df12db4294e9bfd3]::option::Option<()>>::{closure#0}, (alloc[2182bb758b4b3781]::boxed::Box<tokio[6067ed304a7b4ead]::runtime::scheduler::current_thread::Core>, core[df12db4294e9bfd3]::option::Option<()>)>
[INFO] [stdout]                                at /opt/rustwide/cargo-home/registry/src/index.crates.io-1949cf8c6b5b557f/tokio-1.47.1/src/runtime/context/scoped.rs:40:9
[INFO] [stdout]   31:     0x63d483f2e129 - tokio[6067ed304a7b4ead]::runtime::context::set_scheduler::<(alloc[2182bb758b4b3781]::boxed::Box<tokio[6067ed304a7b4ead]::runtime::scheduler::current_thread::Core>, core[df12db4294e9bfd3]::option::Option<()>), <tokio[6067ed304a7b4ead]::runtime::scheduler::current_thread::CoreGuard>::enter<<tokio[6067ed304a7b4ead]::runtime::scheduler::current_thread::CoreGuard>::block_on<core[df12db4294e9bfd3]::pin::Pin<&mut core[df12db4294e9bfd3]::pin::Pin<&mut dyn core[df12db4294e9bfd3]::future::future::Future<Output = ()>>>>::{closure#0}, core[df12db4294e9bfd3]::option::Option<()>>::{closure#0}>::{closure#0}
[INFO] [stdout]                                at /opt/rustwide/cargo-home/registry/src/index.crates.io-1949cf8c6b5b557f/tokio-1.47.1/src/runtime/context.rs:176:38
[INFO] [stdout]   32:     0x63d483f13cdf - <std[70759c8f55707aa4]::thread::local::LocalKey<tokio[6067ed304a7b4ead]::runtime::context::Context>>::try_with::<tokio[6067ed304a7b4ead]::runtime::context::set_scheduler<(alloc[2182bb758b4b3781]::boxed::Box<tokio[6067ed304a7b4ead]::runtime::scheduler::current_thread::Core>, core[df12db4294e9bfd3]::option::Option<()>), <tokio[6067ed304a7b4ead]::runtime::scheduler::current_thread::CoreGuard>::enter<<tokio[6067ed304a7b4ead]::runtime::scheduler::current_thread::CoreGuard>::block_on<core[df12db4294e9bfd3]::pin::Pin<&mut core[df12db4294e9bfd3]::pin::Pin<&mut dyn core[df12db4294e9bfd3]::future::future::Future<Output = ()>>>>::{closure#0}, core[df12db4294e9bfd3]::option::Option<()>>::{closure#0}>::{closure#0}, (alloc[2182bb758b4b3781]::boxed::Box<tokio[6067ed304a7b4ead]::runtime::scheduler::current_thread::Core>, core[df12db4294e9bfd3]::option::Option<()>)>
[INFO] [stdout]                                at /rustc/dfb0accb7f508ae8be965d8629557221c889dd98/library/std/src/thread/local.rs:463:12
[INFO] [stdout]   33:     0x63d483f1388e - <std[70759c8f55707aa4]::thread::local::LocalKey<tokio[6067ed304a7b4ead]::runtime::context::Context>>::with::<tokio[6067ed304a7b4ead]::runtime::context::set_scheduler<(alloc[2182bb758b4b3781]::boxed::Box<tokio[6067ed304a7b4ead]::runtime::scheduler::current_thread::Core>, core[df12db4294e9bfd3]::option::Option<()>), <tokio[6067ed304a7b4ead]::runtime::scheduler::current_thread::CoreGuard>::enter<<tokio[6067ed304a7b4ead]::runtime::scheduler::current_thread::CoreGuard>::block_on<core[df12db4294e9bfd3]::pin::Pin<&mut core[df12db4294e9bfd3]::pin::Pin<&mut dyn core[df12db4294e9bfd3]::future::future::Future<Output = ()>>>>::{closure#0}, core[df12db4294e9bfd3]::option::Option<()>>::{closure#0}>::{closure#0}, (alloc[2182bb758b4b3781]::boxed::Box<tokio[6067ed304a7b4ead]::runtime::scheduler::current_thread::Core>, core[df12db4294e9bfd3]::option::Option<()>)>
[INFO] [stdout]                                at /rustc/dfb0accb7f508ae8be965d8629557221c889dd98/library/std/src/thread/local.rs:427:20
[INFO] [stdout]   34:     0x63d483f2ad1d - tokio[6067ed304a7b4ead]::runtime::context::set_scheduler::<(alloc[2182bb758b4b3781]::boxed::Box<tokio[6067ed304a7b4ead]::runtime::scheduler::current_thread::Core>, core[df12db4294e9bfd3]::option::Option<()>), <tokio[6067ed304a7b4ead]::runtime::scheduler::current_thread::CoreGuard>::enter<<tokio[6067ed304a7b4ead]::runtime::scheduler::current_thread::CoreGuard>::block_on<core[df12db4294e9bfd3]::pin::Pin<&mut core[df12db4294e9bfd3]::pin::Pin<&mut dyn core[df12db4294e9bfd3]::future::future::Future<Output = ()>>>>::{closure#0}, core[df12db4294e9bfd3]::option::Option<()>>::{closure#0}>
[INFO] [stdout]                                at /opt/rustwide/cargo-home/registry/src/index.crates.io-1949cf8c6b5b557f/tokio-1.47.1/src/runtime/context.rs:176:17
[INFO] [stdout]   35:     0x63d483f2a8c0 - <tokio[6067ed304a7b4ead]::runtime::scheduler::current_thread::CoreGuard>::enter::<<tokio[6067ed304a7b4ead]::runtime::scheduler::current_thread::CoreGuard>::block_on<core[df12db4294e9bfd3]::pin::Pin<&mut core[df12db4294e9bfd3]::pin::Pin<&mut dyn core[df12db4294e9bfd3]::future::future::Future<Output = ()>>>>::{closure#0}, core[df12db4294e9bfd3]::option::Option<()>>
[INFO] [stdout]                                at /opt/rustwide/cargo-home/registry/src/index.crates.io-1949cf8c6b5b557f/tokio-1.47.1/src/runtime/scheduler/current_thread/mod.rs:829:27
[INFO] [stdout]   36:     0x63d483f2abb6 - <tokio[6067ed304a7b4ead]::runtime::scheduler::current_thread::CoreGuard>::block_on::<core[df12db4294e9bfd3]::pin::Pin<&mut core[df12db4294e9bfd3]::pin::Pin<&mut dyn core[df12db4294e9bfd3]::future::future::Future<Output = ()>>>>
[INFO] [stdout]                                at /opt/rustwide/cargo-home/registry/src/index.crates.io-1949cf8c6b5b557f/tokio-1.47.1/src/runtime/scheduler/current_thread/mod.rs:729:24
[INFO] [stdout]   37:     0x63d483f2b860 - <tokio[6067ed304a7b4ead]::runtime::scheduler::current_thread::CurrentThread>::block_on::<core[df12db4294e9bfd3]::pin::Pin<&mut dyn core[df12db4294e9bfd3]::future::future::Future<Output = ()>>>::{closure#0}
[INFO] [stdout]                                at /opt/rustwide/cargo-home/registry/src/index.crates.io-1949cf8c6b5b557f/tokio-1.47.1/src/runtime/scheduler/current_thread/mod.rs:200:33
[INFO] [stdout]   38:     0x63d483ebaa98 - tokio[6067ed304a7b4ead]::runtime::context::runtime::enter_runtime::<<tokio[6067ed304a7b4ead]::runtime::scheduler::current_thread::CurrentThread>::block_on<core[df12db4294e9bfd3]::pin::Pin<&mut dyn core[df12db4294e9bfd3]::future::future::Future<Output = ()>>>::{closure#0}, ()>
[INFO] [stdout]                                at /opt/rustwide/cargo-home/registry/src/index.crates.io-1949cf8c6b5b557f/tokio-1.47.1/src/runtime/context/runtime.rs:65:16
[INFO] [stdout]   39:     0x63d483f28254 - <tokio[6067ed304a7b4ead]::runtime::scheduler::current_thread::CurrentThread>::block_on::<core[df12db4294e9bfd3]::pin::Pin<&mut dyn core[df12db4294e9bfd3]::future::future::Future<Output = ()>>>
[INFO] [stdout]                                at /opt/rustwide/cargo-home/registry/src/index.crates.io-1949cf8c6b5b557f/tokio-1.47.1/src/runtime/scheduler/current_thread/mod.rs:188:9
[INFO] [stdout]   40:     0x63d483efbdbf - <tokio[6067ed304a7b4ead]::runtime::runtime::Runtime>::block_on_inner::<core[df12db4294e9bfd3]::pin::Pin<&mut dyn core[df12db4294e9bfd3]::future::future::Future<Output = ()>>>
[INFO] [stdout]                                at /opt/rustwide/cargo-home/registry/src/index.crates.io-1949cf8c6b5b557f/tokio-1.47.1/src/runtime/runtime.rs:356:52
[INFO] [stdout]   41:     0x63d483efbf0b - <tokio[6067ed304a7b4ead]::runtime::runtime::Runtime>::block_on::<core[df12db4294e9bfd3]::pin::Pin<&mut dyn core[df12db4294e9bfd3]::future::future::Future<Output = ()>>>
[INFO] [stdout]                                at /opt/rustwide/cargo-home/registry/src/index.crates.io-1949cf8c6b5b557f/tokio-1.47.1/src/runtime/runtime.rs:330:18
[INFO] [stdout]   42:     0x63d483edac30 - scribe_webservice[7911fa2d7316bf2c]::handlers::tests::test_toggle_file_remove
[INFO] [stdout]                                at /opt/rustwide/workdir/src/handlers.rs:1499:50
[INFO] [stdout]   43:     0x63d483eccac7 - scribe_webservice[7911fa2d7316bf2c]::handlers::tests::test_toggle_file_remove::{closure#0}
[INFO] [stdout]                                at /opt/rustwide/workdir/src/handlers.rs:1474:39
[INFO] [stdout]   44:     0x63d483f6ae66 - <scribe_webservice[7911fa2d7316bf2c]::handlers::tests::test_toggle_file_remove::{closure#0} as core[df12db4294e9bfd3]::ops::function::FnOnce<()>>::call_once
[INFO] [stdout]                                at /rustc/dfb0accb7f508ae8be965d8629557221c889dd98/library/core/src/ops/function.rs:250:5
[INFO] [stdout]   45:     0x63d483f6bb7b - <fn() -> core[df12db4294e9bfd3]::result::Result<(), alloc[2182bb758b4b3781]::string::String> as core[df12db4294e9bfd3]::ops::function::FnOnce<()>>::call_once
[INFO] [stdout]                                at /rustc/dfb0accb7f508ae8be965d8629557221c889dd98/library/core/src/ops/function.rs:250:5
[INFO] [stdout]   46:     0x63d483f6bb7b - test[9d35eded1c95d3be]::__rust_begin_short_backtrace::<core[df12db4294e9bfd3]::result::Result<(), alloc[2182bb758b4b3781]::string::String>, fn() -> core[df12db4294e9bfd3]::result::Result<(), alloc[2182bb758b4b3781]::string::String>>
[INFO] [stdout]                                at /rustc/dfb0accb7f508ae8be965d8629557221c889dd98/library/test/src/lib.rs:733:18
[INFO] [stdout]   47:     0x63d483f791e5 - test[9d35eded1c95d3be]::run_test_in_process::{closure#0}
[INFO] [stdout]                                at /rustc/dfb0accb7f508ae8be965d8629557221c889dd98/library/test/src/lib.rs:756:74
[INFO] [stdout]   48:     0x63d483f791e5 - <core[df12db4294e9bfd3]::panic::unwind_safe::AssertUnwindSafe<test[9d35eded1c95d3be]::run_test_in_process::{closure#0}> as core[df12db4294e9bfd3]::ops::function::FnOnce<()>>::call_once
[INFO] [stdout]                                at /rustc/dfb0accb7f508ae8be965d8629557221c889dd98/library/core/src/panic/unwind_safe.rs:275:9
[INFO] [stdout]   49:     0x63d483f791e5 - std[70759c8f55707aa4]::panicking::catch_unwind::do_call::<core[df12db4294e9bfd3]::panic::unwind_safe::AssertUnwindSafe<test[9d35eded1c95d3be]::run_test_in_process::{closure#0}>, core[df12db4294e9bfd3]::result::Result<(), alloc[2182bb758b4b3781]::string::String>>
[INFO] [stdout]                                at /rustc/dfb0accb7f508ae8be965d8629557221c889dd98/library/std/src/panicking.rs:576:43
[INFO] [stdout]   50:     0x63d483f791e5 - std[70759c8f55707aa4]::panicking::catch_unwind::<core[df12db4294e9bfd3]::result::Result<(), alloc[2182bb758b4b3781]::string::String>, core[df12db4294e9bfd3]::panic::unwind_safe::AssertUnwindSafe<test[9d35eded1c95d3be]::run_test_in_process::{closure#0}>>
[INFO] [stdout]                                at /rustc/dfb0accb7f508ae8be965d8629557221c889dd98/library/std/src/panicking.rs:544:19
[INFO] [stdout]   51:     0x63d483f791e5 - std[70759c8f55707aa4]::panic::catch_unwind::<core[df12db4294e9bfd3]::panic::unwind_safe::AssertUnwindSafe<test[9d35eded1c95d3be]::run_test_in_process::{closure#0}>, core[df12db4294e9bfd3]::result::Result<(), alloc[2182bb758b4b3781]::string::String>>
[INFO] [stdout]                                at /rustc/dfb0accb7f508ae8be965d8629557221c889dd98/library/std/src/panic.rs:359:14
[INFO] [stdout]   52:     0x63d483f791e5 - test[9d35eded1c95d3be]::run_test_in_process
[INFO] [stdout]                                at /rustc/dfb0accb7f508ae8be965d8629557221c889dd98/library/test/src/lib.rs:756:27
[INFO] [stdout]   53:     0x63d483f791e5 - test[9d35eded1c95d3be]::run_test::{closure#0}
[INFO] [stdout]                                at /rustc/dfb0accb7f508ae8be965d8629557221c889dd98/library/test/src/lib.rs:677:43
[INFO] [stdout]   54:     0x63d483f72aa4 - test[9d35eded1c95d3be]::run_test::{closure#1}
[INFO] [stdout]                                at /rustc/dfb0accb7f508ae8be965d8629557221c889dd98/library/test/src/lib.rs:707:41
[INFO] [stdout]   55:     0x63d483f72aa4 - std[70759c8f55707aa4]::sys::backtrace::__rust_begin_short_backtrace::<test[9d35eded1c95d3be]::run_test::{closure#1}, ()>
[INFO] [stdout]                                at /rustc/dfb0accb7f508ae8be965d8629557221c889dd98/library/std/src/sys/backtrace.rs:166:18
[INFO] [stdout]   56:     0x63d483f7c342 - std[70759c8f55707aa4]::thread::lifecycle::spawn_unchecked::<test[9d35eded1c95d3be]::run_test::{closure#1}, ()>::{closure#1}::{closure#0}
[INFO] [stdout]                                at /rustc/dfb0accb7f508ae8be965d8629557221c889dd98/library/std/src/thread/lifecycle.rs:70:13
[INFO] [stdout]   57:     0x63d483f7c342 - <core[df12db4294e9bfd3]::panic::unwind_safe::AssertUnwindSafe<std[70759c8f55707aa4]::thread::lifecycle::spawn_unchecked<test[9d35eded1c95d3be]::run_test::{closure#1}, ()>::{closure#1}::{closure#0}> as core[df12db4294e9bfd3]::ops::function::FnOnce<()>>::call_once
[INFO] [stdout]                                at /rustc/dfb0accb7f508ae8be965d8629557221c889dd98/library/core/src/panic/unwind_safe.rs:275:9
[INFO] [stdout]   58:     0x63d483f7c342 - std[70759c8f55707aa4]::panicking::catch_unwind::do_call::<core[df12db4294e9bfd3]::panic::unwind_safe::AssertUnwindSafe<std[70759c8f55707aa4]::thread::lifecycle::spawn_unchecked<test[9d35eded1c95d3be]::run_test::{closure#1}, ()>::{closure#1}::{closure#0}>, ()>
[INFO] [stdout]                                at /rustc/dfb0accb7f508ae8be965d8629557221c889dd98/library/std/src/panicking.rs:576:43
[INFO] [stdout]   59:     0x63d483f7c342 - std[70759c8f55707aa4]::panicking::catch_unwind::<(), core[df12db4294e9bfd3]::panic::unwind_safe::AssertUnwindSafe<std[70759c8f55707aa4]::thread::lifecycle::spawn_unchecked<test[9d35eded1c95d3be]::run_test::{closure#1}, ()>::{closure#1}::{closure#0}>>
[INFO] [stdout]                                at /rustc/dfb0accb7f508ae8be965d8629557221c889dd98/library/std/src/panicking.rs:544:19
[INFO] [stdout]   60:     0x63d483f7c342 - std[70759c8f55707aa4]::panic::catch_unwind::<core[df12db4294e9bfd3]::panic::unwind_safe::AssertUnwindSafe<std[70759c8f55707aa4]::thread::lifecycle::spawn_unchecked<test[9d35eded1c95d3be]::run_test::{closure#1}, ()>::{closure#1}::{closure#0}>, ()>
[INFO] [stdout]                                at /rustc/dfb0accb7f508ae8be965d8629557221c889dd98/library/std/src/panic.rs:359:14
[INFO] [stdout]   61:     0x63d483f7c342 - std[70759c8f55707aa4]::thread::lifecycle::spawn_unchecked::<test[9d35eded1c95d3be]::run_test::{closure#1}, ()>::{closure#1}
[INFO] [stdout]                                at /rustc/dfb0accb7f508ae8be965d8629557221c889dd98/library/std/src/thread/lifecycle.rs:68:26
[INFO] [stdout]   62:     0x63d483f7c342 - <std[70759c8f55707aa4]::thread::lifecycle::spawn_unchecked<test[9d35eded1c95d3be]::run_test::{closure#1}, ()>::{closure#1} as core[df12db4294e9bfd3]::ops::function::FnOnce<()>>::call_once::{shim:vtable#0}
[INFO] [stdout]                                at /rustc/dfb0accb7f508ae8be965d8629557221c889dd98/library/core/src/ops/function.rs:250:5
[INFO] [stdout]   63:     0x63d484301cb9 - <alloc[2182bb758b4b3781]::boxed::Box<dyn core[df12db4294e9bfd3]::ops::function::FnOnce<(), Output = ()> + core[df12db4294e9bfd3]::marker::Send> as core[df12db4294e9bfd3]::ops::function::FnOnce<()>>::call_once
[INFO] [stdout]                                at /rustc/dfb0accb7f508ae8be965d8629557221c889dd98/library/alloc/src/boxed.rs:2320:9
[INFO] [stdout]   64:     0x63d484301cb9 - <std[70759c8f55707aa4]::sys::thread::unix::Thread>::new::thread_start
[INFO] [stdout]                                at /rustc/dfb0accb7f508ae8be965d8629557221c889dd98/library/std/src/sys/thread/unix.rs:123:17
[INFO] [stdout]   65:     0x793253ec6dfa - <unknown>
[INFO] [stdout]   66:     0x793253f5a3d4 - clone
[INFO] [stdout]   67:                0x0 - <unknown>
[INFO] [stdout] 
[INFO] [stdout] ---- server::tests::test_app_state_structure stdout ----
[INFO] [stdout] 
[INFO] [stdout] thread 'server::tests::test_app_state_structure' (4245) panicked at src/server.rs:390:50:
[INFO] [stdout] Cannot block the current thread from within a runtime. This happens because a function attempted to block the current thread while the thread is being used to drive asynchronous tasks.
[INFO] [stdout] stack backtrace:
[INFO] [stdout]    0:     0x63d484302ca1 - std[70759c8f55707aa4]::backtrace_rs::backtrace::libunwind::trace
[INFO] [stdout]                                at /rustc/dfb0accb7f508ae8be965d8629557221c889dd98/library/std/src/../../backtrace/src/backtrace/libunwind.rs:117:9
[INFO] [stdout]    1:     0x63d484302ca1 - std[70759c8f55707aa4]::backtrace_rs::backtrace::trace_unsynchronized::<std[70759c8f55707aa4]::sys::backtrace::_print_fmt::{closure#1}>
[INFO] [stdout]                                at /rustc/dfb0accb7f508ae8be965d8629557221c889dd98/library/std/src/../../backtrace/src/backtrace/mod.rs:66:14
[INFO] [stdout]    2:     0x63d484302ca1 - std[70759c8f55707aa4]::sys::backtrace::_print_fmt
[INFO] [stdout]                                at /rustc/dfb0accb7f508ae8be965d8629557221c889dd98/library/std/src/sys/backtrace.rs:74:9
[INFO] [stdout]    3:     0x63d484302ca1 - <<std[70759c8f55707aa4]::sys::backtrace::BacktraceLock>::print::DisplayBacktrace as core[df12db4294e9bfd3]::fmt::Display>::fmt
[INFO] [stdout]                                at /rustc/dfb0accb7f508ae8be965d8629557221c889dd98/library/std/src/sys/backtrace.rs:44:26
[INFO] [stdout]    4:     0x63d484319c9a - <core[df12db4294e9bfd3]::fmt::rt::Argument>::fmt
[INFO] [stdout]                                at /rustc/dfb0accb7f508ae8be965d8629557221c889dd98/library/core/src/fmt/rt.rs:152:76
[INFO] [stdout]    5:     0x63d484319c9a - core[df12db4294e9bfd3]::fmt::write
[INFO] [stdout]    6:     0x63d48430772c - core[df12db4294e9bfd3]::io::write::default_write_fmt::<alloc[2182bb758b4b3781]::vec::Vec<u8>>
[INFO] [stdout]                                at /rustc/dfb0accb7f508ae8be965d8629557221c889dd98/library/core/src/io/write.rs:402:11
[INFO] [stdout]    7:     0x63d48430772c - <alloc[2182bb758b4b3781]::vec::Vec<u8> as core[df12db4294e9bfd3]::io::write::Write>::write_fmt
[INFO] [stdout]                                at /rustc/dfb0accb7f508ae8be965d8629557221c889dd98/library/core/src/io/write.rs:335:13
[INFO] [stdout]    8:     0x63d4842dc836 - <std[70759c8f55707aa4]::sys::backtrace::BacktraceLock>::print
[INFO] [stdout]                                at /rustc/dfb0accb7f508ae8be965d8629557221c889dd98/library/std/src/sys/backtrace.rs:47:9
[INFO] [stdout]    9:     0x63d4842dc836 - std[70759c8f55707aa4]::panicking::default_hook::{closure#0}
[INFO] [stdout]                                at /rustc/dfb0accb7f508ae8be965d8629557221c889dd98/library/std/src/panicking.rs:292:27
[INFO] [stdout]   10:     0x63d4842f9ed9 - std[70759c8f55707aa4]::panicking::default_hook
[INFO] [stdout]                                at /rustc/dfb0accb7f508ae8be965d8629557221c889dd98/library/std/src/panicking.rs:316:9
[INFO] [stdout]   11:     0x63d483f78890 - <alloc[2182bb758b4b3781]::boxed::Box<dyn for<'a, 'b> core[df12db4294e9bfd3]::ops::function::Fn<(&'a std[70759c8f55707aa4]::panic::PanicHookInfo<'b>,), Output = ()> + core[df12db4294e9bfd3]::marker::Send + core[df12db4294e9bfd3]::marker::Sync> as core[df12db4294e9bfd3]::ops::function::Fn<(&std[70759c8f55707aa4]::panic::PanicHookInfo,)>>::call
[INFO] [stdout]                                at /rustc/dfb0accb7f508ae8be965d8629557221c889dd98/library/alloc/src/boxed.rs:2334:9
[INFO] [stdout]   12:     0x63d483f78890 - test[9d35eded1c95d3be]::test_main_inner::<test[9d35eded1c95d3be]::test_main_static::{closure#0}>::{closure#0}
[INFO] [stdout]                                at /rustc/dfb0accb7f508ae8be965d8629557221c889dd98/library/test/src/lib.rs:155:21
[INFO] [stdout]   13:     0x63d4842fa202 - <alloc[2182bb758b4b3781]::boxed::Box<dyn for<'a, 'b> core[df12db4294e9bfd3]::ops::function::Fn<(&'a std[70759c8f55707aa4]::panic::PanicHookInfo<'b>,), Output = ()> + core[df12db4294e9bfd3]::marker::Send + core[df12db4294e9bfd3]::marker::Sync> as core[df12db4294e9bfd3]::ops::function::Fn<(&std[70759c8f55707aa4]::panic::PanicHookInfo,)>>::call
[INFO] [stdout]                                at /rustc/dfb0accb7f508ae8be965d8629557221c889dd98/library/alloc/src/boxed.rs:2334:9
[INFO] [stdout]   14:     0x63d4842fa202 - std[70759c8f55707aa4]::panicking::panic_with_hook
[INFO] [stdout]                                at /rustc/dfb0accb7f508ae8be965d8629557221c889dd98/library/std/src/panicking.rs:823:13
[INFO] [stdout]   15:     0x63d4842dc8e2 - std[70759c8f55707aa4]::panicking::panic_handler::{closure#0}
[INFO] [stdout]                                at /rustc/dfb0accb7f508ae8be965d8629557221c889dd98/library/std/src/panicking.rs:688:13
[INFO] [stdout]   16:     0x63d4842d5389 - std[70759c8f55707aa4]::sys::backtrace::__rust_end_short_backtrace::<std[70759c8f55707aa4]::panicking::panic_handler::{closure#0}, !>
[INFO] [stdout]                                at /rustc/dfb0accb7f508ae8be965d8629557221c889dd98/library/std/src/sys/backtrace.rs:182:18
[INFO] [stdout]   17:     0x63d4842dd4dd - __rustc[8fa7c3cbc660c2b3]::rust_begin_unwind
[INFO] [stdout]                                at /rustc/dfb0accb7f508ae8be965d8629557221c889dd98/library/std/src/panicking.rs:679:5
[INFO] [stdout]   18:     0x63d48431a4ec - core[df12db4294e9bfd3]::panicking::panic_fmt
[INFO] [stdout]                                at /rustc/dfb0accb7f508ae8be965d8629557221c889dd98/library/core/src/panicking.rs:80:14
[INFO] [stdout]   19:     0x63d48431a194 - core[df12db4294e9bfd3]::panicking::panic_display::<&str>
[INFO] [stdout]                                at /rustc/dfb0accb7f508ae8be965d8629557221c889dd98/library/core/src/panicking.rs:259:5
[INFO] [stdout]   20:     0x63d48431a194 - core[df12db4294e9bfd3]::option::expect_failed
[INFO] [stdout]                                at /rustc/dfb0accb7f508ae8be965d8629557221c889dd98/library/core/src/option.rs:2257:5
[INFO] [stdout]   21:     0x63d483e47a01 - <core[df12db4294e9bfd3]::option::Option<tokio[6067ed304a7b4ead]::runtime::context::blocking::BlockingRegionGuard>>::expect
[INFO] [stdout]                                at /rustc/dfb0accb7f508ae8be965d8629557221c889dd98/library/core/src/option.rs:969:21
[INFO] [stdout]   22:     0x63d483ecaa89 - tokio[6067ed304a7b4ead]::future::block_on::block_on::<<tokio[6067ed304a7b4ead]::sync::rwlock::RwLock<scribe_webservice[7911fa2d7316bf2c]::WebServiceConfig>>::read::{closure#0}>
[INFO] [stdout]                                at /opt/rustwide/cargo-home/registry/src/index.crates.io-1949cf8c6b5b557f/tokio-1.47.1/src/future/block_on.rs:6:74
[INFO] [stdout]   23:     0x63d483f40e70 - <tokio[6067ed304a7b4ead]::sync::rwlock::RwLock<scribe_webservice[7911fa2d7316bf2c]::WebServiceConfig>>::blocking_read
[INFO] [stdout]                                at /opt/rustwide/cargo-home/registry/src/index.crates.io-1949cf8c6b5b557f/tokio-1.47.1/src/sync/rwlock.rs:522:9
[INFO] [stdout]   24:     0x63d483f31a09 - scribe_webservice[7911fa2d7316bf2c]::server::tests::test_app_state_structure::{closure#0}
[INFO] [stdout]                                at /opt/rustwide/workdir/src/server.rs:390:50
[INFO] [stdout]   25:     0x63d483e80622 - <core[df12db4294e9bfd3]::pin::Pin<&mut dyn core[df12db4294e9bfd3]::future::future::Future<Output = ()>> as core[df12db4294e9bfd3]::future::future::Future>::poll
[INFO] [stdout]                                at /rustc/dfb0accb7f508ae8be965d8629557221c889dd98/library/core/src/future/future.rs:133:9
[INFO] [stdout]   26:     0x63d483e8069d - <core[df12db4294e9bfd3]::pin::Pin<&mut core[df12db4294e9bfd3]::pin::Pin<&mut dyn core[df12db4294e9bfd3]::future::future::Future<Output = ()>>> as core[df12db4294e9bfd3]::future::future::Future>::poll
[INFO] [stdout]                                at /rustc/dfb0accb7f508ae8be965d8629557221c889dd98/library/core/src/future/future.rs:133:9
[INFO] [stdout]   27:     0x63d483f2e65d - <tokio[6067ed304a7b4ead]::runtime::scheduler::current_thread::CoreGuard>::block_on::<core[df12db4294e9bfd3]::pin::Pin<&mut core[df12db4294e9bfd3]::pin::Pin<&mut dyn core[df12db4294e9bfd3]::future::future::Future<Output = ()>>>>::{closure#0}::{closure#0}::{closure#0}
[INFO] [stdout]                                at /opt/rustwide/cargo-home/registry/src/index.crates.io-1949cf8c6b5b557f/tokio-1.47.1/src/runtime/scheduler/current_thread/mod.rs:742:70
[INFO] [stdout]   28:     0x63d483f2e585 - tokio[6067ed304a7b4ead]::task::coop::with_budget::<core[df12db4294e9bfd3]::task::poll::Poll<()>, <tokio[6067ed304a7b4ead]::runtime::scheduler::current_thread::CoreGuard>::block_on<core[df12db4294e9bfd3]::pin::Pin<&mut core[df12db4294e9bfd3]::pin::Pin<&mut dyn core[df12db4294e9bfd3]::future::future::Future<Output = ()>>>>::{closure#0}::{closure#0}::{closure#0}>
[INFO] [stdout]                                at /opt/rustwide/cargo-home/registry/src/index.crates.io-1949cf8c6b5b557f/tokio-1.47.1/src/task/coop/mod.rs:167:5
[INFO] [stdout]   29:     0x63d483f2e585 - tokio[6067ed304a7b4ead]::task::coop::budget::<core[df12db4294e9bfd3]::task::poll::Poll<()>, <tokio[6067ed304a7b4ead]::runtime::scheduler::current_thread::CoreGuard>::block_on<core[df12db4294e9bfd3]::pin::Pin<&mut core[df12db4294e9bfd3]::pin::Pin<&mut dyn core[df12db4294e9bfd3]::future::future::Future<Output = ()>>>>::{closure#0}::{closure#0}::{closure#0}>
[INFO] [stdout]                                at /opt/rustwide/cargo-home/registry/src/index.crates.io-1949cf8c6b5b557f/tokio-1.47.1/src/task/coop/mod.rs:133:5
[INFO] [stdout]   30:     0x63d483f2e585 - <tokio[6067ed304a7b4ead]::runtime::scheduler::current_thread::CoreGuard>::block_on::<core[df12db4294e9bfd3]::pin::Pin<&mut core[df12db4294e9bfd3]::pin::Pin<&mut dyn core[df12db4294e9bfd3]::future::future::Future<Output = ()>>>>::{closure#0}::{closure#0}
[INFO] [stdout]                                at /opt/rustwide/cargo-home/registry/src/index.crates.io-1949cf8c6b5b557f/tokio-1.47.1/src/runtime/scheduler/current_thread/mod.rs:742:25
[INFO] [stdout]   31:     0x63d483f28692 - <tokio[6067ed304a7b4ead]::runtime::scheduler::current_thread::Context>::enter::<core[df12db4294e9bfd3]::task::poll::Poll<()>, <tokio[6067ed304a7b4ead]::runtime::scheduler::current_thread::CoreGuard>::block_on<core[df12db4294e9bfd3]::pin::Pin<&mut core[df12db4294e9bfd3]::pin::Pin<&mut dyn core[df12db4294e9bfd3]::future::future::Future<Output = ()>>>>::{closure#0}::{closure#0}>
[INFO] [stdout]                                at /opt/rustwide/cargo-home/registry/src/index.crates.io-1949cf8c6b5b557f/tokio-1.47.1/src/runtime/scheduler/current_thread/mod.rs:432:19
[INFO] [stdout]   32:     0x63d483f2ca9d - <tokio[6067ed304a7b4ead]::runtime::scheduler::current_thread::CoreGuard>::block_on::<core[df12db4294e9bfd3]::pin::Pin<&mut core[df12db4294e9bfd3]::pin::Pin<&mut dyn core[df12db4294e9bfd3]::future::future::Future<Output = ()>>>>::{closure#0}
[INFO] [stdout]                                at /opt/rustwide/cargo-home/registry/src/index.crates.io-1949cf8c6b5b557f/tokio-1.47.1/src/runtime/scheduler/current_thread/mod.rs:741:44
[INFO] [stdout]   33:     0x63d483f2bd94 - <tokio[6067ed304a7b4ead]::runtime::scheduler::current_thread::CoreGuard>::enter::<<tokio[6067ed304a7b4ead]::runtime::scheduler::current_thread::CoreGuard>::block_on<core[df12db4294e9bfd3]::pin::Pin<&mut core[df12db4294e9bfd3]::pin::Pin<&mut dyn core[df12db4294e9bfd3]::future::future::Future<Output = ()>>>>::{closure#0}, core[df12db4294e9bfd3]::option::Option<()>>::{closure#0}
[INFO] [stdout]                                at /opt/rustwide/cargo-home/registry/src/index.crates.io-1949cf8c6b5b557f/tokio-1.47.1/src/runtime/scheduler/current_thread/mod.rs:829:68
[INFO] [stdout]   34:     0x63d483efc1ab - <tokio[6067ed304a7b4ead]::runtime::context::scoped::Scoped<tokio[6067ed304a7b4ead]::runtime::scheduler::Context>>::set::<<tokio[6067ed304a7b4ead]::runtime::scheduler::current_thread::CoreGuard>::enter<<tokio[6067ed304a7b4ead]::runtime::scheduler::current_thread::CoreGuard>::block_on<core[df12db4294e9bfd3]::pin::Pin<&mut core[df12db4294e9bfd3]::pin::Pin<&mut dyn core[df12db4294e9bfd3]::future::future::Future<Output = ()>>>>::{closure#0}, core[df12db4294e9bfd3]::option::Option<()>>::{closure#0}, (alloc[2182bb758b4b3781]::boxed::Box<tokio[6067ed304a7b4ead]::runtime::scheduler::current_thread::Core>, core[df12db4294e9bfd3]::option::Option<()>)>
[INFO] [stdout]                                at /opt/rustwide/cargo-home/registry/src/index.crates.io-1949cf8c6b5b557f/tokio-1.47.1/src/runtime/context/scoped.rs:40:9
[INFO] [stdout]   35:     0x63d483f2e129 - tokio[6067ed304a7b4ead]::runtime::context::set_scheduler::<(alloc[2182bb758b4b3781]::boxed::Box<tokio[6067ed304a7b4ead]::runtime::scheduler::current_thread::Core>, core[df12db4294e9bfd3]::option::Option<()>), <tokio[6067ed304a7b4ead]::runtime::scheduler::current_thread::CoreGuard>::enter<<tokio[6067ed304a7b4ead]::runtime::scheduler::current_thread::CoreGuard>::block_on<core[df12db4294e9bfd3]::pin::Pin<&mut core[df12db4294e9bfd3]::pin::Pin<&mut dyn core[df12db4294e9bfd3]::future::future::Future<Output = ()>>>>::{closure#0}, core[df12db4294e9bfd3]::option::Option<()>>::{closure#0}>::{closure#0}
[INFO] [stdout]                                at /opt/rustwide/cargo-home/registry/src/index.crates.io-1949cf8c6b5b557f/tokio-1.47.1/src/runtime/context.rs:176:38
[INFO] [stdout]   36:     0x63d483f13cdf - <std[70759c8f55707aa4]::thread::local::LocalKey<tokio[6067ed304a7b4ead]::runtime::context::Context>>::try_with::<tokio[6067ed304a7b4ead]::runtime::context::set_scheduler<(alloc[2182bb758b4b3781]::boxed::Box<tokio[6067ed304a7b4ead]::runtime::scheduler::current_thread::Core>, core[df12db4294e9bfd3]::option::Option<()>), <tokio[6067ed304a7b4ead]::runtime::scheduler::current_thread::CoreGuard>::enter<<tokio[6067ed304a7b4ead]::runtime::scheduler::current_thread::CoreGuard>::block_on<core[df12db4294e9bfd3]::pin::Pin<&mut core[df12db4294e9bfd3]::pin::Pin<&mut dyn core[df12db4294e9bfd3]::future::future::Future<Output = ()>>>>::{closure#0}, core[df12db4294e9bfd3]::option::Option<()>>::{closure#0}>::{closure#0}, (alloc[2182bb758b4b3781]::boxed::Box<tokio[6067ed304a7b4ead]::runtime::scheduler::current_thread::Core>, core[df12db4294e9bfd3]::option::Option<()>)>
[INFO] [stdout]                                at /rustc/dfb0accb7f508ae8be965d8629557221c889dd98/library/std/src/thread/local.rs:463:12
[INFO] [stdout]   37:     0x63d483f1388e - <std[70759c8f55707aa4]::thread::local::LocalKey<tokio[6067ed304a7b4ead]::runtime::context::Context>>::with::<tokio[6067ed304a7b4ead]::runtime::context::set_scheduler<(alloc[2182bb758b4b3781]::boxed::Box<tokio[6067ed304a7b4ead]::runtime::scheduler::current_thread::Core>, core[df12db4294e9bfd3]::option::Option<()>), <tokio[6067ed304a7b4ead]::runtime::scheduler::current_thread::CoreGuard>::enter<<tokio[6067ed304a7b4ead]::runtime::scheduler::current_thread::CoreGuard>::block_on<core[df12db4294e9bfd3]::pin::Pin<&mut core[df12db4294e9bfd3]::pin::Pin<&mut dyn core[df12db4294e9bfd3]::future::future::Future<Output = ()>>>>::{closure#0}, core[df12db4294e9bfd3]::option::Option<()>>::{closure#0}>::{closure#0}, (alloc[2182bb758b4b3781]::boxed::Box<tokio[6067ed304a7b4ead]::runtime::scheduler::current_thread::Core>, core[df12db4294e9bfd3]::option::Option<()>)>
[INFO] [stdout]                                at /rustc/dfb0accb7f508ae8be965d8629557221c889dd98/library/std/src/thread/local.rs:427:20
[INFO] [stdout]   38:     0x63d483f2ad1d - tokio[6067ed304a7b4ead]::runtime::context::set_scheduler::<(alloc[2182bb758b4b3781]::boxed::Box<tokio[6067ed304a7b4ead]::runtime::scheduler::current_thread::Core>, core[df12db4294e9bfd3]::option::Option<()>), <tokio[6067ed304a7b4ead]::runtime::scheduler::current_thread::CoreGuard>::enter<<tokio[6067ed304a7b4ead]::runtime::scheduler::current_thread::CoreGuard>::block_on<core[df12db4294e9bfd3]::pin::Pin<&mut core[df12db4294e9bfd3]::pin::Pin<&mut dyn core[df12db4294e9bfd3]::future::future::Future<Output = ()>>>>::{closure#0}, core[df12db4294e9bfd3]::option::Option<()>>::{closure#0}>
[INFO] [stdout]                                at /opt/rustwide/cargo-home/registry/src/index.crates.io-1949cf8c6b5b557f/tokio-1.47.1/src/runtime/context.rs:176:17
[INFO] [stdout]   39:     0x63d483f2a8c0 - <tokio[6067ed304a7b4ead]::runtime::scheduler::current_thread::CoreGuard>::enter::<<tokio[6067ed304a7b4ead]::runtime::scheduler::current_thread::CoreGuard>::block_on<core[df12db4294e9bfd3]::pin::Pin<&mut core[df12db4294e9bfd3]::pin::Pin<&mut dyn core[df12db4294e9bfd3]::future::future::Future<Output = ()>>>>::{closure#0}, core[df12db4294e9bfd3]::option::Option<()>>
[INFO] [stdout]                                at /opt/rustwide/cargo-home/registry/src/index.crates.io-1949cf8c6b5b557f/tokio-1.47.1/src/runtime/scheduler/current_thread/mod.rs:829:27
[INFO] [stdout]   40:     0x63d483f2abb6 - <tokio[6067ed304a7b4ead]::runtime::scheduler::current_thread::CoreGuard>::block_on::<core[df12db4294e9bfd3]::pin::Pin<&mut core[df12db4294e9bfd3]::pin::Pin<&mut dyn core[df12db4294e9bfd3]::future::future::Future<Output = ()>>>>
[INFO] [stdout]                                at /opt/rustwide/cargo-home/registry/src/index.crates.io-1949cf8c6b5b557f/tokio-1.47.1/src/runtime/scheduler/current_thread/mod.rs:729:24
[INFO] [stdout]   41:     0x63d483f2b860 - <tokio[6067ed304a7b4ead]::runtime::scheduler::current_thread::CurrentThread>::block_on::<core[df12db4294e9bfd3]::pin::Pin<&mut dyn core[df12db4294e9bfd3]::future::future::Future<Output = ()>>>::{closure#0}
[INFO] [stdout]                                at /opt/rustwide/cargo-home/registry/src/index.crates.io-1949cf8c6b5b557f/tokio-1.47.1/src/runtime/scheduler/current_thread/mod.rs:200:33
[INFO] [stdout]   42:     0x63d483ebaa98 - tokio[6067ed304a7b4ead]::runtime::context::runtime::enter_runtime::<<tokio[6067ed304a7b4ead]::runtime::scheduler::current_thread::CurrentThread>::block_on<core[df12db4294e9bfd3]::pin::Pin<&mut dyn core[df12db4294e9bfd3]::future::future::Future<Output = ()>>>::{closure#0}, ()>
[INFO] [stdout]                                at /opt/rustwide/cargo-home/registry/src/index.crates.io-1949cf8c6b5b557f/tokio-1.47.1/src/runtime/context/runtime.rs:65:16
[INFO] [stdout]   43:     0x63d483f28254 - <tokio[6067ed304a7b4ead]::runtime::scheduler::current_thread::CurrentThread>::block_on::<core[df12db4294e9bfd3]::pin::Pin<&mut dyn core[df12db4294e9bfd3]::future::future::Future<Output = ()>>>
[INFO] [stdout]                                at /opt/rustwide/cargo-home/registry/src/index.crates.io-1949cf8c6b5b557f/tokio-1.47.1/src/runtime/scheduler/current_thread/mod.rs:188:9
[INFO] [stdout]   44:     0x63d483efbdbf - <tokio[6067ed304a7b4ead]::runtime::runtime::Runtime>::block_on_inner::<core[df12db4294e9bfd3]::pin::Pin<&mut dyn core[df12db4294e9bfd3]::future::future::Future<Output = ()>>>
[INFO] [stdout]                                at /opt/rustwide/cargo-home/registry/src/index.crates.io-1949cf8c6b5b557f/tokio-1.47.1/src/runtime/runtime.rs:356:52
[INFO] [stdout]   45:     0x63d483efbf0b - <tokio[6067ed304a7b4ead]::runtime::runtime::Runtime>::block_on::<core[df12db4294e9bfd3]::pin::Pin<&mut dyn core[df12db4294e9bfd3]::future::future::Future<Output = ()>>>
[INFO] [stdout]                                at /opt/rustwide/cargo-home/registry/src/index.crates.io-1949cf8c6b5b557f/tokio-1.47.1/src/runtime/runtime.rs:330:18
[INFO] [stdout]   46:     0x63d483f41867 - scribe_webservice[7911fa2d7316bf2c]::server::tests::test_app_state_structure
[INFO] [stdout]                                at /opt/rustwide/workdir/src/server.rs:403:47
[INFO] [stdout]   47:     0x63d483f30557 - scribe_webservice[7911fa2d7316bf2c]::server::tests::test_app_state_structure::{closure#0}
[INFO] [stdout]                                at /opt/rustwide/workdir/src/server.rs:373:40
[INFO] [stdout]   48:     0x63d483f6abc6 - <scribe_webservice[7911fa2d7316bf2c]::server::tests::test_app_state_structure::{closure#0} as core[df12db4294e9bfd3]::ops::function::FnOnce<()>>::call_once
[INFO] [stdout]                                at /rustc/dfb0accb7f508ae8be965d8629557221c889dd98/library/core/src/ops/function.rs:250:5
[INFO] [stdout]   49:     0x63d483f6bb7b - <fn() -> core[df12db4294e9bfd3]::result::Result<(), alloc[2182bb758b4b3781]::string::String> as core[df12db4294e9bfd3]::ops::function::FnOnce<()>>::call_once
[INFO] [stdout]                                at /rustc/dfb0accb7f508ae8be965d8629557221c889dd98/library/core/src/ops/function.rs:250:5
[INFO] [stdout]   50:     0x63d483f6bb7b - test[9d35eded1c95d3be]::__rust_begin_short_backtrace::<core[df12db4294e9bfd3]::result::Result<(), alloc[2182bb758b4b3781]::string::String>, fn() -> core[df12db4294e9bfd3]::result::Result<(), alloc[2182bb758b4b3781]::string::String>>
[INFO] [stdout]                                at /rustc/dfb0accb7f508ae8be965d8629557221c889dd98/library/test/src/lib.rs:733:18
[INFO] [stdout]   51:     0x63d483f791e5 - test[9d35eded1c95d3be]::run_test_in_process::{closure#0}
[INFO] [stdout]                                at /rustc/dfb0accb7f508ae8be965d8629557221c889dd98/library/test/src/lib.rs:756:74
[INFO] [stdout]   52:     0x63d483f791e5 - <core[df12db4294e9bfd3]::panic::unwind_safe::AssertUnwindSafe<test[9d35eded1c95d3be]::run_test_in_process::{closure#0}> as core[df12db4294e9bfd3]::ops::function::FnOnce<()>>::call_once
[INFO] [stdout]                                at /rustc/dfb0accb7f508ae8be965d8629557221c889dd98/library/core/src/panic/unwind_safe.rs:275:9
[INFO] [stdout]   53:     0x63d483f791e5 - std[70759c8f55707aa4]::panicking::catch_unwind::do_call::<core[df12db4294e9bfd3]::panic::unwind_safe::AssertUnwindSafe<test[9d35eded1c95d3be]::run_test_in_process::{closure#0}>, core[df12db4294e9bfd3]::result::Result<(), alloc[2182bb758b4b3781]::string::String>>
[INFO] [stdout]                                at /rustc/dfb0accb7f508ae8be965d8629557221c889dd98/library/std/src/panicking.rs:576:43
[INFO] [stdout]   54:     0x63d483f791e5 - std[70759c8f55707aa4]::panicking::catch_unwind::<core[df12db4294e9bfd3]::result::Result<(), alloc[2182bb758b4b3781]::string::String>, core[df12db4294e9bfd3]::panic::unwind_safe::AssertUnwindSafe<test[9d35eded1c95d3be]::run_test_in_process::{closure#0}>>
[INFO] [stdout]                                at /rustc/dfb0accb7f508ae8be965d8629557221c889dd98/library/std/src/panicking.rs:544:19
[INFO] [stdout]   55:     0x63d483f791e5 - std[70759c8f55707aa4]::panic::catch_unwind::<core[df12db4294e9bfd3]::panic::unwind_safe::AssertUnwindSafe<test[9d35eded1c95d3be]::run_test_in_process::{closure#0}>, core[df12db4294e9bfd3]::result::Result<(), alloc[2182bb758b4b3781]::string::String>>
[INFO] [stdout]                                at /rustc/dfb0accb7f508ae8be965d8629557221c889dd98/library/std/src/panic.rs:359:14
[INFO] [stdout]   56:     0x63d483f791e5 - test[9d35eded1c95d3be]::run_test_in_process
[INFO] [stdout]                                at /rustc/dfb0accb7f508ae8be965d8629557221c889dd98/library/test/src/lib.rs:756:27
[INFO] [stdout]   57:     0x63d483f791e5 - test[9d35eded1c95d3be]::run_test::{closure#0}
[INFO] [stdout]                                at /rustc/dfb0accb7f508ae8be965d8629557221c889dd98/library/test/src/lib.rs:677:43
[INFO] [stdout]   58:     0x63d483f72aa4 - test[9d35eded1c95d3be]::run_test::{closure#1}
[INFO] [stdout]                                at /rustc/dfb0accb7f508ae8be965d8629557221c889dd98/library/test/src/lib.rs:707:41
[INFO] [stdout]   59:     0x63d483f72aa4 - std[70759c8f55707aa4]::sys::backtrace::__rust_begin_short_backtrace::<test[9d35eded1c95d3be]::run_test::{closure#1}, ()>
[INFO] [stdout]                                at /rustc/dfb0accb7f508ae8be965d8629557221c889dd98/library/std/src/sys/backtrace.rs:166:18
[INFO] [stdout]   60:     0x63d483f7c342 - std[70759c8f55707aa4]::thread::lifecycle::spawn_unchecked::<test[9d35eded1c95d3be]::run_test::{closure#1}, ()>::{closure#1}::{closure#0}
[INFO] [stdout]                                at /rustc/dfb0accb7f508ae8be965d8629557221c889dd98/library/std/src/thread/lifecycle.rs:70:13
[INFO] [stdout]   61:     0x63d483f7c342 - <core[df12db4294e9bfd3]::panic::unwind_safe::AssertUnwindSafe<std[70759c8f55707aa4]::thread::lifecycle::spawn_unchecked<test[9d35eded1c95d3be]::run_test::{closure#1}, ()>::{closure#1}::{closure#0}> as core[df12db4294e9bfd3]::ops::function::FnOnce<()>>::call_once
[INFO] [stdout]                                at /rustc/dfb0accb7f508ae8be965d8629557221c889dd98/library/core/src/panic/unwind_safe.rs:275:9
[INFO] [stdout]   62:     0x63d483f7c342 - std[70759c8f55707aa4]::panicking::catch_unwind::do_call::<core[df12db4294e9bfd3]::panic::unwind_safe::AssertUnwindSafe<std[70759c8f55707aa4]::thread::lifecycle::spawn_unchecked<test[9d35eded1c95d3be]::run_test::{closure#1}, ()>::{closure#1}::{closure#0}>, ()>
[INFO] [stdout]                                at /rustc/dfb0accb7f508ae8be965d8629557221c889dd98/library/std/src/panicking.rs:576:43
[INFO] [stdout]   63:     0x63d483f7c342 - std[70759c8f55707aa4]::panicking::catch_unwind::<(), core[df12db4294e9bfd3]::panic::unwind_safe::AssertUnwindSafe<std[70759c8f55707aa4]::thread::lifecycle::spawn_unchecked<test[9d35eded1c95d3be]::run_test::{closure#1}, ()>::{closure#1}::{closure#0}>>
[INFO] [stdout]                                at /rustc/dfb0accb7f508ae8be965d8629557221c889dd98/library/std/src/panicking.rs:544:19
[INFO] [stdout]   64:     0x63d483f7c342 - std[70759c8f55707aa4]::panic::catch_unwind::<core[df12db4294e9bfd3]::panic::unwind_safe::AssertUnwindSafe<std[70759c8f55707aa4]::thread::lifecycle::spawn_unchecked<test[9d35eded1c95d3be]::run_test::{closure#1}, ()>::{closure#1}::{closure#0}>, ()>
[INFO] [stdout]                                at /rustc/dfb0accb7f508ae8be965d8629557221c889dd98/library/std/src/panic.rs:359:14
[INFO] [stdout]   65:     0x63d483f7c342 - std[70759c8f55707aa4]::thread::lifecycle::spawn_unchecked::<test[9d35eded1c95d3be]::run_test::{closure#1}, ()>::{closure#1}
[INFO] [stdout]                                at /rustc/dfb0accb7f508ae8be965d8629557221c889dd98/library/std/src/thread/lifecycle.rs:68:26
[INFO] [stdout]   66:     0x63d483f7c342 - <std[70759c8f55707aa4]::thread::lifecycle::spawn_unchecked<test[9d35eded1c95d3be]::run_test::{closure#1}, ()>::{closure#1} as core[df12db4294e9bfd3]::ops::function::FnOnce<()>>::call_once::{shim:vtable#0}
[INFO] [stdout]                                at /rustc/dfb0accb7f508ae8be965d8629557221c889dd98/library/core/src/ops/function.rs:250:5
[INFO] [stdout]   67:     0x63d484301cb9 - <alloc[2182bb758b4b3781]::boxed::Box<dyn core[df12db4294e9bfd3]::ops::function::FnOnce<(), Output = ()> + core[df12db4294e9bfd3]::marker::Send> as core[df12db4294e9bfd3]::ops::function::FnOnce<()>>::call_once
[INFO] [stdout]                                at /rustc/dfb0accb7f508ae8be965d8629557221c889dd98/library/alloc/src/boxed.rs:2320:9
[INFO] [stdout]   68:     0x63d484301cb9 - <std[70759c8f55707aa4]::sys::thread::unix::Thread>::new::thread_start
[INFO] [stdout]                                at /rustc/dfb0accb7f508ae8be965d8629557221c889dd98/library/std/src/sys/thread/unix.rs:123:17
[INFO] [stdout]   69:     0x793253ec6dfa - <unknown>
[INFO] [stdout]   70:     0x793253f5a3d4 - clone
[INFO] [stdout]   71:                0x0 - <unknown>
[INFO] [stdout] 
[INFO] [stdout] 
[INFO] [stdout] failures:
[INFO] [stdout]     handlers::tests::test_toggle_file
[INFO] [stdout]     handlers::tests::test_toggle_file_remove
[INFO] [stdout]     server::tests::test_app_state_structure
[INFO] [stdout] 
[INFO] [stdout] test result: FAILED. 50 passed; 3 failed; 0 ignored; 0 measured; 0 filtered out; finished in 0.71s
[INFO] [stdout] 
[INFO] [stderr] error: test failed, to rerun pass `--lib`
[INFO] running `Command { std: "docker" "inspect" "0afb5212d44e19acd6b410159dd502cf34a04938f31679295ba7379968e0d8e6", kill_on_drop: false }`
[INFO] running `Command { std: "docker" "rm" "-f" "0afb5212d44e19acd6b410159dd502cf34a04938f31679295ba7379968e0d8e6", kill_on_drop: false }`
[INFO] [stdout] 0afb5212d44e19acd6b410159dd502cf34a04938f31679295ba7379968e0d8e6
