[INFO] fetching crate scc-indexer 0.2.9...
[INFO] testing scc-indexer-0.2.9 against 1.100.0-beta.1 for beta-1.100-2
[INFO] extracting crate scc-indexer 0.2.9 into /workspace/builds/worker-4-tc2/source
[INFO] started tweaking crates.io crate scc-indexer 0.2.9
[INFO] removed 0 missing tests
[INFO] finished tweaking crates.io crate scc-indexer 0.2.9
[INFO] tweaked toml for crates.io crate scc-indexer 0.2.9 written to /workspace/builds/worker-4-tc2/source/Cargo.toml
[INFO] validating manifest of crates.io crate scc-indexer 0.2.9 on toolchain 1.100.0-beta.1
[INFO] running `Command { std: CARGO_HOME="/workspace/cargo-home" RUSTUP_HOME="/workspace/rustup-home" "/workspace/cargo-home/bin/cargo" "+1.100.0-beta.1" "metadata" "--manifest-path" "Cargo.toml" "--no-deps", kill_on_drop: false }`
[INFO] crate crates.io crate scc-indexer 0.2.9 already has a lockfile, it will not be regenerated
[INFO] running `Command { std: CARGO_HOME="/workspace/cargo-home" RUSTUP_HOME="/workspace/rustup-home" "/workspace/cargo-home/bin/cargo" "+1.100.0-beta.1" "fetch" "--manifest-path" "Cargo.toml", kill_on_drop: false }`
[INFO] running `Command { std: "docker" "create" "-v" "/var/lib/crater-agent-workspace/builds/worker-4-tc2/source:/opt/rustwide/workdir:ro,Z" "-v" "/var/lib/crater-agent-workspace/builds/worker-4-tc2/target:/opt/rustwide/target:rw,Z" "-v" "/var/lib/crater-agent-workspace/cargo-home:/opt/rustwide/cargo-home:ro,Z" "-v" "/var/lib/crater-agent-workspace/rustup-home:/opt/rustwide/rustup-home:ro,Z" "-m" "1610612736" "--network" "none" "ghcr.io/rust-lang/crates-build-env/linux@sha256:3111399a4047eeb3a02b7a90e478d715f38a8c6669b5c4b49d30a17385265909" "sleep" "infinity", kill_on_drop: false }`
[INFO] [stdout] 40c17c79c9b98676da4c1fc58a380a57a85311990a13aa86fc31c17379ba29d0
[INFO] running `Command { std: "docker" "start" "40c17c79c9b98676da4c1fc58a380a57a85311990a13aa86fc31c17379ba29d0", kill_on_drop: false }`
[INFO] running `Command { std: "docker" "inspect" "40c17c79c9b98676da4c1fc58a380a57a85311990a13aa86fc31c17379ba29d0", kill_on_drop: false }`
[INFO] running `Command { std: "docker" "exec" "-e" "SOURCE_DIR=/opt/rustwide/workdir" "-e" "CARGO_HOME=/opt/rustwide/cargo-home" "-e" "RUSTUP_HOME=/opt/rustwide/rustup-home" "-e" "CARGO_TARGET_DIR=/opt/rustwide/target" "-w" "/opt/rustwide/workdir" "--user" "0:0" "40c17c79c9b98676da4c1fc58a380a57a85311990a13aa86fc31c17379ba29d0" "/opt/rustwide/cargo-home/bin/cargo" "+1.100.0-beta.1" "metadata" "--no-deps" "--format-version=1", kill_on_drop: false }`
[INFO] running `Command { std: "docker" "inspect" "40c17c79c9b98676da4c1fc58a380a57a85311990a13aa86fc31c17379ba29d0", kill_on_drop: false }`
[INFO] running `Command { std: "docker" "exec" "-e" "SOURCE_DIR=/opt/rustwide/workdir" "-e" "CARGO_HOME=/opt/rustwide/cargo-home" "-e" "RUSTUP_HOME=/opt/rustwide/rustup-home" "-e" "CARGO_TARGET_DIR=/opt/rustwide/target" "-e" "CARGO_INCREMENTAL=0" "-e" "RUST_BACKTRACE=full" "-e" "RUSTFLAGS=--cap-lints=warn" "-e" "RUSTDOCFLAGS=--cap-lints=warn" "-w" "/opt/rustwide/workdir" "--user" "0:0" "40c17c79c9b98676da4c1fc58a380a57a85311990a13aa86fc31c17379ba29d0" "/opt/rustwide/cargo-home/bin/cargo" "+1.100.0-beta.1" "build" "--frozen" "--message-format=json", kill_on_drop: false }`
[INFO] [stderr]    Compiling find-msvc-tools v0.1.10
[INFO] [stderr]    Compiling tree-sitter-language v0.1.7
[INFO] [stderr]    Compiling stable_deref_trait v1.2.1
[INFO] [stderr]    Compiling libc v0.2.189
[INFO] [stderr]    Compiling serde v1.0.229
[INFO] [stderr]    Compiling writeable v0.6.3
[INFO] [stderr]    Compiling litemap v0.8.2
[INFO] [stderr]    Compiling zerocopy v0.8.56
[INFO] [stderr]    Compiling icu_normalizer_data v2.2.0
[INFO] [stderr]    Compiling icu_properties_data v2.2.0
[INFO] [stderr]    Compiling utf8_iter v1.0.4
[INFO] [stderr]    Compiling smallvec v1.15.2
[INFO] [stderr]    Compiling ahash v0.8.12
[INFO] [stderr]    Compiling syn v3.0.3
[INFO] [stderr]    Compiling syn v2.0.119
[INFO] [stderr]    Compiling serde_json v1.0.151
[INFO] [stderr]    Compiling aho-corasick v1.1.5
[INFO] [stderr]    Compiling ref-cast v1.0.26
[INFO] [stderr]    Compiling regex-syntax v0.8.11
[INFO] [stderr]    Compiling crossbeam-utils v0.8.22
[INFO] [stderr]    Compiling vcpkg v0.2.15
[INFO] [stderr]    Compiling pkg-config v0.3.33
[INFO] [stderr]    Compiling log v0.4.33
[INFO] [stderr]    Compiling simd-adler32 v0.3.10
[INFO] [stderr]    Compiling cc v1.4.2
[INFO] [stderr]    Compiling percent-encoding v2.3.2
[INFO] [stderr]    Compiling rustls v0.23.43
[INFO] [stderr]    Compiling dyn-clone v1.0.20
[INFO] [stderr]    Compiling webpki-roots v1.0.9
[INFO] [stderr]    Compiling miniz_oxide v0.8.9
[INFO] [stderr]    Compiling form_urlencoded v1.2.2
[INFO] [stderr]    Compiling bstr v1.13.0
[INFO] [stderr]    Compiling fallible-iterator v0.3.0
[INFO] [stderr]    Compiling same-file v1.0.6
[INFO] [stderr]    Compiling arrayref v0.3.9
[INFO] [stderr]    Compiling fallible-streaming-iterator v0.1.9
[INFO] [stderr]    Compiling constant_time_eq v0.4.2
[INFO] [stderr]    Compiling static_assertions v1.1.0
[INFO] [stderr]    Compiling twox-hash v1.6.3
[INFO] [stderr]    Compiling rustix v1.1.4
[INFO] [stderr]    Compiling walkdir v2.5.0
[INFO] [stderr]    Compiling webpki-roots v0.26.11
[INFO] [stderr]    Compiling unsafe-libyaml v0.2.11
[INFO] [stderr]    Compiling byteorder v1.5.0
[INFO] [stderr]    Compiling flate2 v1.1.9
[INFO] [stderr]    Compiling crossbeam-epoch v0.9.20
[INFO] [stderr]    Compiling streaming-iterator v0.1.9
[INFO] [stderr]    Compiling crossbeam-deque v0.8.7
[INFO] [stderr]    Compiling getrandom v0.2.17
[INFO] [stderr]    Compiling getrandom v0.4.3
[INFO] [stderr]    Compiling ring v0.17.14
[INFO] [stderr]    Compiling libsqlite3-sys v0.30.1
[INFO] [stderr]    Compiling blake3 v1.8.6
[INFO] [stderr]    Compiling tree-sitter-cpp v0.23.4
[INFO] [stderr]    Compiling tree-sitter-go v0.23.4
[INFO] [stderr]    Compiling tree-sitter-java v0.23.5
[INFO] [stderr]    Compiling tree-sitter-python v0.23.6
[INFO] [stderr]    Compiling tree-sitter-rust v0.23.3
[INFO] [stderr]    Compiling tree-sitter-typescript v0.23.2
[INFO] [stderr]    Compiling tree-sitter v0.24.7
[INFO] [stderr]    Compiling tree-sitter-c v0.23.4
[INFO] [stderr]    Compiling serde_derive_internals v0.30.0
[INFO] [stderr]    Compiling regex-automata v0.4.18
[INFO] [stderr]    Compiling synstructure v0.13.2
[INFO] [stderr]    Compiling displaydoc v0.2.7
[INFO] [stderr]    Compiling serde_derive v1.0.229
[INFO] [stderr]    Compiling ref-cast-impl v1.0.26
[INFO] [stderr]    Compiling schemars_derive v1.2.2
[INFO] [stderr]    Compiling thiserror-impl v2.0.19
[INFO] [stderr]    Compiling tempfile v3.27.0
[INFO] [stderr]    Compiling zerofrom-derive v0.1.7
[INFO] [stderr]    Compiling yoke-derive v0.8.2
[INFO] [stderr]    Compiling zerovec-derive v0.11.3
[INFO] [stderr]    Compiling derive_more v0.99.20
[INFO] [stderr]    Compiling zerofrom v0.1.8
[INFO] [stderr]    Compiling yoke v0.8.3
[INFO] [stderr]    Compiling zerotrie v0.2.4
[INFO] [stderr]    Compiling thiserror v2.0.19
[INFO] [stderr]    Compiling zerovec v0.11.6
[INFO] [stderr]    Compiling ruzstd v0.6.0
[INFO] [stderr]    Compiling tinystr v0.8.3
[INFO] [stderr]    Compiling potential_utf v0.1.5
[INFO] [stderr]    Compiling icu_collections v2.2.0
[INFO] [stderr]    Compiling icu_locale_core v2.2.0
[INFO] [stderr]    Compiling globset v0.4.20
[INFO] [stderr]    Compiling regex v1.13.1
[INFO] [stderr]    Compiling hashbrown v0.14.5
[INFO] [stderr]    Compiling ignore v0.4.33
[INFO] [stderr]    Compiling schemars v1.2.2
[INFO] [stderr]    Compiling chrono v0.4.45
[INFO] [stderr]    Compiling serde_yaml v0.9.34+deprecated
[INFO] [stderr]    Compiling icu_provider v2.2.0
[INFO] [stderr]    Compiling rustls-webpki v0.103.13
[INFO] [stderr]    Compiling hashlink v0.9.1
[INFO] [stderr]    Compiling icu_properties v2.2.0
[INFO] [stderr]    Compiling icu_normalizer v2.2.0
[INFO] [stderr]    Compiling idna_adapter v1.2.2
[INFO] [stderr]    Compiling idna v1.1.0
[INFO] [stderr]    Compiling scc-core v0.2.9
[INFO] [stderr]    Compiling url v2.5.8
[INFO] [stderr]    Compiling ureq v2.12.1
[INFO] [stderr]    Compiling rusqlite v0.32.1
[INFO] [stderr]    Compiling scc-store v0.2.9
[INFO] [stderr]    Compiling scc-indexer v0.2.9 (/opt/rustwide/workdir)
[INFO] [stderr]     Finished `dev` profile [unoptimized + debuginfo] target(s) in 1m 16s
[INFO] running `Command { std: "docker" "inspect" "40c17c79c9b98676da4c1fc58a380a57a85311990a13aa86fc31c17379ba29d0", kill_on_drop: false }`
[INFO] running `Command { std: "docker" "exec" "-e" "SOURCE_DIR=/opt/rustwide/workdir" "-e" "CARGO_HOME=/opt/rustwide/cargo-home" "-e" "RUSTUP_HOME=/opt/rustwide/rustup-home" "-e" "CARGO_TARGET_DIR=/opt/rustwide/target" "-e" "CARGO_INCREMENTAL=0" "-e" "RUST_BACKTRACE=full" "-e" "RUSTFLAGS=--cap-lints=warn" "-e" "RUSTDOCFLAGS=--cap-lints=warn" "-w" "/opt/rustwide/workdir" "--user" "0:0" "40c17c79c9b98676da4c1fc58a380a57a85311990a13aa86fc31c17379ba29d0" "/opt/rustwide/cargo-home/bin/cargo" "+1.100.0-beta.1" "test" "--frozen" "--no-run" "--message-format=json", kill_on_drop: false }`
[INFO] [stderr]    Compiling num-traits v0.2.19
[INFO] [stderr]    Compiling regex-syntax v0.8.11
[INFO] [stderr]    Compiling getrandom v0.3.4
[INFO] [stderr]    Compiling ring v0.17.14
[INFO] [stderr]    Compiling tempfile v3.27.0
[INFO] [stderr]    Compiling ppv-lite86 v0.2.21
[INFO] [stderr]    Compiling wait-timeout v0.2.1
[INFO] [stderr]    Compiling bit-vec v0.8.0
[INFO] [stderr]    Compiling quick-error v1.2.3
[INFO] [stderr]    Compiling fnv v1.0.7
[INFO] [stderr]    Compiling unarray v0.1.4
[INFO] [stderr]    Compiling bit-set v0.8.0
[INFO] [stderr]    Compiling rand_core v0.9.5
[INFO] [stderr]    Compiling rusty-fork v0.3.1
[INFO] [stderr]    Compiling rand_xorshift v0.4.0
[INFO] [stderr]    Compiling rand_chacha v0.9.0
[INFO] [stderr]    Compiling rand v0.9.5
[INFO] [stderr]    Compiling chrono v0.4.45
[INFO] [stderr]    Compiling rustls-webpki v0.103.13
[INFO] [stderr]    Compiling regex-automata v0.4.18
[INFO] [stderr]    Compiling proptest v1.11.0
[INFO] [stderr]    Compiling rustls v0.23.43
[INFO] [stderr]    Compiling scc-core v0.2.9
[INFO] [stderr]    Compiling regex v1.13.1
[INFO] [stderr]    Compiling globset v0.4.20
[INFO] [stderr]    Compiling tree-sitter v0.24.7
[INFO] [stderr]    Compiling ignore v0.4.33
[INFO] [stderr]    Compiling scc-store v0.2.9
[INFO] [stderr]    Compiling ureq v2.12.1
[INFO] [stderr]    Compiling scc-graph v0.2.9
[INFO] [stderr]    Compiling scc-indexer v0.2.9 (/opt/rustwide/workdir)
[INFO] [stderr]     Finished `test` profile [unoptimized + debuginfo] target(s) in 55.60s
[INFO] running `Command { std: "docker" "inspect" "40c17c79c9b98676da4c1fc58a380a57a85311990a13aa86fc31c17379ba29d0", kill_on_drop: false }`
[INFO] running `Command { std: "docker" "exec" "-e" "SOURCE_DIR=/opt/rustwide/workdir" "-e" "CARGO_HOME=/opt/rustwide/cargo-home" "-e" "RUSTUP_HOME=/opt/rustwide/rustup-home" "-e" "CARGO_TARGET_DIR=/opt/rustwide/target" "-e" "CARGO_INCREMENTAL=0" "-e" "RUST_BACKTRACE=full" "-e" "RUSTFLAGS=--cap-lints=warn" "-e" "RUSTDOCFLAGS=--cap-lints=warn" "-w" "/opt/rustwide/workdir" "--user" "0:0" "40c17c79c9b98676da4c1fc58a380a57a85311990a13aa86fc31c17379ba29d0" "/opt/rustwide/cargo-home/bin/cargo" "+1.100.0-beta.1" "test" "--frozen", kill_on_drop: false }`
[INFO] [stderr]     Finished `test` profile [unoptimized + debuginfo] target(s) in 0.29s
[INFO] [stderr]      Running unittests src/lib.rs (/opt/rustwide/target/debug/build/scc-indexer/4d4be5e4231256b5/out/scc_indexer-4d4be5e4231256b5)
[INFO] [stdout] 
[INFO] [stdout] running 435 tests
[INFO] [stdout] test adapters::beads::tests::parses_envelope_and_array ... ok
[INFO] [stdout] test adapters::beads::tests::active_beads_reads_repo_file ... ok
[INFO] [stdout] test adapters::beads::tests::parses_jsonl ... ok
[INFO] [stdout] test adapters::context7::tests::framing_helpers_roundtrip ... ok
[INFO] [stdout] test adapters::cbm::tests::zstd_roundtrip_with_cli ... ok
[INFO] [stdout] test adapters::context7::tests::missing_server_errors ... ok
[INFO] [stdout] test adapters::context7::tests::client_handles_fake_mcp_server ... ok
[INFO] [stdout] test adapters::hindsight::tests::parses_jsonl_and_arrays ... ok
[INFO] [stdout] test adapters::context7::tests::client_speaks_jsonl_transport ... ok
[INFO] [stdout] test adapters::manifest_tests::lsp_adapters_declare_subprocess ... ok
[INFO] [stdout] test adapters::manifest_tests::all_manifests_are_within_default_profile ... ok
[INFO] [stdout] test adapters::manifest_tests::registry_resolves_aliases_and_marks_compatibility ... ok
[INFO] [stdout] test adapters::context7::tests::sandboxed_command_strips_inherited_secrets ... FAILED
[INFO] [stdout] test adapters::gitnexus::tests::malformed_json_and_entries_never_panic ... ok
[INFO] [stdout] test adapters::cbm::tests::missing_file_errors ... ok
[INFO] [stdout] test adapters::beads::tests::malformed_input_never_panics ... ok
[INFO] [stdout] test adapters::tracelayer::tests::test_parse_markers ... ok
[INFO] [stdout] test bridges::tests::ambiguous_paths_are_not_guessed ... ok
[INFO] [stdout] test adapters::hindsight::tests::import_and_read_back ... ok
[INFO] [stdout] test cfamily::tests::c_functions_calls_quote_and_angle_includes ... ok
[INFO] [stdout] test cfamily::tests::cpp_class_method_and_this_call ... ok
[INFO] [stdout] test cfamily::tests::malformed_input_does_not_panic ... ok
[INFO] [stdout] test config::tests::default_config_roundtrip ... ok
[INFO] [stdout] test adapters::cbm::tests::imports_zst_snapshot ... ok
[INFO] [stdout] test adapters::gitnexus::tests::unknown_id_edges_resolve_via_fallback_fields ... ok
[INFO] [stdout] test adapters::gitnexus::tests::single_repo_imports_symbols_and_resolved_edges ... ok
[INFO] [stdout] test config::tests::parses_example_config ... ok
[INFO] [stdout] test configrefs::tests::enclosing_symbol_extraction ... ok
[INFO] [stdout] test configrefs::tests::negative_no_match ... ok
[INFO] [stdout] test configrefs::tests::no_symbol_means_file_subject ... ok
[INFO] [stdout] test configrefs::tests::python_env_patterns ... ok
[INFO] [stdout] test configrefs::tests::python_multiple_keys_one_line ... ok
[INFO] [stdout] test adapters::hindsight::tests::malformed_never_panics ... ok
[INFO] [stdout] test configrefs::tests::ts_env_patterns ... ok
[INFO] [stdout] test adapters::gitnexus::tests::multi_repo_shape_imports_each_repository ... ok
[INFO] [stdout] test configs::tests::compose_services ... ok
[INFO] [stdout] test configs::tests::env_only_references ... ok
[INFO] [stdout] test configs::tests::intent_parses ... ok
[INFO] [stdout] test configs::tests::package_json_workspaces ... ok
[INFO] [stdout] test configs::tests::proto_rpc_becomes_contract_not_a_call ... ok
[INFO] [stdout] test configs::tests::readme_purpose_extracted ... ok
[INFO] [stdout] test adapters::beads::tests::import_creates_tasks_and_edges ... ok
[INFO] [stdout] test configs::tests::workspace_glob_expands_packages_star ... ok
[INFO] [stdout] test configs::tests::workspace_members_name_packages_and_link_edges ... ok
[INFO] [stdout] test conflicts::tests::classify_counts_only_target_changes ... ok
[INFO] [stdout] test adapters::cbm::tests::imports_plain_sqlite_graph ... ok
[INFO] [stdout] test embed::tests::config_resolution ... ok
[INFO] [stdout] test embed::tests::cosine_similarity ... ok
[INFO] [stdout] test embed::tests::embed_texts_parses_openai_shape ... ok
[INFO] [stdout] test embed::tests::rerank_parses_scores ... ok
[INFO] [stdout] test embed::tests::unreachable_provider_errors_gracefully ... ok
[INFO] [stdout] test adapters::gitnexus::tests::unknown_predicate_is_skipped ... ok
[INFO] [stdout] test adapters::gitnexus::tests::reimport_is_idempotent_for_relationships ... ok
[INFO] [stdout] test adapters::tests::ccg_malformed_input_never_panics ... ok
[INFO] [stdout] test failures::tests::dlq_redaction_and_markers ... ok
[INFO] [stdout] test failures::tests::go_panic_with_enclosing_symbol ... ok
[INFO] [stdout] test failures::tests::java_catch_with_enclosing_method ... ok
[INFO] [stdout] test failures::tests::malformed_input_no_panic ... ok
[INFO] [stdout] test failures::tests::negative_cases ... ok
[INFO] [stdout] test failures::tests::python_except_circuit_dlq_with_enclosing_symbol ... ok
[INFO] [stdout] test failures::tests::python_top_level_except_no_symbol ... ok
[INFO] [stdout] test failures::tests::rust_boundary_visibility_forms ... ok
[INFO] [stdout] test failures::tests::rust_panic_unwrap_expect_with_enclosing_symbol ... ok
[INFO] [stdout] test failures::tests::ts_catch_circuit_dlq ... ok
[INFO] [stdout] test adapters::tests::ccg_imports_architecture_symbols_and_calls ... ok
[INFO] [stdout] test failures::tests::ts_plain_function_boundary ... ok
[INFO] [stdout] test go::tests::calls_and_receivers ... ok
[INFO] [stdout] test go::tests::cobra_subcommands_and_flags ... ok
[INFO] [stdout] test go::tests::cobra_use_map_short_decl ... ok
[INFO] [stdout] test go::tests::decl_header_is_exact_source_span ... ok
[INFO] [stdout] test go::tests::deterministic_output ... ok
[INFO] [stdout] test go::tests::entrypoint_main ... ok
[INFO] [stdout] test go::tests::facts_deterministic_order ... ok
[INFO] [stdout] test go::tests::facts_gin_group_prefix_resolves_paths ... ok
[INFO] [stdout] test go::tests::facts_gin_import_missing_blocks_http_and_gin_use ... ok
[INFO] [stdout] test go::tests::facts_gin_plain_methods_are_not_routes ... ok
[INFO] [stdout] test go::tests::facts_gin_routes_require_import_and_receiver ... ok
[INFO] [stdout] test go::tests::facts_gorilla_mux_routes ... ok
[INFO] [stdout] test go::tests::facts_http_handlefunc_and_gin_use_callbacks ... ok
[INFO] [stdout] test go::tests::facts_package_vars_are_state_and_cobra_builder ... ok
[INFO] [stdout] test go::tests::facts_public_exports ... ok
[INFO] [stdout] test go::tests::facts_struct_fields ... ok
[INFO] [stdout] test go::tests::facts_zerolog_style_new_factories ... ok
[INFO] [stdout] test git::tests::non_git_dir_falls_back ... ok
[INFO] [stdout] test go::tests::field_type_binds_from_struct_and_receiver ... ok
[INFO] [stdout] test go::tests::func_literal_binds_params ... ok
[INFO] [stdout] test go::tests::function_alias_binds_from_ident_literal_and_clobber ... ok
[INFO] [stdout] test go::tests::imports_plain_grouped_aliased ... ok
[INFO] [stdout] test go::tests::malformed_input_does_not_panic ... ok
[INFO] [stdout] test go::tests::local_type_binds_from_short_var_and_params ... ok
[INFO] [stdout] test go::tests::methods_scope_calls_to_receiver_name ... ok
[INFO] [stdout] test go::tests::receiver_types ... ok
[INFO] [stdout] test go::tests::store_refs_sql_and_clients ... ok
[INFO] [stdout] test go::tests::symbols_functions_methods_types_consts ... ok
[INFO] [stdout] test go::tests::wave11_go_queue_schedule_plugin ... ok
[INFO] [stdout] test go::tests::type_assert_and_conversion_binds ... ok
[INFO] [stdout] test infra::tests::dockerfile_from_env ... ok
[INFO] [stdout] test infra::tests::github_actions_unnamed_uses_file_stem ... ok
[INFO] [stdout] test go::tests::wave11_go_schema_definition_composition_validation ... ok
[INFO] [stdout] test infra::tests::github_actions_workflow_jobs_env ... ok
[INFO] [stdout] test infra::tests::k8s_detects_k8s_suffix_and_skips_non_manifests ... ok
[INFO] [stdout] test infra::tests::k8s_malformed_yaml_never_panics ... ok
[INFO] [stdout] test infra::tests::k8s_deployment_service_namespace_configmap ... ok
[INFO] [stdout] test infra::tests::k8s_output_sorted_by_name ... ok
[INFO] [stdout] test infra::tests::terraform_blocks ... ok
[INFO] [stdout] test infra::tests::terraform_json ... ok
[INFO] [stdout] test infra::tests::unknown_files_extract_nothing ... ok
[INFO] [stdout] test java::tests::calls_this_and_objects ... ok
[INFO] [stdout] test java::tests::cast_type_binds_from_var_assignment_and_field ... ok
[INFO] [stdout] test java::tests::class_bases_include_superclass_and_interfaces ... ok
[INFO] [stdout] test java::tests::contract_subclass_emission_extension_and_serialization ... ok
[INFO] [stdout] test java::tests::facts_deterministic_sorted_order ... ok
[INFO] [stdout] test java::tests::decl_header_is_exact_source_span ... ok
[INFO] [stdout] test java::tests::facts_framework_verification_requires_imports ... ok
[INFO] [stdout] test java::tests::facts_guava_style_static_factories_and_builders ... ok
[INFO] [stdout] test java::tests::facts_junit_lifecycle_callbacks_and_rules ... ok
[INFO] [stdout] test java::tests::facts_static_fields_are_state ... ok
[INFO] [stdout] test java::tests::facts_public_exports_annotations_fields ... ok
[INFO] [stdout] test java::tests::hostile_input_never_panics ... ok
[INFO] [stdout] test java::tests::field_type_binds_from_declaration_ctor_and_param ... ok
[INFO] [stdout] test java::tests::imports_module_names ... ok
[INFO] [stdout] test java::tests::jdbc_store_refs_with_sql_sniff ... ok
[INFO] [stdout] test java::tests::local_type_binds_shadow_fields ... ok
[INFO] [stdout] test java::tests::retries_entrypoints ... ok
[INFO] [stdout] test java::tests::symbols_classes_methods_fields ... ok
[INFO] [stdout] test java::tests::wave11_spi_plugin_registration ... ok
[INFO] [stdout] test java::tests::wave11_spring_schedule_and_queue_consumers ... ok
[INFO] [stdout] test java::tests::wave11_validation_annotated_record_schema ... ok
[INFO] [stdout] test lsp::tests::frame_eof_and_missing_length_are_errors ... ok
[INFO] [stdout] test lsp::tests::frame_skips_extra_headers_and_handles_crlf ... ok
[INFO] [stdout] test lsp::tests::frame_round_trip ... ok
[INFO] [stdout] test lsp::tests::pyright_resolves_reexported_member ... ok
[INFO] [stdout] test lsp::tests::uri_to_path_decodes ... ok
[INFO] [stdout] test adapters::tests::scip_imports_definitions_calls_and_imports ... ok
[INFO] [stdout] test lsp_ts::tests::tsserver_resolves_reexported_member ... ok
[INFO] [stdout] test mentions::tests::fences_and_short_spans_are_ignored ... ok
[INFO] [stdout] test adapters::tests::scip_malformed_input_never_panics ... ok
[INFO] [stdout] test python::tests::calls_and_receivers ... ok
[INFO] [stdout] test python::tests::calls_unknown_receiver ... ok
[INFO] [stdout] test python::tests::cfg_evidence_lexical_order_blocks_await ... ok
[INFO] [stdout] test python::tests::cfg_evidence_loops_and_nesting ... ok
[INFO] [stdout] test python::tests::class_bases_are_simple_idents ... ok
[INFO] [stdout] test python::tests::cli_subcommands_argparse ... ok
[INFO] [stdout] test python::tests::cli_subcommands_click ... ok
[INFO] [stdout] test python::tests::constructor_and_param_type_binds_are_captured ... ok
[INFO] [stdout] test python::tests::decl_header_is_exact_source_span ... ok
[INFO] [stdout] test python::tests::deterministic_output ... ok
[INFO] [stdout] test python::tests::docstrings_first_paragraph ... ok
[INFO] [stdout] test python::tests::entrypoint_main_guard ... ok
[INFO] [stdout] test python::tests::facts_annotations_framework_gated ... ok
[INFO] [stdout] test configrefs::tests::apply_file_subject_without_symbol ... ok
[INFO] [stdout] test python::tests::facts_callback ... ok
[INFO] [stdout] test python::tests::facts_configuration ... ok
[INFO] [stdout] test python::tests::facts_fluent_builder_and_factories_python ... ok
[INFO] [stdout] test python::tests::facts_fields ... ok
[INFO] [stdout] test python::tests::facts_module_globals_are_state ... ok
[INFO] [stdout] test python::tests::facts_public_exports ... ok
[INFO] [stdout] test python::tests::facts_registration_fastapi_flask_celery ... ok
[INFO] [stdout] test python::tests::facts_sorted_and_deduplicated ... ok
[INFO] [stdout] test python::tests::field_type_binds_from_init_annotation_and_param ... ok
[INFO] [stdout] test python::tests::identifier_rhs_copy_binds_from_unique_source ... ok
[INFO] [stdout] test python::tests::function_alias_binds_from_ident_lambda_and_clobber ... ok
[INFO] [stdout] test adapters::tests::scip_unresolved_references_become_external_api_edges ... ok
[INFO] [stdout] test python::tests::imports_all_forms ... ok
[INFO] [stdout] test python::tests::malformed_input_does_not_panic ... ok
[INFO] [stdout] test python::tests::retry_decorators ... ok
[INFO] [stdout] test python::tests::store_refs_not_flagged_for_unknown_receivers ... ok
[INFO] [stdout] test python::tests::routes_decorators ... ok
[INFO] [stdout] test configrefs::tests::bare_dunder_resolves_to_qualified_method ... ok
[INFO] [stdout] test python::tests::store_refs_prisma_sqlalchemy_ops ... ok
[INFO] [stdout] test python::tests::symbols_methods_signatures ... ok
[INFO] [stdout] test python::tests::store_refs_sql_and_clients ... ok
[INFO] [stdout] test python::tests::tests_detection ... ok
[INFO] [stdout] test python::tests::untyped_params_are_empty_shadow_binds ... ok
[INFO] [stdout] test python::tests::wave11_plain_files_emit_nothing ... ok
[INFO] [stdout] test python::tests::wave11_pydantic_requires_import ... ok
[INFO] [stdout] test python::tests::wave11_dataclass_with_validator_is_schema ... ok
[INFO] [stdout] test python::tests::wave11_pydantic_schema_definition_and_validation ... ok
[INFO] [stdout] test recv::tests::classifies_receiver_shapes ... ok
[INFO] [stdout] test python::tests::wave11_queue_schedule_plugin_surfaces ... ok
[INFO] [stdout] test recv::tests::python_super_call_is_super_receiver ... ok
[INFO] [stdout] test redact::tests::detects_common_secrets ... ok
[INFO] [stdout] test conflicts::tests::record_resolution_conflicts_end_to_end ... ok
[INFO] [stdout] test redact::tests::parses_env_with_quotes_and_comments ... ok
[INFO] [stdout] test redact::tests::redaction_never_leaks_value ... ok
[INFO] [stdout] test resolve::tests::c_quote_include_is_exact_join_angle_is_external_never_steals ... ok
[INFO] [stdout] test resolve::tests::class_name_receiver_pins_grandparent_when_parent_has_no_method ... ok
[INFO] [stdout] test resolve::tests::external_import_becomes_external_api ... ok
[INFO] [stdout] test resolve::tests::field_chain_is_not_pinned_to_intermediate_method ... ok
[INFO] [stdout] test resolve::tests::class_name_receiver_pins_unique_base_method ... ok
[INFO] [stdout] test resolve::tests::field_chain_through_imported_object_seeds_root_not_method ... ok
[INFO] [stdout] test conflicts::tests::persist_writes_drift_findings_and_dedupes ... ok
[INFO] [stdout] test configrefs::tests::unrecorded_caller_falls_back_to_file ... ok
[INFO] [stdout] test resolve::tests::go_local_and_param_pin_and_assignment_tombstones ... ok
[INFO] [stdout] test resolve::tests::go_same_type_field_assignment_still_pins ... ok
[INFO] [stdout] test resolve::tests::go_step_a_unique_or_degrade_and_never_steal ... ok
[INFO] [stdout] test resolve::tests::go_type_assert_and_conversion_pin_and_tombstone ... ok
[INFO] [stdout] test resolve::tests::imported_type_bind_pins_without_spraying ... ok
[INFO] [stdout] test resolve::tests::java_extract_then_resolve_pins_this_field ... ok
[INFO] [stdout] test configrefs::tests::apply_creates_entities_and_rels ... ok
[INFO] [stdout] test resolve::tests::java_step_a_unique_or_degrade_and_never_steal ... ok
[INFO] [stdout] test resolve::tests::java_unprefixed_field_pins_and_local_shadows ... ok
[INFO] [stdout] test configrefs::tests::shared_key_shared_entity ... ok
[INFO] [stdout] test resolve::tests::longer_field_chain_stays_unresolved_even_with_field_type ... ok
[INFO] [stdout] test resolve::tests::module_name_is_not_a_class_name_receiver ... ok
[INFO] [stdout] test resolve::tests::module_path_resolution ... ok
[INFO] [stdout] test resolve::tests::named_variable_does_not_spray_same_name_methods ... ok
[INFO] [stdout] test resolve::tests::python_extract_then_resolve_pins_self_field ... ok
[INFO] [stdout] test resolve::tests::python_extract_then_resolve_pins_constructor ... ok
[INFO] [stdout] test resolve::tests::resolves_imported_member_with_alias ... ok
[INFO] [stdout] test resolve::tests::python_step_a_unique_or_degrade_and_never_basename ... ok
[INFO] [stdout] test resolve::tests::python_ident_copy_pin_and_tombstone ... ok
[INFO] [stdout] test resolve::tests::python_wildcard_import_pins_unique_imported_helper ... ok
[INFO] [stdout] test resolve::tests::resolves_local_calls ... ok
[INFO] [stdout] test resolve::tests::relative_import_miss_is_unresolved_not_external ... ok
[INFO] [stdout] test resolve::tests::go_conflicting_field_assignment_does_not_pin ... ok
[INFO] [stdout] test resolve::tests::go_extract_then_resolve_pins_receiver_field ... ok
[INFO] [stdout] test resolve::tests::python_fn_alias_pins_and_never_sprays_same_named_global ... ok
[INFO] [stdout] test resolve::tests::python_unprefixed_name_does_not_use_java_field_rule ... ok
[INFO] [stdout] test resolve::tests::resolves_namespace_member ... ok
[INFO] [stdout] test resolve::tests::resolves_self_method ... ok
[INFO] [stdout] test resolve::tests::rule3_unique_imported_file_pins_and_controls_refuse ... ok
[INFO] [stdout] test resolve::tests::rule3_fn_alias_pins_unique_imported_helper ... ok
[INFO] [stdout] test resolve::tests::rule3_is_path_precise_not_basename ... ok
[INFO] [stdout] test resolve::tests::rust_as_cast_pin_and_tombstone ... ok
[INFO] [stdout] test resolve::tests::rust_same_type_field_assignment_still_pins ... ok
[INFO] [stdout] test resolve::tests::rust_inherent_impl_wins_over_trait_cha ... ok
[INFO] [stdout] test resolve::tests::rust_extract_then_resolve_pins_self_field ... ok
[INFO] [stdout] test resolve::tests::rust_trait_impl_pins_unique_trait_method ... ok
[INFO] [stdout] test resolve::tests::rust_conflicting_field_assignment_does_not_pin ... ok
[INFO] [stdout] test resolve::tests::rust_two_traits_defining_method_unresolved ... ok
[INFO] [stdout] test resolve::tests::self_open_on_derived_class_pins_unique_base ... ok
[INFO] [stdout] test resolve::tests::super_field_chain_stays_unresolved ... ok
[INFO] [stdout] test resolve::tests::super_method_two_hitting_bases_unresolved ... ok
[INFO] [stdout] test resolve::tests::rust_step_a_unique_or_degrade_and_never_basename ... ok
[INFO] [stdout] test resolve::tests::self_field_chain_does_not_use_rule1 ... ok
[INFO] [stdout] test resolve::tests::self_method_two_hitting_bases_unresolved ... ok
[INFO] [stdout] test resolve::tests::rust_super_and_self_resolve_relative_to_includer ... ok
[INFO] [stdout] test resolve::tests::self_open_prefers_own_class_over_base ... ok
[INFO] [stdout] test failures::tests::apply_no_symbol_uses_file_subject ... ok
[INFO] [stdout] test resolve::tests::rule3_pins_unique_imported_when_globally_unique ... ok
[INFO] [stdout] test resolve::tests::super_open_skips_own_class_and_pins_base ... ok
[INFO] [stdout] test resolve::tests::this_process_does_not_bind_other_class ... ok
[INFO] [stdout] test resolve::tests::ts_step_a_unique_or_degrade_and_never_basename ... ok
[INFO] [stdout] test resolve::tests::two_bases_defining_same_method_stay_unresolved ... ok
[INFO] [stdout] test resolve::tests::ts_function_valued_const_pins_and_limit_does_not ... ok
[INFO] [stdout] test resolve::tests::two_defining_classes_do_not_pin_class_name_receiver ... ok
[INFO] [stdout] test resolve::tests::ts_as_cast_pin_and_tombstone ... ok
[INFO] [stdout] test resolve::tests::two_field_types_do_not_pin ... ok
[INFO] [stdout] test resolve::tests::two_receiver_field_types_do_not_pin ... ok
[INFO] [stdout] test resolve::tests::two_types_for_same_var_do_not_narrow ... ok
[INFO] [stdout] test resolve::tests::two_same_named_functions_across_files_stay_unresolved ... ok
[INFO] [stdout] test resolve::tests::typed_local_of_derived_class_pins_base_method ... ok
[INFO] [stdout] test failures::tests::apply_creates_attributes_topic_and_evidence ... ok
[INFO] [stdout] test resolve::tests::unique_class_in_other_file_pins_class_name_receiver ... ok
[INFO] [stdout] test resolve::tests::unique_class_name_receiver_pins_that_method ... ok
[INFO] [stdout] test resolve::tests::unique_field_type_pins_self_field_method ... ok
[INFO] [stdout] test resolve::tests::unique_constructor_bind_pins_named_var_to_that_class ... ok
[INFO] [stdout] test resolve::tests::typed_param_named_like_class_pins_bound_type ... ok
[INFO] [stdout] test resolve::tests::unique_pin_counts_as_precise_unresolved_does_not ... ok
[INFO] [stdout] test resolver::tests::backend_support_matches_extensions ... ok
[INFO] [stdout] test resolve::tests::untyped_param_named_like_class_vetoes_class_pin ... ok
[INFO] [stdout] test resolve::tests::rust_local_and_param_pin_and_assignment_tombstones ... ok
[INFO] [stdout] test bridges::tests::rpc_bridge_is_invokes_implements_never_cross_lang_calls ... ok
[INFO] [stdout] test lsp::tests::mock_server_upgrades_extracted_edge ... ok
[INFO] [stdout] test rust::tests::bodyless_mod_emits_mod_target_inline_does_not ... ok
[INFO] [stdout] test rust::tests::calls_and_receivers ... ok
[INFO] [stdout] test rust::tests::calls_chains_and_unknown_receivers ... ok
[INFO] [stdout] test rust::tests::clap_builder_chains ... ok
[INFO] [stdout] test rust::tests::clap_builder_macro_name_no_entrypoint ... ok
[INFO] [stdout] test rust::tests::clap_builder_non_clap_chains_ignored ... ok
[INFO] [stdout] test rust::tests::clap_builder_var_receiver ... ok
[INFO] [stdout] test rust::tests::clap_derives_only ... ok
[INFO] [stdout] test rust::tests::clap_subcommands_and_flags ... ok
[INFO] [stdout] test lsp_ts::tests::mock_server_upgrades_extracted_edge ... ok
[INFO] [stdout] test rust::tests::class_bases_from_impl_trait_for_type ... ok
[INFO] [stdout] test rust::tests::decl_header_is_exact_source_span ... ok
[INFO] [stdout] test rust::tests::deterministic_output ... ok
[INFO] [stdout] test rust::tests::docstrings_first_paragraph ... ok
[INFO] [stdout] test rust::tests::facts_axum_registrations_require_framework ... ok
[INFO] [stdout] test rust::tests::entrypoint_main ... ok
[INFO] [stdout] test rust::tests::facts_configuration_env_reads ... ok
[INFO] [stdout] test rust::tests::facts_impl_factory_and_builder_plus_static_state ... ok
[INFO] [stdout] test rust::tests::facts_public_exports_annotations_fields ... ok
[INFO] [stdout] test rust::tests::facts_sorted_and_deduped ... ok
[INFO] [stdout] test rust::tests::function_alias_binds_from_ident_closure_and_clobber ... ok
[INFO] [stdout] test rust::tests::field_type_binds_from_struct_fields ... ok
[INFO] [stdout] test rust::tests::imports_all_forms ... ok
[INFO] [stdout] test rust::tests::local_type_binds_from_let_and_params ... ok
[INFO] [stdout] test rust::tests::retry_attributes ... ok
[INFO] [stdout] test rust::tests::store_refs_sql_and_clients ... ok
[INFO] [stdout] test rust::tests::malformed_input_does_not_panic ... ok
[INFO] [stdout] test rust::tests::symbols_methods_signatures ... ok
[INFO] [stdout] test rust::tests::tests_detection ... ok
[INFO] [stdout] test rust::tests::two_trait_impls_merge_and_generic_paths_strip ... ok
[INFO] [stdout] test rust::tests::type_cast_binds_from_as_expression ... ok
[INFO] [stdout] test scan::tests::classified_languages_are_in_the_support_registry ... ok
[INFO] [stdout] test scan::tests::classify_various ... ok
[INFO] [stdout] test rust::tests::wave11_serde_schema_definition_flatten_validation ... ok
[INFO] [stdout] test scan::tests::dotfile_ignores_do_not_prune_subdirs ... ok
[INFO] [stdout] test scan::tests::explain_names_rule_per_path ... ok
[INFO] [stdout] test scan::tests::ignore_globs ... ok
[INFO] [stdout] test scan::tests::indexsearch_registry_languages_are_scan_classified ... ok
[INFO] [stdout] test scan::tests::sandbox_rejects_escape ... ok
[INFO] [stdout] test mentions::tests::matched_backticks_become_declared_as_not_calls ... ok
[INFO] [stdout] test scan::tests::scan_respects_gitignore ... ok
[INFO] [stdout] test resolver::tests::candidate_files_are_deterministic_and_capped ... ok
[INFO] [stdout] test runtime::tests::reconcile_empty_store_is_empty ... ok
[INFO] [stdout] test runtime::tests::otlp_ingest_defensive_inputs ... ok
[INFO] [stdout] test failures::tests::apply_idempotent_and_preserves_existing_attributes ... ok
[INFO] [stdout] test runtime::tests::reconcile_three_way_without_runtime_data ... ok
[INFO] [stdout] test scan::tests::default_ignore_skips_os_metadata ... ok
[INFO] [stdout] test runtime::tests::otlp_ingest_signatures_for_branched_and_single_span_traces ... ok
[INFO] [stdout] test runtime::tests::observed_upgrades_calls_without_rewriting_extracted ... ok
[INFO] [stdout] test runtime::tests::otlp_ingest_builds_edges_and_stats ... ok
[INFO] [stdout] test runtime::tests::otlp_ingest_records_trace_signatures ... ok
[INFO] [stdout] test runtime::tests::simple_edges_ingest_shape ... ok
[INFO] [stdout] test runtime::tests::reconcile_static_vs_observed ... ok
[INFO] [stdout] test runtime::tests::otlp_ingest_upsert_is_additive_and_averaging ... ok
[INFO] [stdout] test runtime::tests::reconcile_three_way_findings ... ok
[INFO] [stdout] test tests::bm25_corpus_stats_persist_in_meta_not_file_entities ... ok
[INFO] [stdout] test tests::cold_index_produces_facts ... ok
[INFO] [stdout] test tests::analysis_quality_persists_and_does_not_label_local_calls_external ... ok
[INFO] [stdout] test tests::index_c_angle_include_does_not_pin_in_repo_header ... ok
[INFO] [stdout] test tests::index_class_name_receiver_typed_param_beats_class ... ok
[INFO] [stdout] test tests::index_class_name_receiver_untyped_param_vetoes_class ... ok
[INFO] [stdout] test tests::index_class_name_receiver_two_defining_classes_unresolved ... ok
[INFO] [stdout] test tests::index_class_name_receiver_cross_file_unique_class ... ok
[INFO] [stdout] test tests::index_class_name_receiver_two_bases_unresolved ... ok
[INFO] [stdout] test tests::index_c_quote_include_rule3_pins_unique_header_not_decoy ... ok
[INFO] [stdout] test tests::env_config_extraction_redacts ... ok
[INFO] [stdout] test tests::full_index_purges_changed_files_import_edges ... ok
[INFO] [stdout] test tests::index_does_not_pin_go_field_after_conflicting_assignment ... ok
[INFO] [stdout] test tests::index_cpp_class_method_this_call_pins ... ok
[INFO] [stdout] test tests::index_does_not_pin_rust_field_after_conflicting_assignment ... ok
[INFO] [stdout] test tests::index_pins_go_receiver_field_call_to_field_type ... ok
[INFO] [stdout] test tests::index_pins_go_local_and_param_calls ... ok
[INFO] [stdout] test tests::index_java_star_import_does_not_guess ... ok
[INFO] [stdout] test tests::index_cha_base_walk_survives_incremental_caller_edit ... ok
[INFO] [stdout] test tests::index_pins_class_name_receiver_to_unique_class_method ... ok
[INFO] [stdout] test tests::index_java_import_pins_path_precise_type_not_decoy ... ok
[INFO] [stdout] test tests::index_pins_class_name_receiver_through_unique_base ... ok
[INFO] [stdout] test tests::index_go_import_pins_unique_package_not_decoy_or_py ... ok
[INFO] [stdout] test tests::index_java_this_and_super_cha ... ok
[INFO] [stdout] test tests::index_go_import_degrades_when_file_and_dir_both_exist ... ok
[INFO] [stdout] test tests::index_java_maven_source_root_unique_pin ... ok
[INFO] [stdout] test tests::index_go_multi_file_package_expands_and_rule3_pins_unique_helper ... ok
[INFO] [stdout] test tests::index_pins_go_field_after_same_type_assignment ... ok
[INFO] [stdout] test tests::index_pins_go_type_assert_and_conversion ... ok
[INFO] [stdout] test tests::index_fn_alias_survives_incremental_caller_edit ... ok
[INFO] [stdout] test tests::index_pins_python_ident_copy_calls ... ok
[INFO] [stdout] test tests::index_pins_self_field_call_to_field_type ... ok
[INFO] [stdout] test tests::index_pins_rust_self_field_call_to_field_type ... ok
[INFO] [stdout] test tests::index_pins_java_cast_local_and_assignment ... ok
[INFO] [stdout] test tests::index_pins_java_unprefixed_field_call_to_field_type ... ok
[INFO] [stdout] test tests::index_pins_python_fn_alias_and_not_same_named_global ... ok
[INFO] [stdout] test tests::index_pins_rust_field_after_same_type_assignment ... ok
[INFO] [stdout] test tests::index_pins_this_field_call_to_field_type ... ok
[INFO] [stdout] test tests::index_pins_ts_function_valued_const_alias ... ok
[INFO] [stdout] test tests::index_pins_named_var_call_to_constructor_type ... ok
[INFO] [stdout] test tests::index_pins_ts_go_rust_fn_alias_calls ... ok
[INFO] [stdout] test tests::index_python_import_degrades_when_py_and_init_both_exist ... ok
[INFO] [stdout] test tests::incremental_matches_cold ... ok
[INFO] [stdout] test tests::index_pins_rust_local_and_param_calls ... ok
[INFO] [stdout] test tests::index_python_import_pins_named_not_decoy ... ok
[INFO] [stdout] test tests::index_rule3_python_wildcard_pins_unique_imported_helper ... ok
[INFO] [stdout] test tests::index_rust_crate_use_degrades_when_rs_and_mod_rs_both_exist ... ok
[INFO] [stdout] test typescript::tests::as_and_angle_cast_type_binds ... ok
[INFO] [stdout] test typescript::tests::calls_and_callers ... ok
[INFO] [stdout] test typescript::tests::cfg_evidence_blocks_await_and_order ... ok
[INFO] [stdout] test typescript::tests::cfg_evidence_switch_and_loops ... ok
[INFO] [stdout] test tests::index_rule3_ts_imported_file_pins_without_named_helper ... ok
[INFO] [stdout] test typescript::tests::class_bases_include_extends_and_implements ... ok
[INFO] [stdout] test typescript::tests::class_field_and_this_assign_type_binds ... ok
[INFO] [stdout] test typescript::tests::decl_header_is_exact_source_span ... ok
[INFO] [stdout] test typescript::tests::docstrings ... ok
[INFO] [stdout] test typescript::tests::entrypoints ... ok
[INFO] [stdout] test typescript::tests::deterministic_output ... ok
[INFO] [stdout] test typescript::tests::express_routes ... ok
[INFO] [stdout] test typescript::tests::facts_annotations_gated_on_nest_import ... ok
[INFO] [stdout] test typescript::tests::facts_callbacks ... ok
[INFO] [stdout] test typescript::tests::facts_class_static_factory_and_fluent_builder ... ok
[INFO] [stdout] test typescript::tests::facts_configuration_reads ... ok
[INFO] [stdout] test typescript::tests::facts_express_registrations ... ok
[INFO] [stdout] test typescript::tests::facts_express_registrations_gated_on_import ... ok
[INFO] [stdout] test typescript::tests::facts_hostile_input_never_panics ... ok
[INFO] [stdout] test typescript::tests::facts_deterministic ... ok
[INFO] [stdout] test tests::index_rust_inherent_impl_wins_over_trait ... ok
[INFO] [stdout] test tests::index_self_open_on_derived_pins_unique_base ... ok
[INFO] [stdout] test typescript::tests::facts_module_level_let_is_state ... ok
[INFO] [stdout] test typescript::tests::facts_next_config ... ok
[INFO] [stdout] test typescript::tests::facts_object_literal_factory_namespace ... ok
[INFO] [stdout] test typescript::tests::imports_all_forms ... ok
[INFO] [stdout] test typescript::tests::function_alias_binds_from_ident_arrow_and_clobber ... ok
[INFO] [stdout] test typescript::tests::facts_public_exports ... ok
[INFO] [stdout] test typescript::tests::member_assign_function_is_symbol ... ok
[INFO] [stdout] test typescript::tests::multiline_callee_normalized ... ok
[INFO] [stdout] test typescript::tests::new_expression_and_param_type_binds ... ok
[INFO] [stdout] test typescript::tests::next_route_handlers ... ok
[INFO] [stdout] test typescript::tests::sniffer_units ... ok
[INFO] [stdout] test typescript::tests::retry_decorators ... ok
[INFO] [stdout] test typescript::tests::store_refs_drizzle_and_model ... ok
[INFO] [stdout] test tests::index_rust_crate_use_pins_named_helper_not_decoy ... ok
[INFO] [stdout] test typescript::tests::facts_nest_annotations_fields_and_module_registrations ... ok
[INFO] [stdout] test typescript::tests::tests_describe_it ... ok
[INFO] [stdout] test typescript::tests::symbols_and_methods ... ok
[INFO] [stdout] test typescript::tests::tests_integration ... ok
[INFO] [stdout] test typescript::tests::tsx_file ... ok
[INFO] [stdout] test typescript::tests::wave11_queue_consumers ... ok
[INFO] [stdout] test typescript::tests::wave11_zod_requires_import ... ok
[INFO] [stdout] test typescript::tests::untyped_params_are_empty_shadow_binds ... ok
[INFO] [stdout] test typescript::tests::wave11_zod_schema_definition_validation_composition ... ok
[INFO] [stdout] test typescript::tests::wave12_inline_zod_object_captured_in_function_body ... ok
[INFO] [stdout] test typescript::tests::wave11_reactive_state_react_vue_svelte_mobx ... ok
[INFO] [stdout] test typescript::tests::wave12_inline_zod_object_in_test_callback ... ok
[INFO] [stdout] test write::tests::ids_are_deterministic ... ok
[INFO] [stdout] test tests::index_self_two_bases_unresolved ... ok
[INFO] [stdout] test tests::index_rust_trait_default_pins_typed_receiver ... ok
[INFO] [stdout] test typescript::tests::store_refs ... ok
[INFO] [stdout] test tests::index_rust_two_traits_unresolved ... ok
[INFO] [stdout] test tests::index_super_open_skips_own_class ... ok
[INFO] [stdout] test write::tests::truncate_works ... ok
[INFO] [stdout] test tests::index_ts_relative_degrades_when_file_and_index_both_exist ... ok
[INFO] [stdout] test tests::index_ts_relative_pins_named_not_decoy ... ok
[INFO] [stdout] test tests::index_ts_this_and_super_cha ... ok
[INFO] [stdout] test tests::removed_files_purged ... ok
[INFO] [stdout] test tests::index_rule3_survives_incremental_caller_edit ... ok
[INFO] [stdout] test write::tests::semantic_facts_translate_to_entities_and_relationships ... ok
[INFO] [stdout] test write::tests::schema_occurrences_preserve_provenance_across_files ... ok
[INFO] [stdout] test write::tests::overload_symbols_get_distinct_ids_and_indexes ... ok
[INFO] [stdout] test write::tests::reactive_occurrences_do_not_collapse_across_files ... ok
[INFO] [stdout] test tests::index_self_cha_survives_incremental_base_edit ... ok
[INFO] [stdout] test write::tests::schema_purge_one_file_keeps_concept_and_other_provenance ... ok
[INFO] [stdout] test tests::index_rust_trait_cha_survives_incremental_caller_edit ... ok
[INFO] [stdout] test typescript::tests::malformed_input_no_panic ... ok
[INFO] [stdout] 
[INFO] [stdout] failures:
[INFO] [stdout] 
[INFO] [stdout] ---- adapters::context7::tests::sandboxed_command_strips_inherited_secrets stdout ----
[INFO] [stdout] 
[INFO] [stdout] thread 'adapters::context7::tests::sandboxed_command_strips_inherited_secrets' (2953) panicked at src/adapters/context7.rs:386:9:
[INFO] [stdout] non-allowlisted variable reached the child: ["LC_CTYPE"]
[INFO] [stdout] stack backtrace:
[INFO] [stdout]    0:     0x5c52a57fe011 - std[617be2ca0a6fd877]::backtrace_rs::backtrace::libunwind::trace
[INFO] [stdout]                                at /rustc/e3feeb59cd1bdd011a2bfcc0747b55125d9b8527/library/std/src/../../backtrace/src/backtrace/libunwind.rs:117:9
[INFO] [stdout]    1:     0x5c52a57fe011 - std[617be2ca0a6fd877]::backtrace_rs::backtrace::trace_unsynchronized::<std[617be2ca0a6fd877]::sys::backtrace::_print_fmt::{closure#1}>
[INFO] [stdout]                                at /rustc/e3feeb59cd1bdd011a2bfcc0747b55125d9b8527/library/std/src/../../backtrace/src/backtrace/mod.rs:66:14
[INFO] [stdout]    2:     0x5c52a57fe011 - std[617be2ca0a6fd877]::sys::backtrace::_print_fmt
[INFO] [stdout]                                at /rustc/e3feeb59cd1bdd011a2bfcc0747b55125d9b8527/library/std/src/sys/backtrace.rs:74:9
[INFO] [stdout]    3:     0x5c52a57fe011 - <<std[617be2ca0a6fd877]::sys::backtrace::BacktraceLock>::print::DisplayBacktrace as core[a373ad73a504971]::fmt::Display>::fmt
[INFO] [stdout]                                at /rustc/e3feeb59cd1bdd011a2bfcc0747b55125d9b8527/library/std/src/sys/backtrace.rs:44:26
[INFO] [stdout]    4:     0x5c52a5816ada - <core[a373ad73a504971]::fmt::rt::Argument>::fmt
[INFO] [stdout]                                at /rustc/e3feeb59cd1bdd011a2bfcc0747b55125d9b8527/library/core/src/fmt/rt.rs:152:76
[INFO] [stdout]    5:     0x5c52a5816ada - core[a373ad73a504971]::fmt::write
[INFO] [stdout]    6:     0x5c52a58031bc - core[a373ad73a504971]::io::write::default_write_fmt::<alloc[2e1b2a31b91974c5]::vec::Vec<u8>>
[INFO] [stdout]                                at /rustc/e3feeb59cd1bdd011a2bfcc0747b55125d9b8527/library/core/src/io/write.rs:402:11
[INFO] [stdout]    7:     0x5c52a58031bc - <alloc[2e1b2a31b91974c5]::vec::Vec<u8> as core[a373ad73a504971]::io::write::Write>::write_fmt
[INFO] [stdout]                                at /rustc/e3feeb59cd1bdd011a2bfcc0747b55125d9b8527/library/core/src/io/write.rs:335:13
[INFO] [stdout]    8:     0x5c52a57d5446 - <std[617be2ca0a6fd877]::sys::backtrace::BacktraceLock>::print
[INFO] [stdout]                                at /rustc/e3feeb59cd1bdd011a2bfcc0747b55125d9b8527/library/std/src/sys/backtrace.rs:47:9
[INFO] [stdout]    9:     0x5c52a57d5446 - std[617be2ca0a6fd877]::panicking::default_hook::{closure#0}
[INFO] [stdout]                                at /rustc/e3feeb59cd1bdd011a2bfcc0747b55125d9b8527/library/std/src/panicking.rs:289:27
[INFO] [stdout]   10:     0x5c52a57f45a9 - std[617be2ca0a6fd877]::panicking::default_hook
[INFO] [stdout]                                at /rustc/e3feeb59cd1bdd011a2bfcc0747b55125d9b8527/library/std/src/panicking.rs:313:9
[INFO] [stdout]   11:     0x5c52a5212230 - <alloc[2e1b2a31b91974c5]::boxed::Box<dyn for<'a, 'b> core[a373ad73a504971]::ops::function::Fn<(&'a std[617be2ca0a6fd877]::panic::PanicHookInfo<'b>,), Output = ()> + core[a373ad73a504971]::marker::Sync + core[a373ad73a504971]::marker::Send> as core[a373ad73a504971]::ops::function::Fn<(&std[617be2ca0a6fd877]::panic::PanicHookInfo,)>>::call
[INFO] [stdout]                                at /rustc/e3feeb59cd1bdd011a2bfcc0747b55125d9b8527/library/alloc/src/boxed.rs:2328:9
[INFO] [stdout]   12:     0x5c52a5212230 - test[aada8e7e76ba119b]::test_main_inner::{closure#0}
[INFO] [stdout]                                at /rustc/e3feeb59cd1bdd011a2bfcc0747b55125d9b8527/library/test/src/lib.rs:137:21
[INFO] [stdout]   13:     0x5c52a57f4762 - <alloc[2e1b2a31b91974c5]::boxed::Box<dyn for<'a, 'b> core[a373ad73a504971]::ops::function::Fn<(&'a std[617be2ca0a6fd877]::panic::PanicHookInfo<'b>,), Output = ()> + core[a373ad73a504971]::marker::Sync + core[a373ad73a504971]::marker::Send> as core[a373ad73a504971]::ops::function::Fn<(&std[617be2ca0a6fd877]::panic::PanicHookInfo,)>>::call
[INFO] [stdout]                                at /rustc/e3feeb59cd1bdd011a2bfcc0747b55125d9b8527/library/alloc/src/boxed.rs:2328:9
[INFO] [stdout]   14:     0x5c52a57f4762 - std[617be2ca0a6fd877]::panicking::panic_with_hook
[INFO] [stdout]                                at /rustc/e3feeb59cd1bdd011a2bfcc0747b55125d9b8527/library/std/src/panicking.rs:819:13
[INFO] [stdout]   15:     0x5c52a57d54f2 - std[617be2ca0a6fd877]::panicking::panic_handler::{closure#0}
[INFO] [stdout]                                at /rustc/e3feeb59cd1bdd011a2bfcc0747b55125d9b8527/library/std/src/panicking.rs:685:13
[INFO] [stdout]   16:     0x5c52a57cdbe9 - std[617be2ca0a6fd877]::sys::backtrace::__rust_end_short_backtrace::<std[617be2ca0a6fd877]::panicking::panic_handler::{closure#0}, !>
[INFO] [stdout]                                at /rustc/e3feeb59cd1bdd011a2bfcc0747b55125d9b8527/library/std/src/sys/backtrace.rs:182:18
[INFO] [stdout]   17:     0x5c52a57d65fd - __rustc[ea4f61d10b84890b]::rust_begin_unwind
[INFO] [stdout]                                at /rustc/e3feeb59cd1bdd011a2bfcc0747b55125d9b8527/library/std/src/panicking.rs:676:5
[INFO] [stdout]   18:     0x5c52a581737c - core[a373ad73a504971]::panicking::panic_fmt
[INFO] [stdout]                                at /rustc/e3feeb59cd1bdd011a2bfcc0747b55125d9b8527/library/core/src/panicking.rs:80:14
[INFO] [stdout]   19:     0x5c52a49b0ef6 - scc_indexer[65964bf1441a098d]::adapters::context7::tests::sandboxed_command_strips_inherited_secrets
[INFO] [stdout]                                at /opt/rustwide/workdir/src/adapters/context7.rs:386:9
[INFO] [stdout]   20:     0x5c52a4935b77 - scc_indexer[65964bf1441a098d]::adapters::context7::tests::sandboxed_command_strips_inherited_secrets::{closure#0}
[INFO] [stdout]                                at /opt/rustwide/workdir/src/adapters/context7.rs:339:52
[INFO] [stdout]   21:     0x5c52a4b838f6 - <scc_indexer[65964bf1441a098d]::adapters::context7::tests::sandboxed_command_strips_inherited_secrets::{closure#0} as core[a373ad73a504971]::ops::function::FnOnce<()>>::call_once
[INFO] [stdout]                                at /rustc/e3feeb59cd1bdd011a2bfcc0747b55125d9b8527/library/core/src/ops/function.rs:250:5
[INFO] [stdout]   22:     0x5c52a520567b - <fn() -> core[a373ad73a504971]::result::Result<(), alloc[2e1b2a31b91974c5]::string::String> as core[a373ad73a504971]::ops::function::FnOnce<()>>::call_once
[INFO] [stdout]                                at /rustc/e3feeb59cd1bdd011a2bfcc0747b55125d9b8527/library/core/src/ops/function.rs:250:5
[INFO] [stdout]   23:     0x5c52a520567b - test[aada8e7e76ba119b]::__rust_begin_short_backtrace::<core[a373ad73a504971]::result::Result<(), alloc[2e1b2a31b91974c5]::string::String>, fn() -> core[a373ad73a504971]::result::Result<(), alloc[2e1b2a31b91974c5]::string::String>>
[INFO] [stdout]                                at /rustc/e3feeb59cd1bdd011a2bfcc0747b55125d9b8527/library/test/src/lib.rs:701:18
[INFO] [stdout]   24:     0x5c52a5212855 - test[aada8e7e76ba119b]::run_test_in_process::{closure#0}
[INFO] [stdout]                                at /rustc/e3feeb59cd1bdd011a2bfcc0747b55125d9b8527/library/test/src/lib.rs:724:74
[INFO] [stdout]   25:     0x5c52a5212855 - <core[a373ad73a504971]::panic::unwind_safe::AssertUnwindSafe<test[aada8e7e76ba119b]::run_test_in_process::{closure#0}> as core[a373ad73a504971]::ops::function::FnOnce<()>>::call_once
[INFO] [stdout]                                at /rustc/e3feeb59cd1bdd011a2bfcc0747b55125d9b8527/library/core/src/panic/unwind_safe.rs:275:9
[INFO] [stdout]   26:     0x5c52a5212855 - std[617be2ca0a6fd877]::panicking::catch_unwind::do_call::<core[a373ad73a504971]::panic::unwind_safe::AssertUnwindSafe<test[aada8e7e76ba119b]::run_test_in_process::{closure#0}>, core[a373ad73a504971]::result::Result<(), alloc[2e1b2a31b91974c5]::string::String>>
[INFO] [stdout]                                at /rustc/e3feeb59cd1bdd011a2bfcc0747b55125d9b8527/library/std/src/panicking.rs:573:43
[INFO] [stdout]   27:     0x5c52a5212855 - std[617be2ca0a6fd877]::panicking::catch_unwind::<core[a373ad73a504971]::result::Result<(), alloc[2e1b2a31b91974c5]::string::String>, core[a373ad73a504971]::panic::unwind_safe::AssertUnwindSafe<test[aada8e7e76ba119b]::run_test_in_process::{closure#0}>>
[INFO] [stdout]                                at /rustc/e3feeb59cd1bdd011a2bfcc0747b55125d9b8527/library/std/src/panicking.rs:541:19
[INFO] [stdout]   28:     0x5c52a5212855 - std[617be2ca0a6fd877]::panic::catch_unwind::<core[a373ad73a504971]::panic::unwind_safe::AssertUnwindSafe<test[aada8e7e76ba119b]::run_test_in_process::{closure#0}>, core[a373ad73a504971]::result::Result<(), alloc[2e1b2a31b91974c5]::string::String>>
[INFO] [stdout]                                at /rustc/e3feeb59cd1bdd011a2bfcc0747b55125d9b8527/library/std/src/panic.rs:359:14
[INFO] [stdout]   29:     0x5c52a5212855 - test[aada8e7e76ba119b]::run_test_in_process
[INFO] [stdout]                                at /rustc/e3feeb59cd1bdd011a2bfcc0747b55125d9b8527/library/test/src/lib.rs:724:27
[INFO] [stdout]   30:     0x5c52a5212855 - test[aada8e7e76ba119b]::run_test::{closure#0}
[INFO] [stdout]                                at /rustc/e3feeb59cd1bdd011a2bfcc0747b55125d9b8527/library/test/src/lib.rs:645:43
[INFO] [stdout]   31:     0x5c52a520c144 - test[aada8e7e76ba119b]::run_test::{closure#1}
[INFO] [stdout]                                at /rustc/e3feeb59cd1bdd011a2bfcc0747b55125d9b8527/library/test/src/lib.rs:675:41
[INFO] [stdout]   32:     0x5c52a520c144 - std[617be2ca0a6fd877]::sys::backtrace::__rust_begin_short_backtrace::<test[aada8e7e76ba119b]::run_test::{closure#1}, ()>
[INFO] [stdout]                                at /rustc/e3feeb59cd1bdd011a2bfcc0747b55125d9b8527/library/std/src/sys/backtrace.rs:166:18
[INFO] [stdout]   33:     0x5c52a52158e2 - std[617be2ca0a6fd877]::thread::lifecycle::spawn_unchecked::<test[aada8e7e76ba119b]::run_test::{closure#1}, ()>::{closure#1}::{closure#0}
[INFO] [stdout]                                at /rustc/e3feeb59cd1bdd011a2bfcc0747b55125d9b8527/library/std/src/thread/lifecycle.rs:70:13
[INFO] [stdout]   34:     0x5c52a52158e2 - <core[a373ad73a504971]::panic::unwind_safe::AssertUnwindSafe<std[617be2ca0a6fd877]::thread::lifecycle::spawn_unchecked<test[aada8e7e76ba119b]::run_test::{closure#1}, ()>::{closure#1}::{closure#0}> as core[a373ad73a504971]::ops::function::FnOnce<()>>::call_once
[INFO] [stdout]                                at /rustc/e3feeb59cd1bdd011a2bfcc0747b55125d9b8527/library/core/src/panic/unwind_safe.rs:275:9
[INFO] [stdout]   35:     0x5c52a52158e2 - std[617be2ca0a6fd877]::panicking::catch_unwind::do_call::<core[a373ad73a504971]::panic::unwind_safe::AssertUnwindSafe<std[617be2ca0a6fd877]::thread::lifecycle::spawn_unchecked<test[aada8e7e76ba119b]::run_test::{closure#1}, ()>::{closure#1}::{closure#0}>, ()>
[INFO] [stdout]                                at /rustc/e3feeb59cd1bdd011a2bfcc0747b55125d9b8527/library/std/src/panicking.rs:573:43
[INFO] [stdout]   36:     0x5c52a52158e2 - std[617be2ca0a6fd877]::panicking::catch_unwind::<(), core[a373ad73a504971]::panic::unwind_safe::AssertUnwindSafe<std[617be2ca0a6fd877]::thread::lifecycle::spawn_unchecked<test[aada8e7e76ba119b]::run_test::{closure#1}, ()>::{closure#1}::{closure#0}>>
[INFO] [stdout]                                at /rustc/e3feeb59cd1bdd011a2bfcc0747b55125d9b8527/library/std/src/panicking.rs:541:19
[INFO] [stdout]   37:     0x5c52a52158e2 - std[617be2ca0a6fd877]::panic::catch_unwind::<core[a373ad73a504971]::panic::unwind_safe::AssertUnwindSafe<std[617be2ca0a6fd877]::thread::lifecycle::spawn_unchecked<test[aada8e7e76ba119b]::run_test::{closure#1}, ()>::{closure#1}::{closure#0}>, ()>
[INFO] [stdout]                                at /rustc/e3feeb59cd1bdd011a2bfcc0747b55125d9b8527/library/std/src/panic.rs:359:14
[INFO] [stdout]   38:     0x5c52a52158e2 - std[617be2ca0a6fd877]::thread::lifecycle::spawn_unchecked::<test[aada8e7e76ba119b]::run_test::{closure#1}, ()>::{closure#1}
[INFO] [stdout]                                at /rustc/e3feeb59cd1bdd011a2bfcc0747b55125d9b8527/library/std/src/thread/lifecycle.rs:68:26
[INFO] [stdout]   39:     0x5c52a52158e2 - <std[617be2ca0a6fd877]::thread::lifecycle::spawn_unchecked<test[aada8e7e76ba119b]::run_test::{closure#1}, ()>::{closure#1} as core[a373ad73a504971]::ops::function::FnOnce<()>>::call_once::{shim:vtable#0}
[INFO] [stdout]                                at /rustc/e3feeb59cd1bdd011a2bfcc0747b55125d9b8527/library/core/src/ops/function.rs:250:5
[INFO] [stdout]   40:     0x5c52a57fc87f - <alloc[2e1b2a31b91974c5]::boxed::Box<dyn core[a373ad73a504971]::ops::function::FnOnce<(), Output = ()> + core[a373ad73a504971]::marker::Send> as core[a373ad73a504971]::ops::function::FnOnce<()>>::call_once
[INFO] [stdout]                                at /rustc/e3feeb59cd1bdd011a2bfcc0747b55125d9b8527/library/alloc/src/boxed.rs:2314:9
[INFO] [stdout]   41:     0x5c52a57fc87f - <std[617be2ca0a6fd877]::sys::thread::unix::Thread>::new::thread_start
[INFO] [stdout]                                at /rustc/e3feeb59cd1bdd011a2bfcc0747b55125d9b8527/library/std/src/sys/thread/unix.rs:127:17
[INFO] [stdout]   42:     0x71cb1153edfa - <unknown>
[INFO] [stdout]   43:     0x71cb115d23d4 - clone
[INFO] [stdout]   44:                0x0 - <unknown>
[INFO] [stdout] 
[INFO] [stdout] 
[INFO] [stdout] failures:
[INFO] [stdout]     adapters::context7::tests::sandboxed_command_strips_inherited_secrets
[INFO] [stdout] 
[INFO] [stdout] test result: FAILED. 434 passed; 1 failed; 0 ignored; 0 measured; 0 filtered out; finished in 6.67s
[INFO] [stdout] 
[INFO] [stderr] error: test failed, to rerun pass `--lib`
[INFO] running `Command { std: "docker" "inspect" "40c17c79c9b98676da4c1fc58a380a57a85311990a13aa86fc31c17379ba29d0", kill_on_drop: false }`
[INFO] running `Command { std: "docker" "rm" "-f" "40c17c79c9b98676da4c1fc58a380a57a85311990a13aa86fc31c17379ba29d0", kill_on_drop: false }`
[INFO] [stdout] 40c17c79c9b98676da4c1fc58a380a57a85311990a13aa86fc31c17379ba29d0
