[INFO] fetching crate scaleway-rs 0.2.8...
[INFO] testing scaleway-rs-0.2.8 against 1.100.0-beta.1 for beta-1.100-2
[INFO] extracting crate scaleway-rs 0.2.8 into /workspace/builds/worker-6-tc2/source
[INFO] started tweaking crates.io crate scaleway-rs 0.2.8
[INFO] removed 0 missing examples
[INFO] finished tweaking crates.io crate scaleway-rs 0.2.8
[INFO] tweaked toml for crates.io crate scaleway-rs 0.2.8 written to /workspace/builds/worker-6-tc2/source/Cargo.toml
[INFO] validating manifest of crates.io crate scaleway-rs 0.2.8 on toolchain 1.100.0-beta.1
[INFO] running `Command { std: CARGO_HOME="/workspace/cargo-home" RUSTUP_HOME="/workspace/rustup-home" "/workspace/cargo-home/bin/cargo" "+1.100.0-beta.1" "metadata" "--manifest-path" "Cargo.toml" "--no-deps", kill_on_drop: false }`
[INFO] crate crates.io crate scaleway-rs 0.2.8 already has a lockfile, it will not be regenerated
[INFO] running `Command { std: CARGO_HOME="/workspace/cargo-home" RUSTUP_HOME="/workspace/rustup-home" "/workspace/cargo-home/bin/cargo" "+1.100.0-beta.1" "fetch" "--manifest-path" "Cargo.toml", kill_on_drop: false }`
[INFO] [stderr] warning: `package.homepage` is redundant with `package.repository`
[INFO] [stderr]   --> Cargo.toml:55:12
[INFO] [stderr]    |
[INFO] [stderr] 55 | homepage = "https://gitlab.com/deploy-robot/scaleway"
[INFO] [stderr]    |            ^^^^^^^^^^^^^^^^^^^^^^^^^^^^^^^^^^^^^^^^^^
[INFO] [stderr] ...
[INFO] [stderr] 60 | repository = "https://gitlab.com/deploy-robot/scaleway"
[INFO] [stderr]    |              ------------------------------------------
[INFO] [stderr]    |
[INFO] [stderr]    = note: `cargo::redundant_homepage` is set to `warn` by default
[INFO] [stderr] help: consider removing `package.homepage`
[INFO] [stderr] warning: `scaleway-rs` (manifest) generated 1 warning
[INFO] running `Command { std: "docker" "create" "-v" "/var/lib/crater-agent-workspace/builds/worker-6-tc2/source:/opt/rustwide/workdir:ro,Z" "-v" "/var/lib/crater-agent-workspace/builds/worker-6-tc2/target:/opt/rustwide/target:rw,Z" "-v" "/var/lib/crater-agent-workspace/cargo-home:/opt/rustwide/cargo-home:ro,Z" "-v" "/var/lib/crater-agent-workspace/rustup-home:/opt/rustwide/rustup-home:ro,Z" "-m" "1610612736" "--network" "none" "ghcr.io/rust-lang/crates-build-env/linux@sha256:3111399a4047eeb3a02b7a90e478d715f38a8c6669b5c4b49d30a17385265909" "sleep" "infinity", kill_on_drop: false }`
[INFO] [stdout] 689a43a0df8c494c5aa79f0eefc2af703ac51373ddc12c0e27701d6f7afbcb52
[INFO] running `Command { std: "docker" "start" "689a43a0df8c494c5aa79f0eefc2af703ac51373ddc12c0e27701d6f7afbcb52", kill_on_drop: false }`
[INFO] running `Command { std: "docker" "inspect" "689a43a0df8c494c5aa79f0eefc2af703ac51373ddc12c0e27701d6f7afbcb52", kill_on_drop: false }`
[INFO] running `Command { std: "docker" "exec" "-e" "SOURCE_DIR=/opt/rustwide/workdir" "-e" "CARGO_HOME=/opt/rustwide/cargo-home" "-e" "RUSTUP_HOME=/opt/rustwide/rustup-home" "-e" "CARGO_TARGET_DIR=/opt/rustwide/target" "-w" "/opt/rustwide/workdir" "--user" "0:0" "689a43a0df8c494c5aa79f0eefc2af703ac51373ddc12c0e27701d6f7afbcb52" "/opt/rustwide/cargo-home/bin/cargo" "+1.100.0-beta.1" "metadata" "--no-deps" "--format-version=1", kill_on_drop: false }`
[INFO] running `Command { std: "docker" "inspect" "689a43a0df8c494c5aa79f0eefc2af703ac51373ddc12c0e27701d6f7afbcb52", kill_on_drop: false }`
[INFO] running `Command { std: "docker" "exec" "-e" "SOURCE_DIR=/opt/rustwide/workdir" "-e" "CARGO_HOME=/opt/rustwide/cargo-home" "-e" "RUSTUP_HOME=/opt/rustwide/rustup-home" "-e" "CARGO_TARGET_DIR=/opt/rustwide/target" "-e" "CARGO_INCREMENTAL=0" "-e" "RUST_BACKTRACE=full" "-e" "RUSTFLAGS=--cap-lints=warn" "-e" "RUSTDOCFLAGS=--cap-lints=warn" "-w" "/opt/rustwide/workdir" "--user" "0:0" "689a43a0df8c494c5aa79f0eefc2af703ac51373ddc12c0e27701d6f7afbcb52" "/opt/rustwide/cargo-home/bin/cargo" "+1.100.0-beta.1" "build" "--frozen" "--message-format=json", kill_on_drop: false }`
[INFO] [stderr] warning: `package.homepage` is redundant with `package.repository`
[INFO] [stderr]   --> Cargo.toml:55:12
[INFO] [stderr]    |
[INFO] [stderr] 55 | homepage = "https://gitlab.com/deploy-robot/scaleway"
[INFO] [stderr]    |            ^^^^^^^^^^^^^^^^^^^^^^^^^^^^^^^^^^^^^^^^^^
[INFO] [stderr] ...
[INFO] [stderr] 60 | repository = "https://gitlab.com/deploy-robot/scaleway"
[INFO] [stderr]    |              ------------------------------------------
[INFO] [stderr]    |
[INFO] [stderr]    = note: `cargo::redundant_homepage` is set to `warn` by default
[INFO] [stderr] help: consider removing `package.homepage`
[INFO] [stderr] warning: `scaleway-rs` (manifest) generated 1 warning
[INFO] [stderr]    Compiling libc v0.2.186
[INFO] [stderr]    Compiling find-msvc-tools v0.1.9
[INFO] [stderr]    Compiling shlex v1.3.0
[INFO] [stderr]    Compiling fs_extra v1.3.0
[INFO] [stderr]    Compiling dunce v1.0.5
[INFO] [stderr]    Compiling futures-core v0.3.32
[INFO] [stderr]    Compiling aws-lc-rs v1.17.0
[INFO] [stderr]    Compiling zeroize v1.8.2
[INFO] [stderr]    Compiling http v1.4.0
[INFO] [stderr]    Compiling serde_core v1.0.228
[INFO] [stderr]    Compiling rustls v0.23.40
[INFO] [stderr]    Compiling futures-task v0.3.32
[INFO] [stderr]    Compiling zerofrom v0.1.8
[INFO] [stderr]    Compiling futures-sink v0.3.32
[INFO] [stderr]    Compiling tracing v0.1.44
[INFO] [stderr]    Compiling serde_json v1.0.149
[INFO] [stderr]    Compiling tower-layer v0.3.3
[INFO] [stderr]    Compiling openssl-probe v0.2.1
[INFO] [stderr]    Compiling futures-channel v0.3.32
[INFO] [stderr]    Compiling yoke v0.8.2
[INFO] [stderr]    Compiling futures-util v0.3.32
[INFO] [stderr]    Compiling rustls-pki-types v1.14.1
[INFO] [stderr]    Compiling sync_wrapper v1.0.2
[INFO] [stderr]    Compiling ipnet v2.12.0
[INFO] [stderr]    Compiling log v0.4.29
[INFO] [stderr]    Compiling memchr v2.8.0
[INFO] [stderr]    Compiling bitflags v2.11.1
[INFO] [stderr]    Compiling num-conv v0.2.1
[INFO] [stderr]    Compiling time-core v0.1.8
[INFO] [stderr]    Compiling zerovec v0.11.6
[INFO] [stderr]    Compiling zerotrie v0.2.4
[INFO] [stderr]    Compiling rustls-native-certs v0.8.3
[INFO] [stderr]    Compiling http-body v1.0.1
[INFO] [stderr]    Compiling tinystr v0.8.3
[INFO] [stderr]    Compiling potential_utf v0.1.5
[INFO] [stderr]    Compiling http-body-util v0.1.3
[INFO] [stderr]    Compiling jobserver v0.1.34
[INFO] [stderr]    Compiling socket2 v0.6.3
[INFO] [stderr]    Compiling mio v1.2.0
[INFO] [stderr]    Compiling icu_locale_core v2.2.0
[INFO] [stderr]    Compiling icu_collections v2.2.0
[INFO] [stderr]    Compiling cc v1.2.62
[INFO] [stderr]    Compiling tokio v1.52.3
[INFO] [stderr]    Compiling icu_provider v2.2.0
[INFO] [stderr]    Compiling cmake v0.1.58
[INFO] [stderr]    Compiling icu_properties v2.2.0
[INFO] [stderr]    Compiling icu_normalizer v2.2.0
[INFO] [stderr]    Compiling aws-lc-sys v0.41.0
[INFO] [stderr]    Compiling serde v1.0.228
[INFO] [stderr]    Compiling deranged v0.5.8
[INFO] [stderr]    Compiling serde_urlencoded v0.7.1
[INFO] [stderr]    Compiling idna_adapter v1.2.2
[INFO] [stderr]    Compiling idna v1.1.0
[INFO] [stderr]    Compiling url v2.5.8
[INFO] [stderr]    Compiling time v0.3.47
[INFO] [stderr]    Compiling tokio-util v0.7.18
[INFO] [stderr]    Compiling tower v0.5.3
[INFO] [stderr]    Compiling h2 v0.4.14
[INFO] [stderr]    Compiling tower-http v0.6.10
[INFO] [stderr]    Compiling hyper v1.9.0
[INFO] [stderr]    Compiling hyper-util v0.1.20
[INFO] [stderr]    Compiling rustls-webpki v0.103.13
[INFO] [stderr]    Compiling tokio-rustls v0.26.4
[INFO] [stderr]    Compiling rustls-platform-verifier v0.7.0
[INFO] [stderr]    Compiling hyper-rustls v0.27.9
[INFO] [stderr]    Compiling reqwest v0.13.3
[INFO] [stderr]    Compiling scaleway-rs v0.2.8 (/opt/rustwide/workdir)
[INFO] [stderr]     Finished `dev` profile [unoptimized + debuginfo] target(s) in 50.60s
[INFO] running `Command { std: "docker" "inspect" "689a43a0df8c494c5aa79f0eefc2af703ac51373ddc12c0e27701d6f7afbcb52", kill_on_drop: false }`
[INFO] running `Command { std: "docker" "exec" "-e" "SOURCE_DIR=/opt/rustwide/workdir" "-e" "CARGO_HOME=/opt/rustwide/cargo-home" "-e" "RUSTUP_HOME=/opt/rustwide/rustup-home" "-e" "CARGO_TARGET_DIR=/opt/rustwide/target" "-e" "CARGO_INCREMENTAL=0" "-e" "RUST_BACKTRACE=full" "-e" "RUSTFLAGS=--cap-lints=warn" "-e" "RUSTDOCFLAGS=--cap-lints=warn" "-w" "/opt/rustwide/workdir" "--user" "0:0" "689a43a0df8c494c5aa79f0eefc2af703ac51373ddc12c0e27701d6f7afbcb52" "/opt/rustwide/cargo-home/bin/cargo" "+1.100.0-beta.1" "test" "--frozen" "--no-run" "--message-format=json", kill_on_drop: false }`
[INFO] [stderr] warning: `package.homepage` is redundant with `package.repository`
[INFO] [stderr]   --> Cargo.toml:55:12
[INFO] [stderr]    |
[INFO] [stderr] 55 | homepage = "https://gitlab.com/deploy-robot/scaleway"
[INFO] [stderr]    |            ^^^^^^^^^^^^^^^^^^^^^^^^^^^^^^^^^^^^^^^^^^
[INFO] [stderr] ...
[INFO] [stderr] 60 | repository = "https://gitlab.com/deploy-robot/scaleway"
[INFO] [stderr]    |              ------------------------------------------
[INFO] [stderr]    |
[INFO] [stderr]    = note: `cargo::redundant_homepage` is set to `warn` by default
[INFO] [stderr] help: consider removing `package.homepage`
[INFO] [stderr] warning: `scaleway-rs` (manifest) generated 1 warning
[INFO] [stderr]    Compiling syn v2.0.117
[INFO] [stderr]    Compiling synstructure v0.13.2
[INFO] [stderr]    Compiling zerofrom-derive v0.1.7
[INFO] [stderr]    Compiling yoke-derive v0.8.2
[INFO] [stderr]    Compiling zerovec-derive v0.11.3
[INFO] [stderr]    Compiling displaydoc v0.2.5
[INFO] [stderr]    Compiling tokio-macros v2.7.0
[INFO] [stderr]    Compiling serde_derive v1.0.228
[INFO] [stderr]    Compiling tokio v1.52.3
[INFO] [stderr]    Compiling zerofrom v0.1.8
[INFO] [stderr]    Compiling yoke v0.8.2
[INFO] [stderr]    Compiling zerovec v0.11.6
[INFO] [stderr]    Compiling zerotrie v0.2.4
[INFO] [stderr]    Compiling tinystr v0.8.3
[INFO] [stderr]    Compiling potential_utf v0.1.5
[INFO] [stderr]    Compiling icu_collections v2.2.0
[INFO] [stderr]    Compiling icu_locale_core v2.2.0
[INFO] [stderr]    Compiling serde v1.0.228
[INFO] [stderr]    Compiling icu_provider v2.2.0
[INFO] [stderr]    Compiling serde_urlencoded v0.7.1
[INFO] [stderr]    Compiling icu_properties v2.2.0
[INFO] [stderr]    Compiling icu_normalizer v2.2.0
[INFO] [stderr]    Compiling idna_adapter v1.2.2
[INFO] [stderr]    Compiling idna v1.1.0
[INFO] [stderr]    Compiling tokio-util v0.7.18
[INFO] [stderr]    Compiling tower v0.5.3
[INFO] [stderr]    Compiling tokio-rustls v0.26.4
[INFO] [stderr]    Compiling url v2.5.8
[INFO] [stderr]    Compiling tower-http v0.6.10
[INFO] [stderr]    Compiling h2 v0.4.14
[INFO] [stderr]    Compiling hyper v1.9.0
[INFO] [stderr]    Compiling hyper-util v0.1.20
[INFO] [stderr]    Compiling hyper-rustls v0.27.9
[INFO] [stderr]    Compiling reqwest v0.13.3
[INFO] [stderr]    Compiling scaleway-rs v0.2.8 (/opt/rustwide/workdir)
[INFO] [stderr]     Finished `test` profile [unoptimized + debuginfo] target(s) in 37.49s
[INFO] running `Command { std: "docker" "inspect" "689a43a0df8c494c5aa79f0eefc2af703ac51373ddc12c0e27701d6f7afbcb52", kill_on_drop: false }`
[INFO] running `Command { std: "docker" "exec" "-e" "SOURCE_DIR=/opt/rustwide/workdir" "-e" "CARGO_HOME=/opt/rustwide/cargo-home" "-e" "RUSTUP_HOME=/opt/rustwide/rustup-home" "-e" "CARGO_TARGET_DIR=/opt/rustwide/target" "-e" "CARGO_INCREMENTAL=0" "-e" "RUST_BACKTRACE=full" "-e" "RUSTFLAGS=--cap-lints=warn" "-e" "RUSTDOCFLAGS=--cap-lints=warn" "-w" "/opt/rustwide/workdir" "--user" "0:0" "689a43a0df8c494c5aa79f0eefc2af703ac51373ddc12c0e27701d6f7afbcb52" "/opt/rustwide/cargo-home/bin/cargo" "+1.100.0-beta.1" "test" "--frozen", kill_on_drop: false }`
[INFO] [stderr] warning: `package.homepage` is redundant with `package.repository`
[INFO] [stderr]   --> Cargo.toml:55:12
[INFO] [stderr]    |
[INFO] [stderr] 55 | homepage = "https://gitlab.com/deploy-robot/scaleway"
[INFO] [stderr]    |            ^^^^^^^^^^^^^^^^^^^^^^^^^^^^^^^^^^^^^^^^^^
[INFO] [stderr] ...
[INFO] [stderr] 60 | repository = "https://gitlab.com/deploy-robot/scaleway"
[INFO] [stderr]    |              ------------------------------------------
[INFO] [stderr]    |
[INFO] [stderr]    = note: `cargo::redundant_homepage` is set to `warn` by default
[INFO] [stderr] help: consider removing `package.homepage`
[INFO] [stderr] warning: `scaleway-rs` (manifest) generated 1 warning
[INFO] [stderr]     Finished `test` profile [unoptimized + debuginfo] target(s) in 0.20s
[INFO] [stderr]      Running unittests src/lib.rs (/opt/rustwide/target/debug/build/scaleway-rs/fc6b19bbf971a65a/out/scaleway_rs-fc6b19bbf971a65a)
[INFO] [stdout] 
[INFO] [stdout] running 0 tests
[INFO] [stdout] 
[INFO] [stdout] test result: ok. 0 passed; 0 failed; 0 ignored; 0 measured; 0 filtered out; finished in 0.00s
[INFO] [stdout] 
[INFO] [stderr]    Doc-tests scaleway_rs
[INFO] [stdout] 
[INFO] [stdout] running 57 tests
[INFO] [stdout] test src/lib.rs - (line 9) ... ignored
[INFO] [stdout] test src/builder/update_flexible_ip_builder.rs - builder::update_flexible_ip_builder::ScalewayUpdateFlexibleIpBuilder::run_async (line 78) - compile ... FAILED
[INFO] [stdout] test src/lib.rs - ScalewayApi::delete_instance_async (line 779) - compile ... ok
[INFO] [stdout] test src/lib.rs - ScalewayApi (line 159) - compile ... ok
[INFO] [stdout] test src/builder/update_volume_builder.rs - builder::update_volume_builder::ScalewayUpdateVolumeBuilder::run_async (line 78) - compile ... ok
[INFO] [stdout] test src/lib.rs - ScalewayApi::create_security_group_rule (line 1574) - compile ... ok
[INFO] [stdout] test src/lib.rs - ScalewayApi::add_dns_record (line 2355) - compile ... ok
[INFO] [stdout] test src/lib.rs - ScalewayApi::create_security_group (line 1493) - compile ... ok
[INFO] [stdout] test src/lib.rs - ScalewayApi::delete_dns_record_async (line 2309) - compile ... ok
[INFO] [stdout] test src/builder/update_dns_record_builder.rs - builder::update_dns_record_builder::ScalewayUpdateDnsRecordBuilder::run_async (line 116) - compile ... ok
[INFO] [stdout] test src/lib.rs - ScalewayApi::create_flexible_ip (line 2015) - compile ... FAILED
[INFO] [stdout] test src/lib.rs - ScalewayApi::delete_project_async (line 1895) - compile ... ok
[INFO] [stdout] test src/lib.rs - ScalewayApi::create_project (line 1855) - compile ... ok
[INFO] [stdout] test src/lib.rs - ScalewayApi::delete_securitygroup_async (line 1423) - compile ... ok
[INFO] [stdout] test src/lib.rs - ScalewayApi::delete_userdata_async (line 1149) - compile ... ok
[INFO] [stdout] test src/lib.rs - ScalewayApi::delete_ssh_key_async (line 1795) - compile ... ok
[INFO] [stdout] test src/lib.rs - ScalewayApi::delete_flexible_ip_async (line 2158) - compile ... ok
[INFO] [stdout] test src/lib.rs - (line 33) - compile ... FAILED
[INFO] [stdout] test src/lib.rs - ScalewayApi::delete_security_group_rule_async (line 1641) - compile ... ok
[INFO] [stdout] test src/lib.rs - ScalewayApi::create_ssh_key (line 1762) - compile ... ok
[INFO] [stdout] test src/lib.rs - ScalewayApi::get_instance_async (line 728) - compile ... ok
[INFO] [stdout] test src/lib.rs - ScalewayApi::get_project (line 1836) - compile ... ok
[INFO] [stdout] test src/lib.rs - ScalewayApi::create_instance (line 676) - compile ... ok
[INFO] [stdout] test src/lib.rs - ScalewayApi::get_application_async (line 1939) - compile ... ok
[INFO] [stdout] test src/lib.rs - ScalewayApi::get_api_key_async (line 1727) - compile ... FAILED
[INFO] [stdout] test src/lib.rs - ScalewayApi::delete_volume_async (line 1373) - compile ... ok
[INFO] [stdout] test src/lib.rs - ScalewayApi::get_security_group (line 1469) - compile ... ok
[INFO] [stdout] test src/lib.rs - ScalewayApi::get_ssh_key (line 1692) - compile ... ok
[INFO] [stdout] test src/lib.rs - ScalewayApi::get_security_group_rule (line 1543) - compile ... ok
[INFO] [stdout] test src/lib.rs - ScalewayApi::get_server_types_async (line 456) - compile ... ok
[INFO] [stdout] test src/lib.rs - ScalewayApi::get_flexible_ip_async (line 2106) - compile ... FAILED
[INFO] [stdout] test src/lib.rs - ScalewayApi::get_volume_async (line 1283) - compile ... ok
[INFO] [stdout] test src/lib.rs - ScalewayApi::list_availability_async (line 902) - compile ... ok
[INFO] [stdout] test src/lib.rs - ScalewayApi::get_userdata_async (line 1034) - compile ... ok
[INFO] [stdout] test src/lib.rs - ScalewayApi::list_dns_records_async (line 2237) - compile ... FAILED
[INFO] [stdout] test src/lib.rs - ScalewayApi::az_list (line 403) ... ok
[INFO] [stdout] test src/lib.rs - ScalewayApi::list_marketplace_instance_versions (line 578) - compile ... ok
[INFO] [stdout] test src/lib.rs - ScalewayApi::list_dns_zones (line 2188) - compile ... ok
[INFO] [stdout] test src/lib.rs - ScalewayApi::get_user_async (line 1985) - compile ... ok
[INFO] [stdout] test src/lib.rs - ScalewayApi::list_userdata_keys_async (line 971) - compile ... ok
[INFO] [stdout] test src/lib.rs - ScalewayApi::list_flexible_ips (line 2037) - compile ... FAILED
[INFO] [stdout] test src/lib.rs - ScalewayApi::new (line 177) - compile ... ok
[INFO] [stdout] test src/lib.rs - ScalewayApi::list_images (line 508) - compile ... ok
[INFO] [stdout] test src/lib.rs - ScalewayApi::list_marketplace_categories_async (line 642) - compile ... ok
[INFO] [stdout] test src/lib.rs - ScalewayApi::list_marketplace_local_images (line 603) - compile ... ok
[INFO] [stdout] test src/lib.rs - ScalewayApi::list_projects (line 1817) - compile ... ok
[INFO] [stdout] test src/lib.rs - ScalewayApi::list_security_groups (line 1453) - compile ... ok
[INFO] [stdout] test src/lib.rs - ScalewayApi::list_ssh_keys (line 1673) - compile ... ok
[INFO] [stdout] test src/lib.rs - ScalewayApi::list_marketplace_instances (line 556) - compile ... ok
[INFO] [stdout] test src/lib.rs - ScalewayApi::list_volumes (line 1244) - compile ... ok
[INFO] [stdout] test src/lib.rs - ScalewayApi::perform_instance_action_async (line 844) - compile ... ok
[INFO] [stdout] test src/lib.rs - ScalewayApi::list_instances (line 530) - compile ... FAILED
[INFO] [stdout] test src/lib.rs - ScalewayApi::set_userdata_async (line 1096) - compile ... ok
[INFO] [stdout] test src/lib.rs - ScalewayApi::update_dns_record (line 2385) - compile ... ok
[INFO] [stdout] test src/lib.rs - ScalewayApi::update_flexible_ip (line 2058) - compile ... ok
[INFO] [stdout] test src/lib.rs - ScalewayApi::list_security_group_rules (line 1520) - compile ... ok
[INFO] [stdout] test src/lib.rs - ScalewayApi::update_volume (line 1336) - compile ... ok
[INFO] [stdout] 
[INFO] [stdout] failures:
[INFO] [stdout] 
[INFO] [stdout] ---- src/builder/update_flexible_ip_builder.rs - builder::update_flexible_ip_builder::ScalewayUpdateFlexibleIpBuilder::run_async (line 78) stdout ----
[INFO] [stdout] error[E0277]: `Option<String>` doesn't implement `std::fmt::Display`
[INFO] [stdout]   --> src/builder/update_flexible_ip_builder.rs:89:28
[INFO] [stdout]    |
[INFO] [stdout] 89 | println!("Updated IP: {}", ip.address);
[INFO] [stdout]    |                       --   ^^^^^^^^^^ `Option<String>` cannot be formatted with the default formatter
[INFO] [stdout]    |                       |
[INFO] [stdout]    |                       required by this formatting parameter
[INFO] [stdout]    |
[INFO] [stdout]    = help: the trait `std::fmt::Display` is not implemented for `Option<String>`
[INFO] [stdout]    = note: in format strings you may be able to use `{:?}` (or `{:#?}` for pretty-print) instead
[INFO] [stdout] 
[INFO] [stdout] error: aborting due to 1 previous error
[INFO] [stdout] 
[INFO] [stdout] For more information about this error, try `rustc --explain E0277`.
[INFO] [stdout] Couldn't compile the test.
[INFO] [stdout] ---- src/lib.rs - ScalewayApi::create_flexible_ip (line 2015) stdout ----
[INFO] [stdout] error[E0277]: `Option<String>` doesn't implement `std::fmt::Display`
[INFO] [stdout]     --> src/lib.rs:2025:27
[INFO] [stdout]      |
[INFO] [stdout] 2025 | println!("Allocated: {}", ip.address);
[INFO] [stdout]      |                      --   ^^^^^^^^^^ `Option<String>` cannot be formatted with the default formatter
[INFO] [stdout]      |                      |
[INFO] [stdout]      |                      required by this formatting parameter
[INFO] [stdout]      |
[INFO] [stdout]      = help: the trait `std::fmt::Display` is not implemented for `Option<String>`
[INFO] [stdout]      = note: in format strings you may be able to use `{:?}` (or `{:#?}` for pretty-print) instead
[INFO] [stdout] 
[INFO] [stdout] error: aborting due to 1 previous error
[INFO] [stdout] 
[INFO] [stdout] For more information about this error, try `rustc --explain E0277`.
[INFO] [stdout] Couldn't compile the test.
[INFO] [stdout] ---- src/lib.rs - (line 33) stdout ----
[INFO] [stdout] error[E0599]: no method named `order` found for struct `ScalewayListInstanceBuilder` in the current scope
[INFO] [stdout]   --> src/lib.rs:51:10
[INFO] [stdout]    |
[INFO] [stdout] 49 |     let instances = api
[INFO] [stdout] 50 |         .list_instances(region)
[INFO] [stdout] 51 |         .order("creation_date_asc")
[INFO] [stdout]    |          ^^^^^
[INFO] [stdout]    |
[INFO] [stdout] help: there is a method `order_by` with a similar name
[INFO] [stdout]    |
[INFO] [stdout] 51 |         .order_by("creation_date_asc")
[INFO] [stdout]    |               +++
[INFO] [stdout] 
[INFO] [stdout] error: aborting due to 1 previous error
[INFO] [stdout] 
[INFO] [stdout] For more information about this error, try `rustc --explain E0599`.
[INFO] [stdout] Couldn't compile the test.
[INFO] [stdout] ---- src/lib.rs - ScalewayApi::get_api_key_async (line 1727) stdout ----
[INFO] [stdout] error[E0277]: `Option<time::offset_date_time::OffsetDateTime>` doesn't implement `std::fmt::Display`
[INFO] [stdout]     --> src/lib.rs:1734:25
[INFO] [stdout]      |
[INFO] [stdout] 1734 | println!("Created: {}", key.created_at);
[INFO] [stdout]      |                    --   ^^^^^^^^^^^^^^ `Option<time::offset_date_time::OffsetDateTime>` cannot be formatted with the default formatter
[INFO] [stdout]      |                    |
[INFO] [stdout]      |                    required by this formatting parameter
[INFO] [stdout]      |
[INFO] [stdout]      = help: the trait `std::fmt::Display` is not implemented for `Option<time::offset_date_time::OffsetDateTime>`
[INFO] [stdout]      = note: in format strings you may be able to use `{:?}` (or `{:#?}` for pretty-print) instead
[INFO] [stdout] 
[INFO] [stdout] error: aborting due to 1 previous error
[INFO] [stdout] 
[INFO] [stdout] For more information about this error, try `rustc --explain E0277`.
[INFO] [stdout] Couldn't compile the test.
[INFO] [stdout] ---- src/lib.rs - ScalewayApi::get_flexible_ip_async (line 2106) stdout ----
[INFO] [stdout] error[E0277]: `Option<String>` doesn't implement `std::fmt::Display`
[INFO] [stdout]     --> src/lib.rs:2113:16
[INFO] [stdout]      |
[INFO] [stdout] 2113 | println!("{}", ip.address);
[INFO] [stdout]      |           --   ^^^^^^^^^^ `Option<String>` cannot be formatted with the default formatter
[INFO] [stdout]      |           |
[INFO] [stdout]      |           required by this formatting parameter
[INFO] [stdout]      |
[INFO] [stdout]      = help: the trait `std::fmt::Display` is not implemented for `Option<String>`
[INFO] [stdout]      = note: in format strings you may be able to use `{:?}` (or `{:#?}` for pretty-print) instead
[INFO] [stdout] 
[INFO] [stdout] error: aborting due to 1 previous error
[INFO] [stdout] 
[INFO] [stdout] For more information about this error, try `rustc --explain E0277`.
[INFO] [stdout] Couldn't compile the test.
[INFO] [stdout] ---- src/lib.rs - ScalewayApi::list_dns_records_async (line 2237) stdout ----
[INFO] [stdout] error[E0609]: no field `r#type` on type `&ScalewayDnsRecord`
[INFO] [stdout]     --> src/lib.rs:2245:36
[INFO] [stdout]      |
[INFO] [stdout] 2245 |     println!("{} {} {}", r.name, r.r#type, r.data);
[INFO] [stdout]      |                                    ^^^^^^ unknown field
[INFO] [stdout]      |
[INFO] [stdout]      = note: available fields are: `id`, `data`, `name`, `priority`, `ttl` ... and 2 others
[INFO] [stdout] 
[INFO] [stdout] error: aborting due to 1 previous error
[INFO] [stdout] 
[INFO] [stdout] For more information about this error, try `rustc --explain E0609`.
[INFO] [stdout] Couldn't compile the test.
[INFO] [stdout] ---- src/lib.rs - ScalewayApi::list_flexible_ips (line 2037) stdout ----
[INFO] [stdout] error[E0277]: `Option<String>` doesn't implement `std::fmt::Display`
[INFO] [stdout]     --> src/lib.rs:2045:20
[INFO] [stdout]      |
[INFO] [stdout] 2045 |     println!("{}", ip.address);
[INFO] [stdout]      |               --   ^^^^^^^^^^ `Option<String>` cannot be formatted with the default formatter
[INFO] [stdout]      |               |
[INFO] [stdout]      |               required by this formatting parameter
[INFO] [stdout]      |
[INFO] [stdout]      = help: the trait `std::fmt::Display` is not implemented for `Option<String>`
[INFO] [stdout]      = note: in format strings you may be able to use `{:?}` (or `{:#?}` for pretty-print) instead
[INFO] [stdout] 
[INFO] [stdout] error: aborting due to 1 previous error
[INFO] [stdout] 
[INFO] [stdout] For more information about this error, try `rustc --explain E0277`.
[INFO] [stdout] Couldn't compile the test.
[INFO] [stdout] ---- src/lib.rs - ScalewayApi::list_instances (line 530) stdout ----
[INFO] [stdout] error[E0599]: no method named `order` found for struct `ScalewayListInstanceBuilder` in the current scope
[INFO] [stdout]    --> src/lib.rs:538:6
[INFO] [stdout]     |
[INFO] [stdout] 536 | let instances = api
[INFO] [stdout] 537 |     .list_instances("fr-par-1")
[INFO] [stdout] 538 |     .order("creation_date_asc")
[INFO] [stdout]     |      ^^^^^
[INFO] [stdout]     |
[INFO] [stdout] help: there is a method `order_by` with a similar name
[INFO] [stdout]     |
[INFO] [stdout] 538 |     .order_by("creation_date_asc")
[INFO] [stdout]     |           +++
[INFO] [stdout] 
[INFO] [stdout] error: aborting due to 1 previous error
[INFO] [stdout] 
[INFO] [stdout] For more information about this error, try `rustc --explain E0599`.
[INFO] [stdout] Couldn't compile the test.
[INFO] [stdout] 
[INFO] [stdout] failures:
[INFO] [stdout]     src/builder/update_flexible_ip_builder.rs - builder::update_flexible_ip_builder::ScalewayUpdateFlexibleIpBuilder::run_async (line 78)
[INFO] [stdout]     src/lib.rs - (line 33)
[INFO] [stdout]     src/lib.rs - ScalewayApi::create_flexible_ip (line 2015)
[INFO] [stdout]     src/lib.rs - ScalewayApi::get_api_key_async (line 1727)
[INFO] [stdout]     src/lib.rs - ScalewayApi::get_flexible_ip_async (line 2106)
[INFO] [stdout]     src/lib.rs - ScalewayApi::list_dns_records_async (line 2237)
[INFO] [stdout]     src/lib.rs - ScalewayApi::list_flexible_ips (line 2037)
[INFO] [stdout]     src/lib.rs - ScalewayApi::list_instances (line 530)
[INFO] [stdout] 
[INFO] [stdout] test result: FAILED. 48 passed; 8 failed; 1 ignored; 0 measured; 0 filtered out; finished in 2.39s
[INFO] [stdout] 
[INFO] [stdout] all doctests ran in 2.91s; merged doctests compilation took 0.51s
[INFO] [stderr] error: doctest failed, to rerun pass `--doc`
[INFO] running `Command { std: "docker" "inspect" "689a43a0df8c494c5aa79f0eefc2af703ac51373ddc12c0e27701d6f7afbcb52", kill_on_drop: false }`
[INFO] running `Command { std: "docker" "rm" "-f" "689a43a0df8c494c5aa79f0eefc2af703ac51373ddc12c0e27701d6f7afbcb52", kill_on_drop: false }`
[INFO] [stdout] 689a43a0df8c494c5aa79f0eefc2af703ac51373ddc12c0e27701d6f7afbcb52
