[INFO] fetching crate scaffold-gen 0.12.0...
[INFO] testing scaffold-gen-0.12.0 against 1.100.0-beta.1 for beta-1.100-2
[INFO] extracting crate scaffold-gen 0.12.0 into /workspace/builds/worker-2-tc2/source
[INFO] started tweaking crates.io crate scaffold-gen 0.12.0
[INFO] removed 0 missing tests
[INFO] finished tweaking crates.io crate scaffold-gen 0.12.0
[INFO] tweaked toml for crates.io crate scaffold-gen 0.12.0 written to /workspace/builds/worker-2-tc2/source/Cargo.toml
[INFO] validating manifest of crates.io crate scaffold-gen 0.12.0 on toolchain 1.100.0-beta.1
[INFO] running `Command { std: CARGO_HOME="/workspace/cargo-home" RUSTUP_HOME="/workspace/rustup-home" "/workspace/cargo-home/bin/cargo" "+1.100.0-beta.1" "metadata" "--manifest-path" "Cargo.toml" "--no-deps", kill_on_drop: false }`
[INFO] crate crates.io crate scaffold-gen 0.12.0 already has a lockfile, it will not be regenerated
[INFO] running `Command { std: CARGO_HOME="/workspace/cargo-home" RUSTUP_HOME="/workspace/rustup-home" "/workspace/cargo-home/bin/cargo" "+1.100.0-beta.1" "fetch" "--manifest-path" "Cargo.toml", kill_on_drop: false }`
[INFO] [stderr] warning: `package.homepage` is redundant with `package.repository`
[INFO] [stderr]    --> Cargo.toml:97:12
[INFO] [stderr]     |
[INFO] [stderr]  97 | homepage = "https://github.com/sunerpy/scaffold-gen"
[INFO] [stderr]     |            ^^^^^^^^^^^^^^^^^^^^^^^^^^^^^^^^^^^^^^^^^
[INFO] [stderr] ...
[INFO] [stderr] 102 | repository = "https://github.com/sunerpy/scaffold-gen"
[INFO] [stderr]     |              -----------------------------------------
[INFO] [stderr]     |
[INFO] [stderr]     = note: `cargo::redundant_homepage` is set to `warn` by default
[INFO] [stderr] help: consider removing `package.homepage`
[INFO] [stderr] warning: `scaffold-gen` (manifest) generated 1 warning
[INFO] running `Command { std: "docker" "create" "-v" "/var/lib/crater-agent-workspace/builds/worker-2-tc2/source:/opt/rustwide/workdir:ro,Z" "-v" "/var/lib/crater-agent-workspace/builds/worker-2-tc2/target:/opt/rustwide/target:rw,Z" "-v" "/var/lib/crater-agent-workspace/cargo-home:/opt/rustwide/cargo-home:ro,Z" "-v" "/var/lib/crater-agent-workspace/rustup-home:/opt/rustwide/rustup-home:ro,Z" "-m" "1610612736" "--network" "none" "ghcr.io/rust-lang/crates-build-env/linux@sha256:3111399a4047eeb3a02b7a90e478d715f38a8c6669b5c4b49d30a17385265909" "sleep" "infinity", kill_on_drop: false }`
[INFO] [stdout] b949810f6faaaad68745dbd0d38000a431f9e02642afa27bdf38e145194c3a5c
[INFO] running `Command { std: "docker" "start" "b949810f6faaaad68745dbd0d38000a431f9e02642afa27bdf38e145194c3a5c", kill_on_drop: false }`
[INFO] running `Command { std: "docker" "inspect" "b949810f6faaaad68745dbd0d38000a431f9e02642afa27bdf38e145194c3a5c", kill_on_drop: false }`
[INFO] running `Command { std: "docker" "exec" "-e" "SOURCE_DIR=/opt/rustwide/workdir" "-e" "CARGO_HOME=/opt/rustwide/cargo-home" "-e" "RUSTUP_HOME=/opt/rustwide/rustup-home" "-e" "CARGO_TARGET_DIR=/opt/rustwide/target" "-w" "/opt/rustwide/workdir" "--user" "0:0" "b949810f6faaaad68745dbd0d38000a431f9e02642afa27bdf38e145194c3a5c" "/opt/rustwide/cargo-home/bin/cargo" "+1.100.0-beta.1" "metadata" "--no-deps" "--format-version=1", kill_on_drop: false }`
[INFO] running `Command { std: "docker" "inspect" "b949810f6faaaad68745dbd0d38000a431f9e02642afa27bdf38e145194c3a5c", kill_on_drop: false }`
[INFO] running `Command { std: "docker" "exec" "-e" "SOURCE_DIR=/opt/rustwide/workdir" "-e" "CARGO_HOME=/opt/rustwide/cargo-home" "-e" "RUSTUP_HOME=/opt/rustwide/rustup-home" "-e" "CARGO_TARGET_DIR=/opt/rustwide/target" "-e" "CARGO_INCREMENTAL=0" "-e" "RUST_BACKTRACE=full" "-e" "RUSTFLAGS=--cap-lints=warn" "-e" "RUSTDOCFLAGS=--cap-lints=warn" "-w" "/opt/rustwide/workdir" "--user" "0:0" "b949810f6faaaad68745dbd0d38000a431f9e02642afa27bdf38e145194c3a5c" "/opt/rustwide/cargo-home/bin/cargo" "+1.100.0-beta.1" "build" "--frozen" "--message-format=json", kill_on_drop: false }`
[INFO] [stderr] warning: `package.homepage` is redundant with `package.repository`
[INFO] [stderr]    --> Cargo.toml:97:12
[INFO] [stderr]     |
[INFO] [stderr]  97 | homepage = "https://github.com/sunerpy/scaffold-gen"
[INFO] [stderr]     |            ^^^^^^^^^^^^^^^^^^^^^^^^^^^^^^^^^^^^^^^^^
[INFO] [stderr] ...
[INFO] [stderr] 102 | repository = "https://github.com/sunerpy/scaffold-gen"
[INFO] [stderr]     |              -----------------------------------------
[INFO] [stderr]     |
[INFO] [stderr]     = note: `cargo::redundant_homepage` is set to `warn` by default
[INFO] [stderr] help: consider removing `package.homepage`
[INFO] [stderr] warning: `scaffold-gen` (manifest) generated 1 warning
[INFO] [stderr]    Compiling proc-macro2 v1.0.103
[INFO] [stderr]    Compiling unicode-ident v1.0.22
[INFO] [stderr]    Compiling quote v1.0.42
[INFO] [stderr]    Compiling libc v0.2.178
[INFO] [stderr]    Compiling log v0.4.29
[INFO] [stderr]    Compiling memchr v2.7.6
[INFO] [stderr]    Compiling bytes v1.11.0
[INFO] [stderr]    Compiling bitflags v2.10.0
[INFO] [stderr]    Compiling find-msvc-tools v0.1.5
[INFO] [stderr]    Compiling rustix v1.1.2
[INFO] [stderr]    Compiling tracing-core v0.1.36
[INFO] [stderr]    Compiling linux-raw-sys v0.11.0
[INFO] [stderr]    Compiling rustls v0.23.41
[INFO] [stderr]    Compiling unicode-width v0.2.2
[INFO] [stderr]    Compiling crc32fast v1.5.0
[INFO] [stderr]    Compiling getrandom v0.3.4
[INFO] [stderr]    Compiling cc v1.2.49
[INFO] [stderr]    Compiling regex-syntax v0.8.8
[INFO] [stderr]    Compiling simd-adler32 v0.3.9
[INFO] [stderr]    Compiling portable-atomic v1.11.1
[INFO] [stderr]    Compiling unicode-segmentation v1.12.0
[INFO] [stderr]    Compiling signal-hook v0.3.18
[INFO] [stderr]    Compiling anstyle-parse v0.2.7
[INFO] [stderr]    Compiling serde_json v1.0.145
[INFO] [stderr]    Compiling colorchoice v1.0.4
[INFO] [stderr]    Compiling miniz_oxide v0.8.9
[INFO] [stderr]    Compiling webpki-roots v1.0.8
[INFO] [stderr]    Compiling thread_local v1.1.9
[INFO] [stderr]    Compiling anstream v0.6.21
[INFO] [stderr]    Compiling zip v2.4.2
[INFO] [stderr]    Compiling bumpalo v3.19.1
[INFO] [stderr]    Compiling clap_lex v0.7.6
[INFO] [stderr]    Compiling convert_case v0.10.0
[INFO] [stderr]    Compiling time v0.3.51
[INFO] [stderr]    Compiling futures-util v0.3.32
[INFO] [stderr]    Compiling aho-corasick v1.1.4
[INFO] [stderr]    Compiling flate2 v1.1.9
[INFO] [stderr]    Compiling zopfli v0.8.3
[INFO] [stderr]    Compiling http v1.4.2
[INFO] [stderr]    Compiling clap_builder v4.5.53
[INFO] [stderr]    Compiling signal-hook-registry v1.4.7
[INFO] [stderr]    Compiling parking_lot_core v0.9.12
[INFO] [stderr]    Compiling mio v1.1.1
[INFO] [stderr]    Compiling syn v2.0.111
[INFO] [stderr]    Compiling parking_lot v0.12.5
[INFO] [stderr]    Compiling socket2 v0.6.1
[INFO] [stderr]    Compiling getrandom v0.2.17
[INFO] [stderr]    Compiling signal-hook-mio v0.2.5
[INFO] [stderr]    Compiling console v0.15.11
[INFO] [stderr]    Compiling filetime v0.2.29
[INFO] [stderr]    Compiling regex-automata v0.4.13
[INFO] [stderr]    Compiling number_prefix v0.4.0
[INFO] [stderr]    Compiling anyhow v1.0.100
[INFO] [stderr]    Compiling self_update v0.42.0
[INFO] [stderr]    Compiling sharded-slab v0.1.7
[INFO] [stderr]    Compiling digest v0.10.7
[INFO] [stderr]    Compiling include_dir_macros v0.7.4
[INFO] [stderr]    Compiling console v0.16.2
[INFO] [stderr]    Compiling ring v0.17.14
[INFO] [stderr]    Compiling quick-xml v0.37.5
[INFO] [stderr]    Compiling indicatif v0.17.11
[INFO] [stderr]    Compiling tracing-log v0.2.0
[INFO] [stderr]    Compiling fuzzy-matcher v0.3.7
[INFO] [stderr]    Compiling http-body v1.0.1
[INFO] [stderr]    Compiling http-body-util v0.1.3
[INFO] [stderr]    Compiling either v1.16.0
[INFO] [stderr]    Compiling env_home v0.1.0
[INFO] [stderr]    Compiling unit-prefix v0.5.2
[INFO] [stderr]    Compiling dyn-clone v1.0.20
[INFO] [stderr]    Compiling scaffold-gen v0.12.0 (/opt/rustwide/workdir)
[INFO] [stderr]    Compiling semver v1.0.27
[INFO] [stderr]    Compiling iana-time-zone v0.1.64
[INFO] [stderr]    Compiling memo-map v0.3.3
[INFO] [stderr]    Compiling tempfile v3.23.0
[INFO] [stderr]    Compiling xattr v1.6.1
[INFO] [stderr]    Compiling self_cell v1.2.2
[INFO] [stderr]    Compiling nu-ansi-term v0.50.3
[INFO] [stderr] warning: scaffold-gen@0.12.0: Source binary not found: /opt/rustwide/workdir/target/debug/scafgen
[INFO] [stderr]    Compiling which v8.0.0
[INFO] [stderr]    Compiling indicatif v0.18.3
[INFO] [stderr]    Compiling tar v0.4.46
[INFO] [stderr]    Compiling sha2 v0.10.9
[INFO] [stderr]    Compiling include_dir v0.7.4
[INFO] [stderr]    Compiling self-replace v1.5.0
[INFO] [stderr]    Compiling regex v1.12.2
[INFO] [stderr]    Compiling matchers v0.2.0
[INFO] [stderr]    Compiling synstructure v0.13.2
[INFO] [stderr]    Compiling zerofrom-derive v0.1.6
[INFO] [stderr]    Compiling yoke-derive v0.8.1
[INFO] [stderr]    Compiling zerovec-derive v0.11.2
[INFO] [stderr]    Compiling displaydoc v0.2.6
[INFO] [stderr]    Compiling tokio-macros v2.6.0
[INFO] [stderr]    Compiling tracing-attributes v0.1.31
[INFO] [stderr]    Compiling serde_derive v1.0.228
[INFO] [stderr]    Compiling derive_more-impl v2.1.0
[INFO] [stderr]    Compiling thiserror-impl v2.0.18
[INFO] [stderr]    Compiling clap_derive v4.5.49
[INFO] [stderr]    Compiling async-trait v0.1.89
[INFO] [stderr]    Compiling tokio v1.48.0
[INFO] [stderr]    Compiling zerofrom v0.1.8
[INFO] [stderr]    Compiling yoke v0.8.1
[INFO] [stderr]    Compiling derive_more v2.1.0
[INFO] [stderr]    Compiling crossterm v0.29.0
[INFO] [stderr]    Compiling zerovec v0.11.5
[INFO] [stderr]    Compiling zerotrie v0.2.3
[INFO] [stderr]    Compiling thiserror v2.0.18
[INFO] [stderr]    Compiling tracing v0.1.44
[INFO] [stderr]    Compiling tracing-subscriber v0.3.23
[INFO] [stderr]    Compiling clap v4.5.53
[INFO] [stderr]    Compiling clap_complete v4.6.5
[INFO] [stderr]    Compiling tinystr v0.8.2
[INFO] [stderr]    Compiling potential_utf v0.1.4
[INFO] [stderr]    Compiling icu_collections v2.1.1
[INFO] [stderr]    Compiling icu_locale_core v2.1.1
[INFO] [stderr]    Compiling inquire v0.9.1
[INFO] [stderr]    Compiling rustls-webpki v0.103.13
[INFO] [stderr]    Compiling icu_provider v2.1.1
[INFO] [stderr]    Compiling serde v1.0.228
[INFO] [stderr]    Compiling icu_normalizer v2.1.1
[INFO] [stderr]    Compiling icu_properties v2.1.2
[INFO] [stderr]    Compiling serde_urlencoded v0.7.1
[INFO] [stderr]    Compiling chrono v0.4.42
[INFO] [stderr]    Compiling minijinja v2.14.0
[INFO] [stderr]    Compiling idna_adapter v1.2.1
[INFO] [stderr]    Compiling idna v1.1.0
[INFO] [stderr]    Compiling url v2.5.8
[INFO] [stderr]    Compiling tokio-util v0.7.18
[INFO] [stderr]    Compiling tower v0.5.3
[INFO] [stderr]    Compiling tower-http v0.6.11
[INFO] [stderr]    Compiling h2 v0.4.15
[INFO] [stderr]    Compiling tokio-rustls v0.26.4
[INFO] [stderr]    Compiling hyper v1.10.1
[INFO] [stderr]    Compiling hyper-util v0.1.20
[INFO] [stderr]    Compiling hyper-rustls v0.27.9
[INFO] [stderr]    Compiling reqwest v0.12.28
[INFO] [stderr] warning: unused dependency `async-trait`
[INFO] [stderr]  --> Cargo.toml:8:15
[INFO] [stderr]   |
[INFO] [stderr] 8 | [dependencies.async-trait]
[INFO] [stderr]   |               ^^^^^^^^^^^^
[INFO] [stderr]   |
[INFO] [stderr]   = note: `cargo::unused_dependencies` is set to `warn` by default
[INFO] [stderr] help: consider removing the dependency on `async-trait`
[INFO] [stderr] warning: unused dependency `colored`
[INFO] [stderr]   --> Cargo.toml:22:15
[INFO] [stderr]    |
[INFO] [stderr] 22 | [dependencies.colored]
[INFO] [stderr]    |               ^^^^^^^^
[INFO] [stderr]    |
[INFO] [stderr] help: consider removing the dependency on `colored`
[INFO] [stderr] warning: unused dependency `indicatif`
[INFO] [stderr]   --> Cargo.toml:28:15
[INFO] [stderr]    |
[INFO] [stderr] 28 | [dependencies.indicatif]
[INFO] [stderr]    |               ^^^^^^^^^^
[INFO] [stderr]    |
[INFO] [stderr] help: consider removing the dependency on `indicatif`
[INFO] [stderr] warning: unused dependency `walkdir`
[INFO] [stderr]   --> Cargo.toml:73:15
[INFO] [stderr]    |
[INFO] [stderr] 73 | [dependencies.walkdir]
[INFO] [stderr]    |               ^^^^^^^^
[INFO] [stderr]    |
[INFO] [stderr] help: consider removing the dependency on `walkdir`
[INFO] [stderr] warning: `scaffold-gen` (manifest) generated 4 warnings
[INFO] [stderr]     Finished `dev` profile [unoptimized + debuginfo] target(s) in 1m 27s
[INFO] running `Command { std: "docker" "inspect" "b949810f6faaaad68745dbd0d38000a431f9e02642afa27bdf38e145194c3a5c", kill_on_drop: false }`
[INFO] running `Command { std: "docker" "exec" "-e" "SOURCE_DIR=/opt/rustwide/workdir" "-e" "CARGO_HOME=/opt/rustwide/cargo-home" "-e" "RUSTUP_HOME=/opt/rustwide/rustup-home" "-e" "CARGO_TARGET_DIR=/opt/rustwide/target" "-e" "CARGO_INCREMENTAL=0" "-e" "RUST_BACKTRACE=full" "-e" "RUSTFLAGS=--cap-lints=warn" "-e" "RUSTDOCFLAGS=--cap-lints=warn" "-w" "/opt/rustwide/workdir" "--user" "0:0" "b949810f6faaaad68745dbd0d38000a431f9e02642afa27bdf38e145194c3a5c" "/opt/rustwide/cargo-home/bin/cargo" "+1.100.0-beta.1" "test" "--frozen" "--no-run" "--message-format=json", kill_on_drop: false }`
[INFO] [stderr] warning: `package.homepage` is redundant with `package.repository`
[INFO] [stderr]    --> Cargo.toml:97:12
[INFO] [stderr]     |
[INFO] [stderr]  97 | homepage = "https://github.com/sunerpy/scaffold-gen"
[INFO] [stderr]     |            ^^^^^^^^^^^^^^^^^^^^^^^^^^^^^^^^^^^^^^^^^
[INFO] [stderr] ...
[INFO] [stderr] 102 | repository = "https://github.com/sunerpy/scaffold-gen"
[INFO] [stderr]     |              -----------------------------------------
[INFO] [stderr]     |
[INFO] [stderr]     = note: `cargo::redundant_homepage` is set to `warn` by default
[INFO] [stderr] help: consider removing `package.homepage`
[INFO] [stderr] warning: `scaffold-gen` (manifest) generated 1 warning
[INFO] [stderr] warning: scaffold-gen@0.12.0: Source binary not found: /opt/rustwide/workdir/target/debug/scafgen
[INFO] [stderr]    Compiling scaffold-gen v0.12.0 (/opt/rustwide/workdir)
[INFO] [stderr] warning: unused dependency `async-trait`
[INFO] [stderr]  --> Cargo.toml:8:15
[INFO] [stderr]   |
[INFO] [stderr] 8 | [dependencies.async-trait]
[INFO] [stderr]   |               ^^^^^^^^^^^^
[INFO] [stderr]   |
[INFO] [stderr]   = note: `cargo::unused_dependencies` is set to `warn` by default
[INFO] [stderr] help: consider removing the dependency on `async-trait`
[INFO] [stderr] warning: unused dependency `colored`
[INFO] [stderr]   --> Cargo.toml:22:15
[INFO] [stderr]    |
[INFO] [stderr] 22 | [dependencies.colored]
[INFO] [stderr]    |               ^^^^^^^^
[INFO] [stderr]    |
[INFO] [stderr] help: consider removing the dependency on `colored`
[INFO] [stderr] warning: unused dependency `indicatif`
[INFO] [stderr]   --> Cargo.toml:28:15
[INFO] [stderr]    |
[INFO] [stderr] 28 | [dependencies.indicatif]
[INFO] [stderr]    |               ^^^^^^^^^^
[INFO] [stderr]    |
[INFO] [stderr] help: consider removing the dependency on `indicatif`
[INFO] [stderr] warning: `scaffold-gen` (manifest) generated 3 warnings
[INFO] [stderr]     Finished `test` profile [unoptimized + debuginfo] target(s) in 12.44s
[INFO] running `Command { std: "docker" "inspect" "b949810f6faaaad68745dbd0d38000a431f9e02642afa27bdf38e145194c3a5c", kill_on_drop: false }`
[INFO] running `Command { std: "docker" "exec" "-e" "SOURCE_DIR=/opt/rustwide/workdir" "-e" "CARGO_HOME=/opt/rustwide/cargo-home" "-e" "RUSTUP_HOME=/opt/rustwide/rustup-home" "-e" "CARGO_TARGET_DIR=/opt/rustwide/target" "-e" "CARGO_INCREMENTAL=0" "-e" "RUST_BACKTRACE=full" "-e" "RUSTFLAGS=--cap-lints=warn" "-e" "RUSTDOCFLAGS=--cap-lints=warn" "-w" "/opt/rustwide/workdir" "--user" "0:0" "b949810f6faaaad68745dbd0d38000a431f9e02642afa27bdf38e145194c3a5c" "/opt/rustwide/cargo-home/bin/cargo" "+1.100.0-beta.1" "test" "--frozen", kill_on_drop: false }`
[INFO] [stderr] warning: `package.homepage` is redundant with `package.repository`
[INFO] [stderr]    --> Cargo.toml:97:12
[INFO] [stderr]     |
[INFO] [stderr]  97 | homepage = "https://github.com/sunerpy/scaffold-gen"
[INFO] [stderr]     |            ^^^^^^^^^^^^^^^^^^^^^^^^^^^^^^^^^^^^^^^^^
[INFO] [stderr] ...
[INFO] [stderr] 102 | repository = "https://github.com/sunerpy/scaffold-gen"
[INFO] [stderr]     |              -----------------------------------------
[INFO] [stderr]     |
[INFO] [stderr]     = note: `cargo::redundant_homepage` is set to `warn` by default
[INFO] [stderr] help: consider removing `package.homepage`
[INFO] [stderr] warning: `scaffold-gen` (manifest) generated 1 warning
[INFO] [stderr] warning: scaffold-gen@0.12.0: Source binary not found: /opt/rustwide/workdir/target/debug/scafgen
[INFO] [stderr] warning: unused dependency `async-trait`
[INFO] [stderr]  --> Cargo.toml:8:15
[INFO] [stderr]   |
[INFO] [stderr] 8 | [dependencies.async-trait]
[INFO] [stderr]   |               ^^^^^^^^^^^^
[INFO] [stderr]   |
[INFO] [stderr]   = note: `cargo::unused_dependencies` is set to `warn` by default
[INFO] [stderr] help: consider removing the dependency on `async-trait`
[INFO] [stderr] warning: unused dependency `colored`
[INFO] [stderr]   --> Cargo.toml:22:15
[INFO] [stderr]    |
[INFO] [stderr] 22 | [dependencies.colored]
[INFO] [stderr]    |               ^^^^^^^^
[INFO] [stderr]    |
[INFO] [stderr] help: consider removing the dependency on `colored`
[INFO] [stderr] warning: unused dependency `indicatif`
[INFO] [stderr]   --> Cargo.toml:28:15
[INFO] [stderr]    |
[INFO] [stderr] 28 | [dependencies.indicatif]
[INFO] [stderr]    |               ^^^^^^^^^^
[INFO] [stderr]    |
[INFO] [stderr] help: consider removing the dependency on `indicatif`
[INFO] [stderr] warning: `scaffold-gen` (manifest) generated 3 warnings
[INFO] [stderr]     Finished `test` profile [unoptimized + debuginfo] target(s) in 0.52s
[INFO] [stderr]      Running unittests src/lib.rs (/opt/rustwide/target/debug/build/scaffold-gen/62fd6d9f693c384c/out/scaffold_gen-62fd6d9f693c384c)
[INFO] [stdout] 
[INFO] [stdout] running 167 tests
[INFO] [stdout] test constants::tests::mcp_server_parses_round_trips_and_is_listed_for_go ... ok
[INFO] [stdout] test constants::tests::test_to_pascal_case ... ok
[INFO] [stdout] test constants::tests::test_to_snake_case ... ok
[INFO] [stdout] test generators::auth_options::tests::as_str_values ... ok
[INFO] [stdout] test constants::tests::docker_image_name_slug_is_length_bounded_and_distinct_on_truncation ... ok
[INFO] [stdout] test generators::auth_options::tests::default_is_none ... ok
[INFO] [stdout] test generators::auth_options::tests::is_azure_ad_flag ... ok
[INFO] [stdout] test generators::auth_options::tests::is_enabled_flag ... ok
[INFO] [stdout] test generators::auth_options::tests::parse_azure_ad_aliases ... ok
[INFO] [stdout] test generators::auth_options::tests::parse_bogus_is_none ... ok
[INFO] [stdout] test generators::auth_options::tests::parse_is_case_insensitive ... ok
[INFO] [stdout] test constants::tests::cargo_package_name_preserves_legal_names_and_prefixes_leading_digits ... ok
[INFO] [stdout] test generators::auth_options::tests::parse_round_trip_for_both_modes ... ok
[INFO] [stdout] test generators::core::base_parameters::tests::default_leaves_name_empty_and_module_none ... ok
[INFO] [stdout] test generators::core::base_parameters::tests::inheritable_blanket_impl_merges_extended_context_over_base ... ok
[INFO] [stdout] test generators::core::base_parameters::tests::inheritable_blanket_impl_validate_delegates_to_base ... ok
[INFO] [stdout] test generators::core::base_parameters::tests::validate_rejects_database_enabled_without_type ... ok
[INFO] [stdout] test generators::core::base_parameters::tests::validate_rejects_empty_license ... ok
[INFO] [stdout] test generators::core::base_parameters::tests::with_database_enables_flag_and_sets_type ... ok
[INFO] [stdout] test constants::tests::fastapi_parses_round_trips_and_is_listed_for_python ... ok
[INFO] [stdout] test generators::core::context::tests::to_template_context_aliases_mirror_their_sources ... ok
[INFO] [stdout] test generators::core::context::tests::to_template_context_includes_author_and_database_when_present ... ok
[INFO] [stdout] test generators::core::context::tests::to_template_context_contains_expected_key_set_for_defaults ... ok
[INFO] [stdout] test generators::core::base_parameters::tests::new_sets_name_and_module_name_and_defaults ... ok
[INFO] [stdout] test generators::core::base_parameters::tests::validate_accepts_default_params ... ok
[INFO] [stdout] test generators::core::context::tests::to_template_context_omits_optional_keys_when_absent ... ok
[INFO] [stdout] test generators::core::base_parameters::tests::with_description_author_license_set_fields ... ok
[INFO] [stdout] test generators::core::context::tests::to_template_context_sanitizes_proto_package_identifiers ... ok
[INFO] [stdout] test generators::core::base_parameters::tests::validate_accepts_database_enabled_with_type ... ok
[INFO] [stdout] test generators::core::template_processor::tests::get_template_path_empty_relative_returns_root ... ok
[INFO] [stdout] test constants::tests::proto_ident_sanitizes_project_names ... ok
[INFO] [stdout] test constants::tests::mcp_server_python_parses_round_trips_and_is_listed_for_python ... ok
[INFO] [stdout] test constants::tests::docker_image_name_is_lowercase_slug_plus_digest_and_collision_resistant ... ok
[INFO] [stdout] test constants::tests::test_to_crate_ident_sanitizes_project_names ... ok
[INFO] [stdout] test generators::core::template_processor::tests::render_template_content_substitutes_variable ... ok
[INFO] [stdout] test generators::core::template_processor::tests::process_template_file_renders_single_embedded_template ... ok
[INFO] [stdout] test generators::core::template_processor::tests::render_template_content_errors_on_invalid_syntax ... ok
[INFO] [stdout] test generators::core::template_processor::tests::process_template_file_errors_on_missing_embedded_template ... ok
[INFO] [stdout] test generators::core::template_processor::tests::template_exists_reports_presence ... ok
[INFO] [stdout] test generators::framework::gin::parameters::tests::default_sets_gin_specific_flags ... ok
[INFO] [stdout] test generators::framework::gin::parameters::tests::with_cors_toggles_flag ... ok
[INFO] [stdout] test generators::framework::gin::parameters::tests::with_database_enables_flag_and_sets_type ... ok
[INFO] [stdout] test generators::framework::gin::parameters::tests::with_project_and_with_go_replace_sub_params ... ok
[INFO] [stdout] test generators::framework::gin::parameters::tests::with_redis_jwt_precommit_toggle_flags ... ok
[INFO] [stdout] test generators::framework::gin::parameters::tests::from_project_name_propagates_name_into_sub_params ... ok
[INFO] [stdout] test generators::framework::gin::parameters::tests::with_server_sets_host_and_port ... ok
[INFO] [stdout] test generators::framework::gin::parameters::tests::with_swagger_and_accessor_round_trip ... ok
[INFO] [stdout] test generators::framework::gin::parameters::tests::inheritable_params_expose_base_and_render_context ... ok
[INFO] [stdout] test generators::core::template_processor::tests::process_embedded_template_directory_copies_non_template_files_verbatim ... ok
[INFO] [stdout] test generators::core::context::tests::to_template_context_values_for_defaults ... ok
[INFO] [stdout] test generators::framework::react::parameters::tests::from_project_name_sets_name_and_defaults ... ok
[INFO] [stdout] test generators::framework::react::parameters::tests::to_template_context_carries_project_name_host_and_port ... ok
[INFO] [stdout] test generators::core::template_processor::tests::get_template_path_joins_relative_onto_root ... ok
[INFO] [stdout] test generators::framework::tauri::parameters::tests::extended_template_context_carries_tauri_keys ... ok
[INFO] [stdout] test generators::framework::tauri::parameters::tests::with_project_replaces_project_params ... ok
[INFO] [stdout] test generators::framework::tauri::parameters::tests::from_project_name_derives_identifier_stripping_separators ... ok
[INFO] [stdout] test generators::framework::tauri::parameters::tests::default_sets_tauri_specific_fields ... ok
[INFO] [stdout] test generators::framework::react::parameters::tests::default_sets_react_field_defaults ... ok
[INFO] [stdout] test generators::framework::vue3::parameters::tests::default_sets_vue3_field_defaults ... ok
[INFO] [stdout] test generators::framework::tauri::parameters::tests::inheritable_params_merge_base_and_extended_context ... ok
[INFO] [stdout] test generators::framework::tauri::parameters::tests::precommit_proto_error_builders_and_accessors_round_trip ... ok
[INFO] [stdout] test generators::gin_options::tests::with_server_sets_host_and_port ... ok
[INFO] [stdout] test generators::gin_options::tests::new_and_default_have_all_none ... ok
[INFO] [stdout] test generators::gin_options::tests::with_swagger_toggles_flag ... ok
[INFO] [stdout] test generators::language::go::parameters::tests::default_sets_go_specific_flags ... ok
[INFO] [stdout] test generators::language::go::parameters::tests::from_project_name_infers_module_and_extracts_name ... ok
[INFO] [stdout] test generators::language::go::parameters::tests::infer_module_name_lowercases_and_hyphenates ... ok
[INFO] [stdout] test generators::language::go::parameters::tests::new_extracts_project_name_from_module_path ... ok
[INFO] [stdout] test generators::language::go::parameters::tests::new_without_slash_uses_whole_name ... ok
[INFO] [stdout] test generators::language::go::parameters::tests::to_template_context_carries_module_name_and_go_version ... ok
[INFO] [stdout] test generators::language::go::parameters::tests::with_version_overrides_language_version ... ok
[INFO] [stdout] test generators::framework::vue3::parameters::tests::to_template_context_carries_project_name_host_and_port ... ok
[INFO] [stdout] test generators::language::python::parameters::tests::default_matches_min_version_and_tool_versions ... ok
[INFO] [stdout] test generators::core::template_processor::tests::process_embedded_template_directory_renders_python_into_tempdir ... ok
[INFO] [stdout] test generators::framework::vue3::parameters::tests::from_project_name_sets_name_and_defaults ... ok
[INFO] [stdout] test generators::gin_options::tests::with_license_sets_license ... ok
[INFO] [stdout] test generators::language::python::parameters::tests::new_sets_python_defaults ... ok
[INFO] [stdout] test generators::gin_options::tests::with_precommit_toggles_flag ... ok
[INFO] [stdout] test generators::language::python::parameters::tests::with_precommit_toggles_flag ... ok
[INFO] [stdout] test generators::language::python::parameters::tests::template_context_keeps_host_and_minimum_python_versions_distinct ... ok
[INFO] [stdout] test generators::language::python::parameters::tests::with_uv_version_sets_uv_version ... ok
[INFO] [stdout] test generators::language::python::parameters::tests::with_version_sets_language_version ... ok
[INFO] [stdout] test generators::language::python::parameters::tests::to_template_context_exposes_python_version_package_name_and_tools ... ok
[INFO] [stdout] test generators::core::template_processor::tests::process_embedded_template_directory_missing_path_yields_no_files ... ok
[INFO] [stdout] test generators::language::rust::parameters::tests::default_carries_rust_version_into_base_language_version ... ok
[INFO] [stdout] test generators::language::python::parameters::tests::package_name_normalizes_hyphen_space_and_case ... ok
[INFO] [stdout] test generators::gin_options::tests::builders_chain_and_compose ... ok
[INFO] [stdout] test generators::mcp_auth_context::tests::inject_into_inserts_all_five_keys ... ok
[INFO] [stdout] test generators::language::rust::parameters::tests::to_template_context_omits_cargo_version_when_none_and_includes_when_set ... ok
[INFO] [stdout] test generators::language::rust::parameters::tests::to_template_context_omits_rust_version_key_when_none ... ok
[INFO] [stdout] test generators::language::rust::parameters::tests::with_rust_version_sets_both_fields ... ok
[INFO] [stdout] test generators::language::rust::parameters::tests::new_sets_defaults ... ok
[INFO] [stdout] test constants::tests::test_to_kebab_case ... ok
[INFO] [stdout] test generators::mcp_options::tests::as_str_values ... ok
[INFO] [stdout] test generators::language::rust::parameters::tests::with_proto_gen_and_error_gen_toggle ... ok
[INFO] [stdout] test generators::mcp_auth_context::tests::inject_into_azure_ad_mode ... ok
[INFO] [stdout] test generators::mcp_options::tests::default_is_fastmcp ... ok
[INFO] [stdout] test generators::mcp_options::tests::is_official_flag ... ok
[INFO] [stdout] test generators::mcp_options::tests::parse_accepts_mcp_alias_for_official ... ok
[INFO] [stdout] test generators::mcp_options::tests::parse_bogus_is_none ... ok
[INFO] [stdout] test generators::mcp_options::tests::parse_round_trip_for_both_backends ... ok
[INFO] [stdout] test generators::language::python::generator::tests::rewrite_requires_python_updates_only_the_anchored_requirement ... ok
[INFO] [stdout] test generators::mcp_auth_context::tests::inject_into_no_auth ... ok
[INFO] [stdout] test generators::language::rust::parameters::tests::to_template_context_includes_rust_version_and_gen_flags ... ok
[INFO] [stdout] test generators::core::template_processor::tests::process_embedded_template_directory_leaves_no_unrendered_delimiters ... ok
[INFO] [stdout] test generators::orchestrator::tests::render_build_tooling_emits_makefile_and_dockerfile_for_rust ... ok
[INFO] [stdout] test generators::orchestrator::tests::rust_format_manifest_path_selects_root_or_tauri_manifest ... ok
[INFO] [stdout] test generators::orchestrator::tests::gin_build_dockerfile_remains_byte_identical ... ok
[INFO] [stdout] test generators::project::parameters::tests::default_has_empty_name_and_git_enabled_precommit_disabled ... ok
[INFO] [stdout] test generators::project::parameters::tests::builders_chain_compose_all_fields ... ok
[INFO] [stdout] test generators::project::parameters::tests::from_project_name_matches_new ... ok
[INFO] [stdout] test generators::project::parameters::tests::new_sets_project_specific_defaults ... ok
[INFO] [stdout] test generators::orchestrator::tests::go_mcp_build_tooling_uses_server_package_and_copies_config ... ok
[INFO] [stdout] test generators::orchestrator::tests::render_build_tooling_emits_makefile_and_dockerfile_for_python ... ok
[INFO] [stdout] test generators::project::parameters::tests::with_license_sets_license ... ok
[INFO] [stdout] test generators::core::template_processor::tests::process_embedded_template_directory_substitutes_project_name ... ok
[INFO] [stdout] test generators::project::parameters::tests::with_description_sets_description ... ok
[INFO] [stdout] test generators::registry::tests::mcp_python_resolves_to_python_embedded_async ... ok
[INFO] [stdout] test generators::registry::tests::fastapi_resolves_to_python_embedded_async ... ok
[INFO] [stdout] test generators::core::template_processor::tests::process_embedded_template_directory_creates_nested_directory_structure ... ok
[INFO] [stdout] test generators::project::parameters::tests::to_template_context_exposes_project_and_git_keys ... ok
[INFO] [stdout] test generators::registry::tests::all_specs_covers_every_framework_and_flags_gozero ... ok
[INFO] [stdout] test generators::registry::tests::gozero_is_unimplemented ... ok
[INFO] [stdout] test generators::project::parameters::tests::with_git_and_with_precommit_toggle_flags ... ok
[INFO] [stdout] test template_engine::tests::embedded_template_dir_exists_for_known_dirs ... ok
[INFO] [stdout] test template_engine::tests::get_embedded_template_content_returns_some_for_known_file ... ok
[INFO] [stdout] test generators::registry::tests::registry_language_matches_frameworks_for_language ... ok
[INFO] [stdout] test generators::registry::tests::mcp_server_resolves_to_go_embedded_async ... ok
[INFO] [stdout] test generators::registry::tests::proto_error_gen_only_for_rust_and_tauri ... ok
[INFO] [stdout] test generators::registry::tests::pure_language_paths_resolve_correctly ... ok
[INFO] [stdout] test template_engine::tests::get_embedded_template_files_filters_by_prefix_and_includes_main ... ok
[INFO] [stdout] test template_engine::tests::block_false_branch_is_omitted ... ok
[INFO] [stdout] test template_engine::tests::get_embedded_template_files_root_returns_all ... ok
[INFO] [stdout] test template_engine::tests::renders_variable_with_double_angle_delimiters ... ok
[INFO] [stdout] test template_engine::tests::renders_block_with_percent_delimiters ... ok
[INFO] [stdout] test template_engine::tests::to_camel_case_handles_empty_segments ... ok
[INFO] [stdout] test template_engine::tests::render_template_reads_embedded_by_path_and_substitutes ... ok
[INFO] [stdout] test template_engine::tests::strips_comment_with_hash_delimiters ... ok
[INFO] [stdout] test template_engine::tests::to_camel_case_fn_matches_current_behavior ... ok
[INFO] [stdout] test utils::env_checker::tests::test_parse_uv_version_empty ... ok
[INFO] [stdout] test utils::env_checker::tests::test_parse_uv_version_insufficient_tokens ... ok
[INFO] [stdout] test utils::env_checker::tests::test_parse_uv_version_multi_space ... ok
[INFO] [stdout] test utils::env_checker::tests::test_parse_uv_version_musl_with_arch ... ok
[INFO] [stdout] test utils::env_checker::tests::test_parse_uv_version_no_prefix ... ok
[INFO] [stdout] test utils::env_checker::tests::test_parse_uv_version_official_release ... ok
[INFO] [stdout] test utils::toolchain::tests::builder_records_cwd_and_args ... ok
[INFO] [stdout] test utils::toolchain::tests::command_outcome_accessors_expose_fields ... ok
[INFO] [stdout] test utils::toolchain::tests::display_formats_program_and_args ... ok
[INFO] [stdout] test template_engine::tests::to_snake_case_fn_matches_current_behavior ... ok
[INFO] [stdout] test generators::registry::tests::description_renders_project_name ... ok
[INFO] [stdout] test generators::registry::tests::every_listed_framework_resolves ... ok
[INFO] [stdout] test template_engine::tests::to_camel_case_filter_capitalizes_hyphen_segments ... ok
[INFO] [stdout] test utils::toolchain::tests::tool_available_returns_false_for_absent_binary ... ok
[INFO] [stdout] test utils::toolchain::tests::tool_available_true_for_present_binary ... ok
[INFO] [stdout] test generators::core::template_processor::tests::process_embedded_template_directory_renders_gin_framework ... ok
[INFO] [stdout] test template_engine::tests::to_snake_case_filter_replaces_hyphens ... ok
[INFO] [stdout] test generators::project::parameters::tests::with_author_sets_author ... ok
[INFO] [stdout] test template_engine::tests::embedded_python_main_template_exists ... ok
[INFO] [stdout] test template_engine::tests::undefined_variable_renders_empty ... ok
[INFO] [stdout] test utils::toolchain::tests::run_captures_output_of_a_real_command ... ok
[INFO] [stdout] test template_engine::tests::read_embedded_template_ok_and_err ... ok
[INFO] [stdout] test template_engine::tests::render_template_errors_on_missing_embedded_path ... ok
[INFO] [stdout] test utils::toolchain::tests::run_maps_command_not_found_to_error_not_panic ... ok
[INFO] [stdout] test generators::core::template_processor::tests::process_embedded_template_directory_errors_when_output_uncreatable ... FAILED
[INFO] [stdout] test generators::core::template_processor::tests::process_template_file_errors_when_output_dir_uncreatable ... FAILED
[INFO] [stdout] test utils::toolchain::tests::run_with_cwd_set_still_maps_missing_binary_to_error ... ok
[INFO] [stderr] error: 'cargo-fmt' is not installed for the toolchain '1.100.0-beta.1-x86_64-unknown-linux-gnu'.
[INFO] [stderr] help: run `rustup component add --toolchain 1.100.0-beta.1-x86_64-unknown-linux-gnu rustfmt` to install it
[INFO] [stdout] test generators::orchestrator::tests::format_rust_project_formats_pure_crate_and_skips_missing_tauri_manifest ... FAILED
[INFO] [stdout] 
[INFO] [stdout] failures:
[INFO] [stdout] 
[INFO] [stdout] ---- generators::core::template_processor::tests::process_embedded_template_directory_errors_when_output_uncreatable stdout ----
[INFO] [stdout] 
[INFO] [stdout] thread 'generators::core::template_processor::tests::process_embedded_template_directory_errors_when_output_uncreatable' (2504) panicked at src/generators/core/template_processor_tests.rs:233:10:
[INFO] [stdout] called `Result::unwrap_err()` on an `Ok` value: ()
[INFO] [stdout] stack backtrace:
[INFO] [stdout]    0:     0x62c60d97a0f1 - std[617be2ca0a6fd877]::backtrace_rs::backtrace::libunwind::trace
[INFO] [stdout]                                at /rustc/e3feeb59cd1bdd011a2bfcc0747b55125d9b8527/library/std/src/../../backtrace/src/backtrace/libunwind.rs:117:9
[INFO] [stdout]    1:     0x62c60d97a0f1 - std[617be2ca0a6fd877]::backtrace_rs::backtrace::trace_unsynchronized::<std[617be2ca0a6fd877]::sys::backtrace::_print_fmt::{closure#1}>
[INFO] [stdout]                                at /rustc/e3feeb59cd1bdd011a2bfcc0747b55125d9b8527/library/std/src/../../backtrace/src/backtrace/mod.rs:66:14
[INFO] [stdout]    2:     0x62c60d97a0f1 - std[617be2ca0a6fd877]::sys::backtrace::_print_fmt
[INFO] [stdout]                                at /rustc/e3feeb59cd1bdd011a2bfcc0747b55125d9b8527/library/std/src/sys/backtrace.rs:74:9
[INFO] [stdout]    3:     0x62c60d97a0f1 - <<std[617be2ca0a6fd877]::sys::backtrace::BacktraceLock>::print::DisplayBacktrace as core[a373ad73a504971]::fmt::Display>::fmt
[INFO] [stdout]                                at /rustc/e3feeb59cd1bdd011a2bfcc0747b55125d9b8527/library/std/src/sys/backtrace.rs:44:26
[INFO] [stdout]    4:     0x62c60d99297a - <core[a373ad73a504971]::fmt::rt::Argument>::fmt
[INFO] [stdout]                                at /rustc/e3feeb59cd1bdd011a2bfcc0747b55125d9b8527/library/core/src/fmt/rt.rs:152:76
[INFO] [stdout]    5:     0x62c60d99297a - core[a373ad73a504971]::fmt::write
[INFO] [stdout]    6:     0x62c60d97ebbc - core[a373ad73a504971]::io::write::default_write_fmt::<alloc[2e1b2a31b91974c5]::vec::Vec<u8>>
[INFO] [stdout]                                at /rustc/e3feeb59cd1bdd011a2bfcc0747b55125d9b8527/library/core/src/io/write.rs:402:11
[INFO] [stdout]    7:     0x62c60d97ebbc - <alloc[2e1b2a31b91974c5]::vec::Vec<u8> as core[a373ad73a504971]::io::write::Write>::write_fmt
[INFO] [stdout]                                at /rustc/e3feeb59cd1bdd011a2bfcc0747b55125d9b8527/library/core/src/io/write.rs:335:13
[INFO] [stdout]    8:     0x62c60d9535a6 - <std[617be2ca0a6fd877]::sys::backtrace::BacktraceLock>::print
[INFO] [stdout]                                at /rustc/e3feeb59cd1bdd011a2bfcc0747b55125d9b8527/library/std/src/sys/backtrace.rs:47:9
[INFO] [stdout]    9:     0x62c60d9535a6 - std[617be2ca0a6fd877]::panicking::default_hook::{closure#0}
[INFO] [stdout]                                at /rustc/e3feeb59cd1bdd011a2bfcc0747b55125d9b8527/library/std/src/panicking.rs:289:27
[INFO] [stdout]   10:     0x62c60d9714e9 - std[617be2ca0a6fd877]::panicking::default_hook
[INFO] [stdout]                                at /rustc/e3feeb59cd1bdd011a2bfcc0747b55125d9b8527/library/std/src/panicking.rs:313:9
[INFO] [stdout]   11:     0x62c60d3e2c30 - <alloc[2e1b2a31b91974c5]::boxed::Box<dyn for<'a, 'b> core[a373ad73a504971]::ops::function::Fn<(&'a std[617be2ca0a6fd877]::panic::PanicHookInfo<'b>,), Output = ()> + core[a373ad73a504971]::marker::Sync + core[a373ad73a504971]::marker::Send> as core[a373ad73a504971]::ops::function::Fn<(&std[617be2ca0a6fd877]::panic::PanicHookInfo,)>>::call
[INFO] [stdout]                                at /rustc/e3feeb59cd1bdd011a2bfcc0747b55125d9b8527/library/alloc/src/boxed.rs:2328:9
[INFO] [stdout]   12:     0x62c60d3e2c30 - test[aada8e7e76ba119b]::test_main_inner::{closure#0}
[INFO] [stdout]                                at /rustc/e3feeb59cd1bdd011a2bfcc0747b55125d9b8527/library/test/src/lib.rs:137:21
[INFO] [stdout]   13:     0x62c60d9716a2 - <alloc[2e1b2a31b91974c5]::boxed::Box<dyn for<'a, 'b> core[a373ad73a504971]::ops::function::Fn<(&'a std[617be2ca0a6fd877]::panic::PanicHookInfo<'b>,), Output = ()> + core[a373ad73a504971]::marker::Sync + core[a373ad73a504971]::marker::Send> as core[a373ad73a504971]::ops::function::Fn<(&std[617be2ca0a6fd877]::panic::PanicHookInfo,)>>::call
[INFO] [stdout]                                at /rustc/e3feeb59cd1bdd011a2bfcc0747b55125d9b8527/library/alloc/src/boxed.rs:2328:9
[INFO] [stdout]   14:     0x62c60d9716a2 - std[617be2ca0a6fd877]::panicking::panic_with_hook
[INFO] [stdout]                                at /rustc/e3feeb59cd1bdd011a2bfcc0747b55125d9b8527/library/std/src/panicking.rs:819:13
[INFO] [stdout]   15:     0x62c60d953652 - std[617be2ca0a6fd877]::panicking::panic_handler::{closure#0}
[INFO] [stdout]                                at /rustc/e3feeb59cd1bdd011a2bfcc0747b55125d9b8527/library/std/src/panicking.rs:685:13
[INFO] [stdout]   16:     0x62c60d94ba89 - std[617be2ca0a6fd877]::sys::backtrace::__rust_end_short_backtrace::<std[617be2ca0a6fd877]::panicking::panic_handler::{closure#0}, !>
[INFO] [stdout]                                at /rustc/e3feeb59cd1bdd011a2bfcc0747b55125d9b8527/library/std/src/sys/backtrace.rs:182:18
[INFO] [stdout]   17:     0x62c60d95442d - __rustc[ea4f61d10b84890b]::rust_begin_unwind
[INFO] [stdout]                                at /rustc/e3feeb59cd1bdd011a2bfcc0747b55125d9b8527/library/std/src/panicking.rs:676:5
[INFO] [stdout]   18:     0x62c60d99321c - core[a373ad73a504971]::panicking::panic_fmt
[INFO] [stdout]                                at /rustc/e3feeb59cd1bdd011a2bfcc0747b55125d9b8527/library/core/src/panicking.rs:80:14
[INFO] [stdout]   19:     0x62c60d992f72 - core[a373ad73a504971]::result::unwrap_failed
[INFO] [stdout]                                at /rustc/e3feeb59cd1bdd011a2bfcc0747b55125d9b8527/library/core/src/result.rs:1870:5
[INFO] [stdout]   20:     0x62c60d38cf4c - <core[a373ad73a504971]::result::Result<(), anyhow[b106fc321cea070f]::Error>>::unwrap_err
[INFO] [stdout]                                at /rustc/e3feeb59cd1bdd011a2bfcc0747b55125d9b8527/library/core/src/result.rs:1328:22
[INFO] [stdout]   21:     0x62c60d37ba5d - scaffold_gen[aee941e61835cae6]::generators::core::template_processor::tests::process_embedded_template_directory_errors_when_output_uncreatable
[INFO] [stdout]                                at /opt/rustwide/workdir/src/generators/core/template_processor_tests.rs:233:10
[INFO] [stdout]   22:     0x62c60d3735c7 - scaffold_gen[aee941e61835cae6]::generators::core::template_processor::tests::process_embedded_template_directory_errors_when_output_uncreatable::{closure#0}
[INFO] [stdout]                                at /opt/rustwide/workdir/src/generators/core/template_processor_tests.rs:215:72
[INFO] [stdout]   23:     0x62c60d3593f6 - <scaffold_gen[aee941e61835cae6]::generators::core::template_processor::tests::process_embedded_template_directory_errors_when_output_uncreatable::{closure#0} as core[a373ad73a504971]::ops::function::FnOnce<()>>::call_once
[INFO] [stdout]                                at /rustc/e3feeb59cd1bdd011a2bfcc0747b55125d9b8527/library/core/src/ops/function.rs:250:5
[INFO] [stdout]   24:     0x62c60d3d607b - <fn() -> core[a373ad73a504971]::result::Result<(), alloc[2e1b2a31b91974c5]::string::String> as core[a373ad73a504971]::ops::function::FnOnce<()>>::call_once
[INFO] [stdout]                                at /rustc/e3feeb59cd1bdd011a2bfcc0747b55125d9b8527/library/core/src/ops/function.rs:250:5
[INFO] [stdout]   25:     0x62c60d3d607b - test[aada8e7e76ba119b]::__rust_begin_short_backtrace::<core[a373ad73a504971]::result::Result<(), alloc[2e1b2a31b91974c5]::string::String>, fn() -> core[a373ad73a504971]::result::Result<(), alloc[2e1b2a31b91974c5]::string::String>>
[INFO] [stdout]                                at /rustc/e3feeb59cd1bdd011a2bfcc0747b55125d9b8527/library/test/src/lib.rs:701:18
[INFO] [stdout]   26:     0x62c60d3e3255 - test[aada8e7e76ba119b]::run_test_in_process::{closure#0}
[INFO] [stdout]                                at /rustc/e3feeb59cd1bdd011a2bfcc0747b55125d9b8527/library/test/src/lib.rs:724:74
[INFO] [stdout]   27:     0x62c60d3e3255 - <core[a373ad73a504971]::panic::unwind_safe::AssertUnwindSafe<test[aada8e7e76ba119b]::run_test_in_process::{closure#0}> as core[a373ad73a504971]::ops::function::FnOnce<()>>::call_once
[INFO] [stdout]                                at /rustc/e3feeb59cd1bdd011a2bfcc0747b55125d9b8527/library/core/src/panic/unwind_safe.rs:275:9
[INFO] [stdout]   28:     0x62c60d3e3255 - std[617be2ca0a6fd877]::panicking::catch_unwind::do_call::<core[a373ad73a504971]::panic::unwind_safe::AssertUnwindSafe<test[aada8e7e76ba119b]::run_test_in_process::{closure#0}>, core[a373ad73a504971]::result::Result<(), alloc[2e1b2a31b91974c5]::string::String>>
[INFO] [stdout]                                at /rustc/e3feeb59cd1bdd011a2bfcc0747b55125d9b8527/library/std/src/panicking.rs:573:43
[INFO] [stdout]   29:     0x62c60d3e3255 - std[617be2ca0a6fd877]::panicking::catch_unwind::<core[a373ad73a504971]::result::Result<(), alloc[2e1b2a31b91974c5]::string::String>, core[a373ad73a504971]::panic::unwind_safe::AssertUnwindSafe<test[aada8e7e76ba119b]::run_test_in_process::{closure#0}>>
[INFO] [stdout]                                at /rustc/e3feeb59cd1bdd011a2bfcc0747b55125d9b8527/library/std/src/panicking.rs:541:19
[INFO] [stdout]   30:     0x62c60d3e3255 - std[617be2ca0a6fd877]::panic::catch_unwind::<core[a373ad73a504971]::panic::unwind_safe::AssertUnwindSafe<test[aada8e7e76ba119b]::run_test_in_process::{closure#0}>, core[a373ad73a504971]::result::Result<(), alloc[2e1b2a31b91974c5]::string::String>>
[INFO] [stdout]                                at /rustc/e3feeb59cd1bdd011a2bfcc0747b55125d9b8527/library/std/src/panic.rs:359:14
[INFO] [stdout]   31:     0x62c60d3e3255 - test[aada8e7e76ba119b]::run_test_in_process
[INFO] [stdout]                                at /rustc/e3feeb59cd1bdd011a2bfcc0747b55125d9b8527/library/test/src/lib.rs:724:27
[INFO] [stdout]   32:     0x62c60d3e3255 - test[aada8e7e76ba119b]::run_test::{closure#0}
[INFO] [stdout]                                at /rustc/e3feeb59cd1bdd011a2bfcc0747b55125d9b8527/library/test/src/lib.rs:645:43
[INFO] [stdout]   33:     0x62c60d3dcb44 - test[aada8e7e76ba119b]::run_test::{closure#1}
[INFO] [stdout]                                at /rustc/e3feeb59cd1bdd011a2bfcc0747b55125d9b8527/library/test/src/lib.rs:675:41
[INFO] [stdout]   34:     0x62c60d3dcb44 - std[617be2ca0a6fd877]::sys::backtrace::__rust_begin_short_backtrace::<test[aada8e7e76ba119b]::run_test::{closure#1}, ()>
[INFO] [stdout]                                at /rustc/e3feeb59cd1bdd011a2bfcc0747b55125d9b8527/library/std/src/sys/backtrace.rs:166:18
[INFO] [stdout]   35:     0x62c60d3e62e2 - std[617be2ca0a6fd877]::thread::lifecycle::spawn_unchecked::<test[aada8e7e76ba119b]::run_test::{closure#1}, ()>::{closure#1}::{closure#0}
[INFO] [stdout]                                at /rustc/e3feeb59cd1bdd011a2bfcc0747b55125d9b8527/library/std/src/thread/lifecycle.rs:70:13
[INFO] [stdout]   36:     0x62c60d3e62e2 - <core[a373ad73a504971]::panic::unwind_safe::AssertUnwindSafe<std[617be2ca0a6fd877]::thread::lifecycle::spawn_unchecked<test[aada8e7e76ba119b]::run_test::{closure#1}, ()>::{closure#1}::{closure#0}> as core[a373ad73a504971]::ops::function::FnOnce<()>>::call_once
[INFO] [stdout]                                at /rustc/e3feeb59cd1bdd011a2bfcc0747b55125d9b8527/library/core/src/panic/unwind_safe.rs:275:9
[INFO] [stdout]   37:     0x62c60d3e62e2 - std[617be2ca0a6fd877]::panicking::catch_unwind::do_call::<core[a373ad73a504971]::panic::unwind_safe::AssertUnwindSafe<std[617be2ca0a6fd877]::thread::lifecycle::spawn_unchecked<test[aada8e7e76ba119b]::run_test::{closure#1}, ()>::{closure#1}::{closure#0}>, ()>
[INFO] [stdout]                                at /rustc/e3feeb59cd1bdd011a2bfcc0747b55125d9b8527/library/std/src/panicking.rs:573:43
[INFO] [stdout]   38:     0x62c60d3e62e2 - std[617be2ca0a6fd877]::panicking::catch_unwind::<(), core[a373ad73a504971]::panic::unwind_safe::AssertUnwindSafe<std[617be2ca0a6fd877]::thread::lifecycle::spawn_unchecked<test[aada8e7e76ba119b]::run_test::{closure#1}, ()>::{closure#1}::{closure#0}>>
[INFO] [stdout]                                at /rustc/e3feeb59cd1bdd011a2bfcc0747b55125d9b8527/library/std/src/panicking.rs:541:19
[INFO] [stdout]   39:     0x62c60d3e62e2 - std[617be2ca0a6fd877]::panic::catch_unwind::<core[a373ad73a504971]::panic::unwind_safe::AssertUnwindSafe<std[617be2ca0a6fd877]::thread::lifecycle::spawn_unchecked<test[aada8e7e76ba119b]::run_test::{closure#1}, ()>::{closure#1}::{closure#0}>, ()>
[INFO] [stdout]                                at /rustc/e3feeb59cd1bdd011a2bfcc0747b55125d9b8527/library/std/src/panic.rs:359:14
[INFO] [stdout]   40:     0x62c60d3e62e2 - std[617be2ca0a6fd877]::thread::lifecycle::spawn_unchecked::<test[aada8e7e76ba119b]::run_test::{closure#1}, ()>::{closure#1}
[INFO] [stdout]                                at /rustc/e3feeb59cd1bdd011a2bfcc0747b55125d9b8527/library/std/src/thread/lifecycle.rs:68:26
[INFO] [stdout]   41:     0x62c60d3e62e2 - <std[617be2ca0a6fd877]::thread::lifecycle::spawn_unchecked<test[aada8e7e76ba119b]::run_test::{closure#1}, ()>::{closure#1} as core[a373ad73a504971]::ops::function::FnOnce<()>>::call_once::{shim:vtable#0}
[INFO] [stdout]                                at /rustc/e3feeb59cd1bdd011a2bfcc0747b55125d9b8527/library/core/src/ops/function.rs:250:5
[INFO] [stdout]   42:     0x62c60d9793df - <alloc[2e1b2a31b91974c5]::boxed::Box<dyn core[a373ad73a504971]::ops::function::FnOnce<(), Output = ()> + core[a373ad73a504971]::marker::Send> as core[a373ad73a504971]::ops::function::FnOnce<()>>::call_once
[INFO] [stdout]                                at /rustc/e3feeb59cd1bdd011a2bfcc0747b55125d9b8527/library/alloc/src/boxed.rs:2314:9
[INFO] [stdout]   43:     0x62c60d9793df - <std[617be2ca0a6fd877]::sys::thread::unix::Thread>::new::thread_start
[INFO] [stdout]                                at /rustc/e3feeb59cd1bdd011a2bfcc0747b55125d9b8527/library/std/src/sys/thread/unix.rs:127:17
[INFO] [stdout]   44:     0x7984c68a3dfa - <unknown>
[INFO] [stdout]   45:     0x7984c69373d4 - clone
[INFO] [stdout]   46:                0x0 - <unknown>
[INFO] [stdout] 
[INFO] [stdout] ---- generators::core::template_processor::tests::process_template_file_errors_when_output_dir_uncreatable stdout ----
[INFO] [stdout] 
[INFO] [stdout] thread 'generators::core::template_processor::tests::process_template_file_errors_when_output_dir_uncreatable' (2511) panicked at src/generators/core/template_processor_tests.rs:271:10:
[INFO] [stdout] called `Result::unwrap_err()` on an `Ok` value: ()
[INFO] [stdout] stack backtrace:
[INFO] [stdout]    0:     0x62c60d97a0f1 - std[617be2ca0a6fd877]::backtrace_rs::backtrace::libunwind::trace
[INFO] [stdout]                                at /rustc/e3feeb59cd1bdd011a2bfcc0747b55125d9b8527/library/std/src/../../backtrace/src/backtrace/libunwind.rs:117:9
[INFO] [stdout]    1:     0x62c60d97a0f1 - std[617be2ca0a6fd877]::backtrace_rs::backtrace::trace_unsynchronized::<std[617be2ca0a6fd877]::sys::backtrace::_print_fmt::{closure#1}>
[INFO] [stdout]                                at /rustc/e3feeb59cd1bdd011a2bfcc0747b55125d9b8527/library/std/src/../../backtrace/src/backtrace/mod.rs:66:14
[INFO] [stdout]    2:     0x62c60d97a0f1 - std[617be2ca0a6fd877]::sys::backtrace::_print_fmt
[INFO] [stdout]                                at /rustc/e3feeb59cd1bdd011a2bfcc0747b55125d9b8527/library/std/src/sys/backtrace.rs:74:9
[INFO] [stdout]    3:     0x62c60d97a0f1 - <<std[617be2ca0a6fd877]::sys::backtrace::BacktraceLock>::print::DisplayBacktrace as core[a373ad73a504971]::fmt::Display>::fmt
[INFO] [stdout]                                at /rustc/e3feeb59cd1bdd011a2bfcc0747b55125d9b8527/library/std/src/sys/backtrace.rs:44:26
[INFO] [stdout]    4:     0x62c60d99297a - <core[a373ad73a504971]::fmt::rt::Argument>::fmt
[INFO] [stdout]                                at /rustc/e3feeb59cd1bdd011a2bfcc0747b55125d9b8527/library/core/src/fmt/rt.rs:152:76
[INFO] [stdout]    5:     0x62c60d99297a - core[a373ad73a504971]::fmt::write
[INFO] [stdout]    6:     0x62c60d97ebbc - core[a373ad73a504971]::io::write::default_write_fmt::<alloc[2e1b2a31b91974c5]::vec::Vec<u8>>
[INFO] [stdout]                                at /rustc/e3feeb59cd1bdd011a2bfcc0747b55125d9b8527/library/core/src/io/write.rs:402:11
[INFO] [stdout]    7:     0x62c60d97ebbc - <alloc[2e1b2a31b91974c5]::vec::Vec<u8> as core[a373ad73a504971]::io::write::Write>::write_fmt
[INFO] [stdout]                                at /rustc/e3feeb59cd1bdd011a2bfcc0747b55125d9b8527/library/core/src/io/write.rs:335:13
[INFO] [stdout]    8:     0x62c60d9535a6 - <std[617be2ca0a6fd877]::sys::backtrace::BacktraceLock>::print
[INFO] [stdout]                                at /rustc/e3feeb59cd1bdd011a2bfcc0747b55125d9b8527/library/std/src/sys/backtrace.rs:47:9
[INFO] [stdout]    9:     0x62c60d9535a6 - std[617be2ca0a6fd877]::panicking::default_hook::{closure#0}
[INFO] [stdout]                                at /rustc/e3feeb59cd1bdd011a2bfcc0747b55125d9b8527/library/std/src/panicking.rs:289:27
[INFO] [stdout]   10:     0x62c60d9714e9 - std[617be2ca0a6fd877]::panicking::default_hook
[INFO] [stdout]                                at /rustc/e3feeb59cd1bdd011a2bfcc0747b55125d9b8527/library/std/src/panicking.rs:313:9
[INFO] [stdout]   11:     0x62c60d3e2c30 - <alloc[2e1b2a31b91974c5]::boxed::Box<dyn for<'a, 'b> core[a373ad73a504971]::ops::function::Fn<(&'a std[617be2ca0a6fd877]::panic::PanicHookInfo<'b>,), Output = ()> + core[a373ad73a504971]::marker::Sync + core[a373ad73a504971]::marker::Send> as core[a373ad73a504971]::ops::function::Fn<(&std[617be2ca0a6fd877]::panic::PanicHookInfo,)>>::call
[INFO] [stdout]                                at /rustc/e3feeb59cd1bdd011a2bfcc0747b55125d9b8527/library/alloc/src/boxed.rs:2328:9
[INFO] [stdout]   12:     0x62c60d3e2c30 - test[aada8e7e76ba119b]::test_main_inner::{closure#0}
[INFO] [stdout]                                at /rustc/e3feeb59cd1bdd011a2bfcc0747b55125d9b8527/library/test/src/lib.rs:137:21
[INFO] [stdout]   13:     0x62c60d9716a2 - <alloc[2e1b2a31b91974c5]::boxed::Box<dyn for<'a, 'b> core[a373ad73a504971]::ops::function::Fn<(&'a std[617be2ca0a6fd877]::panic::PanicHookInfo<'b>,), Output = ()> + core[a373ad73a504971]::marker::Sync + core[a373ad73a504971]::marker::Send> as core[a373ad73a504971]::ops::function::Fn<(&std[617be2ca0a6fd877]::panic::PanicHookInfo,)>>::call
[INFO] [stdout]                                at /rustc/e3feeb59cd1bdd011a2bfcc0747b55125d9b8527/library/alloc/src/boxed.rs:2328:9
[INFO] [stdout]   14:     0x62c60d9716a2 - std[617be2ca0a6fd877]::panicking::panic_with_hook
[INFO] [stdout]                                at /rustc/e3feeb59cd1bdd011a2bfcc0747b55125d9b8527/library/std/src/panicking.rs:819:13
[INFO] [stdout]   15:     0x62c60d953652 - std[617be2ca0a6fd877]::panicking::panic_handler::{closure#0}
[INFO] [stdout]                                at /rustc/e3feeb59cd1bdd011a2bfcc0747b55125d9b8527/library/std/src/panicking.rs:685:13
[INFO] [stdout]   16:     0x62c60d94ba89 - std[617be2ca0a6fd877]::sys::backtrace::__rust_end_short_backtrace::<std[617be2ca0a6fd877]::panicking::panic_handler::{closure#0}, !>
[INFO] [stdout]                                at /rustc/e3feeb59cd1bdd011a2bfcc0747b55125d9b8527/library/std/src/sys/backtrace.rs:182:18
[INFO] [stdout]   17:     0x62c60d95442d - __rustc[ea4f61d10b84890b]::rust_begin_unwind
[INFO] [stdout]                                at /rustc/e3feeb59cd1bdd011a2bfcc0747b55125d9b8527/library/std/src/panicking.rs:676:5
[INFO] [stdout]   18:     0x62c60d99321c - core[a373ad73a504971]::panicking::panic_fmt
[INFO] [stdout]                                at /rustc/e3feeb59cd1bdd011a2bfcc0747b55125d9b8527/library/core/src/panicking.rs:80:14
[INFO] [stdout]   19:     0x62c60d992f72 - core[a373ad73a504971]::result::unwrap_failed
[INFO] [stdout]                                at /rustc/e3feeb59cd1bdd011a2bfcc0747b55125d9b8527/library/core/src/result.rs:1870:5
[INFO] [stdout]   20:     0x62c60d38cf4c - <core[a373ad73a504971]::result::Result<(), anyhow[b106fc321cea070f]::Error>>::unwrap_err
[INFO] [stdout]                                at /rustc/e3feeb59cd1bdd011a2bfcc0747b55125d9b8527/library/core/src/result.rs:1328:22
[INFO] [stdout]   21:     0x62c60d3778a7 - scaffold_gen[aee941e61835cae6]::generators::core::template_processor::tests::process_template_file_errors_when_output_dir_uncreatable
[INFO] [stdout]                                at /opt/rustwide/workdir/src/generators/core/template_processor_tests.rs:271:10
[INFO] [stdout]   22:     0x62c60d3734a7 - scaffold_gen[aee941e61835cae6]::generators::core::template_processor::tests::process_template_file_errors_when_output_dir_uncreatable::{closure#0}
[INFO] [stdout]                                at /opt/rustwide/workdir/src/generators/core/template_processor_tests.rs:255:62
[INFO] [stdout]   23:     0x62c60d359336 - <scaffold_gen[aee941e61835cae6]::generators::core::template_processor::tests::process_template_file_errors_when_output_dir_uncreatable::{closure#0} as core[a373ad73a504971]::ops::function::FnOnce<()>>::call_once
[INFO] [stdout]                                at /rustc/e3feeb59cd1bdd011a2bfcc0747b55125d9b8527/library/core/src/ops/function.rs:250:5
[INFO] [stdout]   24:     0x62c60d3d607b - <fn() -> core[a373ad73a504971]::result::Result<(), alloc[2e1b2a31b91974c5]::string::String> as core[a373ad73a504971]::ops::function::FnOnce<()>>::call_once
[INFO] [stdout]                                at /rustc/e3feeb59cd1bdd011a2bfcc0747b55125d9b8527/library/core/src/ops/function.rs:250:5
[INFO] [stdout]   25:     0x62c60d3d607b - test[aada8e7e76ba119b]::__rust_begin_short_backtrace::<core[a373ad73a504971]::result::Result<(), alloc[2e1b2a31b91974c5]::string::String>, fn() -> core[a373ad73a504971]::result::Result<(), alloc[2e1b2a31b91974c5]::string::String>>
[INFO] [stdout]                                at /rustc/e3feeb59cd1bdd011a2bfcc0747b55125d9b8527/library/test/src/lib.rs:701:18
[INFO] [stdout]   26:     0x62c60d3e3255 - test[aada8e7e76ba119b]::run_test_in_process::{closure#0}
[INFO] [stdout]                                at /rustc/e3feeb59cd1bdd011a2bfcc0747b55125d9b8527/library/test/src/lib.rs:724:74
[INFO] [stdout]   27:     0x62c60d3e3255 - <core[a373ad73a504971]::panic::unwind_safe::AssertUnwindSafe<test[aada8e7e76ba119b]::run_test_in_process::{closure#0}> as core[a373ad73a504971]::ops::function::FnOnce<()>>::call_once
[INFO] [stdout]                                at /rustc/e3feeb59cd1bdd011a2bfcc0747b55125d9b8527/library/core/src/panic/unwind_safe.rs:275:9
[INFO] [stdout]   28:     0x62c60d3e3255 - std[617be2ca0a6fd877]::panicking::catch_unwind::do_call::<core[a373ad73a504971]::panic::unwind_safe::AssertUnwindSafe<test[aada8e7e76ba119b]::run_test_in_process::{closure#0}>, core[a373ad73a504971]::result::Result<(), alloc[2e1b2a31b91974c5]::string::String>>
[INFO] [stdout]                                at /rustc/e3feeb59cd1bdd011a2bfcc0747b55125d9b8527/library/std/src/panicking.rs:573:43
[INFO] [stdout]   29:     0x62c60d3e3255 - std[617be2ca0a6fd877]::panicking::catch_unwind::<core[a373ad73a504971]::result::Result<(), alloc[2e1b2a31b91974c5]::string::String>, core[a373ad73a504971]::panic::unwind_safe::AssertUnwindSafe<test[aada8e7e76ba119b]::run_test_in_process::{closure#0}>>
[INFO] [stdout]                                at /rustc/e3feeb59cd1bdd011a2bfcc0747b55125d9b8527/library/std/src/panicking.rs:541:19
[INFO] [stdout]   30:     0x62c60d3e3255 - std[617be2ca0a6fd877]::panic::catch_unwind::<core[a373ad73a504971]::panic::unwind_safe::AssertUnwindSafe<test[aada8e7e76ba119b]::run_test_in_process::{closure#0}>, core[a373ad73a504971]::result::Result<(), alloc[2e1b2a31b91974c5]::string::String>>
[INFO] [stdout]                                at /rustc/e3feeb59cd1bdd011a2bfcc0747b55125d9b8527/library/std/src/panic.rs:359:14
[INFO] [stdout]   31:     0x62c60d3e3255 - test[aada8e7e76ba119b]::run_test_in_process
[INFO] [stdout]                                at /rustc/e3feeb59cd1bdd011a2bfcc0747b55125d9b8527/library/test/src/lib.rs:724:27
[INFO] [stdout]   32:     0x62c60d3e3255 - test[aada8e7e76ba119b]::run_test::{closure#0}
[INFO] [stdout]                                at /rustc/e3feeb59cd1bdd011a2bfcc0747b55125d9b8527/library/test/src/lib.rs:645:43
[INFO] [stdout]   33:     0x62c60d3dcb44 - test[aada8e7e76ba119b]::run_test::{closure#1}
[INFO] [stdout]                                at /rustc/e3feeb59cd1bdd011a2bfcc0747b55125d9b8527/library/test/src/lib.rs:675:41
[INFO] [stdout]   34:     0x62c60d3dcb44 - std[617be2ca0a6fd877]::sys::backtrace::__rust_begin_short_backtrace::<test[aada8e7e76ba119b]::run_test::{closure#1}, ()>
[INFO] [stdout]                                at /rustc/e3feeb59cd1bdd011a2bfcc0747b55125d9b8527/library/std/src/sys/backtrace.rs:166:18
[INFO] [stdout]   35:     0x62c60d3e62e2 - std[617be2ca0a6fd877]::thread::lifecycle::spawn_unchecked::<test[aada8e7e76ba119b]::run_test::{closure#1}, ()>::{closure#1}::{closure#0}
[INFO] [stdout]                                at /rustc/e3feeb59cd1bdd011a2bfcc0747b55125d9b8527/library/std/src/thread/lifecycle.rs:70:13
[INFO] [stdout]   36:     0x62c60d3e62e2 - <core[a373ad73a504971]::panic::unwind_safe::AssertUnwindSafe<std[617be2ca0a6fd877]::thread::lifecycle::spawn_unchecked<test[aada8e7e76ba119b]::run_test::{closure#1}, ()>::{closure#1}::{closure#0}> as core[a373ad73a504971]::ops::function::FnOnce<()>>::call_once
[INFO] [stdout]                                at /rustc/e3feeb59cd1bdd011a2bfcc0747b55125d9b8527/library/core/src/panic/unwind_safe.rs:275:9
[INFO] [stdout]   37:     0x62c60d3e62e2 - std[617be2ca0a6fd877]::panicking::catch_unwind::do_call::<core[a373ad73a504971]::panic::unwind_safe::AssertUnwindSafe<std[617be2ca0a6fd877]::thread::lifecycle::spawn_unchecked<test[aada8e7e76ba119b]::run_test::{closure#1}, ()>::{closure#1}::{closure#0}>, ()>
[INFO] [stdout]                                at /rustc/e3feeb59cd1bdd011a2bfcc0747b55125d9b8527/library/std/src/panicking.rs:573:43
[INFO] [stdout]   38:     0x62c60d3e62e2 - std[617be2ca0a6fd877]::panicking::catch_unwind::<(), core[a373ad73a504971]::panic::unwind_safe::AssertUnwindSafe<std[617be2ca0a6fd877]::thread::lifecycle::spawn_unchecked<test[aada8e7e76ba119b]::run_test::{closure#1}, ()>::{closure#1}::{closure#0}>>
[INFO] [stdout]                                at /rustc/e3feeb59cd1bdd011a2bfcc0747b55125d9b8527/library/std/src/panicking.rs:541:19
[INFO] [stdout]   39:     0x62c60d3e62e2 - std[617be2ca0a6fd877]::panic::catch_unwind::<core[a373ad73a504971]::panic::unwind_safe::AssertUnwindSafe<std[617be2ca0a6fd877]::thread::lifecycle::spawn_unchecked<test[aada8e7e76ba119b]::run_test::{closure#1}, ()>::{closure#1}::{closure#0}>, ()>
[INFO] [stdout]                                at /rustc/e3feeb59cd1bdd011a2bfcc0747b55125d9b8527/library/std/src/panic.rs:359:14
[INFO] [stdout]   40:     0x62c60d3e62e2 - std[617be2ca0a6fd877]::thread::lifecycle::spawn_unchecked::<test[aada8e7e76ba119b]::run_test::{closure#1}, ()>::{closure#1}
[INFO] [stdout]                                at /rustc/e3feeb59cd1bdd011a2bfcc0747b55125d9b8527/library/std/src/thread/lifecycle.rs:68:26
[INFO] [stdout]   41:     0x62c60d3e62e2 - <std[617be2ca0a6fd877]::thread::lifecycle::spawn_unchecked<test[aada8e7e76ba119b]::run_test::{closure#1}, ()>::{closure#1} as core[a373ad73a504971]::ops::function::FnOnce<()>>::call_once::{shim:vtable#0}
[INFO] [stdout]                                at /rustc/e3feeb59cd1bdd011a2bfcc0747b55125d9b8527/library/core/src/ops/function.rs:250:5
[INFO] [stdout]   42:     0x62c60d9793df - <alloc[2e1b2a31b91974c5]::boxed::Box<dyn core[a373ad73a504971]::ops::function::FnOnce<(), Output = ()> + core[a373ad73a504971]::marker::Send> as core[a373ad73a504971]::ops::function::FnOnce<()>>::call_once
[INFO] [stdout]                                at /rustc/e3feeb59cd1bdd011a2bfcc0747b55125d9b8527/library/alloc/src/boxed.rs:2314:9
[INFO] [stdout]   43:     0x62c60d9793df - <std[617be2ca0a6fd877]::sys::thread::unix::Thread>::new::thread_start
[INFO] [stdout]                                at /rustc/e3feeb59cd1bdd011a2bfcc0747b55125d9b8527/library/std/src/sys/thread/unix.rs:127:17
[INFO] [stdout]   44:     0x7984c68a3dfa - <unknown>
[INFO] [stdout]   45:     0x7984c69373d4 - clone
[INFO] [stdout]   46:                0x0 - <unknown>
[INFO] [stdout] 
[INFO] [stdout] ---- generators::orchestrator::tests::format_rust_project_formats_pure_crate_and_skips_missing_tauri_manifest stdout ----
[INFO] [stdout] 
[INFO] [stdout] thread 'generators::orchestrator::tests::format_rust_project_formats_pure_crate_and_skips_missing_tauri_manifest' (2575) panicked at src/generators/orchestrator.rs:1156:9:
[INFO] [stdout] assertion `left == right` failed
[INFO] [stdout]   left: "pub fn values()->[u8;3]{[1,2,3]}\n"
[INFO] [stdout]  right: "pub fn values() -> [u8; 3] {\n    [1, 2, 3]\n}\n"
[INFO] [stdout] stack backtrace:
[INFO] [stdout]    0:     0x62c60d97a0f1 - std[617be2ca0a6fd877]::backtrace_rs::backtrace::libunwind::trace
[INFO] [stdout]                                at /rustc/e3feeb59cd1bdd011a2bfcc0747b55125d9b8527/library/std/src/../../backtrace/src/backtrace/libunwind.rs:117:9
[INFO] [stdout]    1:     0x62c60d97a0f1 - std[617be2ca0a6fd877]::backtrace_rs::backtrace::trace_unsynchronized::<std[617be2ca0a6fd877]::sys::backtrace::_print_fmt::{closure#1}>
[INFO] [stdout]                                at /rustc/e3feeb59cd1bdd011a2bfcc0747b55125d9b8527/library/std/src/../../backtrace/src/backtrace/mod.rs:66:14
[INFO] [stdout]    2:     0x62c60d97a0f1 - std[617be2ca0a6fd877]::sys::backtrace::_print_fmt
[INFO] [stdout]                                at /rustc/e3feeb59cd1bdd011a2bfcc0747b55125d9b8527/library/std/src/sys/backtrace.rs:74:9
[INFO] [stdout]    3:     0x62c60d97a0f1 - <<std[617be2ca0a6fd877]::sys::backtrace::BacktraceLock>::print::DisplayBacktrace as core[a373ad73a504971]::fmt::Display>::fmt
[INFO] [stdout]                                at /rustc/e3feeb59cd1bdd011a2bfcc0747b55125d9b8527/library/std/src/sys/backtrace.rs:44:26
[INFO] [stdout]    4:     0x62c60d99297a - <core[a373ad73a504971]::fmt::rt::Argument>::fmt
[INFO] [stdout]                                at /rustc/e3feeb59cd1bdd011a2bfcc0747b55125d9b8527/library/core/src/fmt/rt.rs:152:76
[INFO] [stdout]    5:     0x62c60d99297a - core[a373ad73a504971]::fmt::write
[INFO] [stdout]    6:     0x62c60d97ebbc - core[a373ad73a504971]::io::write::default_write_fmt::<alloc[2e1b2a31b91974c5]::vec::Vec<u8>>
[INFO] [stdout]                                at /rustc/e3feeb59cd1bdd011a2bfcc0747b55125d9b8527/library/core/src/io/write.rs:402:11
[INFO] [stdout]    7:     0x62c60d97ebbc - <alloc[2e1b2a31b91974c5]::vec::Vec<u8> as core[a373ad73a504971]::io::write::Write>::write_fmt
[INFO] [stdout]                                at /rustc/e3feeb59cd1bdd011a2bfcc0747b55125d9b8527/library/core/src/io/write.rs:335:13
[INFO] [stdout]    8:     0x62c60d9535a6 - <std[617be2ca0a6fd877]::sys::backtrace::BacktraceLock>::print
[INFO] [stdout]                                at /rustc/e3feeb59cd1bdd011a2bfcc0747b55125d9b8527/library/std/src/sys/backtrace.rs:47:9
[INFO] [stdout]    9:     0x62c60d9535a6 - std[617be2ca0a6fd877]::panicking::default_hook::{closure#0}
[INFO] [stdout]                                at /rustc/e3feeb59cd1bdd011a2bfcc0747b55125d9b8527/library/std/src/panicking.rs:289:27
[INFO] [stdout]   10:     0x62c60d9714e9 - std[617be2ca0a6fd877]::panicking::default_hook
[INFO] [stdout]                                at /rustc/e3feeb59cd1bdd011a2bfcc0747b55125d9b8527/library/std/src/panicking.rs:313:9
[INFO] [stdout]   11:     0x62c60d3e2c30 - <alloc[2e1b2a31b91974c5]::boxed::Box<dyn for<'a, 'b> core[a373ad73a504971]::ops::function::Fn<(&'a std[617be2ca0a6fd877]::panic::PanicHookInfo<'b>,), Output = ()> + core[a373ad73a504971]::marker::Sync + core[a373ad73a504971]::marker::Send> as core[a373ad73a504971]::ops::function::Fn<(&std[617be2ca0a6fd877]::panic::PanicHookInfo,)>>::call
[INFO] [stdout]                                at /rustc/e3feeb59cd1bdd011a2bfcc0747b55125d9b8527/library/alloc/src/boxed.rs:2328:9
[INFO] [stdout]   12:     0x62c60d3e2c30 - test[aada8e7e76ba119b]::test_main_inner::{closure#0}
[INFO] [stdout]                                at /rustc/e3feeb59cd1bdd011a2bfcc0747b55125d9b8527/library/test/src/lib.rs:137:21
[INFO] [stdout]   13:     0x62c60d9716a2 - <alloc[2e1b2a31b91974c5]::boxed::Box<dyn for<'a, 'b> core[a373ad73a504971]::ops::function::Fn<(&'a std[617be2ca0a6fd877]::panic::PanicHookInfo<'b>,), Output = ()> + core[a373ad73a504971]::marker::Sync + core[a373ad73a504971]::marker::Send> as core[a373ad73a504971]::ops::function::Fn<(&std[617be2ca0a6fd877]::panic::PanicHookInfo,)>>::call
[INFO] [stdout]                                at /rustc/e3feeb59cd1bdd011a2bfcc0747b55125d9b8527/library/alloc/src/boxed.rs:2328:9
[INFO] [stdout]   14:     0x62c60d9716a2 - std[617be2ca0a6fd877]::panicking::panic_with_hook
[INFO] [stdout]                                at /rustc/e3feeb59cd1bdd011a2bfcc0747b55125d9b8527/library/std/src/panicking.rs:819:13
[INFO] [stdout]   15:     0x62c60d953652 - std[617be2ca0a6fd877]::panicking::panic_handler::{closure#0}
[INFO] [stdout]                                at /rustc/e3feeb59cd1bdd011a2bfcc0747b55125d9b8527/library/std/src/panicking.rs:685:13
[INFO] [stdout]   16:     0x62c60d94ba89 - std[617be2ca0a6fd877]::sys::backtrace::__rust_end_short_backtrace::<std[617be2ca0a6fd877]::panicking::panic_handler::{closure#0}, !>
[INFO] [stdout]                                at /rustc/e3feeb59cd1bdd011a2bfcc0747b55125d9b8527/library/std/src/sys/backtrace.rs:182:18
[INFO] [stdout]   17:     0x62c60d95442d - __rustc[ea4f61d10b84890b]::rust_begin_unwind
[INFO] [stdout]                                at /rustc/e3feeb59cd1bdd011a2bfcc0747b55125d9b8527/library/std/src/panicking.rs:676:5
[INFO] [stdout]   18:     0x62c60d99321c - core[a373ad73a504971]::panicking::panic_fmt
[INFO] [stdout]                                at /rustc/e3feeb59cd1bdd011a2bfcc0747b55125d9b8527/library/core/src/panicking.rs:80:14
[INFO] [stdout]   19:     0x62c60d9930b3 - core[a373ad73a504971]::panicking::assert_failed_inner
[INFO] [stdout]                                at /rustc/e3feeb59cd1bdd011a2bfcc0747b55125d9b8527/library/core/src/panicking.rs:452:17
[INFO] [stdout]   20:     0x62c60d3b8bd8 - core[a373ad73a504971]::panicking::assert_failed::<alloc[2e1b2a31b91974c5]::string::String, &str>
[INFO] [stdout]                                at /rustc/e3feeb59cd1bdd011a2bfcc0747b55125d9b8527/library/core/src/panicking.rs:407:5
[INFO] [stdout]   21:     0x62c60d35f1f3 - scaffold_gen[aee941e61835cae6]::generators::orchestrator::tests::format_rust_project_formats_pure_crate_and_skips_missing_tauri_manifest
[INFO] [stdout]                                at /opt/rustwide/workdir/src/generators/orchestrator.rs:1156:9
[INFO] [stdout]   22:     0x62c60d35bc77 - scaffold_gen[aee941e61835cae6]::generators::orchestrator::tests::format_rust_project_formats_pure_crate_and_skips_missing_tauri_manifest::{closure#0}
[INFO] [stdout]                                at /opt/rustwide/workdir/src/generators/orchestrator.rs:1122:81
[INFO] [stdout]   23:     0x62c60d358db6 - <scaffold_gen[aee941e61835cae6]::generators::orchestrator::tests::format_rust_project_formats_pure_crate_and_skips_missing_tauri_manifest::{closure#0} as core[a373ad73a504971]::ops::function::FnOnce<()>>::call_once
[INFO] [stdout]                                at /rustc/e3feeb59cd1bdd011a2bfcc0747b55125d9b8527/library/core/src/ops/function.rs:250:5
[INFO] [stdout]   24:     0x62c60d3d607b - <fn() -> core[a373ad73a504971]::result::Result<(), alloc[2e1b2a31b91974c5]::string::String> as core[a373ad73a504971]::ops::function::FnOnce<()>>::call_once
[INFO] [stdout]                                at /rustc/e3feeb59cd1bdd011a2bfcc0747b55125d9b8527/library/core/src/ops/function.rs:250:5
[INFO] [stdout]   25:     0x62c60d3d607b - test[aada8e7e76ba119b]::__rust_begin_short_backtrace::<core[a373ad73a504971]::result::Result<(), alloc[2e1b2a31b91974c5]::string::String>, fn() -> core[a373ad73a504971]::result::Result<(), alloc[2e1b2a31b91974c5]::string::String>>
[INFO] [stdout]                                at /rustc/e3feeb59cd1bdd011a2bfcc0747b55125d9b8527/library/test/src/lib.rs:701:18
[INFO] [stdout]   26:     0x62c60d3e3255 - test[aada8e7e76ba119b]::run_test_in_process::{closure#0}
[INFO] [stdout]                                at /rustc/e3feeb59cd1bdd011a2bfcc0747b55125d9b8527/library/test/src/lib.rs:724:74
[INFO] [stdout]   27:     0x62c60d3e3255 - <core[a373ad73a504971]::panic::unwind_safe::AssertUnwindSafe<test[aada8e7e76ba119b]::run_test_in_process::{closure#0}> as core[a373ad73a504971]::ops::function::FnOnce<()>>::call_once
[INFO] [stdout]                                at /rustc/e3feeb59cd1bdd011a2bfcc0747b55125d9b8527/library/core/src/panic/unwind_safe.rs:275:9
[INFO] [stdout]   28:     0x62c60d3e3255 - std[617be2ca0a6fd877]::panicking::catch_unwind::do_call::<core[a373ad73a504971]::panic::unwind_safe::AssertUnwindSafe<test[aada8e7e76ba119b]::run_test_in_process::{closure#0}>, core[a373ad73a504971]::result::Result<(), alloc[2e1b2a31b91974c5]::string::String>>
[INFO] [stdout]                                at /rustc/e3feeb59cd1bdd011a2bfcc0747b55125d9b8527/library/std/src/panicking.rs:573:43
[INFO] [stdout]   29:     0x62c60d3e3255 - std[617be2ca0a6fd877]::panicking::catch_unwind::<core[a373ad73a504971]::result::Result<(), alloc[2e1b2a31b91974c5]::string::String>, core[a373ad73a504971]::panic::unwind_safe::AssertUnwindSafe<test[aada8e7e76ba119b]::run_test_in_process::{closure#0}>>
[INFO] [stdout]                                at /rustc/e3feeb59cd1bdd011a2bfcc0747b55125d9b8527/library/std/src/panicking.rs:541:19
[INFO] [stdout]   30:     0x62c60d3e3255 - std[617be2ca0a6fd877]::panic::catch_unwind::<core[a373ad73a504971]::panic::unwind_safe::AssertUnwindSafe<test[aada8e7e76ba119b]::run_test_in_process::{closure#0}>, core[a373ad73a504971]::result::Result<(), alloc[2e1b2a31b91974c5]::string::String>>
[INFO] [stdout]                                at /rustc/e3feeb59cd1bdd011a2bfcc0747b55125d9b8527/library/std/src/panic.rs:359:14
[INFO] [stdout]   31:     0x62c60d3e3255 - test[aada8e7e76ba119b]::run_test_in_process
[INFO] [stdout]                                at /rustc/e3feeb59cd1bdd011a2bfcc0747b55125d9b8527/library/test/src/lib.rs:724:27
[INFO] [stdout]   32:     0x62c60d3e3255 - test[aada8e7e76ba119b]::run_test::{closure#0}
[INFO] [stdout]                                at /rustc/e3feeb59cd1bdd011a2bfcc0747b55125d9b8527/library/test/src/lib.rs:645:43
[INFO] [stdout]   33:     0x62c60d3dcb44 - test[aada8e7e76ba119b]::run_test::{closure#1}
[INFO] [stdout]                                at /rustc/e3feeb59cd1bdd011a2bfcc0747b55125d9b8527/library/test/src/lib.rs:675:41
[INFO] [stdout]   34:     0x62c60d3dcb44 - std[617be2ca0a6fd877]::sys::backtrace::__rust_begin_short_backtrace::<test[aada8e7e76ba119b]::run_test::{closure#1}, ()>
[INFO] [stdout]                                at /rustc/e3feeb59cd1bdd011a2bfcc0747b55125d9b8527/library/std/src/sys/backtrace.rs:166:18
[INFO] [stdout]   35:     0x62c60d3e62e2 - std[617be2ca0a6fd877]::thread::lifecycle::spawn_unchecked::<test[aada8e7e76ba119b]::run_test::{closure#1}, ()>::{closure#1}::{closure#0}
[INFO] [stdout]                                at /rustc/e3feeb59cd1bdd011a2bfcc0747b55125d9b8527/library/std/src/thread/lifecycle.rs:70:13
[INFO] [stdout]   36:     0x62c60d3e62e2 - <core[a373ad73a504971]::panic::unwind_safe::AssertUnwindSafe<std[617be2ca0a6fd877]::thread::lifecycle::spawn_unchecked<test[aada8e7e76ba119b]::run_test::{closure#1}, ()>::{closure#1}::{closure#0}> as core[a373ad73a504971]::ops::function::FnOnce<()>>::call_once
[INFO] [stdout]                                at /rustc/e3feeb59cd1bdd011a2bfcc0747b55125d9b8527/library/core/src/panic/unwind_safe.rs:275:9
[INFO] [stdout]   37:     0x62c60d3e62e2 - std[617be2ca0a6fd877]::panicking::catch_unwind::do_call::<core[a373ad73a504971]::panic::unwind_safe::AssertUnwindSafe<std[617be2ca0a6fd877]::thread::lifecycle::spawn_unchecked<test[aada8e7e76ba119b]::run_test::{closure#1}, ()>::{closure#1}::{closure#0}>, ()>
[INFO] [stdout]                                at /rustc/e3feeb59cd1bdd011a2bfcc0747b55125d9b8527/library/std/src/panicking.rs:573:43
[INFO] [stdout]   38:     0x62c60d3e62e2 - std[617be2ca0a6fd877]::panicking::catch_unwind::<(), core[a373ad73a504971]::panic::unwind_safe::AssertUnwindSafe<std[617be2ca0a6fd877]::thread::lifecycle::spawn_unchecked<test[aada8e7e76ba119b]::run_test::{closure#1}, ()>::{closure#1}::{closure#0}>>
[INFO] [stdout]                                at /rustc/e3feeb59cd1bdd011a2bfcc0747b55125d9b8527/library/std/src/panicking.rs:541:19
[INFO] [stdout]   39:     0x62c60d3e62e2 - std[617be2ca0a6fd877]::panic::catch_unwind::<core[a373ad73a504971]::panic::unwind_safe::AssertUnwindSafe<std[617be2ca0a6fd877]::thread::lifecycle::spawn_unchecked<test[aada8e7e76ba119b]::run_test::{closure#1}, ()>::{closure#1}::{closure#0}>, ()>
[INFO] [stdout]                                at /rustc/e3feeb59cd1bdd011a2bfcc0747b55125d9b8527/library/std/src/panic.rs:359:14
[INFO] [stdout]   40:     0x62c60d3e62e2 - std[617be2ca0a6fd877]::thread::lifecycle::spawn_unchecked::<test[aada8e7e76ba119b]::run_test::{closure#1}, ()>::{closure#1}
[INFO] [stdout]                                at /rustc/e3feeb59cd1bdd011a2bfcc0747b55125d9b8527/library/std/src/thread/lifecycle.rs:68:26
[INFO] [stdout]   41:     0x62c60d3e62e2 - <std[617be2ca0a6fd877]::thread::lifecycle::spawn_unchecked<test[aada8e7e76ba119b]::run_test::{closure#1}, ()>::{closure#1} as core[a373ad73a504971]::ops::function::FnOnce<()>>::call_once::{shim:vtable#0}
[INFO] [stdout]                                at /rustc/e3feeb59cd1bdd011a2bfcc0747b55125d9b8527/library/core/src/ops/function.rs:250:5
[INFO] [stdout]   42:     0x62c60d9793df - <alloc[2e1b2a31b91974c5]::boxed::Box<dyn core[a373ad73a504971]::ops::function::FnOnce<(), Output = ()> + core[a373ad73a504971]::marker::Send> as core[a373ad73a504971]::ops::function::FnOnce<()>>::call_once
[INFO] [stdout]                                at /rustc/e3feeb59cd1bdd011a2bfcc0747b55125d9b8527/library/alloc/src/boxed.rs:2314:9
[INFO] [stdout]   43:     0x62c60d9793df - <std[617be2ca0a6fd877]::sys::thread::unix::Thread>::new::thread_start
[INFO] [stdout]                                at /rustc/e3feeb59cd1bdd011a2bfcc0747b55125d9b8527/library/std/src/sys/thread/unix.rs:127:17
[INFO] [stdout]   44:     0x7984c68a3dfa - <unknown>
[INFO] [stdout]   45:     0x7984c69373d4 - clone
[INFO] [stdout]   46:                0x0 - <unknown>
[INFO] [stdout] 
[INFO] [stdout] 
[INFO] [stdout] failures:
[INFO] [stdout]     generators::core::template_processor::tests::process_embedded_template_directory_errors_when_output_uncreatable
[INFO] [stdout]     generators::core::template_processor::tests::process_template_file_errors_when_output_dir_uncreatable
[INFO] [stdout]     generators::orchestrator::tests::format_rust_project_formats_pure_crate_and_skips_missing_tauri_manifest
[INFO] [stdout] 
[INFO] [stdout] test result: FAILED. 164 passed; 3 failed; 0 ignored; 0 measured; 0 filtered out; finished in 0.47s
[INFO] [stdout] 
[INFO] [stderr] error: test failed, to rerun pass `--lib`
[INFO] running `Command { std: "docker" "inspect" "b949810f6faaaad68745dbd0d38000a431f9e02642afa27bdf38e145194c3a5c", kill_on_drop: false }`
[INFO] running `Command { std: "docker" "rm" "-f" "b949810f6faaaad68745dbd0d38000a431f9e02642afa27bdf38e145194c3a5c", kill_on_drop: false }`
[INFO] [stdout] b949810f6faaaad68745dbd0d38000a431f9e02642afa27bdf38e145194c3a5c
