[INFO] fetching crate sasso 0.21.0...
[INFO] testing sasso-0.21.0 against 1.99.0-beta.8 for beta-1.100-2
[INFO] extracting crate sasso 0.21.0 into /workspace/builds/worker-5-tc1/source
[INFO] started tweaking crates.io crate sasso 0.21.0
[INFO] removed 0 missing examples
[INFO] removed 0 missing tests
[INFO] finished tweaking crates.io crate sasso 0.21.0
[INFO] tweaked toml for crates.io crate sasso 0.21.0 written to /workspace/builds/worker-5-tc1/source/Cargo.toml
[INFO] validating manifest of crates.io crate sasso 0.21.0 on toolchain 1.99.0-beta.8
[INFO] running `Command { std: CARGO_HOME="/workspace/cargo-home" RUSTUP_HOME="/workspace/rustup-home" "/workspace/cargo-home/bin/cargo" "+1.99.0-beta.8" "metadata" "--manifest-path" "Cargo.toml" "--no-deps", kill_on_drop: false }`
[INFO] crate crates.io crate sasso 0.21.0 already has a lockfile, it will not be regenerated
[INFO] running `Command { std: CARGO_HOME="/workspace/cargo-home" RUSTUP_HOME="/workspace/rustup-home" "/workspace/cargo-home/bin/cargo" "+1.99.0-beta.8" "fetch" "--manifest-path" "Cargo.toml", kill_on_drop: false }`
[INFO] [stderr]     Updating crates.io index
[INFO] [stderr]  Downloading crates ...
[INFO] [stderr]   Downloaded codspeed-divan-compat v5.0.0
[INFO] [stderr]   Downloaded codspeed-divan-compat-walltime v5.0.0
[INFO] [stderr]   Downloaded divan-macros v0.1.17
[INFO] [stderr]   Downloaded condtype v1.3.0
[INFO] [stderr]   Downloaded codspeed-divan-compat-macros v5.0.0
[INFO] [stderr]   Downloaded codspeed v5.0.0
[INFO] running `Command { std: "docker" "create" "-v" "/var/lib/crater-agent-workspace/builds/worker-5-tc1/source:/opt/rustwide/workdir:ro,Z" "-v" "/var/lib/crater-agent-workspace/builds/worker-5-tc1/target:/opt/rustwide/target:rw,Z" "-v" "/var/lib/crater-agent-workspace/cargo-home:/opt/rustwide/cargo-home:ro,Z" "-v" "/var/lib/crater-agent-workspace/rustup-home:/opt/rustwide/rustup-home:ro,Z" "-m" "1610612736" "--network" "none" "ghcr.io/rust-lang/crates-build-env/linux@sha256:3111399a4047eeb3a02b7a90e478d715f38a8c6669b5c4b49d30a17385265909" "sleep" "infinity", kill_on_drop: false }`
[INFO] [stdout] d648561ebb2780cf4fe15b3b04146fdaaf1f823fb68dc2896af1f32f7b18b172
[INFO] running `Command { std: "docker" "start" "d648561ebb2780cf4fe15b3b04146fdaaf1f823fb68dc2896af1f32f7b18b172", kill_on_drop: false }`
[INFO] running `Command { std: "docker" "inspect" "d648561ebb2780cf4fe15b3b04146fdaaf1f823fb68dc2896af1f32f7b18b172", kill_on_drop: false }`
[INFO] running `Command { std: "docker" "exec" "-e" "SOURCE_DIR=/opt/rustwide/workdir" "-e" "CARGO_HOME=/opt/rustwide/cargo-home" "-e" "RUSTUP_HOME=/opt/rustwide/rustup-home" "-e" "CARGO_TARGET_DIR=/opt/rustwide/target" "-w" "/opt/rustwide/workdir" "--user" "0:0" "d648561ebb2780cf4fe15b3b04146fdaaf1f823fb68dc2896af1f32f7b18b172" "/opt/rustwide/cargo-home/bin/cargo" "+1.99.0-beta.8" "metadata" "--no-deps" "--format-version=1", kill_on_drop: false }`
[INFO] running `Command { std: "docker" "inspect" "d648561ebb2780cf4fe15b3b04146fdaaf1f823fb68dc2896af1f32f7b18b172", kill_on_drop: false }`
[INFO] running `Command { std: "docker" "exec" "-e" "SOURCE_DIR=/opt/rustwide/workdir" "-e" "CARGO_HOME=/opt/rustwide/cargo-home" "-e" "RUSTUP_HOME=/opt/rustwide/rustup-home" "-e" "CARGO_TARGET_DIR=/opt/rustwide/target" "-e" "CARGO_INCREMENTAL=0" "-e" "RUST_BACKTRACE=full" "-e" "RUSTFLAGS=--cap-lints=warn" "-e" "RUSTDOCFLAGS=--cap-lints=warn" "-w" "/opt/rustwide/workdir" "--user" "0:0" "d648561ebb2780cf4fe15b3b04146fdaaf1f823fb68dc2896af1f32f7b18b172" "/opt/rustwide/cargo-home/bin/cargo" "+1.99.0-beta.8" "build" "--frozen" "--message-format=json", kill_on_drop: false }`
[INFO] [stderr]    Compiling sasso v0.21.0 (/opt/rustwide/workdir)
[INFO] [stderr]     Finished `dev` profile [unoptimized + debuginfo] target(s) in 14.25s
[INFO] running `Command { std: "docker" "inspect" "d648561ebb2780cf4fe15b3b04146fdaaf1f823fb68dc2896af1f32f7b18b172", kill_on_drop: false }`
[INFO] running `Command { std: "docker" "exec" "-e" "SOURCE_DIR=/opt/rustwide/workdir" "-e" "CARGO_HOME=/opt/rustwide/cargo-home" "-e" "RUSTUP_HOME=/opt/rustwide/rustup-home" "-e" "CARGO_TARGET_DIR=/opt/rustwide/target" "-e" "CARGO_INCREMENTAL=0" "-e" "RUST_BACKTRACE=full" "-e" "RUSTFLAGS=--cap-lints=warn" "-e" "RUSTDOCFLAGS=--cap-lints=warn" "-w" "/opt/rustwide/workdir" "--user" "0:0" "d648561ebb2780cf4fe15b3b04146fdaaf1f823fb68dc2896af1f32f7b18b172" "/opt/rustwide/cargo-home/bin/cargo" "+1.99.0-beta.8" "test" "--frozen" "--no-run" "--message-format=json", kill_on_drop: false }`
[INFO] [stderr]    Compiling quote v1.0.46
[INFO] [stderr]    Compiling bitflags v2.13.0
[INFO] [stderr]    Compiling libc v0.2.186
[INFO] [stderr]    Compiling rustix v1.1.4
[INFO] [stderr]    Compiling memchr v2.8.2
[INFO] [stderr]    Compiling cfg_aliases v0.2.1
[INFO] [stderr]    Compiling anyhow v1.0.103
[INFO] [stderr]    Compiling num-traits v0.2.19
[INFO] [stderr]    Compiling cc v1.2.65
[INFO] [stderr]    Compiling getrandom v0.4.3
[INFO] [stderr]    Compiling hashbrown v0.17.1
[INFO] [stderr]    Compiling winnow v1.0.3
[INFO] [stderr]    Compiling toml_datetime v1.1.1+spec-1.1.0
[INFO] [stderr]    Compiling either v1.16.0
[INFO] [stderr]    Compiling colored v3.1.1
[INFO] [stderr]    Compiling regex-syntax v0.8.11
[INFO] [stderr]    Compiling nix v0.31.3
[INFO] [stderr]    Compiling codspeed-divan-compat v5.0.0
[INFO] [stderr]    Compiling condtype v1.3.0
[INFO] [stderr]    Compiling serde_json v1.0.150
[INFO] [stderr]    Compiling aho-corasick v1.1.4
[INFO] [stderr]    Compiling regex-lite v0.1.9
[INFO] [stderr]    Compiling itertools v0.14.0
[INFO] [stderr]    Compiling syn v2.0.118
[INFO] [stderr]    Compiling indexmap v2.14.0
[INFO] [stderr]    Compiling approx v0.5.1
[INFO] [stderr]    Compiling statrs v0.18.0
[INFO] [stderr]    Compiling toml_parser v1.1.2+spec-1.1.0
[INFO] [stderr]    Compiling terminal_size v0.4.4
[INFO] [stderr]    Compiling clap_builder v4.6.0
[INFO] [stderr]    Compiling codspeed v5.0.0
[INFO] [stderr]    Compiling toml_edit v0.25.12+spec-1.1.0
[INFO] [stderr]    Compiling proc-macro-crate v3.5.0
[INFO] [stderr]    Compiling regex-automata v0.4.14
[INFO] [stderr]    Compiling clap v4.6.1
[INFO] [stderr]    Compiling regex v1.12.4
[INFO] [stderr]    Compiling serde_derive v1.0.228
[INFO] [stderr]    Compiling divan-macros v0.1.17
[INFO] [stderr]    Compiling codspeed-divan-compat-macros v5.0.0
[INFO] [stderr]    Compiling serde v1.0.228
[INFO] [stderr]    Compiling codspeed-divan-compat-walltime v5.0.0
[INFO] [stderr]    Compiling sasso v0.21.0 (/opt/rustwide/workdir)
[INFO] [stderr]     Finished `test` profile [unoptimized + debuginfo] target(s) in 49.43s
[INFO] running `Command { std: "docker" "inspect" "d648561ebb2780cf4fe15b3b04146fdaaf1f823fb68dc2896af1f32f7b18b172", kill_on_drop: false }`
[INFO] running `Command { std: "docker" "exec" "-e" "SOURCE_DIR=/opt/rustwide/workdir" "-e" "CARGO_HOME=/opt/rustwide/cargo-home" "-e" "RUSTUP_HOME=/opt/rustwide/rustup-home" "-e" "CARGO_TARGET_DIR=/opt/rustwide/target" "-e" "CARGO_INCREMENTAL=0" "-e" "RUST_BACKTRACE=full" "-e" "RUSTFLAGS=--cap-lints=warn" "-e" "RUSTDOCFLAGS=--cap-lints=warn" "-w" "/opt/rustwide/workdir" "--user" "0:0" "d648561ebb2780cf4fe15b3b04146fdaaf1f823fb68dc2896af1f32f7b18b172" "/opt/rustwide/cargo-home/bin/cargo" "+1.99.0-beta.8" "test" "--frozen", kill_on_drop: false }`
[INFO] [stderr]     Finished `test` profile [unoptimized + debuginfo] target(s) in 0.11s
[INFO] [stderr]      Running unittests src/lib.rs (/opt/rustwide/target/debug/deps/sasso-9f1735e340a49608)
[INFO] [stdout] 
[INFO] [stdout] running 210 tests
[INFO] [stdout] test arena::tests::compute_zero_size ... ok
[INFO] [stdout] test arena::tests::arena_reset_reuses_region ... ok
[INFO] [stdout] test arena::tests::arena_alloc_is_aligned_writable_and_in_bounds ... ok
[INFO] [stdout] test arena::tests::arena_allocations_do_not_overlap ... ok
[INFO] [stdout] test arena::tests::realloc_extends_tail_in_place_else_copies ... ok
[INFO] [stdout] test arena::tests::arena_full_returns_none ... ok
[INFO] [stdout] test arena::tests::compute_aligns_up ... ok
[INFO] [stdout] test arena::tests::compute_overflow_is_none ... ok
[INFO] [stdout] test builtins::color::deprecate::tests::the_name_gate_agrees_with_the_suggestion_tables ... ok
[INFO] [stdout] test arena::tests::pause_guard_lifts_on_unwind ... ok
[INFO] [stdout] test builtins::color::removed::tests::the_surviving_members_are_not_claimed ... ok
[INFO] [stdout] test arena::tests::compute_every_power_of_two_alignment ... ok
[INFO] [stdout] test arena::tests::compute_boundary ... ok
[INFO] [stdout] test builtins::color::removed::tests::the_table_is_the_nine_removed_members ... ok
[INFO] [stdout] test builtins::color::deprecate::tests::the_gate_over_admits_and_never_under_admits ... ok
[INFO] [stdout] test builtins::color::removed::tests::every_removed_member_is_still_a_member ... ok
[INFO] [stdout] test builtins::color_ext::tests::unowned_returns_none ... ok
[INFO] [stdout] test builtins::color_ext::tests::invert_full_and_weighted ... ok
[INFO] [stdout] test builtins::color_ext::tests::adjust_hue_and_complement ... ok
[INFO] [stdout] test builtins::color_ext::tests::grayscale_saturate_desaturate ... ok
[INFO] [stdout] test builtins::color_ext::tests::alpha_shifts ... ok
[INFO] [stdout] test builtins::color_ext::tests::hsl_getters_units ... ok
[INFO] [stdout] test builtins::list::tests::join_default_uses_list1_separator ... ok
[INFO] [stdout] test builtins::list::tests::index_finds_or_null ... ok
[INFO] [stdout] test builtins::list::tests::append_to_empty_list ... ok
[INFO] [stdout] test builtins::list::tests::is_bracketed_reports_flag ... ok
[INFO] [stdout] test builtins::colorspace::matrices::tests::bit_exactness ... ok
[INFO] [stdout] test builtins::list::tests::append_default_and_explicit ... ok
[INFO] [stdout] test builtins::list::tests::join_explicit_separator ... ok
[INFO] [stdout] test builtins::list::tests::join_single_list_borrows_list2_separator ... ok
[INFO] [stdout] test builtins::list::tests::nth_index_errors ... ok
[INFO] [stdout] test builtins::list::tests::length_counts_elements ... ok
[INFO] [stdout] test builtins::list::tests::nth_one_based_and_negative ... ok
[INFO] [stdout] test builtins::map::tests::length_and_nth_decline_non_maps ... ok
[INFO] [stdout] test builtins::list::tests::set_nth_replaces_and_keeps_separator ... ok
[INFO] [stdout] test builtins::list::tests::zip_interleaves_to_shortest ... ok
[INFO] [stdout] test builtins::list::tests::list_separator_reports_keyword ... ok
[INFO] [stdout] test builtins::map::tests::empty_list_acts_as_empty_map ... ok
[INFO] [stdout] test builtins::map::tests::map_has_key_reports_presence ... ok
[INFO] [stdout] test builtins::map::tests::map_keys_and_values_are_comma_lists ... ok
[INFO] [stdout] test builtins::list::tests::rejects_unknown_names_and_bad_separator ... ok
[INFO] [stdout] test builtins::map::tests::length_and_nth_on_maps ... ok
[INFO] [stdout] test builtins::math::tests::ceil_and_floor_keep_unit ... ok
[INFO] [stdout] test builtins::map::tests::map_get_returns_value_or_null ... ok
[INFO] [stdout] test builtins::map::tests::map_remove_drops_keys ... ok
[INFO] [stdout] test builtins::math::tests::clamp_orders_min_value_max ... ok
[INFO] [stdout] test builtins::math::tests::hypot_converts_onto_first_unit ... ok
[INFO] [stdout] test builtins::map::tests::map_merge_overwrites_and_appends ... ok
[INFO] [stdout] test builtins::math::tests::abs_keeps_unit_and_magnitude ... ok
[INFO] [stdout] test builtins::math::tests::rem_and_mod_signs ... ok
[INFO] [stdout] test builtins::math::tests::min_max_pick_winning_argument_unit ... ok
[INFO] [stdout] test builtins::math::tests::round_is_half_away_from_zero ... ok
[INFO] [stdout] test builtins::math::tests::min_max_preserve_css_form_on_incompatible ... ok
[INFO] [stdout] test builtins::math::tests::pow_sqrt_exp_log_are_unitless ... ok
[INFO] [stdout] test builtins::math::tests::rejects_non_numbers_and_unknown_names ... ok
[INFO] [stdout] test builtins::math::tests::round_strategies_with_step ... ok
[INFO] [stdout] test builtins::math::tests::sign_keeps_units ... ok
[INFO] [stdout] test builtins::meta::tests::comparable_unit_groups ... ok
[INFO] [stdout] test builtins::meta::tests::inspect_lists ... ok
[INFO] [stdout] test builtins::math::tests::trig_accepts_angles_and_returns_unitless ... ok
[INFO] [stdout] test builtins::meta::tests::type_of_reports_type_name ... ok
[INFO] [stdout] test builtins::meta::tests::feature_exists_known_set ... ok
[INFO] [stdout] test builtins::meta::tests::unitless_reports_bool ... ok
[INFO] [stdout] test builtins::meta::tests::inspect_scalars ... ok
[INFO] [stdout] test builtins::math::tests::inverse_trig_returns_degrees ... ok
[INFO] [stdout] test builtins::meta::tests::inspect_nested_lists ... ok
[INFO] [stdout] test builtins::meta::tests::unit_is_quoted ... ok
[INFO] [stdout] test builtins::meta::tests::rejects_unknown_names ... ok
[INFO] [stdout] test builtins::string::tests::case_change_is_ascii_and_preserves_quoting ... ok
[INFO] [stdout] test builtins::string::tests::quote_and_unquote_flip_quotedness ... ok
[INFO] [stdout] test builtins::string::tests::quote_rejects_non_strings ... ok
[INFO] [stdout] test builtins::string::tests::rejects_unknown_names_and_units ... ok
[INFO] [stdout] test builtins::string::tests::str_index_is_one_based_or_null ... ok
[INFO] [stdout] test builtins::string::tests::str_insert_positions_and_clamps ... ok
[INFO] [stdout] test builtins::string::tests::str_length_counts_unicode_chars ... ok
[INFO] [stdout] test builtins::tests::a_member_can_be_spelled_with_underscores ... ok
[INFO] [stdout] test builtins::tests::a_member_without_a_global_is_still_a_member ... ok
[INFO] [stdout] test builtins::tests::a_module_members_global_is_the_same_row ... ok
[INFO] [stdout] test builtins::tests::a_rest_parameter_is_not_a_named_parameter ... ok
[INFO] [stdout] test builtins::tests::an_unknown_module_has_no_members ... ok
[INFO] [stdout] test builtins::tests::an_unlisted_variable_has_no_value ... ok
[INFO] [stdout] test builtins::tests::every_alias_names_a_real_global ... ok
[INFO] [stdout] test builtins::tests::every_declared_parameter_is_already_canonical ... ok
[INFO] [stdout] test builtins::tests::a_calculation_global_is_not_verified_as_a_member ... ok
[INFO] [stdout] test builtins::tests::every_listed_variable_has_a_value ... ok
[INFO] [stdout] test builtins::tests::a_mixin_or_a_variable_is_not_a_function ... ok
[INFO] [stdout] test builtins::tests::a_family_before_the_chain_start_claims_nothing ... ok
[INFO] [stdout] test builtins::tests::every_module_lists_darts_members_in_darts_order ... ok
[INFO] [stdout] test builtins::tests::is_builtin_locks_classification ... ok
[INFO] [stdout] test builtins::tests::has_rest_matches_the_rest_suffix ... ok
[INFO] [stdout] test builtins::tests::is_builtin_matches_historical_set ... ok
[INFO] [stdout] test builtins::tests::math_has_no_exp_or_sign ... ok
[INFO] [stdout] test builtins::tests::the_verifier_answers_what_dart_answers ... ok
[INFO] [stdout] test builtins::string::tests::str_slice_handles_negatives_and_defaults ... ok
[INFO] [stdout] test deprecation::tests::import_header_matches_fixture_prefix ... ok
[INFO] [stdout] test builtins::tests::only_the_overloaded_members_go_unverified ... ok
[INFO] [stdout] test builtins::tests::the_global_saturate_is_not_this_declaration ... ok
[INFO] [stdout] test builtins::tests::the_member_index_agrees_with_the_tables ... ok
[INFO] [stdout] test diag::tests::at_error_span_at_line_one ... ok
[INFO] [stdout] test diag::tests::digit_count_basic ... ok
[INFO] [stdout] test diag::tests::frames_stack_outermost_root ... ok
[INFO] [stdout] test arena::tests::a_thread_that_found_the_registry_full_recovers_when_a_slot_frees ... ok
[INFO] [stdout] test builtins::tests::the_table_holds_no_more_and_no_less ... ok
[INFO] [stdout] test diag::tests::labelled_spans_match_dart ... ok
[INFO] [stdout] test diag::tests::live_dart_parity ... ok
[INFO] [stdout] test diag::tests::multi_line_span_ascii_arms ... ok
[INFO] [stdout] test diag::tests::multi_line_span_unicode_arms ... ok
[INFO] [stdout] test diag::tests::out_of_range_does_not_panic ... ok
[INFO] [stdout] test arena::tests::allocating_while_the_thread_is_tearing_down_does_not_panic ... ok
[INFO] [stdout] test arena::tests::nested_scope_while_paused_does_not_reset_outer_arena ... ok
[INFO] [stdout] test arena::tests::pause_routes_to_system_then_resumes ... ok
[INFO] [stdout] test diag::tests::undefined_variable_ascii ... ok
[INFO] [stdout] test diag::tests::undefined_variable_unicode ... ok
[INFO] [stdout] test diag::tests::wide_gutter_double_digit_line ... ok
[INFO] [stdout] test diag::tests::zero_length_span_one_caret ... ok
[INFO] [stdout] test eval::tests::the_probe_memo_admits_only_bounded_argument_shapes ... ok
[INFO] [stdout] test fxhash::tests::distinct_keys_mostly_distinct_hashes ... ok
[INFO] [stdout] test diag::tests::split_lines_handles_all_terminators ... ok
[INFO] [stdout] test diag::tests::tab_indent_expands_in_source_and_caret ... ok
[INFO] [stdout] test diag::tests::tabs_expand_to_four_spaces_everywhere ... ok
[INFO] [stdout] test eval::tests::the_reused_value_buffer_never_leaks_the_previous_value ... ok
[INFO] [stdout] test file_url_tests::an_undecodable_byte_is_shown_and_not_opened ... ok
[INFO] [stdout] test file_url_tests::and_they_agree_about_everything_decodable ... ok
[INFO] [stdout] test host_fn::tests::custom_function_color_roundtrip ... ok
[INFO] [stdout] test host_fn::tests::custom_function_overrides_builtin_but_not_user ... ok
[INFO] [stdout] test host_fn::tests::custom_function_error_surfaces ... ok
[INFO] [stdout] test fxhash::tests::basic_map_roundtrips ... ok
[INFO] [stdout] test host_fn::tests::custom_function_keyword_args ... ok
[INFO] [stdout] test host_fn::tests::value_op_number_convert ... ok
[INFO] [stdout] test host_fn::tests::custom_function_number ... ok
[INFO] [stdout] test musl_math::table_tests::table_bit_exactness ... ok
[INFO] [stdout] test musl_math::tests::matches_musl_c_oracle ... ok
[INFO] [stdout] test musl_math::tests::special_cases ... ok
[INFO] [stdout] test host_fn::tests::custom_function_rest_args ... ok
[INFO] [stdout] test pathstyle::tests::a_drive_letter_is_not_a_scheme ... ok
[INFO] [stdout] test host_fn::tests::custom_function_string_list_map_roundtrip ... ok
[INFO] [stdout] test pathstyle::tests::a_url_far_outside_the_tree_stays_absolute ... ok
[INFO] [stdout] test pathstyle::tests::a_loaded_file_under_a_mixed_case_windows_cwd_is_relative ... ok
[INFO] [stdout] test pathstyle::tests::an_encoded_drive_letter_is_still_a_drive ... ok
[INFO] [stdout] test pathstyle::tests::another_drive_is_shown_absolute ... ok
[INFO] [stdout] test pathstyle::tests::a_verbatim_prefix_is_not_part_of_the_root_identity ... ok
[INFO] [stdout] test pathstyle::tests::a_path_that_is_the_working_directory_is_a_dot ... ok
[INFO] [stdout] test pathstyle::tests::both_front_ends_name_a_file_the_same_way ... ok
[INFO] [stdout] test pathstyle::tests::a_relative_key_is_not_a_path_to_relativise ... ok
[INFO] [stdout] test pathstyle::tests::different_roots_have_no_relative_spelling ... ok
[INFO] [stdout] test pathstyle::tests::a_root_matches_with_or_without_its_trailing_separator ... ok
[INFO] [stdout] test pathstyle::tests::empty_segments_are_dropped ... ok
[INFO] [stdout] test pathstyle::tests::only_an_absolute_name_is_ours_to_respell ... ok
[INFO] [stdout] test pathstyle::tests::a_drive_without_a_separator_is_not_a_root ... ok
[INFO] [stdout] test pathstyle::tests::the_localhost_authority_is_the_local_machine ... ok
[INFO] [stdout] test pathstyle::tests::a_file_url_names_the_path_it_points_at ... ok
[INFO] [stdout] test pathstyle::tests::a_unc_url_is_windows_even_with_no_cwd ... ok
[INFO] [stdout] test pathstyle::tests::a_file_far_outside_the_tree_stays_absolute ... ok
[INFO] [stdout] test pathstyle::tests::unc_share_is_the_root ... ok
[INFO] [stdout] test pathstyle::tests::what_it_decodes_is_rooted_in_its_own_style ... ok
[INFO] [stdout] test pathstyle::tests::walks_up_out_of_the_base ... ok
[INFO] [stdout] test pathstyle::tests::windows_accepts_either_separator ... ok
[INFO] [stdout] test pathstyle::tests::windows_relativises_a_lowercased_key_against_a_mixed_case_cwd ... ok
[INFO] [stdout] test pathstyle::tests::segments_exclude_the_root ... ok
[INFO] [stdout] test pathstyle::tests::without_a_cwd_it_is_still_a_path_not_a_url ... ok
[INFO] [stdout] test pathstyle::tests::the_separator_is_the_platforms ... ok
[INFO] [stdout] test ryu::tests::matches_display_on_classics ... ok
[INFO] [stdout] test pathstyle::tests::percent_escapes_are_decoded ... ok
[INFO] [stdout] test pathstyle::tests::posix_case_is_significant ... ok
[INFO] [stdout] test pathstyle::tests::the_spelling_decides_the_style_not_the_build ... ok
[INFO] [stdout] test pathstyle::tests::the_windows_fold_is_ascii_only ... ok
[INFO] [stdout] test sass_parser::line_scanner_parity::overlapping_slash_star_slash_does_not_panic ... ok
[INFO] [stdout] test sass_parser::line_scanner_parity::returned_byte_offsets_are_char_boundaries ... ok
[INFO] [stdout] test sourcemap::tests::mappings_matches_legacy_charset_regex ... ok
[INFO] [stdout] test sourcemap::tests::json_shape_and_escaping ... ok
[INFO] [stdout] test sourcemap::tests::mappings_delta_encoding ... ok
[INFO] [stdout] test ryu::tests::tables_checksum ... ok
[INFO] [stdout] test sass_parser::line_scanner_parity::well_formed_trailing_comments_still_trim ... ok
[INFO] [stdout] test selector::compress_tests::an_escape_is_one_token ... ok
[INFO] [stdout] test selector::compress_tests::only_structural_whitespace_goes ... ok
[INFO] [stdout] test sourcemap::tests::base64_known_vectors ... ok
[INFO] [stdout] test sourcemap::tests::vlq_known_vectors ... ok
[INFO] [stdout] test value::tests::alpha_color_serializes_as_rgba ... ok
[INFO] [stdout] test arena::tests::concurrent_threads_get_disjoint_regions_and_release_them ... ok
[INFO] [stdout] test value::tests::an_authored_spelling_is_built_once_and_then_shared ... ok
[INFO] [stdout] test value::tests::calc_serialization_drops_redundant_parens ... ok
[INFO] [stdout] test value::tests::calc_serialization_keeps_required_parens_and_flips_sign ... ok
[INFO] [stdout] test value::tests::compressed_picks_shortest_of_rgb_and_hsl ... ok
[INFO] [stdout] test value::tests::fmt_num_large_values_stay_plain_decimals ... ok
[INFO] [stdout] test value::tests::fmt_num_rounds_fractions_to_ten_places ... ok
[INFO] [stdout] test value::tests::compressed_uses_shortest_of_name_or_hex ... ok
[INFO] [stdout] test value::tests::computed_fractional_channels_serialize_as_rgb ... ok
[INFO] [stdout] test value::tests::convert_factor_matches_dart_sass ... ok
[INFO] [stdout] test value::tests::fmt_num_compressed_drops_leading_zero ... ok
[INFO] [stdout] test value::tests::fmt_num_compressed_leading_zero_follows_the_writer ... ok
[INFO] [stdout] test value::tests::fmt_num_trims_and_rounds ... ok
[INFO] [stdout] test value::tests::fuzzy_is_int_needs_both_clauses_of_fuzzy_equals ... ok
[INFO] [stdout] test value::tests::hex_parsing_and_serialization ... ok
[INFO] [stdout] test value::tests::hsl_roundtrip_is_exact_for_integer_rgb ... ok
[INFO] [stdout] test value::tests::named_colors_resolve_and_preserve_spelling ... ok
[INFO] [stdout] test value::tests::push_num_writes_at_an_offset ... ok
[INFO] [stdout] test value::tests::units_compatible_within_groups_only ... ok
[INFO] [stdout] test value::tests::writing_a_calculation_appends_dart_sass_spelling ... ok
[INFO] [stdout] test sass_parser::line_scanner_parity::line_scanner_matches_reference_implementations ... ok
[INFO] [stdout] test value::tests::writing_a_value_in_place_matches_serializing_it_to_a_string ... ok
[INFO] [stdout] test value::tests::unit_dimensions_group_known_units ... ok
[INFO] [stdout] test value::tests::sass_eq_colors_compare_channels_fuzzily ... ok
[INFO] [stdout] test arena::tests::registry_slots_are_reusable_past_the_cap ... ok
[INFO] [stdout] test arena::tests::scoped_routes_to_system_when_inactive ... ok
[INFO] [stdout] test arena::tests::scoped_bumps_inside_scope_and_resets ... ok
[INFO] [stdout] test value::tests::sass_eq_numbers_are_unit_aware_and_fuzzy ... ok
[INFO] [stdout] test arena::tests::threads_that_follow_one_another_share_one_region ... ok
[INFO] [stdout] test arena::tests::more_live_threads_than_slots_all_get_an_arena_in_turn ... ok
[INFO] [stdout] test sourcemap::tests::vlq_roundtrips_over_a_wide_range ... ok
[INFO] [stdout] test ryu::tests::differential_fuzz_vs_display ... ok
[INFO] [stdout] 
[INFO] [stdout] test result: ok. 210 passed; 0 failed; 0 ignored; 0 measured; 0 filtered out; finished in 27.78s
[INFO] [stdout] 
[INFO] [stderr]      Running unittests src/main.rs (/opt/rustwide/target/debug/deps/sasso-107387972a090c26)
[INFO] [stdout] 
[INFO] [stdout] running 122 tests
[INFO] [stdout] test default_jobs_tests::the_fields_may_come_in_either_order ... ok
[INFO] [stdout] test default_jobs_tests::no_topology_reported_is_no_answer ... ok
[INFO] [stdout] test default_jobs_tests::eight_threads_on_four_cores_read_as_four ... ok
[INFO] [stdout] test dir_pair_tests::a_file_is_inside_the_destination_by_the_same_rules ... ok
[INFO] [stdout] test default_jobs_tests::two_sockets_of_four_read_as_eight_not_four ... ok
[INFO] [stdout] test dir_pair_tests::a_prefix_of_a_name_is_not_a_parent ... ok
[INFO] [stdout] test dir_pair_tests::only_what_is_under_the_destination_is_skipped ... ok
[INFO] [stdout] test default_jobs_tests::a_cgroup_cap_below_the_core_count_wins ... ok
[INFO] [stdout] test dir_pair_tests::a_destination_equal_to_the_source_is_not_nested ... ok
[INFO] [stdout] test dirs_key_tests::a_relative_path_is_keyed_against_the_working_directory ... ok
[INFO] [stdout] test dirs_key_tests::case_is_part_of_the_name_off_windows ... ok
[INFO] [stdout] test default_jobs_tests::the_socket_resets_at_each_processor_record ... ok
[INFO] [stdout] test localtime::civil::tests::negative_seconds_floor_rather_than_truncate ... ok
[INFO] [stdout] test localtime::posix::tests::julian_days_skip_the_leap_day ... ok
[INFO] [stdout] test localtime::civil::tests::weekdays ... ok
[INFO] [stdout] test localtime::posix::tests::a_transition_is_placed_to_the_second ... ok
[INFO] [stdout] test localtime::civil::tests::fields_split_correctly ... ok
[INFO] [stdout] test localtime::posix::tests::junk_is_refused_rather_than_half_understood ... ok
[INFO] [stdout] test dir_pair_tests::case_decides_nesting_only_under_the_windows_rules ... ok
[INFO] [stdout] test disturbed_tests::a_removal_of_a_present_output_is_a_disturbance ... ok
[INFO] [stdout] test disturbed_tests::a_failed_write_that_created_nothing_records_nothing ... ok
[INFO] [stdout] test disturbed_tests::a_failed_write_records_the_map_it_created ... ok
[INFO] [stdout] test localtime::posix::tests::the_footers_tzdata_actually_ships ... ok
[INFO] [stdout] test dir_pair_tests::a_file_is_its_own_destination_by_the_same_rules ... ok
[INFO] [stdout] test localtime::posix::tests::the_southern_window_spans_new_year ... ok
[INFO] [stdout] test link_destination_tests::a_plain_path_and_a_dangling_link_name_themselves ... ok
[INFO] [stdout] test localtime::sys::tests::an_absolute_path_is_taken_as_given ... ok
[INFO] [stdout] test localtime::civil::tests::known_dates ... ok
[INFO] [stdout] test localtime::sys::tests::an_explicitly_empty_tz_is_utc ... ok
[INFO] [stdout] test localtime::sys::tests::a_name_resolves_under_zoneinfo ... ok
[INFO] [stdout] test localtime::tests::agrees_with_zoneinfo_on_every_zone ... ignored, needs the host tz database and a Python with zoneinfo
[INFO] [stdout] test localtime::tzif::tests::before_the_first_transition ... ok
[INFO] [stdout] test localtime::tzif::tests::past_the_table_the_footer_answers ... ok
[INFO] [stdout] test localtime::posix::tests::week_five_means_the_last_one ... ok
[INFO] [stdout] test localtime::sys::tests::a_name_cannot_escape_the_zoneinfo_directory ... ok
[INFO] [stdout] test localtime::tests::the_stamp_reads_as_dart_writes_it ... ok
[INFO] [stdout] test pathstyle::tests::a_drive_without_a_separator_is_not_a_root ... ok
[INFO] [stdout] test localtime::tests::a_machine_with_no_tzdata_drops_the_stamp_rather_than_lying ... ok
[INFO] [stdout] test disturbed_tests::a_removal_of_an_absent_output_disturbs_nothing ... ok
[INFO] [stdout] test localtime::sys::tests::unset_means_the_system_link ... ok
[INFO] [stdout] test localtime::tests::now_is_plausible ... ok
[INFO] [stdout] test localtime::tzif::tests::a_zone_with_dst ... ok
[INFO] [stdout] test localtime::sys::tests::the_system_zone_is_usable ... ok
[INFO] [stdout] test localtime::tzif::tests::a_zone_with_no_dst_and_a_45_minute_offset ... ok
[INFO] [stdout] test localtime::tzif::tests::utc_is_zero_everywhere ... ok
[INFO] [stdout] test localtime::tzif::tests::corrupt_input_never_panics ... ok
[INFO] [stdout] test pathstyle::tests::a_drive_letter_is_not_a_scheme ... ok
[INFO] [stdout] test pathstyle::tests::a_loaded_file_under_a_mixed_case_windows_cwd_is_relative ... ok
[INFO] [stdout] test pathstyle::tests::a_relative_key_is_not_a_path_to_relativise ... ok
[INFO] [stdout] test pathstyle::tests::both_front_ends_name_a_file_the_same_way ... ok
[INFO] [stdout] test pathstyle::tests::different_roots_have_no_relative_spelling ... ok
[INFO] [stdout] test pathstyle::tests::a_verbatim_prefix_is_not_part_of_the_root_identity ... ok
[INFO] [stdout] test pathstyle::tests::empty_segments_are_dropped ... ok
[INFO] [stdout] test pathstyle::tests::an_encoded_drive_letter_is_still_a_drive ... ok
[INFO] [stdout] test pathstyle::tests::another_drive_is_shown_absolute ... ok
[INFO] [stdout] test pathstyle::tests::a_root_matches_with_or_without_its_trailing_separator ... ok
[INFO] [stdout] test pathstyle::tests::a_unc_url_is_windows_even_with_no_cwd ... ok
[INFO] [stdout] test pathstyle::tests::a_url_far_outside_the_tree_stays_absolute ... ok
[INFO] [stdout] test pathstyle::tests::percent_escapes_are_decoded ... ok
[INFO] [stdout] test pathstyle::tests::only_an_absolute_name_is_ours_to_respell ... ok
[INFO] [stdout] test pathstyle::tests::a_file_far_outside_the_tree_stays_absolute ... ok
[INFO] [stdout] test pathstyle::tests::a_file_url_names_the_path_it_points_at ... ok
[INFO] [stdout] test pathstyle::tests::a_path_that_is_the_working_directory_is_a_dot ... ok
[INFO] [stdout] test localtime::tzif::tests::random_mutations_never_panic ... ok
[INFO] [stdout] test pathstyle::tests::what_it_decodes_is_rooted_in_its_own_style ... ok
[INFO] [stdout] test pathstyle::tests::windows_accepts_either_separator ... ok
[INFO] [stdout] test pathstyle::tests::posix_case_is_significant ... ok
[INFO] [stdout] test pathstyle::tests::segments_exclude_the_root ... ok
[INFO] [stdout] test silenced_tests::an_unknown_id_is_still_rejected ... ok
[INFO] [stdout] test pathstyle::tests::unc_share_is_the_root ... ok
[INFO] [stdout] test silenced_tests::every_id_we_emit_is_accepted ... ok
[INFO] [stdout] test resolved_dir_key_tests::a_missing_file_still_keys_by_its_resolved_directory ... ok
[INFO] [stdout] test pathstyle::tests::windows_relativises_a_lowercased_key_against_a_mixed_case_cwd ... ok
[INFO] [stdout] test pathstyle::tests::the_separator_is_the_platforms ... ok
[INFO] [stdout] test split_pair_tests::a_drive_colon_is_part_of_the_path_on_every_platform ... ok
[INFO] [stdout] test silenced_tests::the_list_is_dart_1_104_1s_enum ... ok
[INFO] [stdout] test pathstyle::tests::without_a_cwd_it_is_still_a_path_not_a_url ... ok
[INFO] [stdout] test pathstyle::tests::the_spelling_decides_the_style_not_the_build ... ok
[INFO] [stdout] test split_pair_tests::a_one_letter_source_is_a_drive_not_a_pair ... ok
[INFO] [stdout] test split_pair_tests::a_second_separator_is_still_an_error ... ok
[INFO] [stdout] test split_pair_tests::an_ordinary_pair_is_untouched ... ok
[INFO] [stdout] test url_to_path_tests::a_localhost_authority_is_this_machine ... ok
[INFO] [stdout] test pathstyle::tests::the_windows_fold_is_ascii_only ... ok
[INFO] [stdout] test url_to_path_tests::the_windows_arms_expect_what_the_windows_rules_produce ... ok
[INFO] [stdout] test url_to_path_tests::a_unc_authority_is_not_a_posix_path ... ok
[INFO] [stdout] test watch::tests::a_burst_inside_one_window_costs_two_runs ... ok
[INFO] [stdout] test watch::tests::a_change_nobody_claims_recompiles_everything ... ok
[INFO] [stdout] test watch::tests::a_change_recompiles_only_the_units_that_read_it ... ok
[INFO] [stdout] test watch::tests::a_change_while_cooling_is_picked_up_by_the_catch_up ... ok
[INFO] [stdout] test pathstyle::tests::walks_up_out_of_the_base ... ok
[INFO] [stdout] test watch::tests::a_changed_directory_recompiles_the_units_that_follow_it ... ok
[INFO] [stdout] test pathstyle::tests::the_localhost_authority_is_the_local_machine ... ok
[INFO] [stdout] test resolved_dir_key_tests::a_dotdot_after_a_symlink_follows_the_filesystem ... ok
[INFO] [stdout] test localtime::civil::tests::the_two_conversions_are_inverses ... ok
[INFO] [stdout] test split_pair_tests::the_table_above_is_comparing_what_it_thinks ... ok
[INFO] [stdout] test link_destination_tests::a_longer_chain_or_a_cycle_names_nothing ... ok
[INFO] [stdout] test url_to_path_tests::a_file_url_decodes_the_way_the_rest_of_the_crate_does ... ok
[INFO] [stdout] test watch::tests::a_directory_changed_during_the_compile_is_still_a_change ... ok
[INFO] [stdout] test url_to_path_tests::a_name_that_is_not_utf8_is_not_guessed_at ... ok
[INFO] [stdout] test watch::tests::a_directory_we_wrote_into_still_sees_somebody_elses_arrival ... ok
[INFO] [stdout] test watch::tests::a_same_second_save_of_a_different_length_is_a_change ... ok
[INFO] [stdout] test url_to_path_tests::a_non_file_scheme_has_no_path ... ok
[INFO] [stdout] test url_to_path_tests::an_absolute_path_is_its_own_answer ... ok
[INFO] [stdout] test watch::tests::a_successful_provisional_run_still_gets_a_catch_up ... ok
[INFO] [stdout] test watch::tests::a_file_that_stays_missing_is_not_a_change ... ok
[INFO] [stdout] test watch::tests::the_earliest_observation_of_a_shared_dependency_wins ... ok
[INFO] [stdout] test watch::tests::a_file_changed_during_the_compile_is_still_a_change ... ok
[INFO] [stdout] test watch::tests::the_resolution_is_read_from_the_timestamp_not_assumed ... ok
[INFO] [stdout] test watch::tests::a_precise_timestamp_costs_no_read ... ok
[INFO] [stdout] test watch::tests::an_authoritative_failure_does_not_ask_for_another ... ok
[INFO] [stdout] test watch::tests::a_new_file_takes_the_stamp_from_when_it_was_read ... ok
[INFO] [stdout] test watch::tests::a_whole_second_mtime_makes_stamp_of_read_the_contents ... ok
[INFO] [stdout] test watch::tests::the_interval_grows_with_what_a_sweep_costs ... ok
[INFO] [stdout] test watch::tests::a_lone_save_compiles_immediately ... ok
[INFO] [stdout] test watch::tests::following_again_does_not_invent_a_change ... ok
[INFO] [stdout] test watch::tests::a_directorys_digest_is_what_is_in_it ... ok
[INFO] [stdout] test watch::tests::a_missing_observation_beats_a_present_one ... ok
[INFO] [stdout] test watch::tests::a_permission_change_is_a_change ... ok
[INFO] [stdout] test watch::tests::a_same_second_same_length_save_is_still_a_change ... ok
[INFO] [stdout] test watch_importer_tests::a_dependency_that_vanishes_mid_load_is_still_followed ... ok
[INFO] [stdout] test link_destination_tests::a_chain_ending_on_the_last_hop_is_named ... ok
[INFO] [stdout] test watch::tests::an_atomic_save_is_not_an_arrival_in_its_directory ... ok
[INFO] [stdout] 
[INFO] [stdout] test result: ok. 121 passed; 0 failed; 1 ignored; 0 measured; 0 filtered out; finished in 0.16s
[INFO] [stdout] 
[INFO] [stderr]      Running tests/arena_threads.rs (/opt/rustwide/target/debug/deps/arena_threads-898bf03979c5400b)
[INFO] [stdout] 
[INFO] [stdout] running 4 tests
[INFO] [stdout] test warn_handler_may_retain_event_data_under_the_arena ... ok
[INFO] [stdout] test host_function_may_retain_its_bytes_under_the_arena ... ok
[INFO] [stdout] test concurrent_compiles_share_the_region_registry ... ok
[INFO] [stdout] test warn_handler_may_run_a_nested_compile ... ok
[INFO] [stdout] 
[INFO] [stdout] test result: ok. 4 passed; 0 failed; 0 ignored; 0 measured; 0 filtered out; finished in 0.66s
[INFO] [stdout] 
[INFO] [stderr]      Running tests/callable_origin.rs (/opt/rustwide/target/debug/deps/callable_origin-ce3726754234d365)
[INFO] [stdout] 
[INFO] [stdout] running 11 tests
[INFO] [stdout] test imported_callable_output_maps_to_its_file_and_content_to_the_includers ... ok
[INFO] [stdout] test error_inside_an_imported_mixin_renders_its_source ... ok
[INFO] [stdout] test a_cross_module_capture_renders_its_own_module_source ... ok
[INFO] [stdout] test using_defaults_evaluate_where_the_block_was_written ... ok
[INFO] [stdout] test a_two_span_error_keeps_files_that_share_a_display_name_apart ... ok
[INFO] [stdout] test custom_importer_modules_sharing_a_display_name_render_their_own_source ... ok
[INFO] [stdout] test members_forwarded_through_an_import_keep_their_namespaces ... ok
[INFO] [stdout] test url_less_entry_keeps_its_identity_across_callables ... ok
[INFO] [stdout] test meta_call_resolves_namespaces_at_the_definition_site ... ok
[INFO] [stdout] test module_callables_know_whether_they_are_a_mixin ... ok
[INFO] [stdout] test warn_events_inside_callables_carry_the_defining_file ... ok
[INFO] [stdout] 
[INFO] [stdout] test result: ok. 11 passed; 0 failed; 0 ignored; 0 measured; 0 filtered out; finished in 0.04s
[INFO] [stdout] 
[INFO] [stderr]      Running tests/cli_dart_compat.rs (/opt/rustwide/target/debug/deps/cli_dart_compat-2d43e1c51f8d02ae)
[INFO] [stdout] 
[INFO] [stdout] running 81 tests
[INFO] [stdout] test a_verbatim_prefix_unwraps_to_a_path_that_is_still_absolute ... ok
[INFO] [stdout] test dependency_provenance_is_per_compilation ... ok
[INFO] [stdout] test a_failed_no_error_css_removal_is_reported_but_not_the_verdict ... FAILED
[INFO] [stdout] test directory_mode_skips_only_the_output_directory_itself ... ok
[INFO] [stdout] test directory_expanded_files_coalesce_with_explicit_pairs ... ok
[INFO] [stdout] test callables_and_content_blocks_run_against_their_defining_file ... ok
[INFO] [stdout] test directory_mode_skips_css_whose_destination_is_itself ... ok
[INFO] [stdout] test embed_source_map_inlines_a_data_uri ... ok
[INFO] [stdout] test empty_stylesheet_to_a_file_is_one_newline ... ok
[INFO] [stdout] test error_inside_a_meta_call_highlights_the_call_expression ... ok
[INFO] [stdout] test equivalent_source_spellings_coalesce_to_the_later_destination ... ok
[INFO] [stdout] test diagnostics_of_consecutive_units_are_separated_by_a_blank_line ... ok
[INFO] [stdout] test first_class_callables_are_traced_like_direct_ones ... ok
[INFO] [stdout] test error_without_error_css_removes_a_stale_output ... ok
[INFO] [stdout] test error_in_a_content_block_points_at_the_include ... ok
[INFO] [stdout] test invalid_utf8_is_a_compile_error_with_error_css ... ok
[INFO] [stdout] test directory_pair_survives_a_symlink_cycle ... ok
[INFO] [stdout] test members_forwarded_through_an_import_keep_their_defining_file ... ok
[INFO] [stdout] test map_is_written_before_css ... ok
[INFO] [stdout] test misplaced_import_in_a_function_or_interpolated_at_rule ... ok
[INFO] [stdout] test no_css_has_no_side_effects_on_failure_either ... ok
[INFO] [stdout] test pair_with_a_second_colon_is_a_usage_error ... ok
[INFO] [stdout] test pairs_cannot_mix_with_positionals_or_stdin ... ok
[INFO] [stdout] test misplaced_import_is_rejected_like_dart ... ok
[INFO] [stdout] test no_error_css_and_stdout_errors_write_nothing ... ok
[INFO] [stdout] test missing_input_exits_66 ... ok
[INFO] [stdout] test pairs_get_a_source_map_by_default ... ok
[INFO] [stdout] test import_deprecations_fire_when_a_file_is_parsed ... ok
[INFO] [stdout] test pairs_compile_each_input_to_its_own_output ... ok
[INFO] [stdout] test directory_mode_skips_sources_inside_a_nested_output ... ok
[INFO] [stdout] test invalid_utf8_on_stdin_fails_like_a_file ... ok
[INFO] [stdout] test embedded_map_cannot_close_the_footer_comment ... ok
[INFO] [stdout] test directory_pair_mirrors_the_tree_and_skips_partials ... ok
[INFO] [stdout] test parallel_pairs_match_sequential_and_report_in_order ... ok
[INFO] [stdout] test bare_directory_positional_compiles_in_place ... ok
[INFO] [stdout] test extensions_are_matched_case_sensitively_like_dart ... ok
[INFO] [stdout] test compat_flags_and_no_css ... ok
[INFO] [stdout] test bare_directory_is_file_output_for_flag_validation ... ok
[INFO] [stdout] test quiet_deps_survives_a_compile_error_with_error_css ... ok
[INFO] [stdout] test source_map_file_and_footer_are_url_encoded ... ok
[INFO] [stdout] test quiet_silences_warnings_but_not_errors ... ok
[INFO] [stdout] test dash_positional_reads_stdin ... ok
[INFO] [stdout] test quiet_deps_leaves_no_repetition_footer ... ok
[INFO] [stdout] test source_map_sources_name_imported_files_by_path ... ok
[INFO] [stdout] test plain_css_entry_passes_its_imports_through ... ok
[INFO] [stdout] test too_many_positionals_is_a_usage_error ... ok
[INFO] [stdout] test update_with_stdin_is_a_usage_error ... ok
[INFO] [stdout] test second_positional_is_the_output_file ... ok
[INFO] [stdout] test double_dash_ends_option_parsing ... ok
[INFO] [stdout] test quiet_deps_silences_deprecations_from_load_path_files_only ... ok
[INFO] [stdout] test stack_frames_show_loaded_files_relative_to_the_working_directory ... ok
[INFO] [stdout] test error_css_is_written_for_file_output_by_default ... ok
[INFO] [stdout] test update_narrates_a_stdin_source_as_stdin ... ok
[INFO] [stdout] test stop_on_error_skips_the_rest_but_default_continues ... ok
[INFO] [stdout] test the_entry_frame_is_spelled_as_dart_spells_it ... ok
[INFO] [stdout] test update_without_a_destination_is_a_usage_error ... ok
[INFO] [stdout] test watch_prints_its_banner_after_the_first_compile ... ok
[INFO] [stdout] test stdout_source_map_flags_need_embed_source_map ... ok
[INFO] [stdout] test watch_does_not_recreate_a_deleted_target_of_a_symlinked_dependency ... ok
[INFO] [stdout] test watch_follows_a_link_that_climbs_out_through_a_symlinked_holder ... ok
[INFO] [stdout] test watch_recovers_when_a_missing_dependency_arrives_in_a_subdirectory ... ok
[INFO] [stdout] test watch_refuses_what_dart_refuses ... ok
[INFO] [stdout] test update_narrates_each_written_file ... ok
[INFO] [stdout] test watch_declines_to_write_over_a_dependency_that_failed_to_load ... ok
[INFO] [stdout] test watch_does_not_recreate_a_deleted_dependency_through_a_symlinked_directory ... ok
[INFO] [stdout] test watch_writes_through_a_dangling_link_that_names_no_source ... ok
[INFO] [stdout] test watch_does_not_recreate_a_deleted_dependency_through_the_output_link ... ok
[INFO] [stdout] test watch_stops_applying_update_after_the_first_compile ... ok
[INFO] [stdout] test watch_declines_to_write_over_a_source_reached_through_a_symlink ... ok
[INFO] [stdout] test watch_recovers_when_the_entry_itself_comes_back ... ok
[INFO] [stdout] test watch_sees_a_file_arrive_at_the_output_path ... ok
[INFO] [stdout] test watch_stops_blocking_the_output_once_the_dependency_is_dropped ... ok
[INFO] [stdout] test watch_recompiles_reports_and_recovers ... ok
[INFO] [stdout] test update_with_a_directory_output_matches_dart ... ok
[INFO] [stdout] test update_skips_a_fresh_output_and_rebuilds_on_a_deep_partial ... ok
[INFO] [stdout] test update_with_a_dash_input_compiles_stdin_every_run ... ok
[INFO] [stdout] test watch_does_not_trigger_itself ... ok
[INFO] [stdout] test watch_declines_to_write_over_a_source ... ok
[INFO] [stdout] test watch_recompiles_only_the_entries_a_change_reaches ... ok
[INFO] [stdout] test watch_declines_to_write_error_css_over_a_source ... ok
[INFO] [stdout] test watch_recovers_when_a_dependency_becomes_readable ... FAILED
[INFO] [stdout] 
[INFO] [stdout] failures:
[INFO] [stdout] 
[INFO] [stdout] ---- a_failed_no_error_css_removal_is_reported_but_not_the_verdict stdout ----
[INFO] [stdout] 
[INFO] [stdout] thread 'a_failed_no_error_css_removal_is_reported_but_not_the_verdict' (2280) panicked at tests/cli_dart_compat.rs:4161:5:
[INFO] [stdout] the removal failure is still reported: Error: Undefined operation "1px + #fff".
[INFO] [stdout]   ╷
[INFO] [stdout] 1 │ .bad { a: 1px + #fff; }
[INFO] [stdout]   │               ^
[INFO] [stdout]   ╵
[INFO] [stdout]   bad.scss 1:15  root stylesheet
[INFO] [stdout] 
[INFO] [stdout] stack backtrace:
[INFO] [stdout]    0:     0x5d3b350d7761 - std[70759c8f55707aa4]::backtrace_rs::backtrace::libunwind::trace
[INFO] [stdout]                                at /rustc/dfb0accb7f508ae8be965d8629557221c889dd98/library/std/src/../../backtrace/src/backtrace/libunwind.rs:117:9
[INFO] [stdout]    1:     0x5d3b350d7761 - std[70759c8f55707aa4]::backtrace_rs::backtrace::trace_unsynchronized::<std[70759c8f55707aa4]::sys::backtrace::_print_fmt::{closure#1}>
[INFO] [stdout]                                at /rustc/dfb0accb7f508ae8be965d8629557221c889dd98/library/std/src/../../backtrace/src/backtrace/mod.rs:66:14
[INFO] [stdout]    2:     0x5d3b350d7761 - std[70759c8f55707aa4]::sys::backtrace::_print_fmt
[INFO] [stdout]                                at /rustc/dfb0accb7f508ae8be965d8629557221c889dd98/library/std/src/sys/backtrace.rs:74:9
[INFO] [stdout]    3:     0x5d3b350d7761 - <<std[70759c8f55707aa4]::sys::backtrace::BacktraceLock>::print::DisplayBacktrace as core[df12db4294e9bfd3]::fmt::Display>::fmt
[INFO] [stdout]                                at /rustc/dfb0accb7f508ae8be965d8629557221c889dd98/library/std/src/sys/backtrace.rs:44:26
[INFO] [stdout]    4:     0x5d3b350ebf0a - <core[df12db4294e9bfd3]::fmt::rt::Argument>::fmt
[INFO] [stdout]                                at /rustc/dfb0accb7f508ae8be965d8629557221c889dd98/library/core/src/fmt/rt.rs:152:76
[INFO] [stdout]    5:     0x5d3b350ebf0a - core[df12db4294e9bfd3]::fmt::write
[INFO] [stdout]    6:     0x5d3b350dc03c - core[df12db4294e9bfd3]::io::write::default_write_fmt::<alloc[2182bb758b4b3781]::vec::Vec<u8>>
[INFO] [stdout]                                at /rustc/dfb0accb7f508ae8be965d8629557221c889dd98/library/core/src/io/write.rs:402:11
[INFO] [stdout]    7:     0x5d3b350dc03c - <alloc[2182bb758b4b3781]::vec::Vec<u8> as core[df12db4294e9bfd3]::io::write::Write>::write_fmt
[INFO] [stdout]                                at /rustc/dfb0accb7f508ae8be965d8629557221c889dd98/library/core/src/io/write.rs:335:13
[INFO] [stdout]    8:     0x5d3b350b0b96 - <std[70759c8f55707aa4]::sys::backtrace::BacktraceLock>::print
[INFO] [stdout]                                at /rustc/dfb0accb7f508ae8be965d8629557221c889dd98/library/std/src/sys/backtrace.rs:47:9
[INFO] [stdout]    9:     0x5d3b350b0b96 - std[70759c8f55707aa4]::panicking::default_hook::{closure#0}
[INFO] [stdout]                                at /rustc/dfb0accb7f508ae8be965d8629557221c889dd98/library/std/src/panicking.rs:292:27
[INFO] [stdout]   10:     0x5d3b350ce5b9 - std[70759c8f55707aa4]::panicking::default_hook
[INFO] [stdout]                                at /rustc/dfb0accb7f508ae8be965d8629557221c889dd98/library/std/src/panicking.rs:316:9
[INFO] [stdout]   11:     0x5d3b35068830 - <alloc[2182bb758b4b3781]::boxed::Box<dyn for<'a, 'b> core[df12db4294e9bfd3]::ops::function::Fn<(&'a std[70759c8f55707aa4]::panic::PanicHookInfo<'b>,), Output = ()> + core[df12db4294e9bfd3]::marker::Send + core[df12db4294e9bfd3]::marker::Sync> as core[df12db4294e9bfd3]::ops::function::Fn<(&std[70759c8f55707aa4]::panic::PanicHookInfo,)>>::call
[INFO] [stdout]                                at /rustc/dfb0accb7f508ae8be965d8629557221c889dd98/library/alloc/src/boxed.rs:2334:9
[INFO] [stdout]   12:     0x5d3b35068830 - test[9d35eded1c95d3be]::test_main_inner::<test[9d35eded1c95d3be]::test_main_static::{closure#0}>::{closure#0}
[INFO] [stdout]                                at /rustc/dfb0accb7f508ae8be965d8629557221c889dd98/library/test/src/lib.rs:155:21
[INFO] [stdout]   13:     0x5d3b350ce8e2 - <alloc[2182bb758b4b3781]::boxed::Box<dyn for<'a, 'b> core[df12db4294e9bfd3]::ops::function::Fn<(&'a std[70759c8f55707aa4]::panic::PanicHookInfo<'b>,), Output = ()> + core[df12db4294e9bfd3]::marker::Send + core[df12db4294e9bfd3]::marker::Sync> as core[df12db4294e9bfd3]::ops::function::Fn<(&std[70759c8f55707aa4]::panic::PanicHookInfo,)>>::call
[INFO] [stdout]                                at /rustc/dfb0accb7f508ae8be965d8629557221c889dd98/library/alloc/src/boxed.rs:2334:9
[INFO] [stdout]   14:     0x5d3b350ce8e2 - std[70759c8f55707aa4]::panicking::panic_with_hook
[INFO] [stdout]                                at /rustc/dfb0accb7f508ae8be965d8629557221c889dd98/library/std/src/panicking.rs:823:13
[INFO] [stdout]   15:     0x5d3b350b0c42 - std[70759c8f55707aa4]::panicking::panic_handler::{closure#0}
[INFO] [stdout]                                at /rustc/dfb0accb7f508ae8be965d8629557221c889dd98/library/std/src/panicking.rs:688:13
[INFO] [stdout]   16:     0x5d3b350a95b9 - std[70759c8f55707aa4]::sys::backtrace::__rust_end_short_backtrace::<std[70759c8f55707aa4]::panicking::panic_handler::{closure#0}, !>
[INFO] [stdout]                                at /rustc/dfb0accb7f508ae8be965d8629557221c889dd98/library/std/src/sys/backtrace.rs:182:18
[INFO] [stdout]   17:     0x5d3b350b1add - __rustc[8fa7c3cbc660c2b3]::rust_begin_unwind
[INFO] [stdout]                                at /rustc/dfb0accb7f508ae8be965d8629557221c889dd98/library/std/src/panicking.rs:679:5
[INFO] [stdout]   18:     0x5d3b350ec6dc - core[df12db4294e9bfd3]::panicking::panic_fmt
[INFO] [stdout]                                at /rustc/dfb0accb7f508ae8be965d8629557221c889dd98/library/core/src/panicking.rs:80:14
[INFO] [stdout]   19:     0x5d3b3502076f - cli_dart_compat[b10f5ae2769d5cf1]::a_failed_no_error_css_removal_is_reported_but_not_the_verdict
[INFO] [stdout]                                at /opt/rustwide/workdir/tests/cli_dart_compat.rs:4161:5
[INFO] [stdout]   20:     0x5d3b34feff77 - cli_dart_compat[b10f5ae2769d5cf1]::a_failed_no_error_css_removal_is_reported_but_not_the_verdict::{closure#0}
[INFO] [stdout]                                at /opt/rustwide/workdir/tests/cli_dart_compat.rs:4131:67
[INFO] [stdout]   21:     0x5d3b35054196 - <cli_dart_compat[b10f5ae2769d5cf1]::a_failed_no_error_css_removal_is_reported_but_not_the_verdict::{closure#0} as core[df12db4294e9bfd3]::ops::function::FnOnce<()>>::call_once
[INFO] [stdout]                                at /rustc/dfb0accb7f508ae8be965d8629557221c889dd98/library/core/src/ops/function.rs:250:5
[INFO] [stdout]   22:     0x5d3b3505bb1b - <fn() -> core[df12db4294e9bfd3]::result::Result<(), alloc[2182bb758b4b3781]::string::String> as core[df12db4294e9bfd3]::ops::function::FnOnce<()>>::call_once
[INFO] [stdout]                                at /rustc/dfb0accb7f508ae8be965d8629557221c889dd98/library/core/src/ops/function.rs:250:5
[INFO] [stdout]   23:     0x5d3b3505bb1b - test[9d35eded1c95d3be]::__rust_begin_short_backtrace::<core[df12db4294e9bfd3]::result::Result<(), alloc[2182bb758b4b3781]::string::String>, fn() -> core[df12db4294e9bfd3]::result::Result<(), alloc[2182bb758b4b3781]::string::String>>
[INFO] [stdout]                                at /rustc/dfb0accb7f508ae8be965d8629557221c889dd98/library/test/src/lib.rs:733:18
[INFO] [stdout]   24:     0x5d3b35069185 - test[9d35eded1c95d3be]::run_test_in_process::{closure#0}
[INFO] [stdout]                                at /rustc/dfb0accb7f508ae8be965d8629557221c889dd98/library/test/src/lib.rs:756:74
[INFO] [stdout]   25:     0x5d3b35069185 - <core[df12db4294e9bfd3]::panic::unwind_safe::AssertUnwindSafe<test[9d35eded1c95d3be]::run_test_in_process::{closure#0}> as core[df12db4294e9bfd3]::ops::function::FnOnce<()>>::call_once
[INFO] [stdout]                                at /rustc/dfb0accb7f508ae8be965d8629557221c889dd98/library/core/src/panic/unwind_safe.rs:275:9
[INFO] [stdout]   26:     0x5d3b35069185 - std[70759c8f55707aa4]::panicking::catch_unwind::do_call::<core[df12db4294e9bfd3]::panic::unwind_safe::AssertUnwindSafe<test[9d35eded1c95d3be]::run_test_in_process::{closure#0}>, core[df12db4294e9bfd3]::result::Result<(), alloc[2182bb758b4b3781]::string::String>>
[INFO] [stdout]                                at /rustc/dfb0accb7f508ae8be965d8629557221c889dd98/library/std/src/panicking.rs:576:43
[INFO] [stdout]   27:     0x5d3b35069185 - std[70759c8f55707aa4]::panicking::catch_unwind::<core[df12db4294e9bfd3]::result::Result<(), alloc[2182bb758b4b3781]::string::String>, core[df12db4294e9bfd3]::panic::unwind_safe::AssertUnwindSafe<test[9d35eded1c95d3be]::run_test_in_process::{closure#0}>>
[INFO] [stdout]                                at /rustc/dfb0accb7f508ae8be965d8629557221c889dd98/library/std/src/panicking.rs:544:19
[INFO] [stdout]   28:     0x5d3b35069185 - std[70759c8f55707aa4]::panic::catch_unwind::<core[df12db4294e9bfd3]::panic::unwind_safe::AssertUnwindSafe<test[9d35eded1c95d3be]::run_test_in_process::{closure#0}>, core[df12db4294e9bfd3]::result::Result<(), alloc[2182bb758b4b3781]::string::String>>
[INFO] [stdout]                                at /rustc/dfb0accb7f508ae8be965d8629557221c889dd98/library/std/src/panic.rs:359:14
[INFO] [stdout]   29:     0x5d3b35069185 - test[9d35eded1c95d3be]::run_test_in_process
[INFO] [stdout]                                at /rustc/dfb0accb7f508ae8be965d8629557221c889dd98/library/test/src/lib.rs:756:27
[INFO] [stdout]   30:     0x5d3b35069185 - test[9d35eded1c95d3be]::run_test::{closure#0}
[INFO] [stdout]                                at /rustc/dfb0accb7f508ae8be965d8629557221c889dd98/library/test/src/lib.rs:677:43
[INFO] [stdout]   31:     0x5d3b35062a44 - test[9d35eded1c95d3be]::run_test::{closure#1}
[INFO] [stdout]                                at /rustc/dfb0accb7f508ae8be965d8629557221c889dd98/library/test/src/lib.rs:707:41
[INFO] [stdout]   32:     0x5d3b35062a44 - std[70759c8f55707aa4]::sys::backtrace::__rust_begin_short_backtrace::<test[9d35eded1c95d3be]::run_test::{closure#1}, ()>
[INFO] [stdout]                                at /rustc/dfb0accb7f508ae8be965d8629557221c889dd98/library/std/src/sys/backtrace.rs:166:18
[INFO] [stdout]   33:     0x5d3b3506c2e2 - std[70759c8f55707aa4]::thread::lifecycle::spawn_unchecked::<test[9d35eded1c95d3be]::run_test::{closure#1}, ()>::{closure#1}::{closure#0}
[INFO] [stdout]                                at /rustc/dfb0accb7f508ae8be965d8629557221c889dd98/library/std/src/thread/lifecycle.rs:70:13
[INFO] [stdout]   34:     0x5d3b3506c2e2 - <core[df12db4294e9bfd3]::panic::unwind_safe::AssertUnwindSafe<std[70759c8f55707aa4]::thread::lifecycle::spawn_unchecked<test[9d35eded1c95d3be]::run_test::{closure#1}, ()>::{closure#1}::{closure#0}> as core[df12db4294e9bfd3]::ops::function::FnOnce<()>>::call_once
[INFO] [stdout]                                at /rustc/dfb0accb7f508ae8be965d8629557221c889dd98/library/core/src/panic/unwind_safe.rs:275:9
[INFO] [stdout]   35:     0x5d3b3506c2e2 - std[70759c8f55707aa4]::panicking::catch_unwind::do_call::<core[df12db4294e9bfd3]::panic::unwind_safe::AssertUnwindSafe<std[70759c8f55707aa4]::thread::lifecycle::spawn_unchecked<test[9d35eded1c95d3be]::run_test::{closure#1}, ()>::{closure#1}::{closure#0}>, ()>
[INFO] [stdout]                                at /rustc/dfb0accb7f508ae8be965d8629557221c889dd98/library/std/src/panicking.rs:576:43
[INFO] [stdout]   36:     0x5d3b3506c2e2 - std[70759c8f55707aa4]::panicking::catch_unwind::<(), core[df12db4294e9bfd3]::panic::unwind_safe::AssertUnwindSafe<std[70759c8f55707aa4]::thread::lifecycle::spawn_unchecked<test[9d35eded1c95d3be]::run_test::{closure#1}, ()>::{closure#1}::{closure#0}>>
[INFO] [stdout]                                at /rustc/dfb0accb7f508ae8be965d8629557221c889dd98/library/std/src/panicking.rs:544:19
[INFO] [stdout]   37:     0x5d3b3506c2e2 - std[70759c8f55707aa4]::panic::catch_unwind::<core[df12db4294e9bfd3]::panic::unwind_safe::AssertUnwindSafe<std[70759c8f55707aa4]::thread::lifecycle::spawn_unchecked<test[9d35eded1c95d3be]::run_test::{closure#1}, ()>::{closure#1}::{closure#0}>, ()>
[INFO] [stdout]                                at /rustc/dfb0accb7f508ae8be965d8629557221c889dd98/library/std/src/panic.rs:359:14
[INFO] [stdout]   38:     0x5d3b3506c2e2 - std[70759c8f55707aa4]::thread::lifecycle::spawn_unchecked::<test[9d35eded1c95d3be]::run_test::{closure#1}, ()>::{closure#1}
[INFO] [stdout]                                at /rustc/dfb0accb7f508ae8be965d8629557221c889dd98/library/std/src/thread/lifecycle.rs:68:26
[INFO] [stdout]   39:     0x5d3b3506c2e2 - <std[70759c8f55707aa4]::thread::lifecycle::spawn_unchecked<test[9d35eded1c95d3be]::run_test::{closure#1}, ()>::{closure#1} as core[df12db4294e9bfd3]::ops::function::FnOnce<()>>::call_once::{shim:vtable#0}
[INFO] [stdout]                                at /rustc/dfb0accb7f508ae8be965d8629557221c889dd98/library/core/src/ops/function.rs:250:5
[INFO] [stdout]   40:     0x5d3b350d67a9 - <alloc[2182bb758b4b3781]::boxed::Box<dyn core[df12db4294e9bfd3]::ops::function::FnOnce<(), Output = ()> + core[df12db4294e9bfd3]::marker::Send> as core[df12db4294e9bfd3]::ops::function::FnOnce<()>>::call_once
[INFO] [stdout]                                at /rustc/dfb0accb7f508ae8be965d8629557221c889dd98/library/alloc/src/boxed.rs:2320:9
[INFO] [stdout]   41:     0x5d3b350d67a9 - <std[70759c8f55707aa4]::sys::thread::unix::Thread>::new::thread_start
[INFO] [stdout]                                at /rustc/dfb0accb7f508ae8be965d8629557221c889dd98/library/std/src/sys/thread/unix.rs:123:17
[INFO] [stdout]   42:     0x7462fbaafdfa - <unknown>
[INFO] [stdout]   43:     0x7462fbb433d4 - clone
[INFO] [stdout]   44:                0x0 - <unknown>
[INFO] [stdout] 
[INFO] [stdout] ---- watch_recovers_when_a_dependency_becomes_readable stdout ----
[INFO] [stdout] 
[INFO] [stdout] thread 'watch_recovers_when_a_dependency_becomes_readable' (2574) panicked at tests/cli_dart_compat.rs:3963:9:
[INFO] [stdout] an unreadable dependency should fail the compile: ".a {\n  color: red;\n}\n"
[INFO] [stdout] stack backtrace:
[INFO] [stdout]    0:     0x5d3b350d7761 - std[70759c8f55707aa4]::backtrace_rs::backtrace::libunwind::trace
[INFO] [stdout]                                at /rustc/dfb0accb7f508ae8be965d8629557221c889dd98/library/std/src/../../backtrace/src/backtrace/libunwind.rs:117:9
[INFO] [stdout]    1:     0x5d3b350d7761 - std[70759c8f55707aa4]::backtrace_rs::backtrace::trace_unsynchronized::<std[70759c8f55707aa4]::sys::backtrace::_print_fmt::{closure#1}>
[INFO] [stdout]                                at /rustc/dfb0accb7f508ae8be965d8629557221c889dd98/library/std/src/../../backtrace/src/backtrace/mod.rs:66:14
[INFO] [stdout]    2:     0x5d3b350d7761 - std[70759c8f55707aa4]::sys::backtrace::_print_fmt
[INFO] [stdout]                                at /rustc/dfb0accb7f508ae8be965d8629557221c889dd98/library/std/src/sys/backtrace.rs:74:9
[INFO] [stdout]    3:     0x5d3b350d7761 - <<std[70759c8f55707aa4]::sys::backtrace::BacktraceLock>::print::DisplayBacktrace as core[df12db4294e9bfd3]::fmt::Display>::fmt
[INFO] [stdout]                                at /rustc/dfb0accb7f508ae8be965d8629557221c889dd98/library/std/src/sys/backtrace.rs:44:26
[INFO] [stdout]    4:     0x5d3b350ebf0a - <core[df12db4294e9bfd3]::fmt::rt::Argument>::fmt
[INFO] [stdout]                                at /rustc/dfb0accb7f508ae8be965d8629557221c889dd98/library/core/src/fmt/rt.rs:152:76
[INFO] [stdout]    5:     0x5d3b350ebf0a - core[df12db4294e9bfd3]::fmt::write
[INFO] [stdout]    6:     0x5d3b350dc03c - core[df12db4294e9bfd3]::io::write::default_write_fmt::<alloc[2182bb758b4b3781]::vec::Vec<u8>>
[INFO] [stdout]                                at /rustc/dfb0accb7f508ae8be965d8629557221c889dd98/library/core/src/io/write.rs:402:11
[INFO] [stdout]    7:     0x5d3b350dc03c - <alloc[2182bb758b4b3781]::vec::Vec<u8> as core[df12db4294e9bfd3]::io::write::Write>::write_fmt
[INFO] [stdout]                                at /rustc/dfb0accb7f508ae8be965d8629557221c889dd98/library/core/src/io/write.rs:335:13
[INFO] [stdout]    8:     0x5d3b350b0b96 - <std[70759c8f55707aa4]::sys::backtrace::BacktraceLock>::print
[INFO] [stdout]                                at /rustc/dfb0accb7f508ae8be965d8629557221c889dd98/library/std/src/sys/backtrace.rs:47:9
[INFO] [stdout]    9:     0x5d3b350b0b96 - std[70759c8f55707aa4]::panicking::default_hook::{closure#0}
[INFO] [stdout]                                at /rustc/dfb0accb7f508ae8be965d8629557221c889dd98/library/std/src/panicking.rs:292:27
[INFO] [stdout]   10:     0x5d3b350ce5b9 - std[70759c8f55707aa4]::panicking::default_hook
[INFO] [stdout]                                at /rustc/dfb0accb7f508ae8be965d8629557221c889dd98/library/std/src/panicking.rs:316:9
[INFO] [stdout]   11:     0x5d3b35068830 - <alloc[2182bb758b4b3781]::boxed::Box<dyn for<'a, 'b> core[df12db4294e9bfd3]::ops::function::Fn<(&'a std[70759c8f55707aa4]::panic::PanicHookInfo<'b>,), Output = ()> + core[df12db4294e9bfd3]::marker::Send + core[df12db4294e9bfd3]::marker::Sync> as core[df12db4294e9bfd3]::ops::function::Fn<(&std[70759c8f55707aa4]::panic::PanicHookInfo,)>>::call
[INFO] [stdout]                                at /rustc/dfb0accb7f508ae8be965d8629557221c889dd98/library/alloc/src/boxed.rs:2334:9
[INFO] [stdout]   12:     0x5d3b35068830 - test[9d35eded1c95d3be]::test_main_inner::<test[9d35eded1c95d3be]::test_main_static::{closure#0}>::{closure#0}
[INFO] [stdout]                                at /rustc/dfb0accb7f508ae8be965d8629557221c889dd98/library/test/src/lib.rs:155:21
[INFO] [stdout]   13:     0x5d3b350ce8e2 - <alloc[2182bb758b4b3781]::boxed::Box<dyn for<'a, 'b> core[df12db4294e9bfd3]::ops::function::Fn<(&'a std[70759c8f55707aa4]::panic::PanicHookInfo<'b>,), Output = ()> + core[df12db4294e9bfd3]::marker::Send + core[df12db4294e9bfd3]::marker::Sync> as core[df12db4294e9bfd3]::ops::function::Fn<(&std[70759c8f55707aa4]::panic::PanicHookInfo,)>>::call
[INFO] [stdout]                                at /rustc/dfb0accb7f508ae8be965d8629557221c889dd98/library/alloc/src/boxed.rs:2334:9
[INFO] [stdout]   14:     0x5d3b350ce8e2 - std[70759c8f55707aa4]::panicking::panic_with_hook
[INFO] [stdout]                                at /rustc/dfb0accb7f508ae8be965d8629557221c889dd98/library/std/src/panicking.rs:823:13
[INFO] [stdout]   15:     0x5d3b350b0c42 - std[70759c8f55707aa4]::panicking::panic_handler::{closure#0}
[INFO] [stdout]                                at /rustc/dfb0accb7f508ae8be965d8629557221c889dd98/library/std/src/panicking.rs:688:13
[INFO] [stdout]   16:     0x5d3b350a95b9 - std[70759c8f55707aa4]::sys::backtrace::__rust_end_short_backtrace::<std[70759c8f55707aa4]::panicking::panic_handler::{closure#0}, !>
[INFO] [stdout]                                at /rustc/dfb0accb7f508ae8be965d8629557221c889dd98/library/std/src/sys/backtrace.rs:182:18
[INFO] [stdout]   17:     0x5d3b350b1add - __rustc[8fa7c3cbc660c2b3]::rust_begin_unwind
[INFO] [stdout]                                at /rustc/dfb0accb7f508ae8be965d8629557221c889dd98/library/std/src/panicking.rs:679:5
[INFO] [stdout]   18:     0x5d3b350ec6dc - core[df12db4294e9bfd3]::panicking::panic_fmt
[INFO] [stdout]                                at /rustc/dfb0accb7f508ae8be965d8629557221c889dd98/library/core/src/panicking.rs:80:14
[INFO] [stdout]   19:     0x5d3b34ff2334 - cli_dart_compat[b10f5ae2769d5cf1]::watch_recovers_when_a_dependency_becomes_readable::{closure#2}
[INFO] [stdout]                                at /opt/rustwide/workdir/tests/cli_dart_compat.rs:3963:9
[INFO] [stdout]   20:     0x5d3b3505434e - <cli_dart_compat[b10f5ae2769d5cf1]::watch_recovers_when_a_dependency_becomes_readable::{closure#2} as core[df12db4294e9bfd3]::ops::function::FnOnce<()>>::call_once
[INFO] [stdout]                                at /rustc/dfb0accb7f508ae8be965d8629557221c889dd98/library/core/src/ops/function.rs:250:5
[INFO] [stdout]   21:     0x5d3b35046f08 - <core[df12db4294e9bfd3]::panic::unwind_safe::AssertUnwindSafe<cli_dart_compat[b10f5ae2769d5cf1]::watch_recovers_when_a_dependency_becomes_readable::{closure#2}> as core[df12db4294e9bfd3]::ops::function::FnOnce<()>>::call_once
[INFO] [stdout]                                at /rustc/dfb0accb7f508ae8be965d8629557221c889dd98/library/core/src/panic/unwind_safe.rs:275:9
[INFO] [stdout]   22:     0x5d3b3503415a - std[70759c8f55707aa4]::panicking::catch_unwind::do_call::<core[df12db4294e9bfd3]::panic::unwind_safe::AssertUnwindSafe<cli_dart_compat[b10f5ae2769d5cf1]::watch_recovers_when_a_dependency_becomes_readable::{closure#2}>, ()>
[INFO] [stdout]                                at /rustc/dfb0accb7f508ae8be965d8629557221c889dd98/library/std/src/panicking.rs:576:43
[INFO] [stdout]   23:     0x5d3b3504da3b - __rust_try
[INFO] [stdout]   24:     0x5d3b35048ac2 - std[70759c8f55707aa4]::panicking::catch_unwind::<(), core[df12db4294e9bfd3]::panic::unwind_safe::AssertUnwindSafe<cli_dart_compat[b10f5ae2769d5cf1]::watch_recovers_when_a_dependency_becomes_readable::{closure#2}>>
[INFO] [stdout]                                at /rustc/dfb0accb7f508ae8be965d8629557221c889dd98/library/std/src/panicking.rs:544:19
[INFO] [stdout]   25:     0x5d3b35048ac2 - std[70759c8f55707aa4]::panic::catch_unwind::<core[df12db4294e9bfd3]::panic::unwind_safe::AssertUnwindSafe<cli_dart_compat[b10f5ae2769d5cf1]::watch_recovers_when_a_dependency_becomes_readable::{closure#2}>, ()>
[INFO] [stdout]                                at /rustc/dfb0accb7f508ae8be965d8629557221c889dd98/library/std/src/panic.rs:359:14
[INFO] [stdout]   26:     0x5d3b35014998 - cli_dart_compat[b10f5ae2769d5cf1]::watch_recovers_when_a_dependency_becomes_readable
[INFO] [stdout]                                at /opt/rustwide/workdir/tests/cli_dart_compat.rs:3962:18
[INFO] [stdout]   27:     0x5d3b34fefb27 - cli_dart_compat[b10f5ae2769d5cf1]::watch_recovers_when_a_dependency_becomes_readable::{closure#0}
[INFO] [stdout]                                at /opt/rustwide/workdir/tests/cli_dart_compat.rs:3932:55
[INFO] [stdout]   28:     0x5d3b35053f36 - <cli_dart_compat[b10f5ae2769d5cf1]::watch_recovers_when_a_dependency_becomes_readable::{closure#0} as core[df12db4294e9bfd3]::ops::function::FnOnce<()>>::call_once
[INFO] [stdout]                                at /rustc/dfb0accb7f508ae8be965d8629557221c889dd98/library/core/src/ops/function.rs:250:5
[INFO] [stdout]   29:     0x5d3b3505bb1b - <fn() -> core[df12db4294e9bfd3]::result::Result<(), alloc[2182bb758b4b3781]::string::String> as core[df12db4294e9bfd3]::ops::function::FnOnce<()>>::call_once
[INFO] [stdout]                                at /rustc/dfb0accb7f508ae8be965d8629557221c889dd98/library/core/src/ops/function.rs:250:5
[INFO] [stdout]   30:     0x5d3b3505bb1b - test[9d35eded1c95d3be]::__rust_begin_short_backtrace::<core[df12db4294e9bfd3]::result::Result<(), alloc[2182bb758b4b3781]::string::String>, fn() -> core[df12db4294e9bfd3]::result::Result<(), alloc[2182bb758b4b3781]::string::String>>
[INFO] [stdout]                                at /rustc/dfb0accb7f508ae8be965d8629557221c889dd98/library/test/src/lib.rs:733:18
[INFO] [stdout]   31:     0x5d3b35069185 - test[9d35eded1c95d3be]::run_test_in_process::{closure#0}
[INFO] [stdout]                                at /rustc/dfb0accb7f508ae8be965d8629557221c889dd98/library/test/src/lib.rs:756:74
[INFO] [stdout]   32:     0x5d3b35069185 - <core[df12db4294e9bfd3]::panic::unwind_safe::AssertUnwindSafe<test[9d35eded1c95d3be]::run_test_in_process::{closure#0}> as core[df12db4294e9bfd3]::ops::function::FnOnce<()>>::call_once
[INFO] [stdout]                                at /rustc/dfb0accb7f508ae8be965d8629557221c889dd98/library/core/src/panic/unwind_safe.rs:275:9
[INFO] [stdout]   33:     0x5d3b35069185 - std[70759c8f55707aa4]::panicking::catch_unwind::do_call::<core[df12db4294e9bfd3]::panic::unwind_safe::AssertUnwindSafe<test[9d35eded1c95d3be]::run_test_in_process::{closure#0}>, core[df12db4294e9bfd3]::result::Result<(), alloc[2182bb758b4b3781]::string::String>>
[INFO] [stdout]                                at /rustc/dfb0accb7f508ae8be965d8629557221c889dd98/library/std/src/panicking.rs:576:43
[INFO] [stdout]   34:     0x5d3b35069185 - std[70759c8f55707aa4]::panicking::catch_unwind::<core[df12db4294e9bfd3]::result::Result<(), alloc[2182bb758b4b3781]::string::String>, core[df12db4294e9bfd3]::panic::unwind_safe::AssertUnwindSafe<test[9d35eded1c95d3be]::run_test_in_process::{closure#0}>>
[INFO] [stdout]                                at /rustc/dfb0accb7f508ae8be965d8629557221c889dd98/library/std/src/panicking.rs:544:19
[INFO] [stdout]   35:     0x5d3b35069185 - std[70759c8f55707aa4]::panic::catch_unwind::<core[df12db4294e9bfd3]::panic::unwind_safe::AssertUnwindSafe<test[9d35eded1c95d3be]::run_test_in_process::{closure#0}>, core[df12db4294e9bfd3]::result::Result<(), alloc[2182bb758b4b3781]::string::String>>
[INFO] [stdout]                                at /rustc/dfb0accb7f508ae8be965d8629557221c889dd98/library/std/src/panic.rs:359:14
[INFO] [stdout]   36:     0x5d3b35069185 - test[9d35eded1c95d3be]::run_test_in_process
[INFO] [stdout]                                at /rustc/dfb0accb7f508ae8be965d8629557221c889dd98/library/test/src/lib.rs:756:27
[INFO] [stdout]   37:     0x5d3b35069185 - test[9d35eded1c95d3be]::run_test::{closure#0}
[INFO] [stdout]                                at /rustc/dfb0accb7f508ae8be965d8629557221c889dd98/library/test/src/lib.rs:677:43
[INFO] [stdout]   38:     0x5d3b35062a44 - test[9d35eded1c95d3be]::run_test::{closure#1}
[INFO] [stdout]                                at /rustc/dfb0accb7f508ae8be965d8629557221c889dd98/library/test/src/lib.rs:707:41
[INFO] [stdout]   39:     0x5d3b35062a44 - std[70759c8f55707aa4]::sys::backtrace::__rust_begin_short_backtrace::<test[9d35eded1c95d3be]::run_test::{closure#1}, ()>
[INFO] [stdout]                                at /rustc/dfb0accb7f508ae8be965d8629557221c889dd98/library/std/src/sys/backtrace.rs:166:18
[INFO] [stdout]   40:     0x5d3b3506c2e2 - std[70759c8f55707aa4]::thread::lifecycle::spawn_unchecked::<test[9d35eded1c95d3be]::run_test::{closure#1}, ()>::{closure#1}::{closure#0}
[INFO] [stdout]                                at /rustc/dfb0accb7f508ae8be965d8629557221c889dd98/library/std/src/thread/lifecycle.rs:70:13
[INFO] [stdout]   41:     0x5d3b3506c2e2 - <core[df12db4294e9bfd3]::panic::unwind_safe::AssertUnwindSafe<std[70759c8f55707aa4]::thread::lifecycle::spawn_unchecked<test[9d35eded1c95d3be]::run_test::{closure#1}, ()>::{closure#1}::{closure#0}> as core[df12db4294e9bfd3]::ops::function::FnOnce<()>>::call_once
[INFO] [stdout]                                at /rustc/dfb0accb7f508ae8be965d8629557221c889dd98/library/core/src/panic/unwind_safe.rs:275:9
[INFO] [stdout]   42:     0x5d3b3506c2e2 - std[70759c8f55707aa4]::panicking::catch_unwind::do_call::<core[df12db4294e9bfd3]::panic::unwind_safe::AssertUnwindSafe<std[70759c8f55707aa4]::thread::lifecycle::spawn_unchecked<test[9d35eded1c95d3be]::run_test::{closure#1}, ()>::{closure#1}::{closure#0}>, ()>
[INFO] [stdout]                                at /rustc/dfb0accb7f508ae8be965d8629557221c889dd98/library/std/src/panicking.rs:576:43
[INFO] [stdout]   43:     0x5d3b3506c2e2 - std[70759c8f55707aa4]::panicking::catch_unwind::<(), core[df12db4294e9bfd3]::panic::unwind_safe::AssertUnwindSafe<std[70759c8f55707aa4]::thread::lifecycle::spawn_unchecked<test[9d35eded1c95d3be]::run_test::{closure#1}, ()>::{closure#1}::{closure#0}>>
[INFO] [stdout]                                at /rustc/dfb0accb7f508ae8be965d8629557221c889dd98/library/std/src/panicking.rs:544:19
[INFO] [stdout]   44:     0x5d3b3506c2e2 - std[70759c8f55707aa4]::panic::catch_unwind::<core[df12db4294e9bfd3]::panic::unwind_safe::AssertUnwindSafe<std[70759c8f55707aa4]::thread::lifecycle::spawn_unchecked<test[9d35eded1c95d3be]::run_test::{closure#1}, ()>::{closure#1}::{closure#0}>, ()>
[INFO] [stdout]                                at /rustc/dfb0accb7f508ae8be965d8629557221c889dd98/library/std/src/panic.rs:359:14
[INFO] [stdout]   45:     0x5d3b3506c2e2 - std[70759c8f55707aa4]::thread::lifecycle::spawn_unchecked::<test[9d35eded1c95d3be]::run_test::{closure#1}, ()>::{closure#1}
[INFO] [stdout]                                at /rustc/dfb0accb7f508ae8be965d8629557221c889dd98/library/std/src/thread/lifecycle.rs:68:26
[INFO] [stdout]   46:     0x5d3b3506c2e2 - <std[70759c8f55707aa4]::thread::lifecycle::spawn_unchecked<test[9d35eded1c95d3be]::run_test::{closure#1}, ()>::{closure#1} as core[df12db4294e9bfd3]::ops::function::FnOnce<()>>::call_once::{shim:vtable#0}
[INFO] [stdout]                                at /rustc/dfb0accb7f508ae8be965d8629557221c889dd98/library/core/src/ops/function.rs:250:5
[INFO] [stdout]   47:     0x5d3b350d67a9 - <alloc[2182bb758b4b3781]::boxed::Box<dyn core[df12db4294e9bfd3]::ops::function::FnOnce<(), Output = ()> + core[df12db4294e9bfd3]::marker::Send> as core[df12db4294e9bfd3]::ops::function::FnOnce<()>>::call_once
[INFO] [stdout]                                at /rustc/dfb0accb7f508ae8be965d8629557221c889dd98/library/alloc/src/boxed.rs:2320:9
[INFO] [stdout]   48:     0x5d3b350d67a9 - <std[70759c8f55707aa4]::sys::thread::unix::Thread>::new::thread_start
[INFO] [stdout]                                at /rustc/dfb0accb7f508ae8be965d8629557221c889dd98/library/std/src/sys/thread/unix.rs:123:17
[INFO] [stdout]   49:     0x7462fbaafdfa - <unknown>
[INFO] [stdout]   50:     0x7462fbb433d4 - clone
[INFO] [stdout]   51:                0x0 - <unknown>
[INFO] [stdout] 
[INFO] [stdout] 
[INFO] [stdout] failures:
[INFO] [stdout]     a_failed_no_error_css_removal_is_reported_but_not_the_verdict
[INFO] [stdout]     watch_recovers_when_a_dependency_becomes_readable
[INFO] [stdout] 
[INFO] [stdout] test result: FAILED. 79 passed; 2 failed; 0 ignored; 0 measured; 0 filtered out; finished in 20.49s
[INFO] [stdout] 
[INFO] [stderr] error: test failed, to rerun pass `--test cli_dart_compat`
[INFO] running `Command { std: "docker" "inspect" "d648561ebb2780cf4fe15b3b04146fdaaf1f823fb68dc2896af1f32f7b18b172", kill_on_drop: false }`
[INFO] running `Command { std: "docker" "rm" "-f" "d648561ebb2780cf4fe15b3b04146fdaaf1f823fb68dc2896af1f32f7b18b172", kill_on_drop: false }`
[INFO] [stdout] d648561ebb2780cf4fe15b3b04146fdaaf1f823fb68dc2896af1f32f7b18b172
